208.115.111.71 - - [01/Dec/2015:15:21:47 +0100] "GET /premiumheizoel.php HTTP/1.1" 404 325 "-" "Mozilla/5.0 (compatible; DotBot/1.1; http://www.opensiteexplorer.org/dotbot, help@moz.com)"
111.248.117.188 - - [01/Dec/2015:15:24:22 +0100] "CONNECT 163mx02.mxmail.netease.COM:25 HTTP/1.0" 405 355 "-" "-"
111.248.117.188 - - [01/Dec/2015:15:24:27 +0100] "CONNECT 163mx02.mxmail.netease.COM:25 HTTP/1.0" 405 355 "-" "-"
128.232.110.29 - - [01/Dec/2015:15:37:04 +0100] "GET / HTTP/1.1" 200 1229 "-" "Mozilla/5.0 zgrab/0.x"
208.115.113.87 - - [01/Dec/2015:15:47:59 +0100] "GET /baustellenbetankung.php HTTP/1.1" 404 330 "-" "Mozilla/5.0 (compatible; DotBot/1.1; http://www.opensiteexplorer.org/dotbot, help@moz.com)"
141.212.122.160 - - [01/Dec/2015:16:00:48 +0100] "GET / HTTP/1.1" 200 1229 "-" "Mozilla/5.0 zgrab/0.x"
115.231.222.14 - - [01/Dec/2015:16:06:36 +0100] "GET http://zc.qq.com/cgi-bin/common/attr?id=260714&r=0.6261479746838577 HTTP/1.1" 404 320 "-" "Mozilla/5.0 (compatible; MSIE 9.0; Windows NT 6.1; Trident/5.0; 360SE)"
115.231.222.14 - - [01/Dec/2015:16:06:37 +0100] "GET http://zc.qq.com/cgi-bin/common/attr?id=260714&r=0.7510733216111700 HTTP/1.1" 404 320 "-" "Mozilla/5.0 (compatible; MSIE 9.0; Windows NT 6.1; Trident/5.0; 360SE)"
115.231.222.14 - - [01/Dec/2015:16:06:37 +0100] "GET http://zc.qq.com/cgi-bin/common/attr?id=260714&r=0.3514276015359722 HTTP/1.1" 404 320 "-" "Mozilla/5.0 (compatible; MSIE 9.0; Windows NT 6.1; Trident/5.0; 360SE)"
115.231.222.14 - - [01/Dec/2015:16:06:39 +0100] "GET http://zc.qq.com/cgi-bin/common/attr?id=260714&r=0.6960670993805558 HTTP/1.1" 404 320 "-" "Mozilla/5.0 (compatible; MSIE 9.0; Windows NT 6.1; Trident/5.0; 360SE)"
115.231.222.14 - - [01/Dec/2015:16:06:41 +0100] "GET http://zc.qq.com/cgi-bin/common/attr?id=260714&r=0.0031739969772050 HTTP/1.1" 404 320 "-" "Mozilla/5.0 (compatible; MSIE 9.0; Windows NT 6.1; Trident/5.0; 360SE)"
66.249.69.84 - - [01/Dec/2015:16:28:44 +0100] "GET /essocard.php HTTP/1.1" 404 319 "-" "Mozilla/5.0 (iPhone; CPU iPhone OS 8_3 like Mac OS X) AppleWebKit/600.1.4 (KHTML, like Gecko) Version/8.0 Mobile/12F70 Safari/600.1.4 (compatible; Googlebot/2.1; +http://www.google.com/bot.html)"
66.249.69.92 - - [01/Dec/2015:16:35:31 +0100] "GET /essocard.php HTTP/1.1" 404 319 "-" "Mozilla/5.0 (compatible; Googlebot/2.1; +http://www.google.com/bot.html)"
194.153.113.13 - - [01/Dec/2015:16:54:11 +0100] "GET /robots.txt HTTP/1.1" 404 315 "-" "Mozilla/5.0 (compatible; oBot/2.3.1; http://filterdb.iss.net/crawler/)"
194.153.113.13 - - [01/Dec/2015:16:54:11 +0100] "HEAD / HTTP/1.1" 200 - "-" "Mozilla/5.0 (compatible; oBot/2.3.1; http://filterdb.iss.net/crawler/)"
141.212.122.160 - - [01/Dec/2015:17:15:54 +0100] "GET / HTTP/1.1" 200 1229 "-" "Mozilla/5.0 zgrab/0.x"
128.232.110.29 - - [01/Dec/2015:17:23:02 +0100] "GET / HTTP/1.1" 200 1229 "-" "Mozilla/5.0 zgrab/0.x"
141.212.122.160 - - [01/Dec/2015:17:47:10 +0100] "GET / HTTP/1.1" 200 1229 "-" "Mozilla/5.0 zgrab/0.x"
150.70.188.166 - - [01/Dec/2015:17:49:27 +0100] "GET / HTTP/1.1" 200 1229 "-" "Mozilla/4.0 (compatible; MSIE 8.0; Windows NT 5.1; Trident/4.0)"
111.248.98.94 - - [01/Dec/2015:17:54:54 +0100] "CONNECT 163mx02.mxmail.netease.com:25 HTTP/1.0" 405 355 "-" "-"
111.248.98.94 - - [01/Dec/2015:17:54:56 +0100] "CONNECT 163mx02.mxmail.netease.com:25 HTTP/1.0" 405 355 "-" "-"
111.248.98.94 - - [01/Dec/2015:17:55:03 +0100] "CONNECT 163mx02.mxmail.netease.com:25 HTTP/1.0" 405 355 "-" "-"
111.248.98.94 - - [01/Dec/2015:17:55:10 +0100] "CONNECT 163mx02.mxmail.netease.com:25 HTTP/1.0" 405 355 "-" "-"
111.248.98.94 - - [01/Dec/2015:17:55:21 +0100] "CONNECT 163mx02.mxmail.netease.com:25 HTTP/1.0" 405 355 "-" "-"
150.70.173.57 - - [01/Dec/2015:17:56:49 +0100] "GET / HTTP/1.1" 200 1229 "-" "Mozilla/4.0 (compatible; MSIE 8.0; Windows NT 5.1; Trident/4.0)"
115.231.222.14 - - [01/Dec/2015:18:27:45 +0100] "GET http://zc.qq.com/cgi-bin/common/attr?id=260714&r=0.3908398540474320 HTTP/1.1" 404 320 "-" "Mozilla/5.0 (compatible; MSIE 9.0; Windows NT 6.1; Trident/5.0; 360SE)"
91.196.50.33 - - [01/Dec/2015:18:42:46 +0100] "GET http://testp2.czar.bielawa.pl/testproxy.php HTTP/1.1" 404 327 "-" "Mozilla/5.0 (Windows NT 5.1; rv:32.0) Gecko/20100101 Firefox/31.0"
111.248.62.113 - - [01/Dec/2015:19:53:25 +0100] "CONNECT 163mx03.mxmail.netease.com:25 HTTP/1.0" 405 355 "-" "-"
128.232.110.29 - - [01/Dec/2015:20:33:09 +0100] "GET / HTTP/1.1" 200 1229 "-" "Mozilla/5.0 zgrab/0.x"
67.23.72.105 - - [01/Dec/2015:20:48:05 +0100] "GET / HTTP/1.0" 200 1229 "-" "masscan/1.0 (https://github.com/robertdavidgraham/masscan)"
67.23.72.105 - - [01/Dec/2015:20:48:06 +0100] "GET / HTTP/1.0" 200 1229 "-" "masscan/1.0 (https://github.com/robertdavidgraham/masscan)"
67.23.72.105 - - [01/Dec/2015:20:48:06 +0100] "GET / HTTP/1.0" 200 1229 "-" "masscan/1.0 (https://github.com/robertdavidgraham/masscan)"
67.23.72.105 - - [01/Dec/2015:20:48:09 +0100] "GET / HTTP/1.0" 200 1229 "-" "masscan/1.0 (https://github.com/robertdavidgraham/masscan)"
115.231.222.14 - - [01/Dec/2015:20:50:26 +0100] "GET http://zc.qq.com/cgi-bin/common/attr?id=260714&r=0.9615306658553533 HTTP/1.1" 404 320 "-" "Mozilla/5.0 (compatible; MSIE 9.0; Windows NT 6.1; Trident/5.0; 360SE)"
115.231.222.14 - - [01/Dec/2015:20:50:27 +0100] "GET http://zc.qq.com/cgi-bin/common/attr?id=260714&r=0.4250424179704896 HTTP/1.1" 404 320 "-" "Mozilla/5.0 (compatible; MSIE 9.0; Windows NT 6.1; Trident/5.0; 360SE)"
115.231.222.14 - - [01/Dec/2015:20:50:37 +0100] "GET http://zc.qq.com/cgi-bin/common/attr?id=260714&r=0.2395629409513471 HTTP/1.1" 404 320 "-" "Mozilla/5.0 (compatible; MSIE 9.0; Windows NT 6.1; Trident/5.0; 360SE)"
67.23.72.105 - - [01/Dec/2015:20:51:42 +0100] "GET / HTTP/1.0" 200 1229 "-" "masscan/1.0 (https://github.com/robertdavidgraham/masscan)"
67.23.72.105 - - [01/Dec/2015:20:51:42 +0100] "GET / HTTP/1.0" 200 1229 "-" "masscan/1.0 (https://github.com/robertdavidgraham/masscan)"
67.23.72.105 - - [01/Dec/2015:20:51:47 +0100] "GET / HTTP/1.0" 200 1229 "-" "masscan/1.0 (https://github.com/robertdavidgraham/masscan)"
67.23.72.105 - - [01/Dec/2015:20:51:50 +0100] "GET / HTTP/1.0" 200 1229 "-" "masscan/1.0 (https://github.com/robertdavidgraham/masscan)"
67.23.72.105 - - [01/Dec/2015:20:51:50 +0100] "GET / HTTP/1.0" 200 1229 "-" "masscan/1.0 (https://github.com/robertdavidgraham/masscan)"
67.23.72.105 - - [01/Dec/2015:20:51:50 +0100] "GET / HTTP/1.0" 200 1229 "-" "masscan/1.0 (https://github.com/robertdavidgraham/masscan)"
185.106.94.2 - - [01/Dec/2015:21:04:12 +0100] "GET //phpMyAdmin/scripts/setup.php HTTP/1.1" 404 333 "-" "-"
37.58.75.46 - - [01/Dec/2015:21:21:58 +0100] "GET /muieblackcat HTTP/1.1" 404 317 "-" "-"
37.58.75.46 - - [01/Dec/2015:21:22:03 +0100] "GET //phpMyAdmin/scripts/setup.php HTTP/1.1" 404 333 "-" "-"
37.58.75.46 - - [01/Dec/2015:21:22:03 +0100] "GET //phpmyadmin/scripts/setup.php HTTP/1.1" 404 333 "-" "-"
37.58.75.46 - - [01/Dec/2015:21:22:03 +0100] "GET //pma/scripts/setup.php HTTP/1.1" 404 326 "-" "-"
37.58.75.46 - - [01/Dec/2015:21:22:04 +0100] "GET //myadmin/scripts/setup.php HTTP/1.1" 404 330 "-" "-"
37.58.75.46 - - [01/Dec/2015:21:22:04 +0100] "GET //MyAdmin/scripts/setup.php HTTP/1.1" 404 330 "-" "-"
37.58.75.46 - - [01/Dec/2015:21:22:55 +0100] "GET /muieblackcat HTTP/1.1" 404 317 "-" "-"
37.58.75.46 - - [01/Dec/2015:21:23:00 +0100] "GET //phpMyAdmin/scripts/setup.php HTTP/1.1" 404 333 "-" "-"
37.58.75.46 - - [01/Dec/2015:21:23:00 +0100] "GET //phpmyadmin/scripts/setup.php HTTP/1.1" 404 333 "-" "-"
37.58.75.46 - - [01/Dec/2015:21:23:00 +0100] "GET //pma/scripts/setup.php HTTP/1.1" 404 326 "-" "-"
37.58.75.46 - - [01/Dec/2015:21:23:01 +0100] "GET //myadmin/scripts/setup.php HTTP/1.1" 404 330 "-" "-"
37.58.75.46 - - [01/Dec/2015:21:23:01 +0100] "GET //MyAdmin/scripts/setup.php HTTP/1.1" 404 330 "-" "-"
84.16.212.54 - - [01/Dec/2015:21:26:58 +0100] "GET / HTTP/1.1" 200 1229 "-" "Mozilla/5.0 (Windows NT 5.1; rv:9.0.1) Gecko/20100101 Firefox/9.0.1"
84.16.212.54 - - [01/Dec/2015:21:26:59 +0100] "GET / HTTP/1.1" 200 1229 "-" "Mozilla/5.0 (Windows NT 5.1; rv:9.0.1) Gecko/20100101 Firefox/9.0.1"
84.16.212.54 - - [01/Dec/2015:21:27:03 +0100] "GET / HTTP/1.1" 200 1229 "-" "Mozilla/5.0 (Windows NT 5.1; rv:9.0.1) Gecko/20100101 Firefox/9.0.1"
84.16.212.54 - - [01/Dec/2015:21:27:03 +0100] "GET / HTTP/1.1" 200 1229 "-" "Mozilla/5.0 (Windows NT 5.1; rv:9.0.1) Gecko/20100101 Firefox/9.0.1"
84.16.212.54 - - [01/Dec/2015:21:27:03 +0100] "GET / HTTP/1.1" 200 1229 "-" "Mozilla/5.0 (Windows NT 5.1; rv:9.0.1) Gecko/20100101 Firefox/9.0.1"
84.16.212.54 - - [01/Dec/2015:21:27:06 +0100] "GET / HTTP/1.1" 200 1229 "-" "Mozilla/5.0 (Windows NT 5.1; rv:9.0.1) Gecko/20100101 Firefox/9.0.1"
84.16.212.54 - - [01/Dec/2015:21:27:06 +0100] "GET / HTTP/1.1" 200 1229 "-" "Mozilla/5.0 (Windows NT 5.1; rv:9.0.1) Gecko/20100101 Firefox/9.0.1"
84.16.212.54 - - [01/Dec/2015:21:27:12 +0100] "GET / HTTP/1.1" 200 1229 "-" "Mozilla/5.0 (Windows NT 5.1; rv:9.0.1) Gecko/20100101 Firefox/9.0.1"
84.16.212.54 - - [01/Dec/2015:21:27:13 +0100] "GET /HNAP1/ HTTP/1.1" 404 311 "http://212.91.246.85/" "Mozilla/5.0 (Windows NT 5.1; rv:9.0.1) Gecko/20100101 Firefox/9.0.1"
84.16.212.54 - - [01/Dec/2015:21:27:14 +0100] "GET /HNAP1/ HTTP/1.1" 404 311 "http://212.91.246.87/" "Mozilla/5.0 (Windows NT 5.1; rv:9.0.1) Gecko/20100101 Firefox/9.0.1"
84.16.212.54 - - [01/Dec/2015:21:27:16 +0100] "GET /HNAP1/ HTTP/1.1" 404 311 "http://212.91.246.81/" "Mozilla/5.0 (Windows NT 5.1; rv:9.0.1) Gecko/20100101 Firefox/9.0.1"
84.16.212.54 - - [01/Dec/2015:21:27:44 +0100] "GET /HNAP1/ HTTP/1.1" 404 311 "http://212.91.246.88/" "Mozilla/5.0 (Windows NT 5.1; rv:9.0.1) Gecko/20100101 Firefox/9.0.1"
84.16.212.54 - - [01/Dec/2015:21:27:44 +0100] "GET /HNAP1/ HTTP/1.1" 404 311 "http://212.91.246.83/" "Mozilla/5.0 (Windows NT 5.1; rv:9.0.1) Gecko/20100101 Firefox/9.0.1"
84.16.212.54 - - [01/Dec/2015:21:27:49 +0100] "GET /HNAP1/ HTTP/1.1" 404 311 "http://212.91.246.86/" "Mozilla/5.0 (Windows NT 5.1; rv:9.0.1) Gecko/20100101 Firefox/9.0.1"
84.16.212.54 - - [01/Dec/2015:21:28:10 +0100] "GET /HNAP1/ HTTP/1.1" 404 311 "http://212.91.246.84/" "Mozilla/5.0 (Windows NT 5.1; rv:9.0.1) Gecko/20100101 Firefox/9.0.1"
84.16.212.54 - - [01/Dec/2015:21:28:22 +0100] "GET /HNAP1/ HTTP/1.1" 404 311 "http://212.91.246.89/" "Mozilla/5.0 (Windows NT 5.1; rv:9.0.1) Gecko/20100101 Firefox/9.0.1"
151.80.31.114 - - [01/Dec/2015:21:41:35 +0100] "GET /robots.txt HTTP/1.1" 404 328 "-" "Mozilla/5.0 (compatible; AhrefsBot/5.0; +http://ahrefs.com/robot/)"
141.212.122.160 - - [01/Dec/2015:21:54:26 +0100] "GET / HTTP/1.1" 200 1229 "-" "Mozilla/5.0 zgrab/0.x"
36.229.80.176 - - [01/Dec/2015:22:00:27 +0100] "CONNECT vip163mx01.mxmail.netease.com:25 HTTP/1.0" 405 358 "-" "-"
36.229.81.25 - - [01/Dec/2015:22:21:12 +0100] "CONNECT 163mx01.mxmail.netease.com:25 HTTP/1.0" 405 355 "-" "-"
157.55.39.73 - - [01/Dec/2015:22:26:40 +0100] "GET /robots.txt HTTP/1.1" 404 322 "-" "Mozilla/5.0 (compatible; bingbot/2.0; +http://www.bing.com/bingbot.htm)"
157.55.39.73 - - [01/Dec/2015:22:26:42 +0100] "GET /index.htm HTTP/1.1" 404 321 "-" "Mozilla/5.0 (compatible; bingbot/2.0; +http://www.bing.com/bingbot.htm)"
37.58.75.46 - - [01/Dec/2015:22:40:14 +0100] "GET /muieblackcat HTTP/1.1" 404 317 "-" "-"
37.58.75.46 - - [01/Dec/2015:22:40:19 +0100] "GET //phpMyAdmin/scripts/setup.php HTTP/1.1" 404 333 "-" "-"
37.58.75.46 - - [01/Dec/2015:22:40:19 +0100] "GET //phpmyadmin/scripts/setup.php HTTP/1.1" 404 333 "-" "-"
37.58.75.46 - - [01/Dec/2015:22:40:19 +0100] "GET //pma/scripts/setup.php HTTP/1.1" 404 326 "-" "-"
37.58.75.46 - - [01/Dec/2015:22:40:19 +0100] "GET //myadmin/scripts/setup.php HTTP/1.1" 404 330 "-" "-"
37.58.75.46 - - [01/Dec/2015:22:40:19 +0100] "GET //MyAdmin/scripts/setup.php HTTP/1.1" 404 330 "-" "-"
37.58.75.46 - - [01/Dec/2015:22:42:07 +0100] "GET /muieblackcat HTTP/1.1" 404 317 "-" "-"
37.58.75.46 - - [01/Dec/2015:22:42:13 +0100] "GET //phpMyAdmin/scripts/setup.php HTTP/1.1" 404 333 "-" "-"
37.58.75.46 - - [01/Dec/2015:22:42:13 +0100] "GET //phpmyadmin/scripts/setup.php HTTP/1.1" 404 333 "-" "-"
37.58.75.46 - - [01/Dec/2015:22:42:13 +0100] "GET //pma/scripts/setup.php HTTP/1.1" 404 326 "-" "-"
37.58.75.46 - - [01/Dec/2015:22:42:13 +0100] "GET //myadmin/scripts/setup.php HTTP/1.1" 404 330 "-" "-"
37.58.75.46 - - [01/Dec/2015:22:42:13 +0100] "GET //MyAdmin/scripts/setup.php HTTP/1.1" 404 330 "-" "-"
111.248.56.139 - - [01/Dec/2015:23:02:45 +0100] "CONNECT vip163mx00.mxmail.netease.com:25 HTTP/1.0" 405 358 "-" "-"
115.231.222.14 - - [01/Dec/2015:23:12:24 +0100] "GET http://zc.qq.com/cgi-bin/common/attr?id=260714&r=0.2879434212416771 HTTP/1.1" 404 320 "-" "Mozilla/5.0 (compatible; MSIE 9.0; Windows NT 6.1; Trident/5.0; 360SE)"
115.231.222.14 - - [01/Dec/2015:23:12:25 +0100] "GET http://zc.qq.com/cgi-bin/common/attr?id=260714&r=0.0607135375813322 HTTP/1.1" 404 320 "-" "Mozilla/5.0 (compatible; MSIE 9.0; Windows NT 6.1; Trident/5.0; 360SE)"
115.231.222.14 - - [01/Dec/2015:23:12:31 +0100] "GET http://zc.qq.com/cgi-bin/common/attr?id=260714&r=0.8618098856381574 HTTP/1.1" 404 320 "-" "Mozilla/5.0 (compatible; MSIE 9.0; Windows NT 6.1; Trident/5.0; 360SE)"
115.231.222.14 - - [01/Dec/2015:23:12:31 +0100] "GET http://zc.qq.com/cgi-bin/common/attr?id=260714&r=0.3481744501289520 HTTP/1.1" 404 320 "-" "Mozilla/5.0 (compatible; MSIE 9.0; Windows NT 6.1; Trident/5.0; 360SE)"
37.58.75.46 - - [02/Dec/2015:00:09:14 +0100] "GET /muieblackcat HTTP/1.1" 404 317 "-" "-"
37.58.75.46 - - [02/Dec/2015:00:09:20 +0100] "GET //phpMyAdmin/scripts/setup.php HTTP/1.1" 404 333 "-" "-"
37.58.75.46 - - [02/Dec/2015:00:09:20 +0100] "GET //phpmyadmin/scripts/setup.php HTTP/1.1" 404 333 "-" "-"
37.58.75.46 - - [02/Dec/2015:00:09:20 +0100] "GET //pma/scripts/setup.php HTTP/1.1" 404 326 "-" "-"
37.58.75.46 - - [02/Dec/2015:00:09:20 +0100] "GET //myadmin/scripts/setup.php HTTP/1.1" 404 330 "-" "-"
37.58.75.46 - - [02/Dec/2015:00:09:20 +0100] "GET //MyAdmin/scripts/setup.php HTTP/1.1" 404 330 "-" "-"
178.151.143.163 - - [02/Dec/2015:00:21:26 +0100] "GET /robots.txt HTTP/1.0" 404 327 "-" "Mozilla/5.0 (compatible; MJ12bot/v1.4.5; http://www.majestic12.co.uk/bot.php?+)"
178.151.143.163 - - [02/Dec/2015:00:21:27 +0100] "GET /ansprechpartner.php HTTP/1.1" 404 336 "-" "Mozilla/5.0 (compatible; MJ12bot/v1.4.5; http://www.majestic12.co.uk/bot.php?+)"
178.151.143.163 - - [02/Dec/2015:00:21:29 +0100] "GET /kontakt.php HTTP/1.1" 404 328 "-" "Mozilla/5.0 (compatible; MJ12bot/v1.4.5; http://www.majestic12.co.uk/bot.php?+)"
178.151.143.163 - - [02/Dec/2015:00:21:30 +0100] "GET /kwk.php HTTP/1.1" 404 324 "-" "Mozilla/5.0 (compatible; MJ12bot/v1.4.5; http://www.majestic12.co.uk/bot.php?+)"
178.151.143.163 - - [02/Dec/2015:00:21:31 +0100] "GET /ofenbau.php HTTP/1.1" 404 328 "-" "Mozilla/5.0 (compatible; MJ12bot/v1.4.5; http://www.majestic12.co.uk/bot.php?+)"
178.151.143.163 - - [02/Dec/2015:00:21:33 +0100] "GET /preisanfrage.php HTTP/1.1" 404 333 "-" "Mozilla/5.0 (compatible; MJ12bot/v1.4.5; http://www.majestic12.co.uk/bot.php?+)"
115.231.222.14 - - [02/Dec/2015:01:33:55 +0100] "GET http://zc.qq.com/cgi-bin/common/attr?id=260714&r=0.6322465736115504 HTTP/1.1" 404 320 "-" "Mozilla/5.0 (compatible; MSIE 9.0; Windows NT 6.1; Trident/5.0; 360SE)"
115.231.222.14 - - [02/Dec/2015:01:33:55 +0100] "GET http://zc.qq.com/cgi-bin/common/attr?id=260714&r=0.5472214679946011 HTTP/1.1" 404 320 "-" "Mozilla/5.0 (compatible; MSIE 9.0; Windows NT 6.1; Trident/5.0; 360SE)"
115.231.222.14 - - [02/Dec/2015:01:33:55 +0100] "GET http://zc.qq.com/cgi-bin/common/attr?id=260714&r=0.2745133666696876 HTTP/1.1" 404 320 "-" "Mozilla/5.0 (compatible; MSIE 9.0; Windows NT 6.1; Trident/5.0; 360SE)"
115.231.222.14 - - [02/Dec/2015:01:33:55 +0100] "GET http://zc.qq.com/cgi-bin/common/attr?id=260714&r=0.1988720896883233 HTTP/1.1" 404 320 "-" "Mozilla/5.0 (compatible; MSIE 9.0; Windows NT 6.1; Trident/5.0; 360SE)"
157.55.39.250 - - [02/Dec/2015:02:01:47 +0100] "GET /robots.txt HTTP/1.1" 404 327 "-" "Mozilla/5.0 (compatible; bingbot/2.0; +http://www.bing.com/bingbot.htm)"
157.55.39.250 - - [02/Dec/2015:02:01:57 +0100] "GET /schmierstoffe.php HTTP/1.1" 404 334 "-" "Mozilla/5.0 (compatible; bingbot/2.0; +http://www.bing.com/bingbot.htm)"
101.200.125.177 - - [02/Dec/2015:02:09:56 +0100] "GET /phpMyAdmin/scripts/setup.php HTTP/1.1" 404 333 "-" "-"
94.102.49.92 - - [02/Dec/2015:02:10:06 +0100] "GET /muieblackcat HTTP/1.1" 404 317 "-" "-"
94.102.49.92 - - [02/Dec/2015:02:10:06 +0100] "GET /muieblackcat HTTP/1.1" 404 317 "-" "-"
94.102.49.92 - - [02/Dec/2015:02:10:06 +0100] "GET /muieblackcat HTTP/1.1" 404 317 "-" "-"
101.200.125.177 - - [02/Dec/2015:02:10:06 +0100] "GET /pma/scripts/setup.php HTTP/1.1" 404 326 "-" "-"
94.102.49.92 - - [02/Dec/2015:02:10:07 +0100] "GET /muieblackcat HTTP/1.1" 404 317 "-" "-"
94.102.49.92 - - [02/Dec/2015:02:10:07 +0100] "GET /muieblackcat HTTP/1.1" 404 317 "-" "-"
94.102.49.92 - - [02/Dec/2015:02:10:07 +0100] "GET /muieblackcat HTTP/1.1" 404 317 "-" "-"
94.102.49.92 - - [02/Dec/2015:02:10:07 +0100] "GET /muieblackcat HTTP/1.1" 404 317 "-" "-"
94.102.49.92 - - [02/Dec/2015:02:10:07 +0100] "GET /muieblackcat HTTP/1.1" 404 317 "-" "-"
94.102.49.92 - - [02/Dec/2015:02:10:07 +0100] "GET /muieblackcat HTTP/1.1" 404 317 "-" "-"
94.102.49.92 - - [02/Dec/2015:02:10:07 +0100] "GET /muieblackcat HTTP/1.1" 404 317 "-" "-"
94.102.49.92 - - [02/Dec/2015:02:10:12 +0100] "GET //phpMyAdmin/scripts/setup.php HTTP/1.1" 404 333 "-" "-"
94.102.49.92 - - [02/Dec/2015:02:10:12 +0100] "GET //phpMyAdmin/scripts/setup.php HTTP/1.1" 404 333 "-" "-"
94.102.49.92 - - [02/Dec/2015:02:10:12 +0100] "GET //phpMyAdmin/scripts/setup.php HTTP/1.1" 404 333 "-" "-"
94.102.49.92 - - [02/Dec/2015:02:10:12 +0100] "GET //phpMyAdmin/scripts/setup.php HTTP/1.1" 404 333 "-" "-"
94.102.49.92 - - [02/Dec/2015:02:10:12 +0100] "GET //phpMyAdmin/scripts/setup.php HTTP/1.1" 404 333 "-" "-"
94.102.49.92 - - [02/Dec/2015:02:10:12 +0100] "GET //phpMyAdmin/scripts/setup.php HTTP/1.1" 404 333 "-" "-"
94.102.49.92 - - [02/Dec/2015:02:10:12 +0100] "GET //phpMyAdmin/scripts/setup.php HTTP/1.1" 404 333 "-" "-"
94.102.49.92 - - [02/Dec/2015:02:10:12 +0100] "GET //phpMyAdmin/scripts/setup.php HTTP/1.1" 404 333 "-" "-"
94.102.49.92 - - [02/Dec/2015:02:10:12 +0100] "GET //phpMyAdmin/scripts/setup.php HTTP/1.1" 404 333 "-" "-"
94.102.49.92 - - [02/Dec/2015:02:10:12 +0100] "GET //phpMyAdmin/scripts/setup.php HTTP/1.1" 404 333 "-" "-"
94.102.49.92 - - [02/Dec/2015:02:10:12 +0100] "GET //phpmyadmin/scripts/setup.php HTTP/1.1" 404 333 "-" "-"
94.102.49.92 - - [02/Dec/2015:02:10:13 +0100] "GET //phpmyadmin/scripts/setup.php HTTP/1.1" 404 333 "-" "-"
94.102.49.92 - - [02/Dec/2015:02:10:13 +0100] "GET //phpmyadmin/scripts/setup.php HTTP/1.1" 404 333 "-" "-"
94.102.49.92 - - [02/Dec/2015:02:10:14 +0100] "GET //phpmyadmin/scripts/setup.php HTTP/1.1" 404 333 "-" "-"
94.102.49.92 - - [02/Dec/2015:02:10:14 +0100] "GET //phpmyadmin/scripts/setup.php HTTP/1.1" 404 333 "-" "-"
94.102.49.92 - - [02/Dec/2015:02:10:14 +0100] "GET //phpmyadmin/scripts/setup.php HTTP/1.1" 404 333 "-" "-"
94.102.49.92 - - [02/Dec/2015:02:10:14 +0100] "GET //phpmyadmin/scripts/setup.php HTTP/1.1" 404 333 "-" "-"
94.102.49.92 - - [02/Dec/2015:02:10:14 +0100] "GET //phpmyadmin/scripts/setup.php HTTP/1.1" 404 333 "-" "-"
94.102.49.92 - - [02/Dec/2015:02:10:14 +0100] "GET //phpmyadmin/scripts/setup.php HTTP/1.1" 404 333 "-" "-"
94.102.49.92 - - [02/Dec/2015:02:10:14 +0100] "GET //phpmyadmin/scripts/setup.php HTTP/1.1" 404 333 "-" "-"
94.102.49.92 - - [02/Dec/2015:02:10:14 +0100] "GET //pma/scripts/setup.php HTTP/1.1" 404 326 "-" "-"
94.102.49.92 - - [02/Dec/2015:02:10:14 +0100] "GET //pma/scripts/setup.php HTTP/1.1" 404 326 "-" "-"
94.102.49.92 - - [02/Dec/2015:02:10:14 +0100] "GET //pma/scripts/setup.php HTTP/1.1" 404 326 "-" "-"
94.102.49.92 - - [02/Dec/2015:02:10:14 +0100] "GET //pma/scripts/setup.php HTTP/1.1" 404 326 "-" "-"
94.102.49.92 - - [02/Dec/2015:02:10:14 +0100] "GET //pma/scripts/setup.php HTTP/1.1" 404 326 "-" "-"
94.102.49.92 - - [02/Dec/2015:02:10:14 +0100] "GET //pma/scripts/setup.php HTTP/1.1" 404 326 "-" "-"
94.102.49.92 - - [02/Dec/2015:02:10:14 +0100] "GET //pma/scripts/setup.php HTTP/1.1" 404 326 "-" "-"
94.102.49.92 - - [02/Dec/2015:02:10:14 +0100] "GET //myadmin/scripts/setup.php HTTP/1.1" 404 330 "-" "-"
94.102.49.92 - - [02/Dec/2015:02:10:15 +0100] "GET //pma/scripts/setup.php HTTP/1.1" 404 326 "-" "-"
94.102.49.92 - - [02/Dec/2015:02:10:15 +0100] "GET //myadmin/scripts/setup.php HTTP/1.1" 404 330 "-" "-"
94.102.49.92 - - [02/Dec/2015:02:10:15 +0100] "GET //pma/scripts/setup.php HTTP/1.1" 404 326 "-" "-"
94.102.49.92 - - [02/Dec/2015:02:10:15 +0100] "GET //myadmin/scripts/setup.php HTTP/1.1" 404 330 "-" "-"
94.102.49.92 - - [02/Dec/2015:02:10:15 +0100] "GET //pma/scripts/setup.php HTTP/1.1" 404 326 "-" "-"
94.102.49.92 - - [02/Dec/2015:02:10:15 +0100] "GET //myadmin/scripts/setup.php HTTP/1.1" 404 330 "-" "-"
94.102.49.92 - - [02/Dec/2015:02:10:15 +0100] "GET //myadmin/scripts/setup.php HTTP/1.1" 404 330 "-" "-"
94.102.49.92 - - [02/Dec/2015:02:10:15 +0100] "GET //myadmin/scripts/setup.php HTTP/1.1" 404 330 "-" "-"
94.102.49.92 - - [02/Dec/2015:02:10:15 +0100] "GET //myadmin/scripts/setup.php HTTP/1.1" 404 330 "-" "-"
94.102.49.92 - - [02/Dec/2015:02:10:15 +0100] "GET //MyAdmin/scripts/setup.php HTTP/1.1" 404 330 "-" "-"
94.102.49.92 - - [02/Dec/2015:02:10:15 +0100] "GET //MyAdmin/scripts/setup.php HTTP/1.1" 404 330 "-" "-"
94.102.49.92 - - [02/Dec/2015:02:10:15 +0100] "GET //myadmin/scripts/setup.php HTTP/1.1" 404 330 "-" "-"
94.102.49.92 - - [02/Dec/2015:02:10:15 +0100] "GET //MyAdmin/scripts/setup.php HTTP/1.1" 404 330 "-" "-"
94.102.49.92 - - [02/Dec/2015:02:10:15 +0100] "GET //myadmin/scripts/setup.php HTTP/1.1" 404 330 "-" "-"
94.102.49.92 - - [02/Dec/2015:02:10:15 +0100] "GET //myadmin/scripts/setup.php HTTP/1.1" 404 330 "-" "-"
94.102.49.92 - - [02/Dec/2015:02:10:15 +0100] "GET //MyAdmin/scripts/setup.php HTTP/1.1" 404 330 "-" "-"
94.102.49.92 - - [02/Dec/2015:02:10:15 +0100] "GET //MyAdmin/scripts/setup.php HTTP/1.1" 404 330 "-" "-"
94.102.49.92 - - [02/Dec/2015:02:10:15 +0100] "GET //MyAdmin/scripts/setup.php HTTP/1.1" 404 330 "-" "-"
94.102.49.92 - - [02/Dec/2015:02:10:15 +0100] "GET //MyAdmin/scripts/setup.php HTTP/1.1" 404 330 "-" "-"
94.102.49.92 - - [02/Dec/2015:02:10:15 +0100] "GET //MyAdmin/scripts/setup.php HTTP/1.1" 404 330 "-" "-"
94.102.49.92 - - [02/Dec/2015:02:10:15 +0100] "GET //MyAdmin/scripts/setup.php HTTP/1.1" 404 330 "-" "-"
94.102.49.92 - - [02/Dec/2015:02:10:15 +0100] "GET //MyAdmin/scripts/setup.php HTTP/1.1" 404 330 "-" "-"
101.200.125.177 - - [02/Dec/2015:02:10:17 +0100] "GET /myadmin/scripts/setup.php HTTP/1.1" 404 330 "-" "-"
61.228.95.52 - - [02/Dec/2015:02:49:49 +0100] "CONNECT 163mx01.mxmail.netease.com:25 HTTP/1.0" 405 355 "-" "-"
208.115.111.74 - - [02/Dec/2015:03:19:17 +0100] "GET /robots.txt HTTP/1.1" 404 327 "-" "Mozilla/5.0 (compatible; DotBot/1.1; http://www.opensiteexplorer.org/dotbot, help@moz.com)"
192.99.1.101 - - [02/Dec/2015:03:26:41 +0100] "GET /robots.txt HTTP/1.0" 404 328 "-" "Mozilla/5.0 (compatible; MJ12bot/v1.4.5; http://www.majestic12.co.uk/bot.php?+)"
192.99.1.101 - - [02/Dec/2015:03:26:42 +0100] "GET /baustellenbetankung.php HTTP/1.0" 404 341 "-" "Mozilla/5.0 (compatible; MJ12bot/v1.4.5; http://www.majestic12.co.uk/bot.php?+)"
192.99.1.101 - - [02/Dec/2015:03:26:44 +0100] "GET /biogasanlage.php HTTP/1.0" 404 334 "-" "Mozilla/5.0 (compatible; MJ12bot/v1.4.5; http://www.majestic12.co.uk/bot.php?+)"
192.99.1.101 - - [02/Dec/2015:03:26:47 +0100] "GET /brennwerttechnik.php HTTP/1.0" 404 338 "-" "Mozilla/5.0 (compatible; MJ12bot/v1.4.5; http://www.majestic12.co.uk/bot.php?+)"
192.99.1.101 - - [02/Dec/2015:03:26:51 +0100] "GET /diesel.php HTTP/1.0" 404 328 "-" "Mozilla/5.0 (compatible; MJ12bot/v1.4.5; http://www.majestic12.co.uk/bot.php?+)"
216.145.17.190 - - [02/Dec/2015:03:52:53 +0100] "GET /robots.txt HTTP/1.0" 404 328 "-" "Mozilla/5.0 (Windows; U; Windows NT 5.1; en; rv:1.9.0.13) Gecko/2009073022 Firefox/3.5.2 (.NET CLR 3.5.30729) SurveyBot/2.3 (DomainTools)"
216.145.17.190 - - [02/Dec/2015:03:52:53 +0100] "GET / HTTP/1.1" 200 1229 "http://whois.domaintools.com/aufzugs-hebetechnik.de" "Mozilla/5.0 (Windows; U; Windows NT 5.1; en; rv:1.9.0.13) Gecko/2009073022 Firefox/3.5.2 (.NET CLR 3.5.30729) SurveyBot/2.3 (DomainTools)"
115.231.222.14 - - [02/Dec/2015:03:56:42 +0100] "GET http://zc.qq.com/cgi-bin/common/attr?id=260714&r=0.5693247130637270 HTTP/1.1" 404 320 "-" "Mozilla/5.0 (compatible; MSIE 9.0; Windows NT 6.1; Trident/5.0; 360SE)"
115.231.222.14 - - [02/Dec/2015:03:56:42 +0100] "GET http://zc.qq.com/cgi-bin/common/attr?id=260714&r=0.2521941474207933 HTTP/1.1" 404 320 "-" "Mozilla/5.0 (compatible; MSIE 9.0; Windows NT 6.1; Trident/5.0; 360SE)"
115.231.222.14 - - [02/Dec/2015:03:56:42 +0100] "GET http://zc.qq.com/cgi-bin/common/attr?id=260714&r=0.6807885247598112 HTTP/1.1" 404 320 "-" "Mozilla/5.0 (compatible; MSIE 9.0; Windows NT 6.1; Trident/5.0; 360SE)"
151.80.31.126 - - [02/Dec/2015:04:14:11 +0100] "GET / HTTP/1.1" 200 1229 "-" "Mozilla/5.0 (compatible; AhrefsBot/5.0; +http://ahrefs.com/robot/)"
208.115.111.74 - - [02/Dec/2015:05:10:56 +0100] "GET /robots.txt HTTP/1.1" 404 327 "-" "Mozilla/5.0 (compatible; DotBot/1.1; http://www.opensiteexplorer.org/dotbot, help@moz.com)"
208.115.111.74 - - [02/Dec/2015:05:18:30 +0100] "GET /kontakt.php HTTP/1.1" 404 328 "-" "Mozilla/5.0 (compatible; DotBot/1.1; http://www.opensiteexplorer.org/dotbot, help@moz.com)"
202.112.51.96 - - [02/Dec/2015:05:48:19 +0100] "GET / HTTP/1.1" 200 1229 "-" "-"
115.231.222.14 - - [02/Dec/2015:06:20:56 +0100] "GET http://zc.qq.com/cgi-bin/common/attr?id=260714&r=0.7324478357789989 HTTP/1.1" 404 320 "-" "Mozilla/5.0 (compatible; MSIE 9.0; Windows NT 6.1; Trident/5.0; 360SE)"
115.231.222.14 - - [02/Dec/2015:06:21:29 +0100] "GET http://zc.qq.com/cgi-bin/common/attr?id=260714&r=0.3161627763037589 HTTP/1.1" 404 320 "-" "Mozilla/5.0 (compatible; MSIE 9.0; Windows NT 6.1; Trident/5.0; 360SE)"
208.115.113.87 - - [02/Dec/2015:06:36:49 +0100] "GET /robots.txt HTTP/1.1" 404 317 "-" "Mozilla/5.0 (compatible; DotBot/1.1; http://www.opensiteexplorer.org/dotbot, help@moz.com)"
36.225.254.249 - - [02/Dec/2015:07:08:10 +0100] "CONNECT vip163mx00.mxmail.netease.com:25 HTTP/1.0" 405 358 "-" "-"
192.99.107.237 - - [02/Dec/2015:07:10:16 +0100] "GET /robots.txt HTTP/1.1" 404 318 "-" "Mozilla/5.0 (compatible; meanpathbot/1.0; +http://www.meanpath.com/meanpathbot.html)"
192.99.107.237 - - [02/Dec/2015:07:10:16 +0100] "GET / HTTP/1.1" 200 1229 "-" "Mozilla/5.0 (compatible; meanpathbot/1.0; +http://www.meanpath.com/meanpathbot.html)"
40.77.167.12 - - [02/Dec/2015:07:19:21 +0100] "GET /robots.txt HTTP/1.1" 404 317 "-" "Mozilla/5.0 (compatible; bingbot/2.0; +http://www.bing.com/bingbot.htm)"
40.77.167.12 - - [02/Dec/2015:07:19:24 +0100] "GET /ansprechpartner.php HTTP/1.1" 404 326 "-" "Mozilla/5.0 (compatible; bingbot/2.0; +http://www.bing.com/bingbot.htm)"
208.115.111.74 - - [02/Dec/2015:07:20:22 +0100] "GET /ec.php HTTP/1.1" 404 323 "-" "Mozilla/5.0 (compatible; DotBot/1.1; http://www.opensiteexplorer.org/dotbot, help@moz.com)"
202.112.51.96 - - [02/Dec/2015:07:24:57 +0100] "GET / HTTP/1.1" 200 1229 "-" "-"
208.115.113.87 - - [02/Dec/2015:07:34:51 +0100] "GET /notdienst.php HTTP/1.1" 404 320 "-" "Mozilla/5.0 (compatible; DotBot/1.1; http://www.opensiteexplorer.org/dotbot, help@moz.com)"
64.246.187.42 - - [02/Dec/2015:08:15:08 +0100] "GET /robots.txt HTTP/1.0" 404 332 "-" "Mozilla/5.0 (Windows; U; Windows NT 5.1; en; rv:1.9.0.13) Gecko/2009073022 Firefox/3.5.2 (.NET CLR 3.5.30729) SurveyBot/2.3 (DomainTools)"
64.246.187.42 - - [02/Dec/2015:08:15:09 +0100] "GET / HTTP/1.1" 200 1229 "http://whois.domaintools.com/bauaufzuege-hebetechnik.de" "Mozilla/5.0 (Windows; U; Windows NT 5.1; en; rv:1.9.0.13) Gecko/2009073022 Firefox/3.5.2 (.NET CLR 3.5.30729) SurveyBot/2.3 (DomainTools)"
115.231.222.14 - - [02/Dec/2015:08:39:54 +0100] "GET http://zc.qq.com/cgi-bin/common/attr?id=260714&r=0.1362799661382464 HTTP/1.1" 404 320 "-" "Mozilla/5.0 (compatible; MSIE 9.0; Windows NT 6.1; Trident/5.0; 360SE)"
208.115.113.93 - - [02/Dec/2015:08:45:53 +0100] "GET /robots.txt HTTP/1.1" 404 327 "-" "Mozilla/5.0 (compatible; DotBot/1.1; http://www.opensiteexplorer.org/dotbot, help@moz.com)"
188.40.95.70 - - [02/Dec/2015:08:46:30 +0100] "GET /robots.txt HTTP/1.0" 404 317 "-" "Mozilla/5.0 (compatible; MJ12bot/v1.4.5; http://www.majestic12.co.uk/bot.php?+)"
188.40.95.70 - - [02/Dec/2015:08:46:31 +0100] "GET /index.php HTTP/1.0" 404 316 "-" "Mozilla/5.0 (compatible; MJ12bot/v1.4.5; http://www.majestic12.co.uk/bot.php?+)"
188.40.95.70 - - [02/Dec/2015:08:46:33 +0100] "GET /jobs.php HTTP/1.0" 404 315 "-" "Mozilla/5.0 (compatible; MJ12bot/v1.4.5; http://www.majestic12.co.uk/bot.php?+)"
188.40.95.70 - - [02/Dec/2015:08:46:34 +0100] "GET /waermekonto.php HTTP/1.0" 404 322 "-" "Mozilla/5.0 (compatible; MJ12bot/v1.4.5; http://www.majestic12.co.uk/bot.php?+)"
188.40.95.70 - - [02/Dec/2015:08:46:38 +0100] "GET /wunschpreis.php HTTP/1.0" 404 322 "-" "Mozilla/5.0 (compatible; MJ12bot/v1.4.5; http://www.majestic12.co.uk/bot.php?+)"
5.9.73.227 - - [02/Dec/2015:09:03:04 +0100] "GET /robots.txt HTTP/1.0" 404 317 "-" "Mozilla/5.0 (compatible; MJ12bot/v1.4.5; http://www.majestic12.co.uk/bot.php?+)"
5.9.73.227 - - [02/Dec/2015:09:03:05 +0100] "GET /baustellenbetankung.php HTTP/1.0" 404 330 "-" "Mozilla/5.0 (compatible; MJ12bot/v1.4.5; http://www.majestic12.co.uk/bot.php?+)"
24.220.5.234 - - [02/Dec/2015:09:34:45 +0100] "GET /robots.txt HTTP/1.0" 404 327 "-" "Mozilla/5.0 (compatible; MJ12bot/v1.4.5; http://www.majestic12.co.uk/bot.php?+)"
24.220.5.234 - - [02/Dec/2015:09:34:47 +0100] "GET / HTTP/1.1" 200 1229 "-" "Mozilla/5.0 (compatible; MJ12bot/v1.4.5; http://www.majestic12.co.uk/bot.php?+)"
210.60.55.19 - - [02/Dec/2015:09:58:37 +0100] "GET /phpMyAdmin/scripts/setup.php HTTP/1.1" 404 333 "-" "-"
210.60.55.19 - - [02/Dec/2015:09:58:43 +0100] "GET /pma/scripts/setup.php HTTP/1.1" 404 326 "-" "-"
210.60.55.19 - - [02/Dec/2015:09:58:48 +0100] "GET /myadmin/scripts/setup.php HTTP/1.1" 404 330 "-" "-"
202.112.51.96 - - [02/Dec/2015:10:09:38 +0100] "GET / HTTP/1.1" 200 1229 "-" "-"
208.115.113.93 - - [02/Dec/2015:10:28:23 +0100] "GET /biogasanlage.php HTTP/1.1" 404 333 "-" "Mozilla/5.0 (compatible; DotBot/1.1; http://www.opensiteexplorer.org/dotbot, help@moz.com)"
141.212.122.160 - - [02/Dec/2015:10:40:59 +0100] "GET / HTTP/1.1" 200 1229 "-" "Mozilla/5.0 zgrab/0.x"
208.115.113.93 - - [02/Dec/2015:10:45:48 +0100] "GET /robots.txt HTTP/1.1" 404 327 "-" "Mozilla/5.0 (compatible; DotBot/1.1; http://www.opensiteexplorer.org/dotbot, help@moz.com)"
157.55.39.250 - - [02/Dec/2015:10:46:42 +0100] "GET /schmierstoffe.php HTTP/1.1" 404 334 "-" "Mozilla/5.0 (compatible; bingbot/2.0; +http://www.bing.com/bingbot.htm)"
193.111.140.106 - - [02/Dec/2015:10:55:09 +0100] "GET /robots.txt HTTP/1.0" 404 327 "-" "Mozilla/5.0 (compatible; MJ12bot/v1.4.5; http://www.majestic12.co.uk/bot.php?+)"
193.111.140.106 - - [02/Dec/2015:10:55:10 +0100] "GET /news.php?cs_go=archiv&cs_id=4232 HTTP/1.0" 404 325 "-" "Mozilla/5.0 (compatible; MJ12bot/v1.4.5; http://www.majestic12.co.uk/bot.php?+)"
193.111.140.106 - - [02/Dec/2015:10:55:12 +0100] "GET /news.php?cs_go=archiv&cs_id=4487 HTTP/1.0" 404 325 "-" "Mozilla/5.0 (compatible; MJ12bot/v1.4.5; http://www.majestic12.co.uk/bot.php?+)"
193.111.140.106 - - [02/Dec/2015:10:55:13 +0100] "GET /news.php?cs_go=archiv&cs_id=4489 HTTP/1.0" 404 325 "-" "Mozilla/5.0 (compatible; MJ12bot/v1.4.5; http://www.majestic12.co.uk/bot.php?+)"
193.111.140.106 - - [02/Dec/2015:10:55:14 +0100] "GET /news.php?cs_go=archiv&cs_id=5312 HTTP/1.0" 404 325 "-" "Mozilla/5.0 (compatible; MJ12bot/v1.4.5; http://www.majestic12.co.uk/bot.php?+)"
87.250.244.30 - - [02/Dec/2015:10:59:02 +0100] "GET /robots.txt HTTP/1.1" 404 328 "-" "Mozilla/5.0 (compatible; YandexBot/3.0; +http://yandex.com/bots)"
141.212.122.160 - - [02/Dec/2015:10:59:27 +0100] "GET / HTTP/1.1" 200 1229 "-" "Mozilla/5.0 zgrab/0.x"
208.115.111.74 - - [02/Dec/2015:11:14:00 +0100] "GET /robots.txt HTTP/1.1" 404 327 "-" "Mozilla/5.0 (compatible; DotBot/1.1; http://www.opensiteexplorer.org/dotbot, help@moz.com)"
208.115.111.71 - - [02/Dec/2015:11:43:07 +0100] "GET /robots.txt HTTP/1.1" 404 317 "-" "Mozilla/5.0 (compatible; DotBot/1.1; http://www.opensiteexplorer.org/dotbot, help@moz.com)"
111.248.113.240 - - [02/Dec/2015:11:52:56 +0100] "CONNECT vip163mx01.mxmail.netease.com:25 HTTP/1.0" 405 358 "-" "-"
146.185.239.100 - - [02/Dec/2015:12:01:49 +0100] "GET http://24x7-allrequestsallowed.com/?PHPSESSID=aab45f4f00143SSQJ_W_EFBF%5CF HTTP/1.1" 200 1229 "-" "-"
208.115.113.93 - - [02/Dec/2015:12:03:27 +0100] "GET /ofenbau.php HTTP/1.1" 404 328 "-" "Mozilla/5.0 (compatible; DotBot/1.1; http://www.opensiteexplorer.org/dotbot, help@moz.com)"
94.22.47.242 - - [02/Dec/2015:12:22:04 +0100] "GET /robots.txt HTTP/1.0" 404 328 "-" "Mozilla/5.0 (compatible; MJ12bot/v1.4.5; http://www.majestic12.co.uk/bot.php?+)"
94.22.47.242 - - [02/Dec/2015:12:22:05 +0100] "GET /edl.php HTTP/1.0" 404 325 "-" "Mozilla/5.0 (compatible; MJ12bot/v1.4.5; http://www.majestic12.co.uk/bot.php?+)"
94.22.47.242 - - [02/Dec/2015:12:22:07 +0100] "GET /jobs.php HTTP/1.0" 404 326 "-" "Mozilla/5.0 (compatible; MJ12bot/v1.4.5; http://www.majestic12.co.uk/bot.php?+)"
94.22.47.242 - - [02/Dec/2015:12:22:09 +0100] "GET /waermekonto.php HTTP/1.0" 404 333 "-" "Mozilla/5.0 (compatible; MJ12bot/v1.4.5; http://www.majestic12.co.uk/bot.php?+)"
94.22.47.242 - - [02/Dec/2015:12:22:10 +0100] "GET /wunschpreis.php HTTP/1.0" 404 333 "-" "Mozilla/5.0 (compatible; MJ12bot/v1.4.5; http://www.majestic12.co.uk/bot.php?+)"
141.212.122.160 - - [02/Dec/2015:12:46:41 +0100] "GET / HTTP/1.1" 200 1229 "-" "Mozilla/5.0 zgrab/0.x"
115.231.222.14 - - [02/Dec/2015:12:54:04 +0100] "GET http://zc.qq.com/cgi-bin/common/attr?id=260714&r=0.1283077090153411 HTTP/1.1" 404 320 "-" "Mozilla/5.0 (compatible; MSIE 9.0; Windows NT 6.1; Trident/5.0; 360SE)"
115.231.222.14 - - [02/Dec/2015:12:54:05 +0100] "GET http://zc.qq.com/cgi-bin/common/attr?id=260714&r=0.7607934216841726 HTTP/1.1" 404 320 "-" "Mozilla/5.0 (compatible; MSIE 9.0; Windows NT 6.1; Trident/5.0; 360SE)"
115.231.222.14 - - [02/Dec/2015:12:54:05 +0100] "GET http://zc.qq.com/cgi-bin/common/attr?id=260714&r=0.7200155828726963 HTTP/1.1" 404 320 "-" "Mozilla/5.0 (compatible; MSIE 9.0; Windows NT 6.1; Trident/5.0; 360SE)"
115.231.222.14 - - [02/Dec/2015:12:54:11 +0100] "GET http://zc.qq.com/cgi-bin/common/attr?id=260714&r=0.8673012654961318 HTTP/1.1" 404 320 "-" "Mozilla/5.0 (compatible; MSIE 9.0; Windows NT 6.1; Trident/5.0; 360SE)"
208.115.111.74 - - [02/Dec/2015:13:16:02 +0100] "GET /impressum.php HTTP/1.1" 404 330 "-" "Mozilla/5.0 (compatible; DotBot/1.1; http://www.opensiteexplorer.org/dotbot, help@moz.com)"
66.249.75.192 - - [02/Dec/2015:13:27:50 +0100] "GET /robots.txt HTTP/1.1" 404 322 "-" "Mozilla/5.0 (compatible; Googlebot/2.1; +http://www.google.com/bot.html)"
66.249.75.208 - - [02/Dec/2015:13:27:50 +0100] "GET / HTTP/1.1" 200 1229 "-" "Mozilla/5.0 (compatible; Googlebot/2.1; +http://www.google.com/bot.html)"
199.217.113.248 - - [02/Dec/2015:13:33:41 +0100] "GET /phpMyAdmin/scripts/setup.php HTTP/1.1" 404 333 "-" "-"
199.217.113.248 - - [02/Dec/2015:13:33:46 +0100] "GET /pma/scripts/setup.php HTTP/1.1" 404 326 "-" "-"
199.217.113.248 - - [02/Dec/2015:13:33:51 +0100] "GET /myadmin/scripts/setup.php HTTP/1.1" 404 330 "-" "-"
141.212.122.160 - - [02/Dec/2015:13:34:53 +0100] "GET / HTTP/1.1" 200 1229 "-" "Mozilla/5.0 zgrab/0.x"
128.232.110.29 - - [02/Dec/2015:13:42:21 +0100] "GET / HTTP/1.1" 200 1229 "-" "Mozilla/5.0 zgrab/0.x"
185.49.14.190 - - [02/Dec/2015:13:44:52 +0100] "GET http://testp5.mielno.lubin.pl/testproxy.php HTTP/1.1" 404 327 "-" "Mozilla/5.0 (Windows NT 5.1; rv:32.0) Gecko/20100101 Firefox/31.0"
111.248.112.135 - - [02/Dec/2015:14:01:36 +0100] "CONNECT 163mx02.mxmail.netease.com:25 HTTP/1.0" 405 355 "-" "-"
208.115.111.71 - - [02/Dec/2015:14:01:37 +0100] "GET /news.php?cs_go=archiv&cs_id=5331 HTTP/1.1" 404 315 "-" "Mozilla/5.0 (compatible; DotBot/1.1; http://www.opensiteexplorer.org/dotbot, help@moz.com)"
208.115.111.71 - - [02/Dec/2015:14:03:36 +0100] "GET /robots.txt HTTP/1.1" 404 317 "-" "Mozilla/5.0 (compatible; DotBot/1.1; http://www.opensiteexplorer.org/dotbot, help@moz.com)"
64.246.165.50 - - [02/Dec/2015:14:21:44 +0100] "GET /robots.txt HTTP/1.0" 404 315 "-" "Mozilla/5.0 (Windows; U; Windows NT 5.1; en; rv:1.9.0.13) Gecko/2009073022 Firefox/3.5.2 (.NET CLR 3.5.30729) SurveyBot/2.3 (DomainTools)"
64.246.165.50 - - [02/Dec/2015:14:21:44 +0100] "GET / HTTP/1.1" 200 1229 "http://whois.domaintools.com/bmt-it.de" "Mozilla/5.0 (Windows; U; Windows NT 5.1; en; rv:1.9.0.13) Gecko/2009073022 Firefox/3.5.2 (.NET CLR 3.5.30729) SurveyBot/2.3 (DomainTools)"
64.246.161.42 - - [02/Dec/2015:14:25:11 +0100] "GET /robots.txt HTTP/1.0" 404 322 "-" "Mozilla/5.0 (Windows; U; Windows NT 5.1; en; rv:1.9.0.13) Gecko/2009073022 Firefox/3.5.2 (.NET CLR 3.5.30729) SurveyBot/2.3 (DomainTools)"
64.246.161.42 - - [02/Dec/2015:14:25:11 +0100] "GET / HTTP/1.1" 200 1229 "http://whois.domaintools.com/boedenundmehr.de" "Mozilla/5.0 (Windows; U; Windows NT 5.1; en; rv:1.9.0.13) Gecko/2009073022 Firefox/3.5.2 (.NET CLR 3.5.30729) SurveyBot/2.3 (DomainTools)"
208.115.113.87 - - [02/Dec/2015:14:30:36 +0100] "GET /robots.txt HTTP/1.1" 404 317 "-" "Mozilla/5.0 (compatible; DotBot/1.1; http://www.opensiteexplorer.org/dotbot, help@moz.com)"
185.25.148.240 - - [02/Dec/2015:14:34:05 +0100] "GET http://testp5.mielno.lubin.pl/testproxy.php HTTP/1.1" 404 327 "-" "Mozilla/5.0 (Windows NT 5.1; rv:32.0) Gecko/20100101 Firefox/31.0"
159.203.85.121 - - [02/Dec/2015:14:36:42 +0100] "GET /robots.txt HTTP/1.1" 404 323 "-" "Mozilla/5.0 (compatible; spbot/4.4.2; +http://OpenLinkProfiler.org/bot )"
159.203.85.121 - - [02/Dec/2015:14:36:47 +0100] "GET / HTTP/1.1" 200 1229 "-" "Mozilla/5.0 (compatible; spbot/4.4.2; +http://OpenLinkProfiler.org/bot )"
91.196.50.33 - - [02/Dec/2015:14:38:42 +0100] "GET http://testp5.mielno.lubin.pl/testproxy.php HTTP/1.1" 404 327 "-" "Mozilla/5.0 (Windows NT 5.1; rv:32.0) Gecko/20100101 Firefox/31.0"
91.196.50.33 - - [02/Dec/2015:14:38:44 +0100] "GET http://testp2.czar.bielawa.pl/testproxy.php HTTP/1.1" 404 327 "-" "Mozilla/5.0 (Windows NT 5.1; rv:32.0) Gecko/20100101 Firefox/31.0"
91.196.50.33 - - [02/Dec/2015:14:41:30 +0100] "GET http://testp5.mielno.lubin.pl/testproxy.php HTTP/1.1" 404 327 "-" "Mozilla/5.0 (Windows NT 5.1; rv:32.0) Gecko/20100101 Firefox/31.0"
91.196.50.33 - - [02/Dec/2015:14:42:05 +0100] "GET http://testp3.pospr.waw.pl/testproxy.php HTTP/1.1" 404 324 "-" "Mozilla/5.0 (Windows NT 5.1; rv:32.0) Gecko/20100101 Firefox/31.0"
91.196.50.33 - - [02/Dec/2015:14:42:15 +0100] "GET http://testp2.czar.bielawa.pl/testproxy.php HTTP/1.1" 404 327 "-" "Mozilla/5.0 (Windows NT 5.1; rv:32.0) Gecko/20100101 Firefox/31.0"
91.196.50.33 - - [02/Dec/2015:14:42:38 +0100] "GET http://testp3.pospr.waw.pl/testproxy.php HTTP/1.1" 404 324 "-" "Mozilla/5.0 (Windows NT 5.1; rv:32.0) Gecko/20100101 Firefox/31.0"
91.196.50.33 - - [02/Dec/2015:14:42:51 +0100] "GET http://testp2.czar.bielawa.pl/testproxy.php HTTP/1.1" 404 327 "-" "Mozilla/5.0 (Windows NT 5.1; rv:32.0) Gecko/20100101 Firefox/31.0"
185.49.14.190 - - [02/Dec/2015:14:54:32 +0100] "GET http://testp2.czar.bielawa.pl/testproxy.php HTTP/1.1" 404 327 "-" "Mozilla/5.0 (Windows NT 5.1; rv:32.0) Gecko/20100101 Firefox/31.0"
66.249.78.126 - - [02/Dec/2015:15:23:11 +0100] "GET /robots.txt HTTP/1.1" 404 317 "-" "Mozilla/5.0 (compatible; Googlebot/2.1; +http://www.google.com/bot.html)"
66.249.78.126 - - [02/Dec/2015:15:23:11 +0100] "GET /Heizoel-Berlin.htm HTTP/1.1" 404 325 "-" "Mozilla/5.0 (compatible; Googlebot/2.1; +http://www.google.com/bot.html)"
208.115.111.71 - - [02/Dec/2015:15:23:33 +0100] "GET /adblue.php HTTP/1.1" 404 317 "-" "Mozilla/5.0 (compatible; DotBot/1.1; http://www.opensiteexplorer.org/dotbot, help@moz.com)"
128.232.110.29 - - [02/Dec/2015:15:27:35 +0100] "GET / HTTP/1.1" 200 1229 "-" "Mozilla/5.0 zgrab/0.x"
208.115.111.71 - - [02/Dec/2015:15:37:19 +0100] "GET /robots.txt HTTP/1.1" 404 317 "-" "Mozilla/5.0 (compatible; DotBot/1.1; http://www.opensiteexplorer.org/dotbot, help@moz.com)"
198.23.176.210 - - [02/Dec/2015:15:53:48 +0100] "GET /muieblackcat HTTP/1.1" 404 317 "-" "-"
198.23.176.210 - - [02/Dec/2015:15:53:48 +0100] "GET /muieblackcat HTTP/1.1" 404 317 "-" "-"
198.23.176.210 - - [02/Dec/2015:15:53:48 +0100] "GET /muieblackcat HTTP/1.1" 404 317 "-" "-"
198.23.176.210 - - [02/Dec/2015:15:53:48 +0100] "GET /muieblackcat HTTP/1.1" 404 317 "-" "-"
198.23.176.210 - - [02/Dec/2015:15:53:48 +0100] "GET /muieblackcat HTTP/1.1" 404 317 "-" "-"
198.23.176.210 - - [02/Dec/2015:15:53:51 +0100] "GET //phpMyAdmin/scripts/setup.php HTTP/1.1" 404 333 "-" "-"
198.23.176.210 - - [02/Dec/2015:15:53:51 +0100] "GET //phpMyAdmin/scripts/setup.php HTTP/1.1" 404 333 "-" "-"
198.23.176.210 - - [02/Dec/2015:15:53:52 +0100] "GET //phpmyadmin/scripts/setup.php HTTP/1.1" 404 333 "-" "-"
198.23.176.210 - - [02/Dec/2015:15:53:52 +0100] "GET //pma/scripts/setup.php HTTP/1.1" 404 326 "-" "-"
198.23.176.210 - - [02/Dec/2015:15:53:52 +0100] "GET //myadmin/scripts/setup.php HTTP/1.1" 404 330 "-" "-"
198.23.176.210 - - [02/Dec/2015:15:53:52 +0100] "GET //MyAdmin/scripts/setup.php HTTP/1.1" 404 330 "-" "-"
198.23.176.210 - - [02/Dec/2015:15:53:53 +0100] "GET //phpmyadmin/scripts/setup.php HTTP/1.1" 404 333 "-" "-"
198.23.176.210 - - [02/Dec/2015:15:53:53 +0100] "GET //pma/scripts/setup.php HTTP/1.1" 404 326 "-" "-"
198.23.176.210 - - [02/Dec/2015:15:53:53 +0100] "GET //myadmin/scripts/setup.php HTTP/1.1" 404 330 "-" "-"
198.23.176.210 - - [02/Dec/2015:15:53:53 +0100] "GET //MyAdmin/scripts/setup.php HTTP/1.1" 404 330 "-" "-"
198.23.176.210 - - [02/Dec/2015:15:53:57 +0100] "GET //pma/scripts/setup.php HTTP/1.1" 404 326 "-" "-"
198.23.176.210 - - [02/Dec/2015:15:53:58 +0100] "GET //myadmin/scripts/setup.php HTTP/1.1" 404 330 "-" "-"
198.23.176.210 - - [02/Dec/2015:15:53:58 +0100] "GET //MyAdmin/scripts/setup.php HTTP/1.1" 404 330 "-" "-"
198.23.176.210 - - [02/Dec/2015:15:54:03 +0100] "GET //myadmin/scripts/setup.php HTTP/1.1" 404 330 "-" "-"
198.23.176.210 - - [02/Dec/2015:15:54:03 +0100] "GET //MyAdmin/scripts/setup.php HTTP/1.1" 404 330 "-" "-"
5.9.73.227 - - [02/Dec/2015:16:26:17 +0100] "GET /robots.txt HTTP/1.0" 404 327 "-" "Mozilla/5.0 (compatible; MJ12bot/v1.4.5; http://www.majestic12.co.uk/bot.php?+)"
5.9.73.227 - - [02/Dec/2015:16:26:19 +0100] "GET /news.php?cs_go=archiv&cs_id=4233 HTTP/1.0" 404 325 "-" "Mozilla/5.0 (compatible; MJ12bot/v1.4.5; http://www.majestic12.co.uk/bot.php?+)"
208.115.113.93 - - [02/Dec/2015:16:34:11 +0100] "GET /robots.txt HTTP/1.1" 404 327 "-" "Mozilla/5.0 (compatible; DotBot/1.1; http://www.opensiteexplorer.org/dotbot, help@moz.com)"
195.154.200.68 - - [02/Dec/2015:16:42:33 +0100] "GET /robots.txt HTTP/1.0" 404 328 "-" "Mozilla/5.0 (compatible; MJ12bot/v1.4.5; http://www.majestic12.co.uk/bot.php?+)"
195.154.200.68 - - [02/Dec/2015:16:42:41 +0100] "GET /news.php?cs_go=archiv&cs_id=5377 HTTP/1.1" 404 326 "-" "Mozilla/5.0 (compatible; MJ12bot/v1.4.5; http://www.majestic12.co.uk/bot.php?+)"
195.154.200.68 - - [02/Dec/2015:16:42:42 +0100] "GET /news.php?cs_go=archiv&cs_id=5378 HTTP/1.1" 404 326 "-" "Mozilla/5.0 (compatible; MJ12bot/v1.4.5; http://www.majestic12.co.uk/bot.php?+)"
195.154.200.68 - - [02/Dec/2015:16:42:43 +0100] "GET /news.php?cs_go=archiv&cs_id=5379 HTTP/1.1" 404 326 "-" "Mozilla/5.0 (compatible; MJ12bot/v1.4.5; http://www.majestic12.co.uk/bot.php?+)"
195.154.200.68 - - [02/Dec/2015:16:42:47 +0100] "GET /news.php?cs_go=archiv&cs_startpos=0 HTTP/1.1" 404 326 "-" "Mozilla/5.0 (compatible; MJ12bot/v1.4.5; http://www.majestic12.co.uk/bot.php?+)"
64.246.178.34 - - [02/Dec/2015:17:01:25 +0100] "GET /robots.txt HTTP/1.0" 404 320 "-" "Mozilla/5.0 (Windows; U; Windows NT 5.1; en; rv:1.9.0.13) Gecko/2009073022 Firefox/3.5.2 (.NET CLR 3.5.30729) SurveyBot/2.3 (DomainTools)"
64.246.178.34 - - [02/Dec/2015:17:01:25 +0100] "GET / HTTP/1.1" 200 1229 "http://whois.domaintools.com/bsb-schrott.de" "Mozilla/5.0 (Windows; U; Windows NT 5.1; en; rv:1.9.0.13) Gecko/2009073022 Firefox/3.5.2 (.NET CLR 3.5.30729) SurveyBot/2.3 (DomainTools)"
78.46.50.246 - - [02/Dec/2015:17:05:57 +0100] "GET /robots.txt HTTP/1.0" 404 317 "-" "Mozilla/5.0 (compatible; MJ12bot/v1.4.5; http://www.majestic12.co.uk/bot.php?+)"
78.46.50.246 - - [02/Dec/2015:17:05:58 +0100] "GET /brennwerttechnik.php HTTP/1.0" 404 327 "-" "Mozilla/5.0 (compatible; MJ12bot/v1.4.5; http://www.majestic12.co.uk/bot.php?+)"
78.46.50.246 - - [02/Dec/2015:17:06:00 +0100] "GET /diesel.php HTTP/1.0" 404 317 "-" "Mozilla/5.0 (compatible; MJ12bot/v1.4.5; http://www.majestic12.co.uk/bot.php?+)"
78.46.50.246 - - [02/Dec/2015:17:06:01 +0100] "GET /ec.php HTTP/1.0" 404 313 "-" "Mozilla/5.0 (compatible; MJ12bot/v1.4.5; http://www.majestic12.co.uk/bot.php?+)"
128.232.110.29 - - [02/Dec/2015:17:30:23 +0100] "GET / HTTP/1.1" 200 1229 "-" "Mozilla/5.0 zgrab/0.x"
193.111.140.153 - - [02/Dec/2015:17:34:50 +0100] "GET /robots.txt HTTP/1.0" 404 327 "-" "Mozilla/5.0 (compatible; MJ12bot/v1.4.5; http://www.majestic12.co.uk/bot.php?+)"
193.111.140.153 - - [02/Dec/2015:17:34:51 +0100] "GET /news.php?cs_go=archiv&cs_id=4510&cs_search= HTTP/1.0" 404 325 "-" "Mozilla/5.0 (compatible; MJ12bot/v1.4.5; http://www.majestic12.co.uk/bot.php?+)"
208.115.111.71 - - [02/Dec/2015:17:44:07 +0100] "GET /news.php?cs_go=archiv&cs_id=5335 HTTP/1.1" 404 315 "-" "Mozilla/5.0 (compatible; DotBot/1.1; http://www.opensiteexplorer.org/dotbot, help@moz.com)"
115.231.222.14 - - [02/Dec/2015:18:19:56 +0100] "GET http://zc.qq.com/cgi-bin/common/attr?id=260714&r=0.2825689150493095 HTTP/1.1" 404 320 "-" "Mozilla/5.0 (compatible; MSIE 9.0; Windows NT 6.1; Trident/5.0; 360SE)"
115.231.222.14 - - [02/Dec/2015:18:19:59 +0100] "GET http://zc.qq.com/cgi-bin/common/attr?id=260714&r=0.9036093716654328 HTTP/1.1" 404 320 "-" "Mozilla/5.0 (compatible; MSIE 9.0; Windows NT 6.1; Trident/5.0; 360SE)"
115.231.222.14 - - [02/Dec/2015:18:20:17 +0100] "GET http://zc.qq.com/cgi-bin/common/attr?id=260714&r=0.1154123084222630 HTTP/1.1" 404 320 "-" "Mozilla/5.0 (compatible; MSIE 9.0; Windows NT 6.1; Trident/5.0; 360SE)"
208.115.113.93 - - [02/Dec/2015:18:39:53 +0100] "GET /schmierstoffe.php HTTP/1.1" 404 334 "-" "Mozilla/5.0 (compatible; DotBot/1.1; http://www.opensiteexplorer.org/dotbot, help@moz.com)"
87.250.244.46 - - [02/Dec/2015:19:34:20 +0100] "GET /adblue.php HTTP/1.1" 404 328 "-" "Mozilla/5.0 (compatible; YandexBot/3.0; +http://yandex.com/bots)"
136.243.17.161 - - [02/Dec/2015:20:17:53 +0100] "GET /news.php?cs_go=archiv&cs_id=4470&cs_search= HTTP/1.1" 404 315 "-" "Mozilla/5.0 (Macintosh; Intel Mac OS X 107) AppleWebKit/534.48.3 (KHTML like Gecko) Version/5.1 Safari/534.48.3"
115.231.222.14 - - [02/Dec/2015:20:37:18 +0100] "GET http://zc.qq.com/cgi-bin/common/attr?id=260714&r=0.6444533273231222 HTTP/1.1" 404 320 "-" "Mozilla/5.0 (compatible; MSIE 9.0; Windows NT 6.1; Trident/5.0; 360SE)"
115.231.222.14 - - [02/Dec/2015:20:37:19 +0100] "GET http://zc.qq.com/cgi-bin/common/attr?id=260714&r=0.4924417145517187 HTTP/1.1" 404 320 "-" "Mozilla/5.0 (compatible; MSIE 9.0; Windows NT 6.1; Trident/5.0; 360SE)"
66.249.78.119 - - [02/Dec/2015:20:49:31 +0100] "GET /brennwerttechnik.php HTTP/1.1" 404 327 "-" "Mozilla/5.0 (compatible; Googlebot/2.1; +http://www.google.com/bot.html)"
207.46.13.176 - - [02/Dec/2015:21:26:55 +0100] "GET /robots.txt HTTP/1.1" 404 323 "-" "Mozilla/5.0 (compatible; bingbot/2.0; +http://www.bing.com/bingbot.htm)"
207.46.13.176 - - [02/Dec/2015:21:27:00 +0100] "GET /ansprechpartner.html HTTP/1.1" 404 333 "-" "Mozilla/5.0 (compatible; bingbot/2.0; +http://www.bing.com/bingbot.htm)"
71.6.158.166 - - [02/Dec/2015:22:12:53 +0100] "GET / HTTP/1.1" 200 1229 "-" "-"
71.6.158.166 - - [02/Dec/2015:22:12:53 +0100] "GET /robots.txt HTTP/1.1" 404 315 "-" "-"
198.20.69.74 - - [02/Dec/2015:22:23:06 +0100] "GET / HTTP/1.1" 200 1229 "-" "-"
198.20.69.74 - - [02/Dec/2015:22:23:06 +0100] "GET /robots.txt HTTP/1.1" 404 315 "-" "-"
198.20.69.74 - - [02/Dec/2015:22:23:06 +0100] "GET /sitemap.xml HTTP/1.1" 404 316 "-" "-"
61.228.89.4 - - [02/Dec/2015:22:32:47 +0100] "CONNECT vip163mx00.mxmail.netease.com:25 HTTP/1.0" 405 358 "-" "-"
54.153.33.233 - - [02/Dec/2015:22:34:09 +0100] "GET / HTTP/1.1" 200 1229 "-" "Mozilla/5.0 (Windows NT 6.1) AppleWebKit/537.36 (KHTML, like Gecko) Chrome/41.0.2228.0 Safari/537.36"
115.231.222.14 - - [02/Dec/2015:22:54:41 +0100] "GET http://zc.qq.com/cgi-bin/common/attr?id=260714&r=0.7999021966934867 HTTP/1.1" 404 320 "-" "Mozilla/5.0 (compatible; MSIE 9.0; Windows NT 6.1; Trident/5.0; 360SE)"
115.231.222.14 - - [02/Dec/2015:22:54:41 +0100] "GET http://zc.qq.com/cgi-bin/common/attr?id=260714&r=0.6305360073965310 HTTP/1.1" 404 320 "-" "Mozilla/5.0 (compatible; MSIE 9.0; Windows NT 6.1; Trident/5.0; 360SE)"
115.231.222.14 - - [02/Dec/2015:22:54:41 +0100] "GET http://zc.qq.com/cgi-bin/common/attr?id=260714&r=0.2229462511890187 HTTP/1.1" 404 320 "-" "Mozilla/5.0 (compatible; MSIE 9.0; Windows NT 6.1; Trident/5.0; 360SE)"
87.250.244.8 - - [02/Dec/2015:23:08:07 +0100] "GET /robots.txt HTTP/1.1" 404 328 "-" "Mozilla/5.0 (compatible; YandexBot/3.0; +http://yandex.com/bots)"
54.153.33.145 - - [02/Dec/2015:23:43:15 +0100] "GET / HTTP/1.1" 200 1229 "-" "Mozilla/5.0 (Windows NT 6.1) AppleWebKit/537.36 (KHTML, like Gecko) Chrome/41.0.2228.0 Safari/537.36"
85.25.202.18 - - [03/Dec/2015:00:02:58 +0100] "GET / HTTP/1.0" 200 1229 "-" "-"
85.25.202.18 - - [03/Dec/2015:00:02:58 +0100] "GET / HTTP/1.0" 200 1229 "-" "Mozilla/5.0 (Windows NT 6.1; WOW64; rv:19.0) Gecko/20100101 Firefox/19.0"
54.153.32.246 - - [03/Dec/2015:00:19:24 +0100] "GET / HTTP/1.1" 200 1229 "-" "Mozilla/5.0 (Windows NT 6.1) AppleWebKit/537.36 (KHTML, like Gecko) Chrome/41.0.2228.0 Safari/537.36"
