188.212.103.201 - - [13/Dec/2015:07:27:03 +0100] "GET /myadmin/scripts/setup.php HTTP/1.1" 404 330 "-" "ZmEu"
188.212.103.201 - - [13/Dec/2015:07:27:03 +0100] "GET /myadmin/scripts/setup.php HTTP/1.1" 404 330 "-" "ZmEu"
188.212.103.201 - - [13/Dec/2015:07:27:03 +0100] "GET /pma/scripts/setup.php HTTP/1.1" 404 326 "-" "ZmEu"
188.212.103.201 - - [13/Dec/2015:07:27:03 +0100] "GET /myadmin/scripts/setup.php HTTP/1.1" 404 330 "-" "ZmEu"
188.212.103.201 - - [13/Dec/2015:07:27:03 +0100] "GET /pma/scripts/setup.php HTTP/1.1" 404 326 "-" "ZmEu"
188.212.103.201 - - [13/Dec/2015:07:27:03 +0100] "GET /pma/scripts/setup.php HTTP/1.1" 404 326 "-" "ZmEu"
188.212.103.201 - - [13/Dec/2015:07:27:03 +0100] "GET /myadmin/scripts/setup.php HTTP/1.1" 404 330 "-" "ZmEu"
188.212.103.201 - - [13/Dec/2015:07:27:03 +0100] "GET /myadmin/scripts/setup.php HTTP/1.1" 404 330 "-" "ZmEu"
188.212.103.201 - - [13/Dec/2015:07:27:03 +0100] "GET /myadmin/scripts/setup.php HTTP/1.1" 404 330 "-" "ZmEu"
188.212.103.201 - - [13/Dec/2015:07:27:03 +0100] "GET /MyAdmin/scripts/setup.php HTTP/1.1" 404 330 "-" "ZmEu"
188.212.103.201 - - [13/Dec/2015:07:27:04 +0100] "GET /MyAdmin/scripts/setup.php HTTP/1.1" 404 330 "-" "ZmEu"
188.212.103.201 - - [13/Dec/2015:07:27:04 +0100] "GET /myadmin/scripts/setup.php HTTP/1.1" 404 330 "-" "ZmEu"
188.212.103.201 - - [13/Dec/2015:07:27:04 +0100] "GET /MyAdmin/scripts/setup.php HTTP/1.1" 404 330 "-" "ZmEu"
188.212.103.201 - - [13/Dec/2015:07:27:04 +0100] "GET /myadmin/scripts/setup.php HTTP/1.1" 404 330 "-" "ZmEu"
188.212.103.201 - - [13/Dec/2015:07:27:04 +0100] "GET /myadmin/scripts/setup.php HTTP/1.1" 404 330 "-" "ZmEu"
188.212.103.201 - - [13/Dec/2015:07:27:04 +0100] "GET /MyAdmin/scripts/setup.php HTTP/1.1" 404 330 "-" "ZmEu"
188.212.103.201 - - [13/Dec/2015:07:27:04 +0100] "GET /MyAdmin/scripts/setup.php HTTP/1.1" 404 330 "-" "ZmEu"
188.212.103.201 - - [13/Dec/2015:07:27:04 +0100] "GET /MyAdmin/scripts/setup.php HTTP/1.1" 404 330 "-" "ZmEu"
188.212.103.201 - - [13/Dec/2015:07:27:04 +0100] "GET /MyAdmin/scripts/setup.php HTTP/1.1" 404 330 "-" "ZmEu"
188.212.103.201 - - [13/Dec/2015:07:27:04 +0100] "GET /MyAdmin/scripts/setup.php HTTP/1.1" 404 330 "-" "ZmEu"
188.212.103.201 - - [13/Dec/2015:07:27:04 +0100] "GET /MyAdmin/scripts/setup.php HTTP/1.1" 404 330 "-" "ZmEu"
157.55.39.191 - - [13/Dec/2015:08:03:23 +0100] "GET /robots.txt HTTP/1.1" 404 323 "-" "Mozilla/5.0 (compatible; bingbot/2.0; +http://www.bing.com/bingbot.htm)"
157.55.39.191 - - [13/Dec/2015:08:03:24 +0100] "GET /anfrage.html HTTP/1.1" 404 325 "-" "Mozilla/5.0 (compatible; bingbot/2.0; +http://www.bing.com/bingbot.htm)"
66.249.66.26 - - [13/Dec/2015:08:49:37 +0100] "GET /robots.txt HTTP/1.1" 404 325 "-" "Mozilla/5.0 (compatible; Googlebot/2.1; +http://www.google.com/bot.html)"
66.249.66.29 - - [13/Dec/2015:08:49:37 +0100] "GET / HTTP/1.1" 200 1229 "-" "Mozilla/5.0 (iPhone; CPU iPhone OS 8_3 like Mac OS X) AppleWebKit/600.1.4 (KHTML, like Gecko) Version/8.0 Mobile/12F70 Safari/600.1.4 (compatible; Googlebot/2.1; +http://www.google.com/bot.html)"
115.231.222.14 - - [13/Dec/2015:08:52:57 +0100] "GET http://zc.qq.com/cgi-bin/common/attr?id=260714&r=0.4609590527289231 HTTP/1.1" 404 320 "-" "Mozilla/5.0 (compatible; MSIE 9.0; Windows NT 6.1; Trident/5.0; 360SE)"
115.231.222.14 - - [13/Dec/2015:08:53:01 +0100] "GET http://zc.qq.com/cgi-bin/common/attr?id=260714&r=0.7650716448601332 HTTP/1.1" 404 320 "-" "Mozilla/5.0 (compatible; MSIE 9.0; Windows NT 6.1; Trident/5.0; 360SE)"
115.231.222.14 - - [13/Dec/2015:08:53:05 +0100] "GET http://zc.qq.com/cgi-bin/common/attr?id=260714&r=0.0448022816144092 HTTP/1.1" 404 320 "-" "Mozilla/5.0 (compatible; MSIE 9.0; Windows NT 6.1; Trident/5.0; 360SE)"
66.249.66.146 - - [13/Dec/2015:09:01:16 +0100] "GET /robots.txt HTTP/1.1" 404 327 "-" "Mozilla/5.0 (compatible; Googlebot/2.1; +http://www.google.com/bot.html)"
66.249.66.141 - - [13/Dec/2015:09:01:16 +0100] "GET / HTTP/1.1" 200 1229 "-" "Mozilla/5.0 (compatible; Googlebot/2.1; +http://www.google.com/bot.html)"
46.165.197.141 - - [13/Dec/2015:09:03:07 +0100] "GET /robots.txt HTTP/1.0" 404 327 "-" "Mozilla/5.0 (compatible; MJ12bot/v1.4.5; http://www.majestic12.co.uk/bot.php?+)"
46.165.197.141 - - [13/Dec/2015:09:03:08 +0100] "GET /news.php?cs_go=archiv&cs_id=4696&cs_search= HTTP/1.0" 404 325 "-" "Mozilla/5.0 (compatible; MJ12bot/v1.4.5; http://www.majestic12.co.uk/bot.php?+)"
66.249.66.139 - - [13/Dec/2015:09:24:56 +0100] "GET /robots.txt HTTP/1.1" 404 334 "-" "Mozilla/5.0 (compatible; Googlebot/2.1; +http://www.google.com/bot.html)"
66.249.66.139 - - [13/Dec/2015:09:24:56 +0100] "GET / HTTP/1.1" 200 1229 "-" "Mozilla/5.0 (iPhone; CPU iPhone OS 8_3 like Mac OS X) AppleWebKit/600.1.4 (KHTML, like Gecko) Version/8.0 Mobile/12F70 Safari/600.1.4 (compatible; Googlebot/2.1; +http://www.google.com/bot.html)"
66.249.66.109 - - [13/Dec/2015:10:00:37 +0100] "GET /robots.txt HTTP/1.1" 404 327 "-" "Mozilla/5.0 (compatible; Googlebot/2.1; +http://www.google.com/bot.html)"
66.249.66.113 - - [13/Dec/2015:10:00:37 +0100] "GET / HTTP/1.1" 200 1229 "-" "Mozilla/5.0 (iPhone; CPU iPhone OS 8_3 like Mac OS X) AppleWebKit/600.1.4 (KHTML, like Gecko) Version/8.0 Mobile/12F70 Safari/600.1.4 (compatible; Googlebot/2.1; +http://www.google.com/bot.html)"
193.111.140.153 - - [13/Dec/2015:10:29:08 +0100] "GET /robots.txt HTTP/1.0" 404 327 "-" "Mozilla/5.0 (compatible; MJ12bot/v1.4.5; http://www.majestic12.co.uk/bot.php?+)"
193.111.140.153 - - [13/Dec/2015:10:29:09 +0100] "GET /news.php?cs_go=archiv&cs_id=4233 HTTP/1.0" 404 325 "-" "Mozilla/5.0 (compatible; MJ12bot/v1.4.5; http://www.majestic12.co.uk/bot.php?+)"
115.231.222.14 - - [13/Dec/2015:11:09:13 +0100] "GET http://zc.qq.com/cgi-bin/common/attr?id=260714&r=0.4028672535053948 HTTP/1.1" 404 320 "-" "Mozilla/5.0 (compatible; MSIE 9.0; Windows NT 6.1; Trident/5.0; 360SE)"
188.143.232.21 - - [13/Dec/2015:12:33:49 +0100] "GET / HTTP/1.1" 200 1229 "-" "Mozilla/4.0 (compatible; MSIE 6.0; Windows NT 5.1; SV1)"
141.212.122.97 - - [13/Dec/2015:12:59:36 +0100] "GET /x HTTP/1.1" 400 329 "-" "Telesphoreo"
61.216.2.13 - - [13/Dec/2015:13:29:19 +0100] "GET / HTTP/1.1" 400 329 "-" "Mozilla/5.0 (Windows NT 6.3; WOW64) AppleWebKit/537.36 (KHTML, like Gecko) Chrome/45.0.2454.101 Safari/537.36"
61.216.2.13 - - [13/Dec/2015:13:35:21 +0100] "GET / HTTP/1.1" 400 329 "-" "Mozilla/5.0 (Windows NT 6.3; WOW64) AppleWebKit/537.36 (KHTML, like Gecko) Chrome/45.0.2454.101 Safari/537.36"
61.216.2.13 - - [13/Dec/2015:13:35:30 +0100] "GET / HTTP/1.1" 400 329 "-" "Mozilla/5.0 (Windows NT 6.3; WOW64) AppleWebKit/537.36 (KHTML, like Gecko) Chrome/45.0.2454.101 Safari/537.36"
61.216.2.13 - - [13/Dec/2015:13:35:38 +0100] "GET / HTTP/1.1" 400 329 "-" "Mozilla/5.0 (Windows NT 6.3; WOW64) AppleWebKit/537.36 (KHTML, like Gecko) Chrome/45.0.2454.101 Safari/537.36"
61.216.2.13 - - [13/Dec/2015:13:35:55 +0100] "GET / HTTP/1.1" 400 329 "-" "Mozilla/5.0 (Windows NT 6.3; WOW64) AppleWebKit/537.36 (KHTML, like Gecko) Chrome/45.0.2454.101 Safari/537.36"
141.212.122.97 - - [13/Dec/2015:13:53:13 +0100] "GET /x HTTP/1.1" 400 329 "-" "Telesphoreo"
54.153.33.145 - - [13/Dec/2015:14:44:21 +0100] "GET / HTTP/1.1" 200 1229 "-" "Mozilla/5.0 (Windows NT 6.1) AppleWebKit/537.36 (KHTML, like Gecko) Chrome/41.0.2228.0 Safari/537.36"
167.114.174.95 - - [13/Dec/2015:14:45:58 +0100] "GET / HTTP/1.1" 200 1229 "-" "Mozilla/5.0 (compatible; Lipperhey-Kaus-Australis/5.0; +https://www.lipperhey.com/en/about/)"
167.114.174.95 - - [13/Dec/2015:14:46:01 +0100] "GET /robots.txt HTTP/1.1" 404 323 "-" "Mozilla/5.0 (compatible; Lipperhey-Kaus-Australis/5.0; +https://www.lipperhey.com/en/about/)"
167.114.174.95 - - [13/Dec/2015:14:46:01 +0100] "GET / HTTP/1.1" 200 1229 "-" "Mozilla/5.0 (compatible; Lipperhey-Kaus-Australis/5.0; +https://www.lipperhey.com/en/about/)"
167.114.174.95 - - [13/Dec/2015:14:46:02 +0100] "GET / HTTP/1.1" 200 1229 "-" "Mozilla/5.0 (Linux; Android 4.0.4; Galaxy Nexus Build/IMM76B) AppleWebKit/535.19 (KHTML, like Gecko) Chrome/18.0.1025.133 Mobile Safari/535.19"
54.153.32.246 - - [13/Dec/2015:15:10:43 +0100] "GET / HTTP/1.1" 200 1229 "-" "Mozilla/5.0 (Windows NT 6.1) AppleWebKit/537.36 (KHTML, like Gecko) Chrome/41.0.2228.0 Safari/537.36"
123.152.196.56 - - [13/Dec/2015:15:54:15 +0100] "GET / HTTP/1.1" 200 1229 "-" "Mozilla/5.0 (Windows; U; Windows NT 6.1; zh-CN; rv:1.9.0.13) AppleWebKit/537.36 (KHTML, like Gecko) Chrome/35.0.1916.114 Safari/537.36"
54.153.33.233 - - [13/Dec/2015:16:15:17 +0100] "GET / HTTP/1.1" 200 1229 "-" "Mozilla/5.0 (Windows NT 6.1) AppleWebKit/537.36 (KHTML, like Gecko) Chrome/41.0.2228.0 Safari/537.36"
54.153.33.152 - - [13/Dec/2015:16:20:46 +0100] "GET / HTTP/1.1" 200 1229 "-" "Mozilla/5.0 (Windows NT 6.1) AppleWebKit/537.36 (KHTML, like Gecko) Chrome/41.0.2228.0 Safari/537.36"
115.231.222.14 - - [13/Dec/2015:16:23:50 +0100] "GET http://zc.qq.com/cgi-bin/common/attr?id=260714&r=0.5053965617740371 HTTP/1.1" 404 320 "-" "Mozilla/5.0 (compatible; MSIE 9.0; Windows NT 6.1; Trident/5.0; 360SE)"
115.231.222.14 - - [13/Dec/2015:16:23:51 +0100] "GET http://zc.qq.com/cgi-bin/common/attr?id=260714&r=0.0259716905395793 HTTP/1.1" 404 320 "-" "Mozilla/5.0 (compatible; MSIE 9.0; Windows NT 6.1; Trident/5.0; 360SE)"
54.153.33.145 - - [13/Dec/2015:16:54:15 +0100] "GET / HTTP/1.1" 200 1229 "-" "Mozilla/5.0 (Windows NT 6.1) AppleWebKit/537.36 (KHTML, like Gecko) Chrome/41.0.2228.0 Safari/537.36"
54.153.32.246 - - [13/Dec/2015:17:17:50 +0100] "GET / HTTP/1.1" 200 1229 "-" "Mozilla/5.0 (Windows NT 6.1) AppleWebKit/537.36 (KHTML, like Gecko) Chrome/41.0.2228.0 Safari/537.36"
185.25.148.240 - - [13/Dec/2015:17:23:20 +0100] "GET http://testp4.pospr.waw.pl/testproxy.php HTTP/1.1" 404 324 "-" "Mozilla/5.0 (Windows NT 5.1; rv:32.0) Gecko/20100101 Firefox/31.0"
185.25.148.240 - - [13/Dec/2015:17:25:34 +0100] "GET http://testp3.pospr.waw.pl/testproxy.php HTTP/1.1" 404 324 "-" "Mozilla/5.0 (Windows NT 5.1; rv:32.0) Gecko/20100101 Firefox/31.0"
185.25.148.240 - - [13/Dec/2015:17:26:04 +0100] "GET http://testp4.pospr.waw.pl/testproxy.php HTTP/1.1" 404 324 "-" "Mozilla/5.0 (Windows NT 5.1; rv:32.0) Gecko/20100101 Firefox/31.0"
185.25.151.159 - - [13/Dec/2015:17:28:28 +0100] "GET http://testp5.mielno.lubin.pl/testproxy.php HTTP/1.1" 404 327 "-" "Mozilla/5.0 (Windows NT 5.1; rv:32.0) Gecko/20100101 Firefox/31.0"
185.25.151.159 - - [13/Dec/2015:17:30:01 +0100] "GET http://testp5.mielno.lubin.pl/testproxy.php HTTP/1.1" 404 327 "-" "Mozilla/5.0 (Windows NT 5.1; rv:32.0) Gecko/20100101 Firefox/31.0"
185.25.151.159 - - [13/Dec/2015:17:31:31 +0100] "GET http://testp5.mielno.lubin.pl/testproxy.php HTTP/1.1" 404 327 "-" "Mozilla/5.0 (Windows NT 5.1; rv:32.0) Gecko/20100101 Firefox/31.0"
185.25.151.159 - - [13/Dec/2015:17:31:56 +0100] "GET http://testp3.pospr.waw.pl/testproxy.php HTTP/1.1" 404 324 "-" "Mozilla/5.0 (Windows NT 5.1; rv:32.0) Gecko/20100101 Firefox/31.0"
185.49.14.190 - - [13/Dec/2015:17:32:07 +0100] "GET http://testp2.czar.bielawa.pl/testproxy.php HTTP/1.1" 404 327 "-" "Mozilla/5.0 (Windows NT 5.1; rv:32.0) Gecko/20100101 Firefox/31.0"
185.49.14.190 - - [13/Dec/2015:17:33:14 +0100] "GET http://testp2.czar.bielawa.pl/testproxy.php HTTP/1.1" 404 327 "-" "Mozilla/5.0 (Windows NT 5.1; rv:32.0) Gecko/20100101 Firefox/31.0"
185.25.148.240 - - [13/Dec/2015:17:36:48 +0100] "GET http://testp3.pospr.waw.pl/testproxy.php HTTP/1.1" 404 324 "-" "Mozilla/5.0 (Windows NT 5.1; rv:32.0) Gecko/20100101 Firefox/31.0"
54.153.33.233 - - [13/Dec/2015:17:52:02 +0100] "GET / HTTP/1.1" 200 1229 "-" "Mozilla/5.0 (Windows NT 6.1) AppleWebKit/537.36 (KHTML, like Gecko) Chrome/41.0.2228.0 Safari/537.36"
176.9.10.227 - - [13/Dec/2015:18:10:56 +0100] "GET /robots.txt HTTP/1.0" 404 328 "-" "Mozilla/5.0 (compatible; MJ12bot/v1.4.5; http://www.majestic12.co.uk/bot.php?+)"
176.9.10.227 - - [13/Dec/2015:18:10:59 +0100] "GET /edl.php HTTP/1.0" 404 325 "-" "Mozilla/5.0 (compatible; MJ12bot/v1.4.5; http://www.majestic12.co.uk/bot.php?+)"
176.9.10.227 - - [13/Dec/2015:18:11:01 +0100] "GET /jobs.php HTTP/1.0" 404 326 "-" "Mozilla/5.0 (compatible; MJ12bot/v1.4.5; http://www.majestic12.co.uk/bot.php?+)"
176.9.10.227 - - [13/Dec/2015:18:11:04 +0100] "GET /waermekonto.php HTTP/1.0" 404 333 "-" "Mozilla/5.0 (compatible; MJ12bot/v1.4.5; http://www.majestic12.co.uk/bot.php?+)"
176.9.10.227 - - [13/Dec/2015:18:11:07 +0100] "GET /wunschpreis.php HTTP/1.0" 404 333 "-" "Mozilla/5.0 (compatible; MJ12bot/v1.4.5; http://www.majestic12.co.uk/bot.php?+)"
69.30.234.2 - - [13/Dec/2015:18:49:56 +0100] "GET /robots.txt HTTP/1.0" 404 317 "-" "Mozilla/5.0 (compatible; MJ12bot/v1.4.5; http://www.majestic12.co.uk/bot.php?+)"
69.30.234.2 - - [13/Dec/2015:18:49:58 +0100] "GET /brennwerttechnik.php HTTP/1.0" 404 327 "-" "Mozilla/5.0 (compatible; MJ12bot/v1.4.5; http://www.majestic12.co.uk/bot.php?+)"
69.30.234.2 - - [13/Dec/2015:18:50:00 +0100] "GET /diesel.php HTTP/1.0" 404 317 "-" "Mozilla/5.0 (compatible; MJ12bot/v1.4.5; http://www.majestic12.co.uk/bot.php?+)"
69.30.234.2 - - [13/Dec/2015:18:50:02 +0100] "GET /ec.php HTTP/1.0" 404 313 "-" "Mozilla/5.0 (compatible; MJ12bot/v1.4.5; http://www.majestic12.co.uk/bot.php?+)"
54.153.33.233 - - [13/Dec/2015:18:50:25 +0100] "GET / HTTP/1.1" 200 1229 "-" "Mozilla/5.0 (Windows NT 6.1) AppleWebKit/537.36 (KHTML, like Gecko) Chrome/41.0.2228.0 Safari/537.36"
141.212.122.97 - - [13/Dec/2015:19:52:47 +0100] "GET /x HTTP/1.1" 400 329 "-" "Telesphoreo"
54.153.33.145 - - [13/Dec/2015:20:23:14 +0100] "GET / HTTP/1.1" 200 1229 "-" "Mozilla/5.0 (Windows NT 6.1) AppleWebKit/537.36 (KHTML, like Gecko) Chrome/41.0.2228.0 Safari/537.36"
54.153.33.152 - - [13/Dec/2015:21:04:35 +0100] "GET / HTTP/1.1" 200 1229 "-" "Mozilla/5.0 (Windows NT 6.1) AppleWebKit/537.36 (KHTML, like Gecko) Chrome/41.0.2228.0 Safari/537.36"
115.231.222.14 - - [13/Dec/2015:21:05:48 +0100] "GET http://zc.qq.com/cgi-bin/common/attr?id=260714&r=0.8139286917371894 HTTP/1.1" 404 320 "-" "Mozilla/5.0 (compatible; MSIE 9.0; Windows NT 6.1; Trident/5.0; 360SE)"
141.212.122.97 - - [13/Dec/2015:21:19:11 +0100] "GET /x HTTP/1.1" 400 329 "-" "Telesphoreo"
141.212.122.97 - - [13/Dec/2015:22:05:09 +0100] "GET /x HTTP/1.1" 400 329 "-" "Telesphoreo"
188.143.232.16 - - [13/Dec/2015:22:22:27 +0100] "GET /faq.php HTTP/1.1" 404 314 "-" "Mozilla/4.0 (compatible; MSIE 6.0; Windows NT 5.1; SV1)"
141.212.122.97 - - [13/Dec/2015:22:32:20 +0100] "GET /x HTTP/1.1" 400 329 "-" "Telesphoreo"
141.212.122.97 - - [13/Dec/2015:22:37:49 +0100] "GET /x HTTP/1.1" 400 329 "-" "Telesphoreo"
115.231.222.14 - - [13/Dec/2015:23:30:12 +0100] "GET http://zc.qq.com/cgi-bin/common/attr?id=260714&r=0.1659019521483815 HTTP/1.1" 404 320 "-" "Mozilla/5.0 (compatible; MSIE 9.0; Windows NT 6.1; Trident/5.0; 360SE)"
207.46.13.155 - - [13/Dec/2015:23:42:19 +0100] "GET /robots.txt HTTP/1.1" 404 317 "-" "Mozilla/5.0 (compatible; bingbot/2.0; +http://www.bing.com/bingbot.htm)"
207.46.13.155 - - [13/Dec/2015:23:42:21 +0100] "GET /schmierstoffe.php HTTP/1.1" 404 324 "-" "Mozilla/5.0 (compatible; bingbot/2.0; +http://www.bing.com/bingbot.htm)"
141.212.122.97 - - [13/Dec/2015:23:50:06 +0100] "GET /x HTTP/1.1" 400 329 "-" "Telesphoreo"
141.212.122.97 - - [14/Dec/2015:01:14:07 +0100] "GET /x HTTP/1.1" 400 329 "-" "Telesphoreo"
46.105.98.166 - - [14/Dec/2015:01:18:35 +0100] "GET /robots.txt HTTP/1.0" 404 327 "-" ""
46.105.98.166 - - [14/Dec/2015:01:18:35 +0100] "GET / HTTP/1.1" 206 1229 "-" "Mozilla/5.0 (X11; U; Linux i586; de; rv:5.0) Gecko/20100101 Firefox/5.0"
115.231.222.14 - - [14/Dec/2015:01:51:31 +0100] "GET http://zc.qq.com/cgi-bin/common/attr?id=260714&r=0.5457554965467685 HTTP/1.1" 404 320 "-" "Mozilla/5.0 (compatible; MSIE 9.0; Windows NT 6.1; Trident/5.0; 360SE)"
115.231.222.14 - - [14/Dec/2015:01:51:33 +0100] "GET http://zc.qq.com/cgi-bin/common/attr?id=260714&r=0.6428478329679344 HTTP/1.1" 404 320 "-" "Mozilla/5.0 (compatible; MSIE 9.0; Windows NT 6.1; Trident/5.0; 360SE)"
188.165.233.228 - - [14/Dec/2015:02:56:34 +0100] "GET /robots.txt HTTP/1.0" 404 323 "-" ""
188.165.233.228 - - [14/Dec/2015:02:56:34 +0100] "GET / HTTP/1.1" 206 1229 "-" "Mozilla/5.0 (X11; U; Linux x86_64; en-US; rv:1.9.2.4) Gecko/20100614 Ubuntu/10.04 (lucid) Firefox/3.6.4"
141.212.122.97 - - [14/Dec/2015:03:09:38 +0100] "GET /x HTTP/1.1" 400 329 "-" "Telesphoreo"
185.49.87.232 - - [14/Dec/2015:03:43:34 +0100] "GET /phpMyAdmin/scripts/setup.php HTTP/1.1" 404 333 "-" "-"
185.49.87.232 - - [14/Dec/2015:03:44:52 +0100] "GET /pma/scripts/setup.php HTTP/1.1" 404 326 "-" "-"
185.49.87.232 - - [14/Dec/2015:03:46:13 +0100] "GET /myadmin/scripts/setup.php HTTP/1.1" 404 330 "-" "-"
115.231.222.14 - - [14/Dec/2015:04:13:16 +0100] "GET http://zc.qq.com/cgi-bin/common/attr?id=260714&r=0.6617353218469717 HTTP/1.1" 404 320 "-" "Mozilla/5.0 (compatible; MSIE 9.0; Windows NT 6.1; Trident/5.0; 360SE)"
115.231.222.14 - - [14/Dec/2015:04:13:20 +0100] "GET http://zc.qq.com/cgi-bin/common/attr?id=260714&r=0.0533634343881718 HTTP/1.1" 404 320 "-" "Mozilla/5.0 (compatible; MSIE 9.0; Windows NT 6.1; Trident/5.0; 360SE)"
111.248.98.225 - - [14/Dec/2015:04:26:17 +0100] "CONNECT 163mx00.mxmail.netease.com:25 HTTP/1.0" 405 355 "-" "-"
71.6.135.131 - - [14/Dec/2015:05:57:34 +0100] "GET / HTTP/1.1" 200 1229 "-" "-"
71.6.135.131 - - [14/Dec/2015:05:57:34 +0100] "GET /robots.txt HTTP/1.1" 404 315 "-" "-"
71.6.135.131 - - [14/Dec/2015:05:57:35 +0100] "GET /sitemap.xml HTTP/1.1" 404 316 "-" "-"
115.231.222.14 - - [14/Dec/2015:06:34:13 +0100] "GET http://zc.qq.com/cgi-bin/common/attr?id=260714&r=0.9184340204658471 HTTP/1.1" 404 320 "-" "Mozilla/5.0 (compatible; MSIE 9.0; Windows NT 6.1; Trident/5.0; 360SE)"
115.231.222.14 - - [14/Dec/2015:08:55:39 +0100] "GET http://zc.qq.com/cgi-bin/common/attr?id=260714&r=0.8461103324262512 HTTP/1.1" 404 320 "-" "Mozilla/5.0 (compatible; MSIE 9.0; Windows NT 6.1; Trident/5.0; 360SE)"
115.231.222.14 - - [14/Dec/2015:11:18:09 +0100] "GET http://zc.qq.com/cgi-bin/common/attr?id=260714&r=0.5906187268915341 HTTP/1.1" 404 320 "-" "Mozilla/5.0 (compatible; MSIE 9.0; Windows NT 6.1; Trident/5.0; 360SE)"
115.231.222.14 - - [14/Dec/2015:11:18:09 +0100] "GET http://zc.qq.com/cgi-bin/common/attr?id=260714&r=0.0757712125941420 HTTP/1.1" 404 320 "-" "Mozilla/5.0 (compatible; MSIE 9.0; Windows NT 6.1; Trident/5.0; 360SE)"
52.91.59.181 - - [14/Dec/2015:11:22:23 +0100] "GET / HTTP/1.1" 400 7644 "-" "-"
111.248.103.41 - - [14/Dec/2015:11:41:45 +0100] "CONNECT 163mx00.mxmail.netease.com:25 HTTP/1.0" 405 355 "-" "-"
60.217.72.16 - - [14/Dec/2015:11:43:23 +0100] "GET / HTTP/1.0" 200 1229 "-" "-"
198.20.69.74 - - [14/Dec/2015:11:49:49 +0100] "GET / HTTP/1.1" 200 1229 "-" "-"
198.20.69.74 - - [14/Dec/2015:11:49:49 +0100] "GET /robots.txt HTTP/1.1" 404 315 "-" "-"
198.20.69.74 - - [14/Dec/2015:11:49:49 +0100] "GET /sitemap.xml HTTP/1.1" 404 316 "-" "-"
52.91.129.236 - - [14/Dec/2015:12:03:02 +0100] "GET / HTTP/1.1" 400 7640 "-" "-"
52.91.144.49 - - [14/Dec/2015:12:03:07 +0100] "GET / HTTP/1.1" 400 7650 "-" "-"
111.248.101.110 - - [14/Dec/2015:12:08:04 +0100] "CONNECT vip163mx00.mxmail.netease.com:25 HTTP/1.0" 405 358 "-" "-"
128.232.110.29 - - [14/Dec/2015:12:26:00 +0100] "GET / HTTP/1.1" 200 1229 "-" "Mozilla/5.0 zgrab/0.x"
52.91.170.202 - - [14/Dec/2015:12:56:34 +0100] "GET / HTTP/1.1" 400 6192 "-" "-"
115.231.222.14 - - [14/Dec/2015:13:38:09 +0100] "GET http://zc.qq.com/cgi-bin/common/attr?id=260714&r=0.2279009478282450 HTTP/1.1" 404 320 "-" "Mozilla/5.0 (compatible; MSIE 9.0; Windows NT 6.1; Trident/5.0; 360SE)"
40.77.167.54 - - [14/Dec/2015:13:56:53 +0100] "GET /robots.txt HTTP/1.1" 404 327 "-" "Mozilla/5.0 (compatible; bingbot/2.0; +http://www.bing.com/bingbot.htm)"
40.77.167.54 - - [14/Dec/2015:13:57:00 +0100] "GET /schmierstoffe.php HTTP/1.1" 404 334 "-" "Mozilla/5.0 (compatible; bingbot/2.0; +http://www.bing.com/bingbot.htm)"
146.185.239.100 - - [14/Dec/2015:14:04:04 +0100] "GET http://24x7-allrequestsallowed.com/?PHPSESSID=aab45f4f00143SSQJ_W_EFBF%5CO HTTP/1.1" 200 1229 "-" "-"
52.91.144.49 - - [14/Dec/2015:14:05:07 +0100] "GET /seiten/team.htm HTTP/1.1" 400 7640 "-" "-"
52.91.144.49 - - [14/Dec/2015:14:05:09 +0100] "GET /seiten/praxis.htm HTTP/1.1" 400 7640 "-" "-"
52.91.96.36 - - [14/Dec/2015:14:05:11 +0100] "GET /seiten/leistungen.htm HTTP/1.1" 400 7664 "-" "-"
52.91.59.181 - - [14/Dec/2015:14:06:15 +0100] "GET /leistungen.php HTTP/1.1" 400 6192 "-" "-"
52.91.143.216 - - [14/Dec/2015:14:06:23 +0100] "GET /praxis.php HTTP/1.1" 400 7650 "-" "-"
67.23.72.105 - - [14/Dec/2015:14:07:16 +0100] "GET / HTTP/1.0" 200 1229 "-" "masscan/1.0 (https://github.com/robertdavidgraham/masscan)"
67.23.72.105 - - [14/Dec/2015:14:07:19 +0100] "GET / HTTP/1.0" 200 1229 "-" "masscan/1.0 (https://github.com/robertdavidgraham/masscan)"
67.23.72.105 - - [14/Dec/2015:14:07:22 +0100] "GET / HTTP/1.0" 200 1229 "-" "masscan/1.0 (https://github.com/robertdavidgraham/masscan)"
67.23.72.105 - - [14/Dec/2015:14:07:24 +0100] "GET / HTTP/1.0" 200 1229 "-" "masscan/1.0 (https://github.com/robertdavidgraham/masscan)"
67.23.72.105 - - [14/Dec/2015:14:07:27 +0100] "GET / HTTP/1.0" 200 1229 "-" "masscan/1.0 (https://github.com/robertdavidgraham/masscan)"
67.23.72.105 - - [14/Dec/2015:14:07:27 +0100] "GET / HTTP/1.0" 200 1229 "-" "masscan/1.0 (https://github.com/robertdavidgraham/masscan)"
67.23.72.105 - - [14/Dec/2015:14:07:29 +0100] "GET / HTTP/1.0" 200 1229 "-" "masscan/1.0 (https://github.com/robertdavidgraham/masscan)"
67.23.72.105 - - [14/Dec/2015:14:07:33 +0100] "GET / HTTP/1.0" 200 1229 "-" "masscan/1.0 (https://github.com/robertdavidgraham/masscan)"
67.23.72.105 - - [14/Dec/2015:14:07:36 +0100] "GET / HTTP/1.0" 200 1229 "-" "masscan/1.0 (https://github.com/robertdavidgraham/masscan)"
67.23.72.105 - - [14/Dec/2015:14:08:54 +0100] "GET / HTTP/1.0" 200 1229 "-" "masscan/1.0 (https://github.com/robertdavidgraham/masscan)"
52.91.170.202 - - [14/Dec/2015:14:11:48 +0100] "GET /seiten/leistungen.htm HTTP/1.1" 400 7640 "-" "-"
52.91.59.181 - - [14/Dec/2015:14:11:51 +0100] "GET /seiten/ausbildung.htm HTTP/1.1" 400 7640 "-" "-"
52.91.144.49 - - [14/Dec/2015:14:11:52 +0100] "GET /seiten/referenzen.htm HTTP/1.1" 400 7674 "-" "-"
52.91.96.36 - - [14/Dec/2015:14:11:53 +0100] "GET /seiten/kontakt.php HTTP/1.1" 400 7736 "-" "-"
111.248.103.41 - - [14/Dec/2015:14:22:15 +0100] "CONNECT 163mx03.mxmail.netease.com:25 HTTP/1.0" 405 355 "-" "-"
52.91.170.202 - - [14/Dec/2015:14:34:20 +0100] "GET /leistungen.html HTTP/1.1" 400 7640 "-" "-"
52.91.129.236 - - [14/Dec/2015:14:34:27 +0100] "GET /philosophie.html HTTP/1.1" 400 6202 "-" "-"
52.91.96.36 - - [14/Dec/2015:14:34:28 +0100] "GET /produkte.html HTTP/1.1" 400 7736 "-" "-"
52.91.96.36 - - [14/Dec/2015:14:34:31 +0100] "GET /aktuelles.html HTTP/1.1" 400 7648 "-" "-"
54.153.33.145 - - [14/Dec/2015:14:46:06 +0100] "GET / HTTP/1.1" 200 1229 "-" "Mozilla/5.0 (Windows NT 6.1) AppleWebKit/537.36 (KHTML, like Gecko) Chrome/41.0.2228.0 Safari/537.36"
176.9.10.227 - - [14/Dec/2015:15:04:19 +0100] "GET /robots.txt HTTP/1.0" 404 317 "-" "Mozilla/5.0 (compatible; MJ12bot/v1.4.5; http://www.majestic12.co.uk/bot.php?+)"
176.9.10.227 - - [14/Dec/2015:15:04:20 +0100] "GET /ansprechpartner.php HTTP/1.0" 404 326 "-" "Mozilla/5.0 (compatible; MJ12bot/v1.4.5; http://www.majestic12.co.uk/bot.php?+)"
176.9.10.227 - - [14/Dec/2015:15:04:22 +0100] "GET /foerdermittel.php HTTP/1.0" 404 324 "-" "Mozilla/5.0 (compatible; MJ12bot/v1.4.5; http://www.majestic12.co.uk/bot.php?+)"
176.9.10.227 - - [14/Dec/2015:15:04:24 +0100] "GET /heizoel.php HTTP/1.0" 404 318 "-" "Mozilla/5.0 (compatible; MJ12bot/v1.4.5; http://www.majestic12.co.uk/bot.php?+)"
176.9.10.227 - - [14/Dec/2015:15:04:30 +0100] "GET /impressum.php HTTP/1.0" 404 320 "-" "Mozilla/5.0 (compatible; MJ12bot/v1.4.5; http://www.majestic12.co.uk/bot.php?+)"
54.153.32.246 - - [14/Dec/2015:15:16:08 +0100] "GET / HTTP/1.1" 200 1229 "-" "Mozilla/5.0 (Windows NT 6.1) AppleWebKit/537.36 (KHTML, like Gecko) Chrome/41.0.2228.0 Safari/537.36"
151.80.41.169 - - [14/Dec/2015:15:16:20 +0100] "GET /robots.txt HTTP/1.0" 404 327 "-" "Mozilla/5.0 (compatible; MJ12bot/v1.4.5; http://www.majestic12.co.uk/bot.php?+)"
151.80.41.169 - - [14/Dec/2015:15:16:21 +0100] "GET /news.php?cs_go=archiv&cs_id=4233 HTTP/1.0" 404 325 "-" "Mozilla/5.0 (compatible; MJ12bot/v1.4.5; http://www.majestic12.co.uk/bot.php?+)"
151.80.41.169 - - [14/Dec/2015:15:16:22 +0100] "GET /news.php?cs_go=archiv&cs_id=5300 HTTP/1.0" 404 325 "-" "Mozilla/5.0 (compatible; MJ12bot/v1.4.5; http://www.majestic12.co.uk/bot.php?+)"
151.80.41.169 - - [14/Dec/2015:15:16:24 +0100] "GET /news.php?cs_go=archiv&cs_id=5301 HTTP/1.0" 404 325 "-" "Mozilla/5.0 (compatible; MJ12bot/v1.4.5; http://www.majestic12.co.uk/bot.php?+)"
151.80.41.169 - - [14/Dec/2015:15:16:25 +0100] "GET /news.php?cs_go=archiv&cs_id=5302 HTTP/1.0" 404 325 "-" "Mozilla/5.0 (compatible; MJ12bot/v1.4.5; http://www.majestic12.co.uk/bot.php?+)"
52.91.59.181 - - [14/Dec/2015:15:26:47 +0100] "GET /location.html HTTP/1.1" 400 6192 "-" "-"
52.91.143.216 - - [14/Dec/2015:15:26:47 +0100] "GET /picture.html HTTP/1.1" 400 6202 "-" "-"
52.91.129.236 - - [14/Dec/2015:15:37:42 +0100] "GET /impressum.php HTTP/1.1" 400 6192 "-" "-"
52.91.144.49 - - [14/Dec/2015:15:37:43 +0100] "GET /download/Geda-Zubehoer.pdf HTTP/1.1" 400 7640 "-" "-"
52.91.96.36 - - [14/Dec/2015:15:37:43 +0100] "GET /angebote.php HTTP/1.1" 400 7766 "-" "-"
52.91.59.181 - - [14/Dec/2015:15:37:44 +0100] "GET /leistungen.php HTTP/1.1" 400 7650 "-" "-"
52.91.170.202 - - [14/Dec/2015:15:37:46 +0100] "GET /unternehmen.php HTTP/1.1" 400 7640 "-" "-"
52.91.144.49 - - [14/Dec/2015:15:45:43 +0100] "GET /impressum.html HTTP/1.1" 400 6192 "-" "-"
52.91.96.36 - - [14/Dec/2015:15:45:46 +0100] "GET /kontakt.html HTTP/1.1" 400 6192 "-" "-"
141.212.122.64 - - [14/Dec/2015:15:53:55 +0100] "CONNECT proxytest.zmap.io:80 HTTP/1.1" 405 346 "-" "Mozilla/5.0 zgrab/0.x"
52.91.170.202 - - [14/Dec/2015:15:55:46 +0100] "GET /impressum.html HTTP/1.1" 400 7640 "-" "-"
52.91.144.49 - - [14/Dec/2015:15:55:51 +0100] "GET /sonderthemen/archiv.html HTTP/1.1" 400 7640 "-" "-"
162.210.196.130 - - [14/Dec/2015:15:59:24 +0100] "GET /robots.txt HTTP/1.0" 404 317 "-" "Mozilla/5.0 (compatible; MJ12bot/v1.4.5; http://www.majestic12.co.uk/bot.php?+)"
162.210.196.130 - - [14/Dec/2015:15:59:25 +0100] "GET /kontakt.php HTTP/1.0" 404 318 "-" "Mozilla/5.0 (compatible; MJ12bot/v1.4.5; http://www.majestic12.co.uk/bot.php?+)"
52.91.96.36 - - [14/Dec/2015:16:03:34 +0100] "GET /seiten/impr.htm HTTP/1.1" 400 7640 "-" "-"
52.91.144.49 - - [14/Dec/2015:16:03:35 +0100] "GET /seiten/service.htm HTTP/1.1" 400 7640 "-" "-"
52.91.170.202 - - [14/Dec/2015:16:03:35 +0100] "GET /seiten/produkte.htm HTTP/1.1" 400 7704 "-" "-"
52.91.129.236 - - [14/Dec/2015:16:03:43 +0100] "GET /seiten/referenzen.htm HTTP/1.1" 400 7640 "-" "-"
66.249.66.113 - - [14/Dec/2015:16:10:10 +0100] "GET /robots.txt HTTP/1.1" 404 327 "-" "Mozilla/5.0 (compatible; Googlebot/2.1; +http://www.google.com/bot.html)"
66.249.66.113 - - [14/Dec/2015:16:10:10 +0100] "GET / HTTP/1.1" 200 1229 "-" "Mozilla/5.0 (compatible; Googlebot/2.1; +http://www.google.com/bot.html)"
111.248.120.109 - - [14/Dec/2015:16:14:48 +0100] "CONNECT 163mx02.mxmail.netease.com:25 HTTP/1.0" 405 355 "-" "-"
54.153.33.233 - - [14/Dec/2015:16:17:25 +0100] "GET / HTTP/1.1" 200 1229 "-" "Mozilla/5.0 (Windows NT 6.1) AppleWebKit/537.36 (KHTML, like Gecko) Chrome/41.0.2228.0 Safari/537.36"
52.91.96.36 - - [14/Dec/2015:16:26:33 +0100] "GET /uns.html HTTP/1.1" 400 7640 "-" "-"
52.91.96.36 - - [14/Dec/2015:16:26:33 +0100] "GET /leistungen.html HTTP/1.1" 400 6192 "-" "-"
52.91.143.216 - - [14/Dec/2015:16:26:33 +0100] "GET /referenzen.html HTTP/1.1" 400 7640 "-" "-"
54.153.33.152 - - [14/Dec/2015:16:29:06 +0100] "GET / HTTP/1.1" 200 1229 "-" "Mozilla/5.0 (Windows NT 6.1) AppleWebKit/537.36 (KHTML, like Gecko) Chrome/41.0.2228.0 Safari/537.36"
66.249.66.61 - - [14/Dec/2015:16:50:31 +0100] "GET /robots.txt HTTP/1.1" 404 329 "-" "Mozilla/5.0 (compatible; Googlebot/2.1; +http://www.google.com/bot.html)"
66.249.66.55 - - [14/Dec/2015:16:50:31 +0100] "GET / HTTP/1.1" 200 1229 "-" "Mozilla/5.0 (compatible; Googlebot/2.1; +http://www.google.com/bot.html)"
66.249.66.105 - - [14/Dec/2015:16:54:08 +0100] "GET /robots.txt HTTP/1.1" 404 337 "-" "Mozilla/5.0 (compatible; Googlebot/2.1; +http://www.google.com/bot.html)"
66.249.66.105 - - [14/Dec/2015:16:54:08 +0100] "GET / HTTP/1.1" 200 1229 "-" "Mozilla/5.0 (compatible; Googlebot/2.1; +http://www.google.com/bot.html)"
78.46.50.246 - - [14/Dec/2015:17:00:04 +0100] "GET /robots.txt HTTP/1.0" 404 327 "-" "Mozilla/5.0 (compatible; MJ12bot/v1.4.5; http://www.majestic12.co.uk/bot.php?+)"
78.46.50.246 - - [14/Dec/2015:17:00:05 +0100] "GET /news.php?cs_go=archiv&cs_id=4395&cs_search= HTTP/1.0" 404 325 "-" "Mozilla/5.0 (compatible; MJ12bot/v1.4.5; http://www.majestic12.co.uk/bot.php?+)"
78.46.50.246 - - [14/Dec/2015:17:00:08 +0100] "GET /news.php?cs_go=archiv&cs_id=4611&cs_search= HTTP/1.0" 404 325 "-" "Mozilla/5.0 (compatible; MJ12bot/v1.4.5; http://www.majestic12.co.uk/bot.php?+)"
78.46.50.246 - - [14/Dec/2015:17:00:09 +0100] "GET /news.php?cs_go=archiv&cs_id=4612 HTTP/1.0" 404 325 "-" "Mozilla/5.0 (compatible; MJ12bot/v1.4.5; http://www.majestic12.co.uk/bot.php?+)"
78.46.50.246 - - [14/Dec/2015:17:00:11 +0100] "GET /news.php?cs_go=archiv&cs_id=4613 HTTP/1.0" 404 325 "-" "Mozilla/5.0 (compatible; MJ12bot/v1.4.5; http://www.majestic12.co.uk/bot.php?+)"
54.153.33.145 - - [14/Dec/2015:17:03:52 +0100] "GET / HTTP/1.1" 200 1229 "-" "Mozilla/5.0 (Windows NT 6.1) AppleWebKit/537.36 (KHTML, like Gecko) Chrome/41.0.2228.0 Safari/537.36"
115.231.222.14 - - [14/Dec/2015:17:13:05 +0100] "GET http://zc.qq.com/cgi-bin/common/attr?id=260714&r=0.5843399627856202 HTTP/1.1" 404 320 "-" "Mozilla/5.0 (compatible; MSIE 9.0; Windows NT 6.1; Trident/5.0; 360SE)"
46.252.131.34 - - [14/Dec/2015:17:24:13 +0100] "GET /robots.txt HTTP/1.0" 404 328 "-" "Mozilla/5.0 (compatible; MJ12bot/v1.4.5; http://www.majestic12.co.uk/bot.php?+)"
46.252.131.34 - - [14/Dec/2015:17:24:14 +0100] "GET /heizoel.php HTTP/1.0" 404 329 "-" "Mozilla/5.0 (compatible; MJ12bot/v1.4.5; http://www.majestic12.co.uk/bot.php?+)"
66.249.66.53 - - [14/Dec/2015:17:24:52 +0100] "GET /robots.txt HTTP/1.1" 404 333 "-" "Mozilla/5.0 (compatible; Googlebot/2.1; +http://www.google.com/bot.html)"
66.249.66.56 - - [14/Dec/2015:17:24:52 +0100] "GET / HTTP/1.1" 200 1229 "-" "Mozilla/5.0 (compatible; Googlebot/2.1; +http://www.google.com/bot.html)"
66.249.66.114 - - [14/Dec/2015:17:28:01 +0100] "GET /robots.txt HTTP/1.1" 404 328 "-" "Mozilla/5.0 (compatible; Googlebot/2.1; +http://www.google.com/bot.html)"
66.249.66.110 - - [14/Dec/2015:17:28:02 +0100] "GET / HTTP/1.1" 200 1229 "-" "Mozilla/5.0 (compatible; Googlebot/2.1; +http://www.google.com/bot.html)"
54.153.32.246 - - [14/Dec/2015:17:30:53 +0100] "GET / HTTP/1.1" 200 1229 "-" "Mozilla/5.0 (Windows NT 6.1) AppleWebKit/537.36 (KHTML, like Gecko) Chrome/41.0.2228.0 Safari/537.36"
141.212.122.64 - - [14/Dec/2015:17:55:09 +0100] "CONNECT proxytest.zmap.io:80 HTTP/1.1" 405 346 "-" "Mozilla/5.0 zgrab/0.x"
54.153.33.233 - - [14/Dec/2015:17:59:32 +0100] "GET / HTTP/1.1" 200 1229 "-" "Mozilla/5.0 (Windows NT 6.1) AppleWebKit/537.36 (KHTML, like Gecko) Chrome/41.0.2228.0 Safari/537.36"
66.249.66.33 - - [14/Dec/2015:18:08:15 +0100] "GET /robots.txt HTTP/1.1" 404 334 "-" "Mozilla/5.0 (compatible; Googlebot/2.1; +http://www.google.com/bot.html)"
66.249.66.30 - - [14/Dec/2015:18:08:15 +0100] "GET / HTTP/1.1" 200 1229 "-" "Mozilla/5.0 (compatible; Googlebot/2.1; +http://www.google.com/bot.html)"
66.249.66.139 - - [14/Dec/2015:18:11:15 +0100] "GET /robots.txt HTTP/1.1" 404 334 "-" "Mozilla/5.0 (compatible; Googlebot/2.1; +http://www.google.com/bot.html)"
66.249.66.144 - - [14/Dec/2015:18:11:15 +0100] "GET / HTTP/1.1" 200 1229 "-" "Mozilla/5.0 (compatible; Googlebot/2.1; +http://www.google.com/bot.html)"
66.249.66.29 - - [14/Dec/2015:18:42:28 +0100] "GET /robots.txt HTTP/1.1" 404 325 "-" "Mozilla/5.0 (compatible; Googlebot/2.1; +http://www.google.com/bot.html)"
66.249.66.32 - - [14/Dec/2015:18:42:28 +0100] "GET / HTTP/1.1" 200 1229 "-" "Mozilla/5.0 (compatible; Googlebot/2.1; +http://www.google.com/bot.html)"
54.153.33.233 - - [14/Dec/2015:19:01:33 +0100] "GET / HTTP/1.1" 200 1229 "-" "Mozilla/5.0 (Windows NT 6.1) AppleWebKit/537.36 (KHTML, like Gecko) Chrome/41.0.2228.0 Safari/537.36"
157.55.39.85 - - [14/Dec/2015:19:03:15 +0100] "GET /robots.txt HTTP/1.1" 404 323 "-" "Mozilla/5.0 (compatible; bingbot/2.0; +http://www.bing.com/bingbot.htm)"
157.55.39.85 - - [14/Dec/2015:19:03:20 +0100] "GET /kwk.php HTTP/1.1" 404 320 "-" "Mozilla/5.0 (compatible; bingbot/2.0; +http://www.bing.com/bingbot.htm)"
185.112.102.222 - - [14/Dec/2015:19:18:43 +0100] "GET /muieblackcat HTTP/1.1" 404 317 "-" "-"
185.112.102.222 - - [14/Dec/2015:19:18:49 +0100] "GET //phpMyAdmin/scripts/setup.php HTTP/1.1" 404 333 "-" "-"
185.112.102.222 - - [14/Dec/2015:19:18:49 +0100] "GET //phpmyadmin/scripts/setup.php HTTP/1.1" 404 333 "-" "-"
185.112.102.222 - - [14/Dec/2015:19:18:49 +0100] "GET //pma/scripts/setup.php HTTP/1.1" 404 326 "-" "-"
185.112.102.222 - - [14/Dec/2015:19:18:49 +0100] "GET //myadmin/scripts/setup.php HTTP/1.1" 404 330 "-" "-"
185.112.102.222 - - [14/Dec/2015:19:18:49 +0100] "GET //MyAdmin/scripts/setup.php HTTP/1.1" 404 330 "-" "-"
185.112.102.222 - - [14/Dec/2015:19:18:49 +0100] "GET //mysqladmin/scripts/setup.php HTTP/1.1" 404 333 "-" "-"
185.112.102.222 - - [14/Dec/2015:19:18:49 +0100] "GET //mysql/scripts/setup.php HTTP/1.1" 404 328 "-" "-"
208.52.161.177 - - [14/Dec/2015:19:29:29 +0100] "GET /myadmin/scripts/setup.php HTTP/1.0" 404 326 "-" "-"
208.52.161.177 - - [14/Dec/2015:19:29:50 +0100] "GET /myadmin/scripts/setup.php HTTP/1.0" 404 326 "-" "-"
208.52.161.177 - - [14/Dec/2015:19:29:52 +0100] "GET /myadmin/scripts/setup.php HTTP/1.0" 404 326 "-" "-"
208.52.161.177 - - [14/Dec/2015:19:30:06 +0100] "GET /myadmin/scripts/setup.php HTTP/1.0" 404 326 "-" "-"
208.52.161.177 - - [14/Dec/2015:19:30:13 +0100] "GET /myadmin/scripts/setup.php HTTP/1.0" 404 326 "-" "-"
208.52.161.177 - - [14/Dec/2015:19:31:42 +0100] "GET /myadmin/scripts/setup.php HTTP/1.0" 404 326 "-" "-"
115.231.222.14 - - [14/Dec/2015:19:34:12 +0100] "GET http://zc.qq.com/cgi-bin/common/attr?id=260714&r=0.8952698572923885 HTTP/1.1" 404 320 "-" "Mozilla/5.0 (compatible; MSIE 9.0; Windows NT 6.1; Trident/5.0; 360SE)"
208.52.161.177 - - [14/Dec/2015:19:34:41 +0100] "GET /myadmin/scripts/setup.php HTTP/1.0" 404 326 "-" "-"
208.52.161.177 - - [14/Dec/2015:19:34:59 +0100] "GET /myadmin/scripts/setup.php HTTP/1.0" 404 326 "-" "-"
208.52.161.177 - - [14/Dec/2015:19:35:12 +0100] "GET /myadmin/scripts/setup.php HTTP/1.0" 404 326 "-" "-"
208.52.161.177 - - [14/Dec/2015:19:35:23 +0100] "GET /myadmin/scripts/setup.php HTTP/1.0" 404 326 "-" "-"
141.212.122.64 - - [14/Dec/2015:19:46:23 +0100] "CONNECT proxytest.zmap.io:80 HTTP/1.1" 405 346 "-" "Mozilla/5.0 zgrab/0.x"
46.4.116.197 - - [14/Dec/2015:20:01:57 +0100] "GET /robots.txt HTTP/1.0" 404 317 "-" "Mozilla/5.0 (compatible; MJ12bot/v1.4.5; http://www.majestic12.co.uk/bot.php?+)"
46.4.116.197 - - [14/Dec/2015:20:01:59 +0100] "GET /edl.php HTTP/1.0" 404 314 "-" "Mozilla/5.0 (compatible; MJ12bot/v1.4.5; http://www.majestic12.co.uk/bot.php?+)"
46.4.116.197 - - [14/Dec/2015:20:02:01 +0100] "GET /faq.php HTTP/1.0" 404 314 "-" "Mozilla/5.0 (compatible; MJ12bot/v1.4.5; http://www.majestic12.co.uk/bot.php?+)"
192.129.227.26 - - [14/Dec/2015:20:23:38 +0100] "GET /muieblackcat HTTP/1.1" 404 317 "-" "-"
192.129.227.26 - - [14/Dec/2015:20:23:53 +0100] "GET //myadmin/scripts/setup.php HTTP/1.1" 404 330 "-" "-"
194.153.113.13 - - [14/Dec/2015:20:34:55 +0100] "GET /robots.txt HTTP/1.1" 404 315 "-" "Mozilla/5.0 (compatible; oBot/2.3.1; http://filterdb.iss.net/crawler/)"
194.153.113.13 - - [14/Dec/2015:20:34:55 +0100] "HEAD / HTTP/1.1" 200 - "-" "Mozilla/5.0 (compatible; oBot/2.3.1; http://filterdb.iss.net/crawler/)"
54.153.33.145 - - [14/Dec/2015:20:41:28 +0100] "GET / HTTP/1.1" 200 1229 "-" "Mozilla/5.0 (Windows NT 6.1) AppleWebKit/537.36 (KHTML, like Gecko) Chrome/41.0.2228.0 Safari/537.36"
185.106.94.91 - - [14/Dec/2015:20:43:14 +0100] "GET /phpmyadmin/scripts/setup.php HTTP/1.0" 404 329 "-" "-"
185.106.94.91 - - [14/Dec/2015:20:43:27 +0100] "GET /phpmyadmin/scripts/setup.php HTTP/1.0" 404 329 "-" "-"
185.106.94.91 - - [14/Dec/2015:20:43:37 +0100] "GET /phpmyadmin/scripts/setup.php HTTP/1.0" 404 329 "-" "-"
185.106.94.91 - - [14/Dec/2015:20:43:42 +0100] "GET /phpmyadmin/scripts/setup.php HTTP/1.0" 404 329 "-" "-"
185.106.94.91 - - [14/Dec/2015:20:43:42 +0100] "GET /phpmyadmin/scripts/setup.php HTTP/1.0" 404 329 "-" "-"
185.106.94.91 - - [14/Dec/2015:20:43:46 +0100] "GET /phpmyadmin/scripts/setup.php HTTP/1.0" 404 329 "-" "-"
192.129.227.26 - - [14/Dec/2015:20:58:40 +0100] "GET /muieblackcat HTTP/1.1" 404 317 "-" "-"
141.212.122.64 - - [14/Dec/2015:21:00:20 +0100] "CONNECT proxytest.zmap.io:80 HTTP/1.1" 405 346 "-" "Mozilla/5.0 zgrab/0.x"
192.129.227.26 - - [14/Dec/2015:21:13:55 +0100] "GET //phpMyAdmin/scripts/setup.php HTTP/1.1" 404 333 "-" "-"
192.129.227.26 - - [14/Dec/2015:21:13:55 +0100] "GET //phpmyadmin/scripts/setup.php HTTP/1.1" 404 333 "-" "-"
54.153.33.152 - - [14/Dec/2015:21:22:09 +0100] "GET / HTTP/1.1" 200 1229 "-" "Mozilla/5.0 (Windows NT 6.1) AppleWebKit/537.36 (KHTML, like Gecko) Chrome/41.0.2228.0 Safari/537.36"
192.129.227.26 - - [14/Dec/2015:21:47:21 +0100] "GET /muieblackcat HTTP/1.1" 404 317 "-" "-"
192.129.227.26 - - [14/Dec/2015:21:47:35 +0100] "GET //pma/scripts/setup.php HTTP/1.1" 404 326 "-" "-"
192.129.227.26 - - [14/Dec/2015:21:47:35 +0100] "GET //myadmin/scripts/setup.php HTTP/1.1" 404 330 "-" "-"
192.129.227.26 - - [14/Dec/2015:21:47:35 +0100] "GET //MyAdmin/scripts/setup.php HTTP/1.1" 404 330 "-" "-"
115.231.222.14 - - [14/Dec/2015:21:55:34 +0100] "GET http://zc.qq.com/cgi-bin/common/attr?id=260714&r=0.7168010060432344 HTTP/1.1" 404 320 "-" "Mozilla/5.0 (compatible; MSIE 9.0; Windows NT 6.1; Trident/5.0; 360SE)"
115.231.222.14 - - [14/Dec/2015:21:55:36 +0100] "GET http://zc.qq.com/cgi-bin/common/attr?id=260714&r=0.3253921327964985 HTTP/1.1" 404 320 "-" "Mozilla/5.0 (compatible; MSIE 9.0; Windows NT 6.1; Trident/5.0; 360SE)"
185.106.94.91 - - [14/Dec/2015:23:27:10 +0100] "GET /phpmyadmin/scripts/setup.php HTTP/1.0" 404 329 "-" "-"
185.106.94.91 - - [14/Dec/2015:23:27:10 +0100] "GET /phpmyadmin/scripts/setup.php HTTP/1.0" 404 329 "-" "-"
185.106.94.91 - - [14/Dec/2015:23:27:24 +0100] "GET /phpmyadmin/scripts/setup.php HTTP/1.0" 404 329 "-" "-"
185.106.94.91 - - [14/Dec/2015:23:27:25 +0100] "GET /phpmyadmin/scripts/setup.php HTTP/1.0" 404 329 "-" "-"
115.231.222.14 - - [15/Dec/2015:00:16:18 +0100] "GET http://zc.qq.com/cgi-bin/common/attr?id=260714&r=0.7853229395711425 HTTP/1.1" 404 320 "-" "Mozilla/5.0 (compatible; MSIE 9.0; Windows NT 6.1; Trident/5.0; 360SE)"
141.212.122.64 - - [15/Dec/2015:00:18:26 +0100] "CONNECT proxytest.zmap.io:80 HTTP/1.1" 405 346 "-" "Mozilla/5.0 zgrab/0.x"
66.249.66.18 - - [15/Dec/2015:01:15:29 +0100] "GET /robots.txt HTTP/1.1" 404 317 "-" "Mozilla/5.0 (compatible; Googlebot/2.1; +http://www.google.com/bot.html)"
66.249.66.18 - - [15/Dec/2015:01:15:29 +0100] "GET / HTTP/1.1" 200 1229 "-" "Mozilla/5.0 (compatible; Googlebot/2.1; +http://www.google.com/bot.html)"
188.40.95.70 - - [15/Dec/2015:01:26:56 +0100] "GET /robots.txt HTTP/1.0" 404 328 "-" "Mozilla/5.0 (compatible; MJ12bot/v1.4.5; http://www.majestic12.co.uk/bot.php?+)"
188.40.95.70 - - [15/Dec/2015:01:26:57 +0100] "GET / HTTP/1.0" 200 1229 "-" "Mozilla/5.0 (compatible; MJ12bot/v1.4.5; http://www.majestic12.co.uk/bot.php?+)"
5.189.167.147 - - [15/Dec/2015:01:46:13 +0100] "HEAD / HTTP/1.1" 200 - "-" "Mozilla/5.0 (Windows NT 6.1; WOW64) AppleWebKit/537.31 (KHTML, like Gecko) Chrome/26.0.1410.64 Safari/537.31"
176.36.52.189 - - [15/Dec/2015:01:51:27 +0100] "GET /essocard.php HTTP/1.1" 404 319 "http://www.soberlin.de/" "Opera/9.80 (Windows NT 6.2; Win64; x64) Presto/2.12.388 Version/12.16"
87.250.244.22 - - [15/Dec/2015:01:57:20 +0100] "GET /robots.txt HTTP/1.1" 404 328 "-" "Mozilla/5.0 (compatible; YandexBot/3.0; +http://yandex.com/bots)"
141.212.122.64 - - [15/Dec/2015:01:58:13 +0100] "CONNECT proxytest.zmap.io:80 HTTP/1.1" 405 346 "-" "Mozilla/5.0 zgrab/0.x"
46.4.116.197 - - [15/Dec/2015:02:16:28 +0100] "GET /robots.txt HTTP/1.0" 404 328 "-" "Mozilla/5.0 (compatible; MJ12bot/v1.4.5; http://www.majestic12.co.uk/bot.php?+)"
46.4.116.197 - - [15/Dec/2015:02:16:32 +0100] "GET /kwk.php?cs_go=1 HTTP/1.0" 404 325 "-" "Mozilla/5.0 (compatible; MJ12bot/v1.4.5; http://www.majestic12.co.uk/bot.php?+)"
46.4.116.197 - - [15/Dec/2015:02:16:35 +0100] "GET /kwk.php?cs_go=2 HTTP/1.0" 404 325 "-" "Mozilla/5.0 (compatible; MJ12bot/v1.4.5; http://www.majestic12.co.uk/bot.php?+)"
46.4.116.197 - - [15/Dec/2015:02:16:38 +0100] "GET /kwk.php?cs_go=3 HTTP/1.0" 404 325 "-" "Mozilla/5.0 (compatible; MJ12bot/v1.4.5; http://www.majestic12.co.uk/bot.php?+)"
46.4.116.197 - - [15/Dec/2015:02:16:40 +0100] "GET /kwk.php?cs_go=4 HTTP/1.0" 404 325 "-" "Mozilla/5.0 (compatible; MJ12bot/v1.4.5; http://www.majestic12.co.uk/bot.php?+)"
193.111.140.106 - - [15/Dec/2015:02:30:28 +0100] "GET /robots.txt HTTP/1.0" 404 327 "-" "Mozilla/5.0 (compatible; MJ12bot/v1.4.5; http://www.majestic12.co.uk/bot.php?+)"
193.111.140.106 - - [15/Dec/2015:02:30:29 +0100] "GET /news.php?cs_go=archiv&cs_id=4234 HTTP/1.0" 404 325 "-" "Mozilla/5.0 (compatible; MJ12bot/v1.4.5; http://www.majestic12.co.uk/bot.php?+)"
193.111.140.106 - - [15/Dec/2015:02:30:33 +0100] "GET /robots.txt HTTP/1.0" 404 327 "-" "Mozilla/5.0 (compatible; MJ12bot/v1.4.5; http://www.majestic12.co.uk/bot.php?+)"
193.111.140.106 - - [15/Dec/2015:02:30:34 +0100] "GET /news.php?cs_go=archiv&cs_id=4234 HTTP/1.0" 404 325 "-" "Mozilla/5.0 (compatible; MJ12bot/v1.4.5; http://www.majestic12.co.uk/bot.php?+)"
193.111.140.106 - - [15/Dec/2015:02:30:41 +0100] "GET /robots.txt HTTP/1.0" 404 327 "-" "Mozilla/5.0 (compatible; MJ12bot/v1.4.5; http://www.majestic12.co.uk/bot.php?+)"
193.111.140.106 - - [15/Dec/2015:02:30:43 +0100] "GET /news.php?cs_go=archiv&cs_id=4234 HTTP/1.0" 404 325 "-" "Mozilla/5.0 (compatible; MJ12bot/v1.4.5; http://www.majestic12.co.uk/bot.php?+)"
141.212.122.64 - - [15/Dec/2015:02:39:10 +0100] "CONNECT proxytest.zmap.io:80 HTTP/1.1" 405 346 "-" "Mozilla/5.0 zgrab/0.x"
157.55.39.218 - - [15/Dec/2015:02:48:51 +0100] "GET /robots.txt HTTP/1.1" 404 333 "-" "Mozilla/5.0 (compatible; bingbot/2.0; +http://www.bing.com/bingbot.htm)"
157.55.39.218 - - [15/Dec/2015:02:49:20 +0100] "GET / HTTP/1.1" 200 1229 "-" "Mozilla/5.0 (iPhone; CPU iPhone OS 7_0 like Mac OS X) AppleWebKit/537.51.1 (KHTML, like Gecko) Version/7.0 Mobile/11A465 Safari/9537.53 (compatible; bingbot/2.0; http://www.bing.com/bingbot.htm)"
207.46.13.32 - - [15/Dec/2015:02:49:25 +0100] "GET /robots.txt HTTP/1.1" 404 333 "-" "Mozilla/5.0 (compatible; bingbot/2.0; +http://www.bing.com/bingbot.htm)"
207.46.13.32 - - [15/Dec/2015:02:49:29 +0100] "GET /robots.txt HTTP/1.1" 404 333 "-" "Mozilla/5.0 (compatible; bingbot/2.0; +http://www.bing.com/bingbot.htm)"
141.212.122.64 - - [15/Dec/2015:03:33:16 +0100] "CONNECT proxytest.zmap.io:80 HTTP/1.1" 405 346 "-" "Mozilla/5.0 zgrab/0.x"
46.4.87.105 - - [15/Dec/2015:03:33:41 +0100] "GET /robots.txt HTTP/1.0" 404 317 "-" "Mozilla/5.0 (compatible; MJ12bot/v1.4.5; http://www.majestic12.co.uk/bot.php?+)"
46.4.87.105 - - [15/Dec/2015:03:33:43 +0100] "GET /heizoel.php HTTP/1.0" 404 318 "-" "Mozilla/5.0 (compatible; MJ12bot/v1.4.5; http://www.majestic12.co.uk/bot.php?+)"
46.4.87.105 - - [15/Dec/2015:03:33:44 +0100] "GET /impressum.php HTTP/1.0" 404 320 "-" "Mozilla/5.0 (compatible; MJ12bot/v1.4.5; http://www.majestic12.co.uk/bot.php?+)"
46.4.87.105 - - [15/Dec/2015:03:33:48 +0100] "GET /index.php HTTP/1.0" 404 316 "-" "Mozilla/5.0 (compatible; MJ12bot/v1.4.5; http://www.majestic12.co.uk/bot.php?+)"
46.4.87.105 - - [15/Dec/2015:03:33:52 +0100] "GET /marktdaten.php HTTP/1.0" 404 321 "-" "Mozilla/5.0 (compatible; MJ12bot/v1.4.5; http://www.majestic12.co.uk/bot.php?+)"
46.4.87.105 - - [15/Dec/2015:03:33:55 +0100] "GET /waermekonto.php HTTP/1.0" 404 322 "-" "Mozilla/5.0 (compatible; MJ12bot/v1.4.5; http://www.majestic12.co.uk/bot.php?+)"
128.232.110.29 - - [15/Dec/2015:03:47:49 +0100] "GET / HTTP/1.1" 200 1229 "-" "Mozilla/5.0 zgrab/0.x"
207.46.13.88 - - [15/Dec/2015:04:47:46 +0100] "GET /robots.txt HTTP/1.1" 404 327 "-" "Mozilla/5.0 (compatible; bingbot/2.0; +http://www.bing.com/bingbot.htm)"
207.46.13.88 - - [15/Dec/2015:04:47:53 +0100] "GET /preisentwicklung.php HTTP/1.1" 404 337 "-" "Mozilla/5.0 (compatible; bingbot/2.0; +http://www.bing.com/bingbot.htm)"
207.46.13.188 - - [15/Dec/2015:04:56:44 +0100] "GET /robots.txt HTTP/1.1" 404 327 "-" "Mozilla/5.0 (compatible; bingbot/2.0; +http://www.bing.com/bingbot.htm)"
207.46.13.188 - - [15/Dec/2015:04:56:47 +0100] "GET /brennwerttechnik.php HTTP/1.1" 404 337 "-" "Mozilla/5.0 (compatible; bingbot/2.0; +http://www.bing.com/bingbot.htm)"
141.212.122.64 - - [15/Dec/2015:05:03:46 +0100] "CONNECT proxytest.zmap.io:80 HTTP/1.1" 405 346 "-" "Mozilla/5.0 zgrab/0.x"
61.216.2.13 - - [15/Dec/2015:05:14:49 +0100] "GET / HTTP/1.1" 400 329 "-" "Mozilla/5.0 (Windows NT 6.3; WOW64) AppleWebKit/537.36 (KHTML, like Gecko) Chrome/45.0.2454.101 Safari/537.36"
61.216.2.13 - - [15/Dec/2015:05:14:49 +0100] "GET / HTTP/1.1" 400 329 "-" "Mozilla/5.0 (Windows NT 6.3; WOW64) AppleWebKit/537.36 (KHTML, like Gecko) Chrome/45.0.2454.101 Safari/537.36"
61.216.2.13 - - [15/Dec/2015:05:14:56 +0100] "GET / HTTP/1.1" 400 329 "-" "Mozilla/5.0 (Windows NT 6.3; WOW64) AppleWebKit/537.36 (KHTML, like Gecko) Chrome/45.0.2454.101 Safari/537.36"
61.216.2.13 - - [15/Dec/2015:05:15:03 +0100] "GET / HTTP/1.1" 400 329 "-" "Mozilla/5.0 (Windows NT 6.3; WOW64) AppleWebKit/537.36 (KHTML, like Gecko) Chrome/45.0.2454.101 Safari/537.36"
61.216.2.13 - - [15/Dec/2015:05:16:12 +0100] "GET / HTTP/1.1" 400 329 "-" "Mozilla/5.0 (Windows NT 6.3; WOW64) AppleWebKit/537.36 (KHTML, like Gecko) Chrome/45.0.2454.101 Safari/537.36"
61.231.3.160 - - [15/Dec/2015:05:36:16 +0100] "CONNECT vip163mx00.mxmail.netease.com:25 HTTP/1.0" 405 358 "-" "-"
61.231.2.161 - - [15/Dec/2015:05:46:35 +0100] "CONNECT vip163mx01.mxmail.netease.com:25 HTTP/1.0" 405 358 "-" "-"
46.229.170.197 - - [15/Dec/2015:06:13:47 +0100] "GET / HTTP/1.1" 200 1229 "-" "Mozilla/5.0 (Windows NT 6.1; Win64; x64; rv:2.2a1pre) Gecko/20110323 Firefox/4.2a1pre"
141.212.122.64 - - [15/Dec/2015:06:19:25 +0100] "CONNECT proxytest.zmap.io:80 HTTP/1.1" 405 346 "-" "Mozilla/5.0 zgrab/0.x"
188.165.200.217 - - [15/Dec/2015:06:43:24 +0100] "HEAD / HTTP/1.1" 200 - "-" "Mozilla/4.0 (compatible; MSIE 5.01; Windows NT 5.0)"
87.250.244.20 - - [15/Dec/2015:06:56:33 +0100] "GET /robots.txt HTTP/1.1" 404 328 "-" "Mozilla/5.0 (compatible; YandexBot/3.0; +http://yandex.com/bots)"
180.97.106.162 - - [15/Dec/2015:08:08:14 +0100] "GET / HTTP/1.1" 200 1229 "-" "-"
180.97.106.36 - - [15/Dec/2015:08:09:25 +0100] "GET / HTTP/1.1" 200 1229 "-" "-"
140.119.75.221 - - [15/Dec/2015:08:13:43 +0100] "GET /phpMyAdmin/scripts/setup.php HTTP/1.1" 404 333 "-" "-"
140.119.75.221 - - [15/Dec/2015:08:13:53 +0100] "GET /pma/scripts/setup.php HTTP/1.1" 404 326 "-" "-"
140.119.75.221 - - [15/Dec/2015:08:14:03 +0100] "GET /myadmin/scripts/setup.php HTTP/1.1" 404 330 "-" "-"
180.97.106.161 - - [15/Dec/2015:08:18:43 +0100] "GET / HTTP/1.1" 200 1229 "-" "-"
180.97.106.162 - - [15/Dec/2015:08:25:00 +0100] "GET / HTTP/1.1" 200 1229 "-" "-"
180.97.106.36 - - [15/Dec/2015:08:28:16 +0100] "GET / HTTP/1.1" 200 1229 "-" "-"
180.97.106.161 - - [15/Dec/2015:08:37:50 +0100] "GET / HTTP/1.1" 200 1229 "-" "-"
87.250.244.40 - - [15/Dec/2015:08:44:21 +0100] "GET /images/oks_prod.jpg HTTP/1.1" 404 337 "-" "Mozilla/5.0 (compatible; YandexImages/3.0; +http://yandex.com/bots)"
141.212.122.208 - - [15/Dec/2015:08:47:38 +0100] "GET / HTTP/1.1" 200 1229 "-" "Mozilla/5.0 zgrab/0.x"
115.231.222.14 - - [15/Dec/2015:09:36:52 +0100] "GET http://zc.qq.com/cgi-bin/common/attr?id=260714&r=0.4447797132353116 HTTP/1.1" 404 320 "-" "Mozilla/5.0 (compatible; MSIE 9.0; Windows NT 6.1; Trident/5.0; 360SE)"
115.231.222.14 - - [15/Dec/2015:09:37:12 +0100] "GET http://zc.qq.com/cgi-bin/common/attr?id=260714&r=0.7069181278832706 HTTP/1.1" 404 320 "-" "Mozilla/5.0 (compatible; MSIE 9.0; Windows NT 6.1; Trident/5.0; 360SE)"
128.232.110.29 - - [15/Dec/2015:09:52:44 +0100] "GET / HTTP/1.1" 200 1229 "-" "Mozilla/5.0 zgrab/0.x"
111.248.99.249 - - [15/Dec/2015:09:55:04 +0100] "CONNECT vip163mx00.mxmail.netease.com:25 HTTP/1.0" 405 358 "-" "-"
141.212.122.208 - - [15/Dec/2015:09:57:23 +0100] "GET / HTTP/1.1" 200 1229 "-" "Mozilla/5.0 zgrab/0.x"
94.102.48.195 - - [15/Dec/2015:10:11:54 +0100] "GET / HTTP/1.0" 200 1229 "-" "masscan/1.0 (https://github.com/robertdavidgraham/masscan)"
128.232.110.29 - - [15/Dec/2015:10:44:04 +0100] "GET / HTTP/1.1" 200 1229 "-" "Mozilla/5.0 zgrab/0.x"
111.248.103.179 - - [15/Dec/2015:11:28:15 +0100] "CONNECT vip163mx01.mxmail.netease.com:25 HTTP/1.0" 405 358 "-" "-"
141.212.122.208 - - [15/Dec/2015:12:03:59 +0100] "GET / HTTP/1.1" 200 1229 "-" "Mozilla/5.0 zgrab/0.x"
118.98.104.21 - - [15/Dec/2015:12:51:02 +0100] "GET /user/soapCaller.bs HTTP/1.1" 404 323 "-" "Morfeus Fucking Scanner"
118.98.104.21 - - [15/Dec/2015:12:51:02 +0100] "GET /user/soapCaller.bs HTTP/1.1" 404 323 "-" "Morfeus Fucking Scanner"
118.98.104.21 - - [15/Dec/2015:12:51:02 +0100] "GET /user/soapCaller.bs HTTP/1.1" 404 323 "-" "Morfeus Fucking Scanner"
118.98.104.21 - - [15/Dec/2015:12:51:02 +0100] "GET /user/soapCaller.bs HTTP/1.1" 404 323 "-" "Morfeus Fucking Scanner"
118.98.104.21 - - [15/Dec/2015:12:51:02 +0100] "GET /user/soapCaller.bs HTTP/1.1" 404 323 "-" "Morfeus Fucking Scanner"
118.98.104.21 - - [15/Dec/2015:12:51:03 +0100] "GET /user/soapCaller.bs HTTP/1.1" 404 323 "-" "Morfeus Fucking Scanner"
118.98.104.21 - - [15/Dec/2015:12:51:03 +0100] "GET /user/soapCaller.bs HTTP/1.1" 404 323 "-" "Morfeus Fucking Scanner"
