223.105.1.104 - - [08/Dec/2015:00:55:10 +0100] "GET /phpmyadmin2/ HTTP/1.1" 404 317 "-" "Mozilla/4.0 (compatible; MSIE 6.0; Windows 98)"
223.105.1.104 - - [08/Dec/2015:00:55:10 +0100] "GET /sql/ HTTP/1.1" 404 309 "-" "Mozilla/4.0 (compatible; MSIE 6.0; Windows 98)"
223.105.1.104 - - [08/Dec/2015:00:55:10 +0100] "GET /phpMyAdmin2/ HTTP/1.1" 404 317 "-" "Mozilla/4.0 (compatible; MSIE 6.0; Windows 98)"
223.105.1.104 - - [08/Dec/2015:00:55:11 +0100] "GET /mysql/ HTTP/1.1" 404 311 "-" "Mozilla/4.0 (compatible; MSIE 6.0; Windows 98)"
223.105.1.104 - - [08/Dec/2015:00:55:11 +0100] "GET /phpMyAdmin-2/ HTTP/1.1" 404 318 "-" "Mozilla/4.0 (compatible; MSIE 6.0; Windows 98)"
223.105.1.104 - - [08/Dec/2015:00:55:11 +0100] "GET /mysql/ HTTP/1.1" 404 311 "-" "Mozilla/4.0 (compatible; MSIE 6.0; Windows 98)"
223.105.1.104 - - [08/Dec/2015:00:55:12 +0100] "GET /mysql/ HTTP/1.1" 404 311 "-" "Mozilla/4.0 (compatible; MSIE 6.0; Windows 98)"
223.105.1.104 - - [08/Dec/2015:00:55:12 +0100] "GET /myadmin/ HTTP/1.1" 404 313 "-" "Mozilla/4.0 (compatible; MSIE 6.0; Windows 98)"
223.105.1.104 - - [08/Dec/2015:00:55:13 +0100] "GET /myadmin/ HTTP/1.1" 404 313 "-" "Mozilla/4.0 (compatible; MSIE 6.0; Windows 98)"
223.105.1.104 - - [08/Dec/2015:00:55:13 +0100] "GET /phpmyadmin2/ HTTP/1.1" 404 317 "-" "Mozilla/4.0 (compatible; MSIE 6.0; Windows 98)"
223.105.1.104 - - [08/Dec/2015:00:55:13 +0100] "GET /php-my-admin/ HTTP/1.1" 404 318 "-" "Mozilla/4.0 (compatible; MSIE 6.0; Windows 98)"
223.105.1.104 - - [08/Dec/2015:00:55:13 +0100] "GET /phpmyadmin2/ HTTP/1.1" 404 317 "-" "Mozilla/4.0 (compatible; MSIE 6.0; Windows 98)"
223.105.1.104 - - [08/Dec/2015:00:55:13 +0100] "GET /phpMyAdmin2/ HTTP/1.1" 404 317 "-" "Mozilla/4.0 (compatible; MSIE 6.0; Windows 98)"
223.105.1.104 - - [08/Dec/2015:00:55:14 +0100] "GET /sqlmanager/ HTTP/1.1" 404 316 "-" "Mozilla/4.0 (compatible; MSIE 6.0; Windows 98)"
223.105.1.104 - - [08/Dec/2015:00:55:14 +0100] "GET /mysqlmanager/ HTTP/1.1" 404 318 "-" "Mozilla/4.0 (compatible; MSIE 6.0; Windows 98)"
223.105.1.104 - - [08/Dec/2015:00:55:14 +0100] "GET /phpmyadmin2/ HTTP/1.1" 404 317 "-" "Mozilla/4.0 (compatible; MSIE 6.0; Windows 98)"
223.105.1.104 - - [08/Dec/2015:00:55:15 +0100] "GET /p/m/a/ HTTP/1.1" 404 311 "-" "Mozilla/4.0 (compatible; MSIE 6.0; Windows 98)"
223.105.1.104 - - [08/Dec/2015:00:55:15 +0100] "GET /phpMyAdmin2/ HTTP/1.1" 404 317 "-" "Mozilla/4.0 (compatible; MSIE 6.0; Windows 98)"
223.105.1.104 - - [08/Dec/2015:00:55:15 +0100] "GET /phpMyAdmin-2/ HTTP/1.1" 404 318 "-" "Mozilla/4.0 (compatible; MSIE 6.0; Windows 98)"
223.105.1.104 - - [08/Dec/2015:00:55:15 +0100] "GET /phpMyAdmin2/ HTTP/1.1" 404 317 "-" "Mozilla/4.0 (compatible; MSIE 6.0; Windows 98)"
223.105.1.104 - - [08/Dec/2015:00:55:15 +0100] "GET /php-myadmin/ HTTP/1.1" 404 317 "-" "Mozilla/4.0 (compatible; MSIE 6.0; Windows 98)"
223.105.1.104 - - [08/Dec/2015:00:55:16 +0100] "GET /phpMyAdmin-2/ HTTP/1.1" 404 318 "-" "Mozilla/4.0 (compatible; MSIE 6.0; Windows 98)"
223.105.1.104 - - [08/Dec/2015:00:55:16 +0100] "GET /php-my-admin/ HTTP/1.1" 404 318 "-" "Mozilla/4.0 (compatible; MSIE 6.0; Windows 98)"
223.105.1.104 - - [08/Dec/2015:00:55:16 +0100] "GET /phpMyAdmin-2/ HTTP/1.1" 404 318 "-" "Mozilla/4.0 (compatible; MSIE 6.0; Windows 98)"
223.105.1.104 - - [08/Dec/2015:00:55:16 +0100] "GET /phpmy-admin/ HTTP/1.1" 404 317 "-" "Mozilla/4.0 (compatible; MSIE 6.0; Windows 98)"
223.105.1.104 - - [08/Dec/2015:00:55:16 +0100] "GET /php-my-admin/ HTTP/1.1" 404 318 "-" "Mozilla/4.0 (compatible; MSIE 6.0; Windows 98)"
223.105.1.104 - - [08/Dec/2015:00:55:16 +0100] "GET /sqlmanager/ HTTP/1.1" 404 316 "-" "Mozilla/4.0 (compatible; MSIE 6.0; Windows 98)"
223.105.1.104 - - [08/Dec/2015:00:55:16 +0100] "GET /php-my-admin/ HTTP/1.1" 404 318 "-" "Mozilla/4.0 (compatible; MSIE 6.0; Windows 98)"
223.105.1.104 - - [08/Dec/2015:00:55:18 +0100] "GET /webadmin/ HTTP/1.1" 404 314 "-" "Mozilla/4.0 (compatible; MSIE 6.0; Windows 98)"
223.105.1.104 - - [08/Dec/2015:00:55:18 +0100] "GET /sqlmanager/ HTTP/1.1" 404 316 "-" "Mozilla/4.0 (compatible; MSIE 6.0; Windows 98)"
223.105.1.104 - - [08/Dec/2015:00:55:18 +0100] "GET /mysqlmanager/ HTTP/1.1" 404 318 "-" "Mozilla/4.0 (compatible; MSIE 6.0; Windows 98)"
223.105.1.104 - - [08/Dec/2015:00:55:18 +0100] "GET /sqlmanager/ HTTP/1.1" 404 316 "-" "Mozilla/4.0 (compatible; MSIE 6.0; Windows 98)"
223.105.1.104 - - [08/Dec/2015:00:55:19 +0100] "GET /mysqlmanager/ HTTP/1.1" 404 318 "-" "Mozilla/4.0 (compatible; MSIE 6.0; Windows 98)"
223.105.1.104 - - [08/Dec/2015:00:55:19 +0100] "GET /p/m/a/ HTTP/1.1" 404 311 "-" "Mozilla/4.0 (compatible; MSIE 6.0; Windows 98)"
223.105.1.104 - - [08/Dec/2015:00:55:19 +0100] "GET /mysqlmanager/ HTTP/1.1" 404 318 "-" "Mozilla/4.0 (compatible; MSIE 6.0; Windows 98)"
223.105.1.104 - - [08/Dec/2015:00:55:19 +0100] "GET /p/m/a/ HTTP/1.1" 404 311 "-" "Mozilla/4.0 (compatible; MSIE 6.0; Windows 98)"
223.105.1.104 - - [08/Dec/2015:00:55:19 +0100] "GET /php-myadmin/ HTTP/1.1" 404 317 "-" "Mozilla/4.0 (compatible; MSIE 6.0; Windows 98)"
223.105.1.104 - - [08/Dec/2015:00:55:19 +0100] "GET /p/m/a/ HTTP/1.1" 404 311 "-" "Mozilla/4.0 (compatible; MSIE 6.0; Windows 98)"
223.105.1.104 - - [08/Dec/2015:00:55:19 +0100] "GET /sqlweb/ HTTP/1.1" 404 312 "-" "Mozilla/4.0 (compatible; MSIE 6.0; Windows 98)"
223.105.1.104 - - [08/Dec/2015:00:55:20 +0100] "GET /php-myadmin/ HTTP/1.1" 404 317 "-" "Mozilla/4.0 (compatible; MSIE 6.0; Windows 98)"
223.105.1.104 - - [08/Dec/2015:00:55:20 +0100] "GET /phpmy-admin/ HTTP/1.1" 404 317 "-" "Mozilla/4.0 (compatible; MSIE 6.0; Windows 98)"
223.105.1.104 - - [08/Dec/2015:00:55:20 +0100] "GET /php-myadmin/ HTTP/1.1" 404 317 "-" "Mozilla/4.0 (compatible; MSIE 6.0; Windows 98)"
223.105.1.104 - - [08/Dec/2015:00:55:20 +0100] "GET /websql/ HTTP/1.1" 404 312 "-" "Mozilla/4.0 (compatible; MSIE 6.0; Windows 98)"
223.105.1.104 - - [08/Dec/2015:00:55:20 +0100] "GET /phpmy-admin/ HTTP/1.1" 404 317 "-" "Mozilla/4.0 (compatible; MSIE 6.0; Windows 98)"
223.105.1.104 - - [08/Dec/2015:00:55:20 +0100] "GET /webadmin/ HTTP/1.1" 404 314 "-" "Mozilla/4.0 (compatible; MSIE 6.0; Windows 98)"
223.105.1.104 - - [08/Dec/2015:00:55:21 +0100] "GET /webdb/ HTTP/1.1" 404 311 "-" "Mozilla/4.0 (compatible; MSIE 6.0; Windows 98)"
223.105.1.104 - - [08/Dec/2015:00:55:21 +0100] "GET /webadmin/ HTTP/1.1" 404 314 "-" "Mozilla/4.0 (compatible; MSIE 6.0; Windows 98)"
223.105.1.104 - - [08/Dec/2015:00:55:21 +0100] "GET /sqlweb/ HTTP/1.1" 404 312 "-" "Mozilla/4.0 (compatible; MSIE 6.0; Windows 98)"
223.105.1.104 - - [08/Dec/2015:00:55:21 +0100] "GET /mysqladmin/ HTTP/1.1" 404 316 "-" "Mozilla/4.0 (compatible; MSIE 6.0; Windows 98)"
223.105.1.104 - - [08/Dec/2015:00:55:22 +0100] "GET /mysql-admin/ HTTP/1.1" 404 317 "-" "Mozilla/4.0 (compatible; MSIE 6.0; Windows 98)"
223.105.1.104 - - [08/Dec/2015:00:55:23 +0100] "GET /websql/ HTTP/1.1" 404 312 "-" "Mozilla/4.0 (compatible; MSIE 6.0; Windows 98)"
223.105.1.104 - - [08/Dec/2015:00:55:24 +0100] "GET /webdb/ HTTP/1.1" 404 311 "-" "Mozilla/4.0 (compatible; MSIE 6.0; Windows 98)"
223.105.1.104 - - [08/Dec/2015:00:55:25 +0100] "GET /webadmin/ HTTP/1.1" 404 314 "-" "Mozilla/4.0 (compatible; MSIE 6.0; Windows 98)"
223.105.1.104 - - [08/Dec/2015:00:55:25 +0100] "GET /websql/ HTTP/1.1" 404 312 "-" "Mozilla/4.0 (compatible; MSIE 6.0; Windows 98)"
223.105.1.104 - - [08/Dec/2015:00:55:25 +0100] "GET /mysqladmin/ HTTP/1.1" 404 316 "-" "Mozilla/4.0 (compatible; MSIE 6.0; Windows 98)"
223.105.1.104 - - [08/Dec/2015:00:55:25 +0100] "GET /sqlweb/ HTTP/1.1" 404 312 "-" "Mozilla/4.0 (compatible; MSIE 6.0; Windows 98)"
223.105.1.104 - - [08/Dec/2015:00:55:25 +0100] "GET /webdb/ HTTP/1.1" 404 311 "-" "Mozilla/4.0 (compatible; MSIE 6.0; Windows 98)"
223.105.1.104 - - [08/Dec/2015:00:55:26 +0100] "GET /mysql-admin/ HTTP/1.1" 404 317 "-" "Mozilla/4.0 (compatible; MSIE 6.0; Windows 98)"
223.105.1.104 - - [08/Dec/2015:00:55:26 +0100] "GET /websql/ HTTP/1.1" 404 312 "-" "Mozilla/4.0 (compatible; MSIE 6.0; Windows 98)"
223.105.1.104 - - [08/Dec/2015:00:55:26 +0100] "GET /mysqladmin/ HTTP/1.1" 404 316 "-" "Mozilla/4.0 (compatible; MSIE 6.0; Windows 98)"
223.105.1.104 - - [08/Dec/2015:00:55:26 +0100] "GET /webdb/ HTTP/1.1" 404 311 "-" "Mozilla/4.0 (compatible; MSIE 6.0; Windows 98)"
223.105.1.104 - - [08/Dec/2015:00:55:26 +0100] "GET /mysql-admin/ HTTP/1.1" 404 317 "-" "Mozilla/4.0 (compatible; MSIE 6.0; Windows 98)"
223.105.1.104 - - [08/Dec/2015:00:55:27 +0100] "GET /mysqladmin/ HTTP/1.1" 404 316 "-" "Mozilla/4.0 (compatible; MSIE 6.0; Windows 98)"
223.105.1.104 - - [08/Dec/2015:00:55:28 +0100] "GET /mysql-admin/ HTTP/1.1" 404 317 "-" "Mozilla/4.0 (compatible; MSIE 6.0; Windows 98)"
141.212.122.129 - - [08/Dec/2015:01:24:38 +0100] "CONNECT proxytest.zmap.io:80 HTTP/1.1" 405 346 "-" "Mozilla/5.0 zgrab/0.x"
157.55.39.196 - - [08/Dec/2015:01:43:43 +0100] "GET /agb.html HTTP/1.1" 404 321 "-" "Mozilla/5.0 (compatible; bingbot/2.0; +http://www.bing.com/bingbot.htm)"
188.143.232.37 - - [08/Dec/2015:01:59:00 +0100] "GET /anfrage.html HTTP/1.1" 404 325 "-" "Mozilla/4.0 (compatible; MSIE 6.0; Windows NT 5.1; SV1)"
128.232.110.29 - - [08/Dec/2015:02:07:50 +0100] "GET / HTTP/1.1" 200 1229 "-" "Mozilla/5.0 zgrab/0.x"
1.171.248.238 - - [08/Dec/2015:02:24:13 +0100] "CONNECT 163mx01.mxmail.netease.com:25 HTTP/1.0" 405 355 "-" "-"
115.231.222.14 - - [08/Dec/2015:03:03:00 +0100] "GET http://zc.qq.com/cgi-bin/common/attr?id=260714&r=0.1932028345321936 HTTP/1.1" 404 320 "-" "Mozilla/5.0 (compatible; MSIE 9.0; Windows NT 6.1; Trident/5.0; 360SE)"
115.231.222.14 - - [08/Dec/2015:03:03:01 +0100] "GET http://zc.qq.com/cgi-bin/common/attr?id=260714&r=0.7237418502683524 HTTP/1.1" 404 320 "-" "Mozilla/5.0 (compatible; MSIE 9.0; Windows NT 6.1; Trident/5.0; 360SE)"
111.243.254.141 - - [08/Dec/2015:03:14:21 +0100] "CONNECT 163mx03.mxmail.netease.com:25 HTTP/1.0" 405 355 "-" "-"
195.62.53.168 - - [08/Dec/2015:03:28:39 +0100] "GET /css/css HTTP/1.0" 404 308 "-" "Mozilla/5.0 (Windows NT 6.1; Win64; x64; rv:30.N) Gecko/20110302 Firefox/30.0"
151.236.217.221 - - [08/Dec/2015:04:32:34 +0100] "GET / HTTP/1.0" 200 1229 "-" "-"
151.236.217.221 - - [08/Dec/2015:04:35:00 +0100] "OPTIONS / HTTP/1.1" 200 - "-" "Mozilla/5.0 (Windows NT 6.1) AppleWebKit/537.36 (KHTML"
151.236.217.221 - - [08/Dec/2015:04:35:00 +0100] "OPTIONS / HTTP/1.1" 200 - "-" "Mozilla/5.0 (Windows NT 6.1) AppleWebKit/537.36 (KHTML"
151.236.217.221 - - [08/Dec/2015:04:35:00 +0100] "GET / HTTP/1.1" 200 1229 "-" "Mozilla/5.0 (Windows NT 6.1) AppleWebKit/537.36 (KHTML"
151.236.217.221 - - [08/Dec/2015:04:35:00 +0100] "GET /.git/HEAD HTTP/1.1" 404 314 "-" "Mozilla/5.0 (Windows NT 6.1) AppleWebKit/537.36 (KHTML"
151.236.217.221 - - [08/Dec/2015:04:35:01 +0100] "OPTIONS / HTTP/1.1" 200 - "-" "Mozilla/5.0 (Windows NT 6.1) AppleWebKit/537.36 (KHTML"
151.236.217.221 - - [08/Dec/2015:04:35:02 +0100] "WOJH / HTTP/1.1" 501 323 "-" "Mozilla/5.0 (Windows NT 6.1) AppleWebKit/537.36 (KHTML"
151.236.217.221 - - [08/Dec/2015:04:35:02 +0100] "PROPFIND / HTTP/1.1" 405 343 "-" "Mozilla/5.0 (Windows NT 6.1) AppleWebKit/537.36 (KHTML"
151.236.217.221 - - [08/Dec/2015:04:35:02 +0100] "OPTIONS / HTTP/1.1" 200 - "-" "Mozilla/5.0 (Windows NT 6.1) AppleWebKit/537.36 (KHTML"
151.236.217.221 - - [08/Dec/2015:04:35:02 +0100] "OPTIONS / HTTP/1.1" 200 - "-" "Mozilla/5.0 (Windows NT 6.1) AppleWebKit/537.36 (KHTML"
151.236.217.221 - - [08/Dec/2015:04:35:03 +0100] "OPTIONS / HTTP/1.1" 200 - "-" "Mozilla/5.0 (Windows NT 6.1) AppleWebKit/537.36 (KHTML"
151.236.217.221 - - [08/Dec/2015:04:35:03 +0100] "OPTIONS / HTTP/1.1" 200 - "-" "Mozilla/5.0 (Windows NT 6.1) AppleWebKit/537.36 (KHTML"
151.236.217.221 - - [08/Dec/2015:04:35:03 +0100] "OPTIONS / HTTP/1.1" 200 - "-" "Mozilla/5.0 (Windows NT 6.1) AppleWebKit/537.36 (KHTML"
151.236.217.221 - - [08/Dec/2015:04:35:03 +0100] "POST / HTTP/1.1" 200 1229 "-" "Mozilla/5.0 (Windows NT 6.1) AppleWebKit/537.36 (KHTML"
151.236.217.221 - - [08/Dec/2015:04:35:03 +0100] "GET / HTTP/1.0" 200 1229 "-" "-"
151.236.217.221 - - [08/Dec/2015:04:35:04 +0100] "OPTIONS / HTTP/1.1" 200 - "-" "Mozilla/5.0 (Windows NT 6.1) AppleWebKit/537.36 (KHTML"
151.236.217.221 - - [08/Dec/2015:04:35:04 +0100] "GET / HTTP/1.1" 200 1229 "-" "-"
151.236.217.221 - - [08/Dec/2015:04:35:04 +0100] "OPTIONS / HTTP/1.1" 200 - "-" "Mozilla/5.0 (Windows NT 6.1) AppleWebKit/537.36 (KHTML"
151.236.217.221 - - [08/Dec/2015:04:35:04 +0100] "OPTIONS / HTTP/1.1" 200 - "-" "Mozilla/5.0 (Windows NT 6.1) AppleWebKit/537.36 (KHTML"
151.236.217.221 - - [08/Dec/2015:04:35:04 +0100] "GET /favicon.ico HTTP/1.1" 404 316 "-" "Mozilla/5.0 (Windows NT 6.1) AppleWebKit/537.36 (KHTML"
151.236.217.221 - - [08/Dec/2015:04:35:04 +0100] "PROPFIND / HTTP/1.1" 405 343 "-" "Mozilla/5.0 (Windows NT 6.1) AppleWebKit/537.36 (KHTML"
151.236.217.221 - - [08/Dec/2015:04:35:06 +0100] "GET /HNAP1 HTTP/1.1" 404 310 "-" "Mozilla/5.0 (Windows NT 6.1) AppleWebKit/537.36 (KHTML"
151.236.217.221 - - [08/Dec/2015:04:35:10 +0100] "\x16\x03\x01\x01`\x01" 501 321 "-" "-"
151.236.217.221 - - [08/Dec/2015:04:35:10 +0100] "\x16\x03\x01\x01`\x01" 501 321 "-" "-"
151.236.217.221 - - [08/Dec/2015:04:35:11 +0100] "GET /robots.txt HTTP/1.1" 404 315 "-" "Mozilla/5.0 (Windows NT 6.1) AppleWebKit/537.36 (KHTML"
151.236.217.221 - - [08/Dec/2015:04:35:16 +0100] "PROPFIND / HTTP/1.1" 405 343 "-" "Mozilla/5.0 (Windows NT 6.1) AppleWebKit/537.36 (KHTML"
208.115.111.74 - - [08/Dec/2015:05:20:42 +0100] "GET /robots.txt HTTP/1.1" 404 327 "-" "Mozilla/5.0 (compatible; DotBot/1.1; http://www.opensiteexplorer.org/dotbot, help@moz.com)"
94.102.63.145 - - [08/Dec/2015:06:16:34 +0100] "GET //wp-login.php HTTP/1.1" 404 317 "-" "Mozilla/5.0 (X11; U; Linux i686; pt-BR; rv:1.9.0.15) Gecko/2009102815 Ubuntu/9.04 (jaunty) Firefox/3.0.15"
94.102.63.145 - - [08/Dec/2015:06:16:34 +0100] "GET /blog//wp-login.php HTTP/1.1" 404 323 "-" "Mozilla/5.0 (X11; U; Linux i686; pt-BR; rv:1.9.0.15) Gecko/2009102815 Ubuntu/9.04 (jaunty) Firefox/3.0.15"
94.102.63.145 - - [08/Dec/2015:06:16:34 +0100] "GET /wordpress//wp-login.php HTTP/1.1" 404 328 "-" "Mozilla/5.0 (X11; U; Linux i686; pt-BR; rv:1.9.0.15) Gecko/2009102815 Ubuntu/9.04 (jaunty) Firefox/3.0.15"
94.102.63.145 - - [08/Dec/2015:06:16:34 +0100] "GET /wp//wp-login.php HTTP/1.1" 404 321 "-" "Mozilla/5.0 (X11; U; Linux i686; pt-BR; rv:1.9.0.15) Gecko/2009102815 Ubuntu/9.04 (jaunty) Firefox/3.0.15"
208.115.113.93 - - [08/Dec/2015:06:43:28 +0100] "GET /robots.txt HTTP/1.1" 404 327 "-" "Mozilla/5.0 (compatible; DotBot/1.1; http://www.opensiteexplorer.org/dotbot, help@moz.com)"
46.4.123.172 - - [08/Dec/2015:06:44:06 +0100] "GET /robots.txt HTTP/1.0" 404 317 "-" "Mozilla/5.0 (compatible; MJ12bot/v1.4.5; http://www.majestic12.co.uk/bot.php?+)"
46.4.123.172 - - [08/Dec/2015:06:44:07 +0100] "GET /ansprechpartner.php HTTP/1.0" 404 326 "-" "Mozilla/5.0 (compatible; MJ12bot/v1.4.5; http://www.majestic12.co.uk/bot.php?+)"
46.4.123.172 - - [08/Dec/2015:06:44:09 +0100] "GET /news.php HTTP/1.0" 404 315 "-" "Mozilla/5.0 (compatible; MJ12bot/v1.4.5; http://www.majestic12.co.uk/bot.php?+)"
46.4.123.172 - - [08/Dec/2015:06:44:10 +0100] "GET /notdienst.php HTTP/1.0" 404 320 "-" "Mozilla/5.0 (compatible; MJ12bot/v1.4.5; http://www.majestic12.co.uk/bot.php?+)"
46.4.123.172 - - [08/Dec/2015:06:44:12 +0100] "GET /ofenbau.php HTTP/1.0" 404 318 "-" "Mozilla/5.0 (compatible; MJ12bot/v1.4.5; http://www.majestic12.co.uk/bot.php?+)"
46.4.123.172 - - [08/Dec/2015:06:44:13 +0100] "GET /preisanfrage.php HTTP/1.0" 404 323 "-" "Mozilla/5.0 (compatible; MJ12bot/v1.4.5; http://www.majestic12.co.uk/bot.php?+)"
208.115.111.74 - - [08/Dec/2015:07:21:26 +0100] "GET /lexikon.php?cs_go=2&cs_char=d HTTP/1.1" 404 328 "-" "Mozilla/5.0 (compatible; DotBot/1.1; http://www.opensiteexplorer.org/dotbot, help@moz.com)"
77.248.252.113 - - [08/Dec/2015:07:38:59 +0100] "GET /robots.txt HTTP/1.0" 404 328 "-" "Mozilla/5.0 (compatible; MJ12bot/v1.4.5; http://www.majestic12.co.uk/bot.php?+)"
77.248.252.113 - - [08/Dec/2015:07:39:00 +0100] "GET /ansprechpartner.php HTTP/1.0" 404 337 "-" "Mozilla/5.0 (compatible; MJ12bot/v1.4.5; http://www.majestic12.co.uk/bot.php?+)"
77.248.252.113 - - [08/Dec/2015:07:39:02 +0100] "GET /baustellenbetankung.php HTTP/1.0" 404 341 "-" "Mozilla/5.0 (compatible; MJ12bot/v1.4.5; http://www.majestic12.co.uk/bot.php?+)"
77.248.252.113 - - [08/Dec/2015:07:39:03 +0100] "GET /biogasanlage.php HTTP/1.0" 404 334 "-" "Mozilla/5.0 (compatible; MJ12bot/v1.4.5; http://www.majestic12.co.uk/bot.php?+)"
77.248.252.113 - - [08/Dec/2015:07:39:08 +0100] "GET /brennwerttechnik.php HTTP/1.0" 404 338 "-" "Mozilla/5.0 (compatible; MJ12bot/v1.4.5; http://www.majestic12.co.uk/bot.php?+)"
5.9.73.227 - - [08/Dec/2015:07:42:49 +0100] "GET /robots.txt HTTP/1.0" 404 327 "-" "Mozilla/5.0 (compatible; MJ12bot/v1.4.5; http://www.majestic12.co.uk/bot.php?+)"
5.9.73.227 - - [08/Dec/2015:07:42:50 +0100] "GET /ansprechpartner.php HTTP/1.0" 404 336 "-" "Mozilla/5.0 (compatible; MJ12bot/v1.4.5; http://www.majestic12.co.uk/bot.php?+)"
5.9.73.227 - - [08/Dec/2015:07:42:51 +0100] "GET /kontakt.php HTTP/1.0" 404 328 "-" "Mozilla/5.0 (compatible; MJ12bot/v1.4.5; http://www.majestic12.co.uk/bot.php?+)"
5.9.73.227 - - [08/Dec/2015:07:42:53 +0100] "GET /kwk.php HTTP/1.0" 404 324 "-" "Mozilla/5.0 (compatible; MJ12bot/v1.4.5; http://www.majestic12.co.uk/bot.php?+)"
5.9.73.227 - - [08/Dec/2015:07:42:54 +0100] "GET /ofenbau.php HTTP/1.0" 404 328 "-" "Mozilla/5.0 (compatible; MJ12bot/v1.4.5; http://www.majestic12.co.uk/bot.php?+)"
5.9.73.227 - - [08/Dec/2015:07:42:55 +0100] "GET /preisanfrage.php HTTP/1.0" 404 333 "-" "Mozilla/5.0 (compatible; MJ12bot/v1.4.5; http://www.majestic12.co.uk/bot.php?+)"
185.106.94.91 - - [08/Dec/2015:08:06:05 +0100] "GET /phpmyadmin/scripts/setup.php HTTP/1.0" 404 329 "-" "-"
185.106.94.91 - - [08/Dec/2015:08:06:11 +0100] "GET /phpmyadmin/scripts/setup.php HTTP/1.0" 404 329 "-" "-"
185.106.94.91 - - [08/Dec/2015:08:06:13 +0100] "GET /phpmyadmin/scripts/setup.php HTTP/1.0" 404 329 "-" "-"
185.106.94.91 - - [08/Dec/2015:08:06:38 +0100] "GET /phpmyadmin/scripts/setup.php HTTP/1.0" 404 329 "-" "-"
66.249.78.51 - - [08/Dec/2015:08:11:13 +0100] "GET /robots.txt HTTP/1.1" 404 328 "-" "Mozilla/5.0 (compatible; Googlebot/2.1; +http://www.google.com/bot.html)"
66.249.78.51 - - [08/Dec/2015:08:11:13 +0100] "GET / HTTP/1.1" 200 1229 "-" "Mozilla/5.0 (iPhone; CPU iPhone OS 8_3 like Mac OS X) AppleWebKit/600.1.4 (KHTML, like Gecko) Version/8.0 Mobile/12F70 Safari/600.1.4 (compatible; Googlebot/2.1; +http://www.google.com/bot.html)"
208.115.113.93 - - [08/Dec/2015:08:27:08 +0100] "GET /wunschpreis.php HTTP/1.1" 404 332 "-" "Mozilla/5.0 (compatible; DotBot/1.1; http://www.opensiteexplorer.org/dotbot, help@moz.com)"
66.249.78.44 - - [08/Dec/2015:08:43:24 +0100] "GET /robots.txt HTTP/1.1" 404 328 "-" "Mozilla/5.0 (compatible; Googlebot/2.1; +http://www.google.com/bot.html)"
66.249.78.44 - - [08/Dec/2015:08:43:24 +0100] "GET / HTTP/1.1" 200 1229 "-" "Mozilla/5.0 (iPhone; CPU iPhone OS 8_3 like Mac OS X) AppleWebKit/600.1.4 (KHTML, like Gecko) Version/8.0 Mobile/12F70 Safari/600.1.4 (compatible; Googlebot/2.1; +http://www.google.com/bot.html)"
195.62.53.168 - - [08/Dec/2015:08:44:25 +0100] "GET /css/css HTTP/1.0" 404 308 "-" "Mozilla/5.0 (Windows NT 6.1; Win64; x64; rv:30.N) Gecko/20110302 Firefox/30.0"
195.62.53.168 - - [08/Dec/2015:08:55:38 +0100] "GET /css/css HTTP/1.0" 404 308 "-" "Mozilla/5.0 (Windows NT 6.1; Win64; x64; rv:30.N) Gecko/20110302 Firefox/30.0"
185.106.94.2 - - [08/Dec/2015:09:05:11 +0100] "GET /muieblackcat HTTP/1.1" 404 317 "-" "-"
185.106.94.2 - - [08/Dec/2015:09:05:17 +0100] "GET //phpMyAdmin/scripts/setup.php HTTP/1.1" 404 333 "-" "-"
185.106.94.2 - - [08/Dec/2015:09:05:17 +0100] "GET //phpmyadmin/scripts/setup.php HTTP/1.1" 404 333 "-" "-"
185.106.94.2 - - [08/Dec/2015:09:05:17 +0100] "GET //pma/scripts/setup.php HTTP/1.1" 404 326 "-" "-"
185.106.94.2 - - [08/Dec/2015:09:05:17 +0100] "GET //myadmin/scripts/setup.php HTTP/1.1" 404 330 "-" "-"
185.106.94.2 - - [08/Dec/2015:09:05:17 +0100] "GET //MyAdmin/scripts/setup.php HTTP/1.1" 404 330 "-" "-"
157.55.39.38 - - [08/Dec/2015:09:11:59 +0100] "GET /robots.txt HTTP/1.1" 404 323 "-" "Mozilla/5.0 (compatible; bingbot/2.0; +http://www.bing.com/bingbot.htm)"
157.55.39.38 - - [08/Dec/2015:09:12:06 +0100] "GET /karriere.html HTTP/1.1" 404 326 "-" "Mozilla/5.0 (compatible; bingbot/2.0; +http://www.bing.com/bingbot.htm)"
66.249.78.3 - - [08/Dec/2015:09:15:55 +0100] "GET /robots.txt HTTP/1.1" 404 318 "-" "Mozilla/5.0 (compatible; Googlebot/2.1; +http://www.google.com/bot.html)"
66.249.78.3 - - [08/Dec/2015:09:15:55 +0100] "GET / HTTP/1.1" 200 1229 "-" "Mozilla/5.0 (iPhone; CPU iPhone OS 8_3 like Mac OS X) AppleWebKit/600.1.4 (KHTML, like Gecko) Version/8.0 Mobile/12F70 Safari/600.1.4 (compatible; Googlebot/2.1; +http://www.google.com/bot.html)"
208.115.111.74 - - [08/Dec/2015:09:25:42 +0100] "GET /robots.txt HTTP/1.1" 404 327 "-" "Mozilla/5.0 (compatible; DotBot/1.1; http://www.opensiteexplorer.org/dotbot, help@moz.com)"
141.212.121.176 - - [08/Dec/2015:09:40:00 +0100] "GET / HTTP/1.1" 200 1229 "-" "Mozilla/5.0 zgrab/0.x"
149.202.166.19 - - [08/Dec/2015:09:45:03 +0100] "GET /CFIDE/administrator/ HTTP/1.1" 404 325 "-" "-"
149.202.166.19 - - [08/Dec/2015:09:45:03 +0100] "GET /CFIDE/administrator/ HTTP/1.1" 404 325 "-" "-"
149.202.166.19 - - [08/Dec/2015:09:45:03 +0100] "GET /CFIDE/administrator/ HTTP/1.1" 404 325 "-" "-"
149.202.166.19 - - [08/Dec/2015:09:45:03 +0100] "GET /CFIDE/administrator/ HTTP/1.1" 404 325 "-" "-"
149.202.166.19 - - [08/Dec/2015:09:45:03 +0100] "GET /CFIDE/administrator/ HTTP/1.1" 404 325 "-" "-"
149.202.166.19 - - [08/Dec/2015:09:45:03 +0100] "GET /CFIDE/administrator/ HTTP/1.1" 404 325 "-" "-"
149.202.166.19 - - [08/Dec/2015:09:45:03 +0100] "GET /CFIDE/administrator/ HTTP/1.1" 404 325 "-" "-"
149.202.166.19 - - [08/Dec/2015:09:45:03 +0100] "GET /CFIDE/administrator/ HTTP/1.1" 404 325 "-" "-"
149.202.166.19 - - [08/Dec/2015:09:45:03 +0100] "GET /CFIDE/administrator/ HTTP/1.1" 404 325 "-" "-"
149.202.166.19 - - [08/Dec/2015:09:45:03 +0100] "GET /CFIDE/administrator/ HTTP/1.1" 404 325 "-" "-"
115.231.222.14 - - [08/Dec/2015:10:10:24 +0100] "GET http://zc.qq.com/cgi-bin/common/attr?id=260714&r=0.6703349018485386 HTTP/1.1" 404 320 "-" "Mozilla/5.0 (compatible; MSIE 9.0; Windows NT 6.1; Trident/5.0; 360SE)"
185.106.94.91 - - [08/Dec/2015:10:30:05 +0100] "GET /phpmyadmin/scripts/setup.php HTTP/1.0" 404 329 "-" "-"
185.106.94.91 - - [08/Dec/2015:10:30:31 +0100] "GET /phpmyadmin/scripts/setup.php HTTP/1.0" 404 329 "-" "-"
185.106.94.91 - - [08/Dec/2015:10:36:41 +0100] "GET /phpmyadmin/scripts/setup.php HTTP/1.0" 404 329 "-" "-"
185.106.94.91 - - [08/Dec/2015:10:37:14 +0100] "GET /phpmyadmin/scripts/setup.php HTTP/1.0" 404 329 "-" "-"
141.212.121.176 - - [08/Dec/2015:10:46:08 +0100] "GET / HTTP/1.1" 200 1229 "-" "Mozilla/5.0 zgrab/0.x"
185.106.94.91 - - [08/Dec/2015:11:05:31 +0100] "GET /phpmyadmin/scripts/setup.php HTTP/1.0" 404 329 "-" "-"
185.106.94.91 - - [08/Dec/2015:11:05:49 +0100] "GET /phpmyadmin/scripts/setup.php HTTP/1.0" 404 329 "-" "-"
188.138.17.205 - - [08/Dec/2015:11:32:05 +0100] "GET / HTTP/1.1" 200 1229 "-" "-"
188.138.17.205 - - [08/Dec/2015:11:32:05 +0100] "GET /robots.txt HTTP/1.1" 404 315 "-" "-"
188.138.17.205 - - [08/Dec/2015:11:32:05 +0100] "GET /sitemap.xml HTTP/1.1" 404 316 "-" "-"
208.115.111.74 - - [08/Dec/2015:11:37:34 +0100] "GET /lexikon.php?cs_go=2&cs_char=h HTTP/1.1" 404 328 "-" "Mozilla/5.0 (compatible; DotBot/1.1; http://www.opensiteexplorer.org/dotbot, help@moz.com)"
195.62.53.168 - - [08/Dec/2015:11:58:50 +0100] "GET /css/css HTTP/1.0" 404 308 "-" "Mozilla/5.0 (Windows NT 6.1; Win64; x64; rv:30.N) Gecko/20110302 Firefox/30.0"
157.55.39.141 - - [08/Dec/2015:12:06:27 +0100] "GET /robots.txt HTTP/1.1" 404 328 "-" "Mozilla/5.0 (compatible; bingbot/2.0; +http://www.bing.com/bingbot.htm)"
157.55.39.141 - - [08/Dec/2015:12:06:45 +0100] "GET /ec.php HTTP/1.1" 404 324 "-" "Mozilla/5.0 (compatible; bingbot/2.0; +http://www.bing.com/bingbot.htm)"
111.248.101.109 - - [08/Dec/2015:12:29:39 +0100] "CONNECT vip163mx01.mxmail.netease.com:25 HTTP/1.0" 405 358 "-" "-"
115.231.222.14 - - [08/Dec/2015:12:32:50 +0100] "GET http://zc.qq.com/cgi-bin/common/attr?id=260714&r=0.7412373777819491 HTTP/1.1" 404 320 "-" "Mozilla/5.0 (compatible; MSIE 9.0; Windows NT 6.1; Trident/5.0; 360SE)"
137.226.113.7 - - [08/Dec/2015:13:06:07 +0100] "GET / HTTP/1.1" 200 1229 "-" "Mozilla/5.0 (Macintosh; Intel Mac OS X 10_11_1) AppleWebKit/537.36 (KHTML, like Gecko) Chrome/46.0.2490.86 Safari/537.36 Scanning for research (researchscan.comsys.rwth-aachen.de)"
137.226.113.7 - - [08/Dec/2015:13:06:07 +0100] "GET / HTTP/1.1" 200 1229 "-" "Mozilla/5.0 (Macintosh; Intel Mac OS X 10_11_1) AppleWebKit/537.36 (KHTML, like Gecko) Chrome/46.0.2490.86 Safari/537.36 Scanning for research (researchscan.comsys.rwth-aachen.de)"
137.226.113.7 - - [08/Dec/2015:13:20:54 +0100] "GET / HTTP/1.1" 200 1229 "-" "Mozilla/5.0 (Macintosh; Intel Mac OS X 10_11_1) AppleWebKit/537.36 (KHTML, like Gecko) Chrome/46.0.2490.86 Safari/537.36 Scanning for research (researchscan.comsys.rwth-aachen.de)"
137.226.113.7 - - [08/Dec/2015:13:20:54 +0100] "GET / HTTP/1.1" 200 1229 "-" "Mozilla/5.0 (Macintosh; Intel Mac OS X 10_11_1) AppleWebKit/537.36 (KHTML, like Gecko) Chrome/46.0.2490.86 Safari/537.36 Scanning for research (researchscan.comsys.rwth-aachen.de)"
208.115.111.74 - - [08/Dec/2015:13:21:15 +0100] "GET /robots.txt HTTP/1.1" 404 327 "-" "Mozilla/5.0 (compatible; DotBot/1.1; http://www.opensiteexplorer.org/dotbot, help@moz.com)"
137.226.113.7 - - [08/Dec/2015:13:29:45 +0100] "GET / HTTP/1.1" 200 1229 "-" "Mozilla/5.0 (Macintosh; Intel Mac OS X 10_11_1) AppleWebKit/537.36 (KHTML, like Gecko) Chrome/46.0.2490.86 Safari/537.36 Scanning for research (researchscan.comsys.rwth-aachen.de)"
137.226.113.7 - - [08/Dec/2015:13:29:45 +0100] "GET / HTTP/1.1" 200 1229 "-" "Mozilla/5.0 (Macintosh; Intel Mac OS X 10_11_1) AppleWebKit/537.36 (KHTML, like Gecko) Chrome/46.0.2490.86 Safari/537.36 Scanning for research (researchscan.comsys.rwth-aachen.de)"
137.226.113.7 - - [08/Dec/2015:13:53:30 +0100] "GET / HTTP/1.1" 200 1229 "-" "Mozilla/5.0 (Macintosh; Intel Mac OS X 10_11_1) AppleWebKit/537.36 (KHTML, like Gecko) Chrome/46.0.2490.86 Safari/537.36 Scanning for research (researchscan.comsys.rwth-aachen.de)"
137.226.113.7 - - [08/Dec/2015:13:53:30 +0100] "GET / HTTP/1.1" 200 1229 "-" "Mozilla/5.0 (Macintosh; Intel Mac OS X 10_11_1) AppleWebKit/537.36 (KHTML, like Gecko) Chrome/46.0.2490.86 Safari/537.36 Scanning for research (researchscan.comsys.rwth-aachen.de)"
128.232.110.29 - - [08/Dec/2015:14:08:49 +0100] "GET / HTTP/1.1" 200 1229 "-" "Mozilla/5.0 zgrab/0.x"
137.226.113.7 - - [08/Dec/2015:14:25:02 +0100] "GET / HTTP/1.1" 200 1229 "-" "Mozilla/5.0 (Macintosh; Intel Mac OS X 10_11_1) AppleWebKit/537.36 (KHTML, like Gecko) Chrome/46.0.2490.86 Safari/537.36 Scanning for research (researchscan.comsys.rwth-aachen.de)"
137.226.113.7 - - [08/Dec/2015:14:25:02 +0100] "GET / HTTP/1.1" 200 1229 "-" "Mozilla/5.0 (Macintosh; Intel Mac OS X 10_11_1) AppleWebKit/537.36 (KHTML, like Gecko) Chrome/46.0.2490.86 Safari/537.36 Scanning for research (researchscan.comsys.rwth-aachen.de)"
141.212.121.176 - - [08/Dec/2015:14:34:59 +0100] "GET / HTTP/1.1" 200 1229 "-" "Mozilla/5.0 zgrab/0.x"
137.226.113.7 - - [08/Dec/2015:14:51:10 +0100] "GET / HTTP/1.1" 200 1229 "-" "Mozilla/5.0 (Macintosh; Intel Mac OS X 10_11_1) AppleWebKit/537.36 (KHTML, like Gecko) Chrome/46.0.2490.86 Safari/537.36 Scanning for research (researchscan.comsys.rwth-aachen.de)"
137.226.113.7 - - [08/Dec/2015:14:51:10 +0100] "GET / HTTP/1.1" 200 1229 "-" "Mozilla/5.0 (Macintosh; Intel Mac OS X 10_11_1) AppleWebKit/537.36 (KHTML, like Gecko) Chrome/46.0.2490.86 Safari/537.36 Scanning for research (researchscan.comsys.rwth-aachen.de)"
115.231.222.14 - - [08/Dec/2015:14:52:48 +0100] "GET http://zc.qq.com/cgi-bin/common/attr?id=260714&r=0.7911679209607513 HTTP/1.1" 404 320 "-" "Mozilla/5.0 (compatible; MSIE 9.0; Windows NT 6.1; Trident/5.0; 360SE)"
61.228.94.145 - - [08/Dec/2015:15:23:07 +0100] "CONNECT vip163mx01.mxmail.netease.com:25 HTTP/1.0" 405 358 "-" "-"
208.115.111.74 - - [08/Dec/2015:15:27:56 +0100] "GET /lexikon.php?cs_go=2&cs_char=l HTTP/1.1" 404 328 "-" "Mozilla/5.0 (compatible; DotBot/1.1; http://www.opensiteexplorer.org/dotbot, help@moz.com)"
137.226.113.7 - - [08/Dec/2015:15:46:21 +0100] "GET / HTTP/1.1" 200 1229 "-" "Mozilla/5.0 (Macintosh; Intel Mac OS X 10_11_1) AppleWebKit/537.36 (KHTML, like Gecko) Chrome/46.0.2490.86 Safari/537.36 Scanning for research (researchscan.comsys.rwth-aachen.de)"
137.226.113.7 - - [08/Dec/2015:15:46:21 +0100] "GET / HTTP/1.1" 200 1229 "-" "Mozilla/5.0 (Macintosh; Intel Mac OS X 10_11_1) AppleWebKit/537.36 (KHTML, like Gecko) Chrome/46.0.2490.86 Safari/537.36 Scanning for research (researchscan.comsys.rwth-aachen.de)"
128.232.110.29 - - [08/Dec/2015:15:55:30 +0100] "GET / HTTP/1.1" 200 1229 "-" "Mozilla/5.0 zgrab/0.x"
137.226.113.7 - - [08/Dec/2015:16:19:56 +0100] "GET / HTTP/1.1" 200 1229 "-" "Mozilla/5.0 (Macintosh; Intel Mac OS X 10_11_1) AppleWebKit/537.36 (KHTML, like Gecko) Chrome/46.0.2490.86 Safari/537.36 Scanning for research (researchscan.comsys.rwth-aachen.de)"
137.226.113.7 - - [08/Dec/2015:16:19:56 +0100] "GET / HTTP/1.1" 200 1229 "-" "Mozilla/5.0 (Macintosh; Intel Mac OS X 10_11_1) AppleWebKit/537.36 (KHTML, like Gecko) Chrome/46.0.2490.86 Safari/537.36 Scanning for research (researchscan.comsys.rwth-aachen.de)"
64.246.165.190 - - [08/Dec/2015:16:20:43 +0100] "GET /robots.txt HTTP/1.0" 404 328 "-" "Mozilla/5.0 (Windows; U; Windows NT 5.1; en; rv:1.9.0.13) Gecko/2009073022 Firefox/3.5.2 (.NET CLR 3.5.30729) SurveyBot/2.3 (DomainTools)"
64.246.165.190 - - [08/Dec/2015:16:20:44 +0100] "GET / HTTP/1.1" 200 1229 "http://whois.domaintools.com/schmierstoffeberlin.de" "Mozilla/5.0 (Windows; U; Windows NT 5.1; en; rv:1.9.0.13) Gecko/2009073022 Firefox/3.5.2 (.NET CLR 3.5.30729) SurveyBot/2.3 (DomainTools)"
137.226.113.7 - - [08/Dec/2015:16:27:03 +0100] "GET / HTTP/1.1" 200 1229 "-" "Mozilla/5.0 (Macintosh; Intel Mac OS X 10_11_1) AppleWebKit/537.36 (KHTML, like Gecko) Chrome/46.0.2490.86 Safari/537.36 Scanning for research (researchscan.comsys.rwth-aachen.de)"
137.226.113.7 - - [08/Dec/2015:16:27:03 +0100] "GET / HTTP/1.1" 200 1229 "-" "Mozilla/5.0 (Macintosh; Intel Mac OS X 10_11_1) AppleWebKit/537.36 (KHTML, like Gecko) Chrome/46.0.2490.86 Safari/537.36 Scanning for research (researchscan.comsys.rwth-aachen.de)"
137.226.113.7 - - [08/Dec/2015:16:28:07 +0100] "GET / HTTP/1.1" 200 1229 "-" "Mozilla/5.0 (Macintosh; Intel Mac OS X 10_11_1) AppleWebKit/537.36 (KHTML, like Gecko) Chrome/46.0.2490.86 Safari/537.36 Scanning for research (researchscan.comsys.rwth-aachen.de)"
137.226.113.7 - - [08/Dec/2015:16:28:07 +0100] "GET / HTTP/1.1" 200 1229 "-" "Mozilla/5.0 (Macintosh; Intel Mac OS X 10_11_1) AppleWebKit/537.36 (KHTML, like Gecko) Chrome/46.0.2490.86 Safari/537.36 Scanning for research (researchscan.comsys.rwth-aachen.de)"
64.246.165.140 - - [08/Dec/2015:16:29:18 +0100] "GET /robots.txt HTTP/1.0" 404 334 "-" "Mozilla/5.0 (Windows; U; Windows NT 5.1; en; rv:1.9.0.13) Gecko/2009073022 Firefox/3.5.2 (.NET CLR 3.5.30729) SurveyBot/2.3 (DomainTools)"
64.246.165.140 - - [08/Dec/2015:16:29:18 +0100] "GET / HTTP/1.1" 200 1229 "http://whois.domaintools.com/schraeg-senkrechtaufzuege.de" "Mozilla/5.0 (Windows; U; Windows NT 5.1; en; rv:1.9.0.13) Gecko/2009073022 Firefox/3.5.2 (.NET CLR 3.5.30729) SurveyBot/2.3 (DomainTools)"
71.6.135.131 - - [08/Dec/2015:17:17:13 +0100] "GET / HTTP/1.1" 200 1229 "-" "-"
71.6.135.131 - - [08/Dec/2015:17:17:14 +0100] "GET /robots.txt HTTP/1.1" 404 315 "-" "-"
71.6.135.131 - - [08/Dec/2015:17:17:14 +0100] "GET /sitemap.xml HTTP/1.1" 404 316 "-" "-"
115.231.222.14 - - [08/Dec/2015:17:40:51 +0100] "GET http://zc.qq.com/cgi-bin/common/attr?id=260714&r=0.1914167801242248 HTTP/1.1" 404 320 "-" "Mozilla/5.0 (compatible; MSIE 9.0; Windows NT 6.1; Trident/5.0; 360SE)"
115.231.222.14 - - [08/Dec/2015:17:40:57 +0100] "GET http://zc.qq.com/cgi-bin/common/attr?id=260714&r=0.6613425864615797 HTTP/1.1" 404 320 "-" "Mozilla/5.0 (compatible; MSIE 9.0; Windows NT 6.1; Trident/5.0; 360SE)"
120.110.7.35 - - [08/Dec/2015:17:58:01 +0100] "GET /phpMyAdmin/scripts/setup.php HTTP/1.1" 404 333 "-" "-"
120.110.7.35 - - [08/Dec/2015:17:58:06 +0100] "GET /pma/scripts/setup.php HTTP/1.1" 404 326 "-" "-"
120.110.7.35 - - [08/Dec/2015:17:58:12 +0100] "GET /myadmin/scripts/setup.php HTTP/1.1" 404 330 "-" "-"
141.212.121.176 - - [08/Dec/2015:18:04:41 +0100] "GET / HTTP/1.1" 200 1229 "-" "Mozilla/5.0 zgrab/0.x"
104.168.102.195 - - [08/Dec/2015:18:20:06 +0100] "GET / HTTP/1.0" 200 1229 "-" "Mozilla/5.0 (Windows NT 6.3; WOW64) AppleWebKit/537.36 (KHTML, like Gecko) Chrome/34.0.1847.137 Safari/537.36"
188.40.95.70 - - [08/Dec/2015:18:24:59 +0100] "GET /robots.txt HTTP/1.0" 404 317 "-" "Mozilla/5.0 (compatible; MJ12bot/v1.4.5; http://www.majestic12.co.uk/bot.php?+)"
188.40.95.70 - - [08/Dec/2015:18:25:01 +0100] "GET /index.php HTTP/1.0" 404 316 "-" "Mozilla/5.0 (compatible; MJ12bot/v1.4.5; http://www.majestic12.co.uk/bot.php?+)"
188.40.95.70 - - [08/Dec/2015:18:25:02 +0100] "GET /jobs.php HTTP/1.0" 404 315 "-" "Mozilla/5.0 (compatible; MJ12bot/v1.4.5; http://www.majestic12.co.uk/bot.php?+)"
188.40.95.70 - - [08/Dec/2015:18:25:03 +0100] "GET /waermekonto.php HTTP/1.0" 404 322 "-" "Mozilla/5.0 (compatible; MJ12bot/v1.4.5; http://www.majestic12.co.uk/bot.php?+)"
188.40.95.70 - - [08/Dec/2015:18:25:05 +0100] "GET /wunschpreis.php HTTP/1.0" 404 322 "-" "Mozilla/5.0 (compatible; MJ12bot/v1.4.5; http://www.majestic12.co.uk/bot.php?+)"
107.150.55.50 - - [08/Dec/2015:18:28:45 +0100] "GET / HTTP/1.1" 200 1229 "-" "Mozilla/4.0 (compatible; MSIE 8.0; Windows NT 6.1; Trident/4.0; SLCC2; .NET CLR 2.0.50727; .NET CLR 3.5.30729; .NET CLR 3.0.30729; Media Center PC 6.0)"
128.232.110.29 - - [08/Dec/2015:18:41:23 +0100] "GET / HTTP/1.1" 200 1229 "-" "Mozilla/5.0 zgrab/0.x"
141.212.121.176 - - [08/Dec/2015:18:42:15 +0100] "GET / HTTP/1.1" 200 1229 "-" "Mozilla/5.0 zgrab/0.x"
176.9.10.227 - - [08/Dec/2015:18:44:06 +0100] "GET /robots.txt HTTP/1.0" 404 327 "-" "Mozilla/5.0 (compatible; MJ12bot/v1.4.5; http://www.majestic12.co.uk/bot.php?+)"
176.9.10.227 - - [08/Dec/2015:18:44:07 +0100] "GET /news.php?cs_go=archiv&cs_id=4232 HTTP/1.0" 404 325 "-" "Mozilla/5.0 (compatible; MJ12bot/v1.4.5; http://www.majestic12.co.uk/bot.php?+)"
176.9.10.227 - - [08/Dec/2015:18:44:09 +0100] "GET /news.php?cs_go=archiv&cs_id=4487 HTTP/1.0" 404 325 "-" "Mozilla/5.0 (compatible; MJ12bot/v1.4.5; http://www.majestic12.co.uk/bot.php?+)"
176.9.10.227 - - [08/Dec/2015:18:44:11 +0100] "GET /news.php?cs_go=archiv&cs_id=4489 HTTP/1.0" 404 325 "-" "Mozilla/5.0 (compatible; MJ12bot/v1.4.5; http://www.majestic12.co.uk/bot.php?+)"
176.9.10.227 - - [08/Dec/2015:18:44:12 +0100] "GET /news.php?cs_go=archiv&cs_id=5312 HTTP/1.0" 404 325 "-" "Mozilla/5.0 (compatible; MJ12bot/v1.4.5; http://www.majestic12.co.uk/bot.php?+)"
78.46.174.197 - - [08/Dec/2015:18:46:16 +0100] "GET /robots.txt HTTP/1.0" 404 327 "-" "Mozilla/5.0 (compatible; MJ12bot/v1.4.5; http://www.majestic12.co.uk/bot.php?+)"
78.46.174.197 - - [08/Dec/2015:18:46:18 +0100] "GET / HTTP/1.0" 200 1229 "-" "Mozilla/5.0 (compatible; MJ12bot/v1.4.5; http://www.majestic12.co.uk/bot.php?+)"
62.210.152.87 - - [08/Dec/2015:19:08:44 +0100] "GET /robots.txt HTTP/1.0" 404 317 "-" "Mozilla/5.0 (compatible; MJ12bot/v1.4.5; http://www.majestic12.co.uk/bot.php?+)"
62.210.152.87 - - [08/Dec/2015:19:08:45 +0100] "GET /baustellenbetankung.php HTTP/1.0" 404 330 "-" "Mozilla/5.0 (compatible; MJ12bot/v1.4.5; http://www.majestic12.co.uk/bot.php?+)"
71.6.165.200 - - [08/Dec/2015:19:29:56 +0100] "GET / HTTP/1.1" 200 1229 "-" "-"
71.6.165.200 - - [08/Dec/2015:19:29:56 +0100] "GET /robots.txt HTTP/1.1" 404 315 "-" "-"
71.6.165.200 - - [08/Dec/2015:19:29:57 +0100] "GET /sitemap.xml HTTP/1.1" 404 316 "-" "-"
36.229.80.129 - - [08/Dec/2015:19:53:03 +0100] "CONNECT 163mx02.mxmail.netease.com:25 HTTP/1.0" 405 355 "-" "-"
115.231.222.14 - - [08/Dec/2015:20:02:34 +0100] "GET http://zc.qq.com/cgi-bin/common/attr?id=260714&r=0.7073600947573862 HTTP/1.1" 404 320 "-" "Mozilla/5.0 (compatible; MSIE 9.0; Windows NT 6.1; Trident/5.0; 360SE)"
54.213.228.111 - - [08/Dec/2015:20:08:20 +0100] "GET http://steamcommunity.com/market/search/render/ HTTP/1.1" 404 331 "-" "Mozilla/3.0 (compatible; Indy Library)"
54.213.228.111 - - [08/Dec/2015:20:08:20 +0100] "GET http://steamcommunity.com/market/search/render/ HTTP/1.1" 404 331 "-" "Mozilla/3.0 (compatible; Indy Library)"
54.213.228.111 - - [08/Dec/2015:20:08:20 +0100] "GET http://steamcommunity.com/market/search/render/ HTTP/1.1" 404 331 "-" "Mozilla/3.0 (compatible; Indy Library)"
54.213.228.111 - - [08/Dec/2015:20:08:20 +0100] "GET http://steamcommunity.com/market/search/render/ HTTP/1.1" 404 331 "-" "Mozilla/3.0 (compatible; Indy Library)"
54.213.228.111 - - [08/Dec/2015:20:08:20 +0100] "GET http://steamcommunity.com/market/search/render/ HTTP/1.1" 404 331 "-" "Mozilla/3.0 (compatible; Indy Library)"
54.213.228.111 - - [08/Dec/2015:20:08:20 +0100] "GET http://steamcommunity.com/market/search/render/ HTTP/1.1" 404 331 "-" "Mozilla/3.0 (compatible; Indy Library)"
54.213.228.111 - - [08/Dec/2015:20:08:20 +0100] "GET http://steamcommunity.com/market/search/render/ HTTP/1.1" 404 331 "-" "Mozilla/3.0 (compatible; Indy Library)"
54.213.228.111 - - [08/Dec/2015:20:08:20 +0100] "GET http://steamcommunity.com/market/search/render/ HTTP/1.1" 404 331 "-" "Mozilla/3.0 (compatible; Indy Library)"
54.213.228.111 - - [08/Dec/2015:20:08:20 +0100] "GET http://steamcommunity.com/market/search/render/ HTTP/1.1" 404 331 "-" "Mozilla/3.0 (compatible; Indy Library)"
54.213.228.111 - - [08/Dec/2015:20:08:20 +0100] "GET http://steamcommunity.com/market/search/render/ HTTP/1.1" 404 331 "-" "Mozilla/3.0 (compatible; Indy Library)"
141.212.121.176 - - [08/Dec/2015:21:35:16 +0100] "GET / HTTP/1.1" 200 1229 "-" "Mozilla/5.0 zgrab/0.x"
167.88.7.239 - - [08/Dec/2015:21:58:38 +0100] "GET / HTTP/1.1" 200 1229 "-" "Mozilla/4.0 (compatible; MSIE 8.0; Windows NT 6.1; Trident/4.0; SLCC2; .NET CLR 2.0.50727; .NET CLR 3.5.30729; .NET CLR 3.0.30729; Media Center PC 6.0)"
208.115.113.93 - - [08/Dec/2015:22:25:09 +0100] "GET /robots.txt HTTP/1.1" 404 327 "-" "Mozilla/5.0 (compatible; DotBot/1.1; http://www.opensiteexplorer.org/dotbot, help@moz.com)"
115.231.222.14 - - [08/Dec/2015:22:25:26 +0100] "GET http://zc.qq.com/cgi-bin/common/attr?id=260714&r=0.3606069257503434 HTTP/1.1" 404 320 "-" "Mozilla/5.0 (compatible; MSIE 9.0; Windows NT 6.1; Trident/5.0; 360SE)"
115.231.222.14 - - [08/Dec/2015:22:25:26 +0100] "GET http://zc.qq.com/cgi-bin/common/attr?id=260714&r=0.8019105041740756 HTTP/1.1" 404 320 "-" "Mozilla/5.0 (compatible; MSIE 9.0; Windows NT 6.1; Trident/5.0; 360SE)"
115.231.222.14 - - [08/Dec/2015:22:25:27 +0100] "GET http://zc.qq.com/cgi-bin/common/attr?id=260714&r=0.0802942151356170 HTTP/1.1" 404 320 "-" "Mozilla/5.0 (compatible; MSIE 9.0; Windows NT 6.1; Trident/5.0; 360SE)"
115.231.222.14 - - [08/Dec/2015:22:25:30 +0100] "GET http://zc.qq.com/cgi-bin/common/attr?id=260714&r=0.3158337913799958 HTTP/1.1" 404 320 "-" "Mozilla/5.0 (compatible; MSIE 9.0; Windows NT 6.1; Trident/5.0; 360SE)"
115.231.222.14 - - [08/Dec/2015:22:25:36 +0100] "GET http://zc.qq.com/cgi-bin/common/attr?id=260714&r=0.2051698151896352 HTTP/1.1" 404 320 "-" "Mozilla/5.0 (compatible; MSIE 9.0; Windows NT 6.1; Trident/5.0; 360SE)"
115.231.222.14 - - [08/Dec/2015:22:25:48 +0100] "GET http://zc.qq.com/cgi-bin/common/attr?id=260714&r=0.6775195092199957 HTTP/1.1" 404 320 "-" "Mozilla/5.0 (compatible; MSIE 9.0; Windows NT 6.1; Trident/5.0; 360SE)"
115.231.222.14 - - [08/Dec/2015:22:26:12 +0100] "GET http://zc.qq.com/cgi-bin/common/attr?id=260714&r=0.4878866288877326 HTTP/1.1" 404 320 "-" "Mozilla/5.0 (compatible; MSIE 9.0; Windows NT 6.1; Trident/5.0; 360SE)"
61.228.91.154 - - [08/Dec/2015:22:30:42 +0100] "CONNECT 163mx02.mxmail.netease.com:25 HTTP/1.0" 405 355 "-" "-"
78.46.50.246 - - [08/Dec/2015:22:46:34 +0100] "GET /robots.txt HTTP/1.0" 404 328 "-" "Mozilla/5.0 (compatible; MJ12bot/v1.4.5; http://www.majestic12.co.uk/bot.php?+)"
78.46.50.246 - - [08/Dec/2015:22:46:35 +0100] "GET /impressum.php HTTP/1.0" 404 331 "-" "Mozilla/5.0 (compatible; MJ12bot/v1.4.5; http://www.majestic12.co.uk/bot.php?+)"
78.46.50.246 - - [08/Dec/2015:22:46:37 +0100] "GET /lexikon.php HTTP/1.0" 404 329 "-" "Mozilla/5.0 (compatible; MJ12bot/v1.4.5; http://www.majestic12.co.uk/bot.php?+)"
78.46.50.246 - - [08/Dec/2015:22:46:38 +0100] "GET /marktdaten.php HTTP/1.0" 404 332 "-" "Mozilla/5.0 (compatible; MJ12bot/v1.4.5; http://www.majestic12.co.uk/bot.php?+)"
78.46.50.246 - - [08/Dec/2015:22:46:40 +0100] "GET /news.php HTTP/1.0" 404 326 "-" "Mozilla/5.0 (compatible; MJ12bot/v1.4.5; http://www.majestic12.co.uk/bot.php?+)"
78.46.50.246 - - [08/Dec/2015:22:46:41 +0100] "GET /notdienst.php HTTP/1.0" 404 331 "-" "Mozilla/5.0 (compatible; MJ12bot/v1.4.5; http://www.majestic12.co.uk/bot.php?+)"
122.154.24.254 - - [08/Dec/2015:22:48:03 +0100] "GET /phpMyAdmin/scripts/setup.php HTTP/1.1" 404 333 "-" "-"
122.154.24.254 - - [08/Dec/2015:22:48:07 +0100] "GET /pma/scripts/setup.php HTTP/1.1" 404 326 "-" "-"
122.154.24.254 - - [08/Dec/2015:22:48:10 +0100] "GET /myadmin/scripts/setup.php HTTP/1.1" 404 330 "-" "-"
128.232.110.29 - - [08/Dec/2015:23:07:03 +0100] "GET / HTTP/1.1" 200 1229 "-" "Mozilla/5.0 zgrab/0.x"
188.226.206.204 - - [08/Dec/2015:23:14:39 +0100] "GET / HTTP/1.0" 200 1229 "-" "masscan/1.0 (https://github.com/robertdavidgraham/masscan)"
188.226.206.204 - - [08/Dec/2015:23:15:25 +0100] "GET / HTTP/1.0" 200 1229 "-" "masscan/1.0 (https://github.com/robertdavidgraham/masscan)"
188.226.206.204 - - [08/Dec/2015:23:15:42 +0100] "GET / HTTP/1.0" 200 1229 "-" "masscan/1.0 (https://github.com/robertdavidgraham/masscan)"
128.232.110.29 - - [08/Dec/2015:23:23:50 +0100] "GET / HTTP/1.1" 200 1229 "-" "Mozilla/5.0 zgrab/0.x"
36.226.246.161 - - [08/Dec/2015:23:38:15 +0100] "CONNECT vip163mx00.mxmail.netease.com:25 HTTP/1.0" 405 358 "-" "-"
185.106.94.2 - - [08/Dec/2015:23:42:25 +0100] "GET //phpMyAdmin/scripts/setup.php HTTP/1.1" 404 333 "-" "-"
185.106.94.2 - - [08/Dec/2015:23:42:29 +0100] "GET //pma/scripts/setup.php HTTP/1.1" 404 326 "-" "-"
185.106.94.2 - - [08/Dec/2015:23:42:29 +0100] "GET //myadmin/scripts/setup.php HTTP/1.1" 404 330 "-" "-"
185.106.94.2 - - [08/Dec/2015:23:42:30 +0100] "GET //MyAdmin/scripts/setup.php HTTP/1.1" 404 330 "-" "-"
141.212.121.176 - - [09/Dec/2015:00:09:46 +0100] "GET / HTTP/1.1" 200 1229 "-" "Mozilla/5.0 zgrab/0.x"
188.226.206.204 - - [09/Dec/2015:00:20:28 +0100] "GET / HTTP/1.0" 200 1229 "-" "masscan/1.0 (https://github.com/robertdavidgraham/masscan)"
111.248.56.45 - - [09/Dec/2015:00:25:54 +0100] "CONNECT 163mx00.mxmail.netease.com:25 HTTP/1.0" 405 355 "-" "-"
208.115.113.93 - - [09/Dec/2015:00:31:20 +0100] "GET /notdienst.php HTTP/1.1" 404 330 "-" "Mozilla/5.0 (compatible; DotBot/1.1; http://www.opensiteexplorer.org/dotbot, help@moz.com)"
115.231.222.14 - - [09/Dec/2015:00:48:07 +0100] "GET http://zc.qq.com/cgi-bin/common/attr?id=260714&r=0.9876479998747072 HTTP/1.1" 404 320 "-" "Mozilla/5.0 (compatible; MSIE 9.0; Windows NT 6.1; Trident/5.0; 360SE)"
128.232.110.29 - - [09/Dec/2015:01:02:58 +0100] "GET / HTTP/1.1" 200 1229 "-" "Mozilla/5.0 zgrab/0.x"
64.246.165.160 - - [09/Dec/2015:01:07:50 +0100] "GET /robots.txt HTTP/1.0" 404 317 "-" "Mozilla/5.0 (Windows; U; Windows NT 5.1; en; rv:1.9.0.13) Gecko/2009073022 Firefox/3.5.2 (.NET CLR 3.5.30729) SurveyBot/2.3 (DomainTools)"
64.246.165.160 - - [09/Dec/2015:01:07:51 +0100] "GET / HTTP/1.1" 200 1229 "http://whois.domaintools.com/soberlin.de" "Mozilla/5.0 (Windows; U; Windows NT 5.1; en; rv:1.9.0.13) Gecko/2009073022 Firefox/3.5.2 (.NET CLR 3.5.30729) SurveyBot/2.3 (DomainTools)"
45.55.94.36 - - [09/Dec/2015:01:28:12 +0100] "HEAD /spicons/apache_pb.gif HTTP/1.0" 404 - "-" "Mozilla/5.0 (compatible; NetcraftSurveyAgent/1.0; +info@netcraft.com)"
167.88.12.217 - - [09/Dec/2015:01:30:27 +0100] "GET / HTTP/1.1" 200 1229 "-" "Mozilla/4.0 (compatible; MSIE 8.0; Windows NT 6.1; Trident/4.0; SLCC2; .NET CLR 2.0.50727; .NET CLR 3.5.30729; .NET CLR 3.0.30729; Media Center PC 6.0)"
78.46.50.246 - - [09/Dec/2015:02:19:21 +0100] "GET /robots.txt HTTP/1.0" 404 317 "-" "Mozilla/5.0 (compatible; MJ12bot/v1.4.5; http://www.majestic12.co.uk/bot.php?+)"
78.46.50.246 - - [09/Dec/2015:02:19:23 +0100] "GET /brennwerttechnik.php HTTP/1.0" 404 327 "-" "Mozilla/5.0 (compatible; MJ12bot/v1.4.5; http://www.majestic12.co.uk/bot.php?+)"
78.46.50.246 - - [09/Dec/2015:02:19:25 +0100] "GET /diesel.php HTTP/1.0" 404 317 "-" "Mozilla/5.0 (compatible; MJ12bot/v1.4.5; http://www.majestic12.co.uk/bot.php?+)"
78.46.50.246 - - [09/Dec/2015:02:19:27 +0100] "GET /ec.php HTTP/1.0" 404 313 "-" "Mozilla/5.0 (compatible; MJ12bot/v1.4.5; http://www.majestic12.co.uk/bot.php?+)"
46.148.18.122 - - [09/Dec/2015:02:29:03 +0100] "GET /rom-0 HTTP/1.1" 404 310 "-" "-"
46.148.18.122 - - [09/Dec/2015:02:29:03 +0100] "GET / HTTP/1.1" 200 1229 "-" "-"
46.148.18.122 - - [09/Dec/2015:02:29:05 +0100] "GET /tmUnblock.cgi HTTP/1.1" 404 318 "-" "-"
46.148.18.122 - - [09/Dec/2015:02:29:05 +0100] "GET /hndUnblock.cgi HTTP/1.1" 404 319 "-" "-"
46.148.18.122 - - [09/Dec/2015:02:32:22 +0100] "GET /rom-0 HTTP/1.1" 404 310 "-" "-"
46.148.18.122 - - [09/Dec/2015:02:32:22 +0100] "GET / HTTP/1.1" 200 1229 "-" "-"
46.148.18.122 - - [09/Dec/2015:02:32:24 +0100] "GET /tmUnblock.cgi HTTP/1.1" 404 318 "-" "-"
46.148.18.122 - - [09/Dec/2015:02:32:24 +0100] "GET /hndUnblock.cgi HTTP/1.1" 404 319 "-" "-"
46.148.18.122 - - [09/Dec/2015:02:44:56 +0100] "GET /rom-0 HTTP/1.1" 404 310 "-" "-"
46.148.18.122 - - [09/Dec/2015:02:44:56 +0100] "GET / HTTP/1.1" 200 1229 "-" "-"
46.148.18.122 - - [09/Dec/2015:02:44:58 +0100] "GET /tmUnblock.cgi HTTP/1.1" 404 318 "-" "-"
46.148.18.122 - - [09/Dec/2015:02:44:58 +0100] "GET /hndUnblock.cgi HTTP/1.1" 404 319 "-" "-"
46.148.18.122 - - [09/Dec/2015:02:48:24 +0100] "GET /rom-0 HTTP/1.1" 404 310 "-" "-"
46.148.18.122 - - [09/Dec/2015:02:48:25 +0100] "GET / HTTP/1.1" 200 1229 "-" "-"
46.148.18.122 - - [09/Dec/2015:02:48:27 +0100] "GET /tmUnblock.cgi HTTP/1.1" 404 318 "-" "-"
46.148.18.122 - - [09/Dec/2015:02:48:27 +0100] "GET /hndUnblock.cgi HTTP/1.1" 404 319 "-" "-"
188.165.15.26 - - [09/Dec/2015:02:56:36 +0100] "GET /robots.txt HTTP/1.1" 404 328 "-" "Mozilla/5.0 (compatible; AhrefsBot/5.0; +http://ahrefs.com/robot/)"
115.231.222.14 - - [09/Dec/2015:03:10:18 +0100] "GET http://zc.qq.com/cgi-bin/common/attr?id=260714&r=0.5032381092055872 HTTP/1.1" 404 320 "-" "Mozilla/5.0 (compatible; MSIE 9.0; Windows NT 6.1; Trident/5.0; 360SE)"
115.231.222.14 - - [09/Dec/2015:03:10:22 +0100] "GET http://zc.qq.com/cgi-bin/common/attr?id=260714&r=0.4253840263439604 HTTP/1.1" 404 320 "-" "Mozilla/5.0 (compatible; MSIE 9.0; Windows NT 6.1; Trident/5.0; 360SE)"
115.231.222.14 - - [09/Dec/2015:03:10:22 +0100] "GET http://zc.qq.com/cgi-bin/common/attr?id=260714&r=0.7229645702719595 HTTP/1.1" 404 320 "-" "Mozilla/5.0 (compatible; MSIE 9.0; Windows NT 6.1; Trident/5.0; 360SE)"
141.212.121.176 - - [09/Dec/2015:04:04:12 +0100] "GET / HTTP/1.1" 200 1229 "-" "Mozilla/5.0 zgrab/0.x"
198.27.82.152 - - [09/Dec/2015:04:24:55 +0100] "GET /robots.txt HTTP/1.0" 404 328 "-" "Mozilla/5.0 (compatible; MJ12bot/v1.4.5; http://www.majestic12.co.uk/bot.php?+)"
198.27.82.152 - - [09/Dec/2015:04:25:10 +0100] "GET /edl.php HTTP/1.0" 404 325 "-" "Mozilla/5.0 (compatible; MJ12bot/v1.4.5; http://www.majestic12.co.uk/bot.php?+)"
198.27.82.152 - - [09/Dec/2015:04:25:22 +0100] "GET /jobs.php HTTP/1.0" 404 326 "-" "Mozilla/5.0 (compatible; MJ12bot/v1.4.5; http://www.majestic12.co.uk/bot.php?+)"
198.27.82.152 - - [09/Dec/2015:04:25:27 +0100] "GET /waermekonto.php HTTP/1.0" 404 333 "-" "Mozilla/5.0 (compatible; MJ12bot/v1.4.5; http://www.majestic12.co.uk/bot.php?+)"
198.27.82.152 - - [09/Dec/2015:04:25:32 +0100] "GET /wunschpreis.php HTTP/1.0" 404 333 "-" "Mozilla/5.0 (compatible; MJ12bot/v1.4.5; http://www.majestic12.co.uk/bot.php?+)"
188.226.206.204 - - [09/Dec/2015:04:38:24 +0100] "GET / HTTP/1.0" 200 1229 "-" "masscan/1.0 (https://github.com/robertdavidgraham/masscan)"
91.121.221.15 - - [09/Dec/2015:04:54:04 +0100] "GET /robots.txt HTTP/1.0" 404 327 "-" "Mozilla/5.0 (compatible; MJ12bot/v1.4.5; http://www.majestic12.co.uk/bot.php?+)"
91.121.221.15 - - [09/Dec/2015:04:54:05 +0100] "GET /news.php?cs_go=archiv&cs_id=4233 HTTP/1.0" 404 325 "-" "Mozilla/5.0 (compatible; MJ12bot/v1.4.5; http://www.majestic12.co.uk/bot.php?+)"
141.212.121.176 - - [09/Dec/2015:05:12:05 +0100] "GET / HTTP/1.1" 200 1229 "-" "Mozilla/5.0 zgrab/0.x"
167.88.10.195 - - [09/Dec/2015:05:22:01 +0100] "GET / HTTP/1.1" 200 1229 "-" "Mozilla/4.0 (compatible; MSIE 8.0; Windows NT 6.1; Trident/4.0; SLCC2; .NET CLR 2.0.50727; .NET CLR 3.5.30729; .NET CLR 3.0.30729; Media Center PC 6.0)"
193.111.140.106 - - [09/Dec/2015:05:48:12 +0100] "GET /robots.txt HTTP/1.0" 404 327 "-" "Mozilla/5.0 (compatible; MJ12bot/v1.4.5; http://www.majestic12.co.uk/bot.php?+)"
193.111.140.106 - - [09/Dec/2015:05:48:14 +0100] "GET /news.php?cs_go=archiv&cs_id=4696&cs_search= HTTP/1.0" 404 325 "-" "Mozilla/5.0 (compatible; MJ12bot/v1.4.5; http://www.majestic12.co.uk/bot.php?+)"
111.248.98.12 - - [09/Dec/2015:05:59:13 +0100] "CONNECT 126mx02.mxmail.netease.com:25 HTTP/1.0" 405 355 "-" "-"
208.52.161.177 - - [09/Dec/2015:07:12:52 +0100] "GET /phpmyadmin/scripts/signon.php HTTP/1.0" 404 330 "-" "-"
208.52.161.177 - - [09/Dec/2015:07:13:11 +0100] "GET /phpmyadmin/scripts/signon.php HTTP/1.0" 404 330 "-" "-"
208.52.161.177 - - [09/Dec/2015:07:13:13 +0100] "GET /phpmyadmin/scripts/signon.php HTTP/1.0" 404 330 "-" "-"
208.52.161.177 - - [09/Dec/2015:07:14:16 +0100] "GET /phpmyadmin/scripts/signon.php HTTP/1.0" 404 330 "-" "-"
208.52.161.177 - - [09/Dec/2015:07:21:00 +0100] "GET /phpmyadmin/scripts/signon.php HTTP/1.0" 404 330 "-" "-"
