5.9.17.118 - - [11/Dec/2015:14:00:58 +0100] "GET /news.php?cs_go=archiv&cs_id=4511&cs_search= HTTP/1.1" 404 315 "-" "Mozilla/5.0 (Macintosh; U; Intel Mac OS X 10_5_8; zh-cn) AppleWebKit/533.18.1 (KHTML, like Gecko) Version/5.0.2 Safari/533.18.5"
69.12.70.34 - - [11/Dec/2015:14:27:10 +0100] "GET /etc/lib/pChart2/examples/index.php?Action=View&Script=../../../../cnf/db.php HTTP/1.1" 404 339 "-" "HTTP_Request2/2.2.1 (http://pear.php.net/package/http_request2) PHP/5.3.3"
54.153.33.145 - - [11/Dec/2015:14:28:17 +0100] "GET / HTTP/1.1" 200 1229 "-" "Mozilla/5.0 (Windows NT 6.1) AppleWebKit/537.36 (KHTML, like Gecko) Chrome/41.0.2228.0 Safari/537.36"
208.100.26.231 - - [11/Dec/2015:14:29:33 +0100] "GET / HTTP/1.0" 200 1229 "-" "-"
208.100.26.231 - - [11/Dec/2015:14:29:35 +0100] "HEAD / HTTP/1.1" 200 - "-" "Mozilla/5.0 (compatible; Nmap Scripting Engine; http://nmap.org/book/nse.html)"
110.84.129.110 - - [11/Dec/2015:14:51:33 +0100] "GET /phpMyAdmin/scripts/setup.php HTTP/1.1" 404 333 "-" "-"
110.84.129.110 - - [11/Dec/2015:14:51:44 +0100] "GET /pma/scripts/setup.php HTTP/1.1" 404 326 "-" "-"
110.84.129.110 - - [11/Dec/2015:14:51:57 +0100] "GET /myadmin/scripts/setup.php HTTP/1.1" 404 330 "-" "-"
107.150.55.50 - - [11/Dec/2015:15:03:38 +0100] "GET / HTTP/1.1" 200 1229 "-" "Mozilla/4.0 (compatible; MSIE 8.0; Windows NT 6.1; Trident/4.0; SLCC2; .NET CLR 2.0.50727; .NET CLR 3.5.30729; .NET CLR 3.0.30729; Media Center PC 6.0)"
54.153.33.152 - - [11/Dec/2015:15:05:04 +0100] "GET / HTTP/1.1" 200 1229 "-" "Mozilla/5.0 (Windows NT 6.1) AppleWebKit/537.36 (KHTML, like Gecko) Chrome/41.0.2228.0 Safari/537.36"
141.212.122.112 - - [11/Dec/2015:15:23:22 +0100] "GET /x HTTP/1.1" 400 329 "-" "Telesphoreo"
128.232.110.29 - - [11/Dec/2015:15:24:19 +0100] "GET / HTTP/1.1" 200 1229 "-" "Mozilla/5.0 zgrab/0.x"
115.231.222.14 - - [11/Dec/2015:15:25:12 +0100] "GET http://zc.qq.com/cgi-bin/common/attr?id=260714&r=0.6099271875795439 HTTP/1.1" 404 320 "-" "Mozilla/5.0 (compatible; MSIE 9.0; Windows NT 6.1; Trident/5.0; 360SE)"
115.231.222.14 - - [11/Dec/2015:15:25:56 +0100] "GET http://zc.qq.com/cgi-bin/common/attr?id=260714&r=0.2862765024996518 HTTP/1.1" 404 320 "-" "Mozilla/5.0 (compatible; MSIE 9.0; Windows NT 6.1; Trident/5.0; 360SE)"
208.100.26.230 - - [11/Dec/2015:15:55:47 +0100] "GET / HTTP/1.0" 200 1229 "-" "-"
208.100.26.232 - - [11/Dec/2015:15:55:53 +0100] "GET / HTTP/1.0" 200 1229 "-" "-"
208.100.26.232 - - [11/Dec/2015:15:56:43 +0100] "GET / HTTP/1.0" 200 1229 "-" "-"
208.100.26.230 - - [11/Dec/2015:15:56:56 +0100] "GET / HTTP/1.0" 200 1229 "-" "-"
208.100.26.232 - - [11/Dec/2015:15:57:21 +0100] "HEAD / HTTP/1.1" 200 - "-" "Mozilla/5.0 (compatible; Nmap Scripting Engine; http://nmap.org/book/nse.html)"
208.100.26.230 - - [11/Dec/2015:15:57:58 +0100] "HEAD / HTTP/1.1" 200 - "-" "Mozilla/5.0 (compatible; Nmap Scripting Engine; http://nmap.org/book/nse.html)"
208.100.26.232 - - [11/Dec/2015:15:58:26 +0100] "HEAD / HTTP/1.1" 200 - "-" "Mozilla/5.0 (compatible; Nmap Scripting Engine; http://nmap.org/book/nse.html)"
208.100.26.230 - - [11/Dec/2015:15:59:08 +0100] "HEAD / HTTP/1.1" 200 - "-" "Mozilla/5.0 (compatible; Nmap Scripting Engine; http://nmap.org/book/nse.html)"
87.159.214.230 - - [11/Dec/2015:16:00:52 +0100] "GET / HTTP/1.1" 200 1229 "http://www.bigfinder.de/?c=ws&q=online&v=1" "Mozilla/5.0 (Windows; U; Windows NT 6.0; en-US) AppleWebKit/533.4 (KHTML, like Gecko) Chrome/5.0.375.126 Safari/533.4"
107.150.55.50 - - [11/Dec/2015:16:04:49 +0100] "GET / HTTP/1.1" 200 1229 "-" "Mozilla/4.0 (compatible; MSIE 8.0; Windows NT 6.1; Trident/4.0; SLCC2; .NET CLR 2.0.50727; .NET CLR 3.5.30729; .NET CLR 3.0.30729; Media Center PC 6.0)"
107.150.55.52 - - [11/Dec/2015:16:14:33 +0100] "GET / HTTP/1.1" 200 1229 "-" "Mozilla/4.0 (compatible; MSIE 8.0; Windows NT 6.1; Trident/4.0; SLCC2; .NET CLR 2.0.50727; .NET CLR 3.5.30729; .NET CLR 3.0.30729; Media Center PC 6.0)"
141.212.122.112 - - [11/Dec/2015:16:28:41 +0100] "GET /x HTTP/1.1" 400 329 "-" "Telesphoreo"
180.153.236.105 - - [11/Dec/2015:16:33:52 +0100] "GET / HTTP/1.1" 200 1229 "http://www.soberlin.de/" "Mozilla/5.0 (compatible; MSIE 9.0; Windows NT 6.1; Trident/5.0); 360Spider(compatible; HaosouSpider; http://www.haosou.com/help/help_3_2.html)"
182.118.53.139 - - [11/Dec/2015:16:33:57 +0100] "GET / HTTP/1.1" 200 1229 "-" "Mozilla/4.0 (compatible; MSIE 8.0; Windows NT 6.1; Trident/4.0; SLCC2; .NET CLR 2.0.50727; .NET CLR 3.5.30729; .NET CLR 3.0.30729; Media Center PC 6.0)"
107.150.55.52 - - [11/Dec/2015:16:43:39 +0100] "GET / HTTP/1.1" 200 1229 "-" "Mozilla/4.0 (compatible; MSIE 8.0; Windows NT 6.1; Trident/4.0; SLCC2; .NET CLR 2.0.50727; .NET CLR 3.5.30729; .NET CLR 3.0.30729; Media Center PC 6.0)"
107.150.55.53 - - [11/Dec/2015:17:00:38 +0100] "GET / HTTP/1.1" 200 1229 "-" "Mozilla/4.0 (compatible; MSIE 8.0; Windows NT 6.1; Trident/4.0; SLCC2; .NET CLR 2.0.50727; .NET CLR 3.5.30729; .NET CLR 3.0.30729; Media Center PC 6.0)"
111.248.115.64 - - [11/Dec/2015:17:00:43 +0100] "CONNECT vip163mx01.mxmail.netease.com:25 HTTP/1.0" 405 358 "-" "-"
107.150.55.51 - - [11/Dec/2015:17:13:11 +0100] "GET / HTTP/1.1" 200 1229 "-" "Mozilla/4.0 (compatible; MSIE 8.0; Windows NT 6.1; Trident/4.0; SLCC2; .NET CLR 2.0.50727; .NET CLR 3.5.30729; .NET CLR 3.0.30729; Media Center PC 6.0)"
141.212.122.112 - - [11/Dec/2015:17:17:42 +0100] "GET /x HTTP/1.1" 400 329 "-" "Telesphoreo"
128.232.110.29 - - [11/Dec/2015:17:22:24 +0100] "GET / HTTP/1.1" 200 1229 "-" "Mozilla/5.0 zgrab/0.x"
157.55.39.46 - - [11/Dec/2015:17:29:22 +0100] "GET /robots.txt HTTP/1.1" 404 323 "-" "Mozilla/5.0 (compatible; bingbot/2.0; +http://www.bing.com/bingbot.htm)"
157.55.39.46 - - [11/Dec/2015:17:29:27 +0100] "GET /ansprechpartner.html HTTP/1.1" 404 333 "-" "Mozilla/5.0 (compatible; bingbot/2.0; +http://www.bing.com/bingbot.htm)"
115.231.222.14 - - [11/Dec/2015:17:45:04 +0100] "GET http://zc.qq.com/cgi-bin/common/attr?id=260714&r=0.9719469135985688 HTTP/1.1" 404 320 "-" "Mozilla/5.0 (compatible; MSIE 9.0; Windows NT 6.1; Trident/5.0; 360SE)"
115.231.222.14 - - [11/Dec/2015:17:45:07 +0100] "GET http://zc.qq.com/cgi-bin/common/attr?id=260714&r=0.0192961942901523 HTTP/1.1" 404 320 "-" "Mozilla/5.0 (compatible; MSIE 9.0; Windows NT 6.1; Trident/5.0; 360SE)"
115.231.222.14 - - [11/Dec/2015:17:45:17 +0100] "GET http://zc.qq.com/cgi-bin/common/attr?id=260714&r=0.7318987745071029 HTTP/1.1" 404 320 "-" "Mozilla/5.0 (compatible; MSIE 9.0; Windows NT 6.1; Trident/5.0; 360SE)"
206.253.224.14 - - [11/Dec/2015:17:48:58 +0100] "GET /robots.txt HTTP/1.1" 404 315 "-" "Mozilla/5.0 (compatible; oBot/2.3.1; http://filterdb.iss.net/crawler/)"
206.253.224.14 - - [11/Dec/2015:17:48:58 +0100] "HEAD / HTTP/1.1" 200 - "-" "Mozilla/5.0 (compatible; oBot/2.3.1; http://filterdb.iss.net/crawler/)"
128.232.110.29 - - [11/Dec/2015:17:54:32 +0100] "GET / HTTP/1.1" 200 1229 "-" "Mozilla/5.0 zgrab/0.x"
66.249.66.113 - - [11/Dec/2015:19:04:57 +0100] "GET /robots.txt HTTP/1.1" 404 327 "-" "Mozilla/5.0 (compatible; Googlebot/2.1; +http://www.google.com/bot.html)"
66.249.66.111 - - [11/Dec/2015:19:04:58 +0100] "GET /news.php?cs_go=archiv&cs_id=1315&cs_search= HTTP/1.1" 404 325 "-" "Mozilla/5.0 (compatible; Googlebot/2.1; +http://www.google.com/bot.html)"
46.229.170.197 - - [11/Dec/2015:19:09:12 +0100] "GET / HTTP/1.1" 200 1229 "-" "Mozilla/5.0 (X11; U; Linux i686; pl-PL; rv:1.9.0.2) Gecko/2008092313 Ubuntu/9.25 (jaunty) Firefox/3.8"
193.111.140.106 - - [11/Dec/2015:19:13:42 +0100] "GET /robots.txt HTTP/1.0" 404 327 "-" "Mozilla/5.0 (compatible; MJ12bot/v1.4.5; http://www.majestic12.co.uk/bot.php?+)"
193.111.140.106 - - [11/Dec/2015:19:13:43 +0100] "GET / HTTP/1.0" 200 1229 "-" "Mozilla/5.0 (compatible; MJ12bot/v1.4.5; http://www.majestic12.co.uk/bot.php?+)"
128.232.110.29 - - [11/Dec/2015:19:19:38 +0100] "GET / HTTP/1.1" 200 1229 "-" "Mozilla/5.0 zgrab/0.x"
46.4.123.172 - - [11/Dec/2015:19:32:44 +0100] "GET /robots.txt HTTP/1.0" 404 327 "-" "Mozilla/5.0 (compatible; MJ12bot/v1.4.5; http://www.majestic12.co.uk/bot.php?+)"
46.4.123.172 - - [11/Dec/2015:19:32:45 +0100] "GET /news.php?cs_go=archiv&cs_id=4727 HTTP/1.0" 404 325 "-" "Mozilla/5.0 (compatible; MJ12bot/v1.4.5; http://www.majestic12.co.uk/bot.php?+)"
218.92.44.26 - - [11/Dec/2015:19:43:01 +0100] "GET /phpMyAdmin/scripts/setup.php HTTP/1.1" 404 333 "-" "-"
218.92.44.26 - - [11/Dec/2015:19:44:20 +0100] "GET /pma/scripts/setup.php HTTP/1.1" 404 326 "-" "-"
115.231.222.14 - - [11/Dec/2015:20:04:27 +0100] "GET http://zc.qq.com/cgi-bin/common/attr?id=260714&r=0.0393504814323642 HTTP/1.1" 404 320 "-" "Mozilla/5.0 (compatible; MSIE 9.0; Windows NT 6.1; Trident/5.0; 360SE)"
115.231.222.14 - - [11/Dec/2015:20:04:30 +0100] "GET http://zc.qq.com/cgi-bin/common/attr?id=260714&r=0.8510337120709488 HTTP/1.1" 404 320 "-" "Mozilla/5.0 (compatible; MSIE 9.0; Windows NT 6.1; Trident/5.0; 360SE)"
157.55.39.115 - - [11/Dec/2015:20:30:25 +0100] "GET /robots.txt HTTP/1.1" 404 317 "-" "Mozilla/5.0 (compatible; bingbot/2.0; +http://www.bing.com/bingbot.htm)"
157.55.39.115 - - [11/Dec/2015:20:30:48 +0100] "GET /downloads/waermekonto.pdf HTTP/1.1" 404 332 "-" "Mozilla/5.0 (compatible; bingbot/2.0; +http://www.bing.com/bingbot.htm)"
66.249.66.22 - - [11/Dec/2015:20:46:38 +0100] "GET /robots.txt HTTP/1.1" 404 318 "-" "Mozilla/5.0 (compatible; Googlebot/2.1; +http://www.google.com/bot.html)"
66.249.66.25 - - [11/Dec/2015:20:46:38 +0100] "GET / HTTP/1.1" 200 1229 "-" "Mozilla/5.0 (compatible; Googlebot/2.1; +http://www.google.com/bot.html)"
66.249.66.156 - - [11/Dec/2015:20:59:07 +0100] "GET /robots.txt HTTP/1.1" 404 323 "-" "Mozilla/5.0 (compatible; Googlebot/2.1; +http://www.google.com/bot.html)"
66.249.66.160 - - [11/Dec/2015:20:59:08 +0100] "GET / HTTP/1.1" 200 1229 "-" "Mozilla/5.0 (compatible; Googlebot/2.1; +http://www.google.com/bot.html)"
46.9.164.175 - - [11/Dec/2015:21:02:01 +0100] "GET /robots.txt HTTP/1.0" 404 327 "-" "Mozilla/5.0 (compatible; MJ12bot/v1.4.5; http://www.majestic12.co.uk/bot.php?+)"
46.9.164.175 - - [11/Dec/2015:21:02:02 +0100] "GET /news.php?cs_go=archiv&cs_id=4540 HTTP/1.0" 404 325 "-" "Mozilla/5.0 (compatible; MJ12bot/v1.4.5; http://www.majestic12.co.uk/bot.php?+)"
46.9.164.175 - - [11/Dec/2015:21:02:03 +0100] "GET /news.php?cs_go=archiv&cs_id=4726 HTTP/1.0" 404 325 "-" "Mozilla/5.0 (compatible; MJ12bot/v1.4.5; http://www.majestic12.co.uk/bot.php?+)"
46.9.164.175 - - [11/Dec/2015:21:02:05 +0100] "GET /news.php?cs_go=archiv&cs_id=4727 HTTP/1.0" 404 325 "-" "Mozilla/5.0 (compatible; MJ12bot/v1.4.5; http://www.majestic12.co.uk/bot.php?+)"
144.76.8.132 - - [11/Dec/2015:21:42:23 +0100] "GET /robots.txt HTTP/1.0" 404 328 "-" "Mozilla/5.0 (compatible; MJ12bot/v1.4.5; http://www.majestic12.co.uk/bot.php?+)"
144.76.8.132 - - [11/Dec/2015:21:42:24 +0100] "GET /heizoel.php HTTP/1.0" 404 329 "-" "Mozilla/5.0 (compatible; MJ12bot/v1.4.5; http://www.majestic12.co.uk/bot.php?+)"
87.250.244.30 - - [11/Dec/2015:21:50:15 +0100] "GET /robots.txt HTTP/1.1" 404 317 "-" "Mozilla/5.0 (compatible; YandexBot/3.0; +http://yandex.com/bots)"
208.52.161.177 - - [11/Dec/2015:22:14:12 +0100] "GET /phpMyAdmin/scripts/setup.php HTTP/1.0" 404 329 "-" "-"
208.52.161.177 - - [11/Dec/2015:22:14:13 +0100] "GET /phpMyAdmin/scripts/setup.php HTTP/1.0" 404 329 "-" "-"
208.52.161.177 - - [11/Dec/2015:22:14:15 +0100] "GET /phpMyAdmin/scripts/setup.php HTTP/1.0" 404 329 "-" "-"
208.52.161.177 - - [11/Dec/2015:22:14:18 +0100] "GET /phpMyAdmin/scripts/setup.php HTTP/1.0" 404 329 "-" "-"
208.52.161.177 - - [11/Dec/2015:22:14:21 +0100] "GET /phpMyAdmin/scripts/setup.php HTTP/1.0" 404 329 "-" "-"
208.52.161.177 - - [11/Dec/2015:22:14:22 +0100] "GET /phpMyAdmin/scripts/setup.php HTTP/1.0" 404 329 "-" "-"
208.52.161.177 - - [11/Dec/2015:22:14:27 +0100] "GET /phpMyAdmin/scripts/setup.php HTTP/1.0" 404 329 "-" "-"
208.52.161.177 - - [11/Dec/2015:22:18:24 +0100] "GET /phpMyAdmin/scripts/setup.php HTTP/1.0" 404 329 "-" "-"
208.52.161.177 - - [11/Dec/2015:22:18:26 +0100] "GET /phpMyAdmin/scripts/setup.php HTTP/1.0" 404 329 "-" "-"
208.52.161.177 - - [11/Dec/2015:22:18:38 +0100] "GET /phpMyAdmin/scripts/setup.php HTTP/1.0" 404 329 "-" "-"
66.249.66.96 - - [11/Dec/2015:22:22:59 +0100] "GET /robots.txt HTTP/1.1" 404 328 "-" "Mozilla/5.0 (compatible; Googlebot/2.1; +http://www.google.com/bot.html)"
66.249.66.96 - - [11/Dec/2015:22:22:59 +0100] "GET / HTTP/1.1" 200 1229 "-" "Mozilla/5.0 (compatible; Googlebot/2.1; +http://www.google.com/bot.html)"
115.231.222.14 - - [11/Dec/2015:22:23:58 +0100] "GET http://zc.qq.com/cgi-bin/common/attr?id=260714&r=0.4853652867565816 HTTP/1.1" 404 320 "-" "Mozilla/5.0 (compatible; MSIE 9.0; Windows NT 6.1; Trident/5.0; 360SE)"
115.231.222.14 - - [11/Dec/2015:22:23:59 +0100] "GET http://zc.qq.com/cgi-bin/common/attr?id=260714&r=0.8739291372370726 HTTP/1.1" 404 320 "-" "Mozilla/5.0 (compatible; MSIE 9.0; Windows NT 6.1; Trident/5.0; 360SE)"
128.232.110.29 - - [11/Dec/2015:22:37:38 +0100] "GET / HTTP/1.1" 200 1229 "-" "Mozilla/5.0 zgrab/0.x"
54.153.32.246 - - [11/Dec/2015:22:57:20 +0100] "GET / HTTP/1.1" 200 1229 "-" "Mozilla/5.0 (Windows NT 6.1) AppleWebKit/537.36 (KHTML, like Gecko) Chrome/41.0.2228.0 Safari/537.36"
157.55.39.162 - - [11/Dec/2015:22:58:16 +0100] "GET /robots.txt HTTP/1.1" 404 317 "-" "Mozilla/5.0 (compatible; bingbot/2.0; +http://www.bing.com/bingbot.htm)"
157.55.39.162 - - [11/Dec/2015:22:58:22 +0100] "GET /ansprechpartner.php HTTP/1.1" 404 326 "-" "Mozilla/5.0 (compatible; bingbot/2.0; +http://www.bing.com/bingbot.htm)"
68.180.230.245 - - [11/Dec/2015:23:04:25 +0100] "GET /robots.txt HTTP/1.1" 404 323 "-" "Mozilla/5.0 (compatible; Yahoo! Slurp; http://help.yahoo.com/help/us/ysearch/slurp)"
68.180.230.245 - - [11/Dec/2015:23:04:26 +0100] "GET / HTTP/1.1" 304 - "-" "Mozilla/5.0 (compatible; Yahoo! Slurp; http://help.yahoo.com/help/us/ysearch/slurp)"
54.153.33.145 - - [11/Dec/2015:23:05:49 +0100] "GET / HTTP/1.1" 200 1229 "-" "Mozilla/5.0 (Windows NT 6.1) AppleWebKit/537.36 (KHTML, like Gecko) Chrome/41.0.2228.0 Safari/537.36"
206.253.224.14 - - [11/Dec/2015:23:37:16 +0100] "GET /robots.txt HTTP/1.1" 404 315 "-" "Mozilla/5.0 (compatible; oBot/2.3.1; http://filterdb.iss.net/crawler/)"
206.253.224.14 - - [11/Dec/2015:23:37:16 +0100] "HEAD / HTTP/1.1" 200 - "-" "Mozilla/5.0 (compatible; oBot/2.3.1; http://filterdb.iss.net/crawler/)"
66.249.66.161 - - [11/Dec/2015:23:47:22 +0100] "GET /robots.txt HTTP/1.1" 404 332 "-" "Mozilla/5.0 (compatible; Googlebot/2.1; +http://www.google.com/bot.html)"
66.249.66.153 - - [11/Dec/2015:23:47:22 +0100] "GET / HTTP/1.1" 200 1229 "-" "Mozilla/5.0 (compatible; Googlebot/2.1; +http://www.google.com/bot.html)"
54.153.33.233 - - [11/Dec/2015:23:58:47 +0100] "GET / HTTP/1.1" 200 1229 "-" "Mozilla/5.0 (Windows NT 6.1) AppleWebKit/537.36 (KHTML, like Gecko) Chrome/41.0.2228.0 Safari/537.36"
66.249.66.22 - - [12/Dec/2015:00:11:51 +0100] "GET /robots.txt HTTP/1.1" 404 328 "-" "Mozilla/5.0 (compatible; Googlebot/2.1; +http://www.google.com/bot.html)"
66.249.66.19 - - [12/Dec/2015:00:11:51 +0100] "GET /faq.php HTTP/1.1" 404 325 "-" "Mozilla/5.0 (compatible; Googlebot/2.1; +http://www.google.com/bot.html)"
46.148.18.122 - - [12/Dec/2015:00:24:24 +0100] "GET /rom-0 HTTP/1.1" 404 310 "-" "-"
46.148.18.122 - - [12/Dec/2015:00:24:24 +0100] "GET / HTTP/1.1" 200 1229 "-" "-"
46.148.18.122 - - [12/Dec/2015:00:24:26 +0100] "GET /tmUnblock.cgi HTTP/1.1" 404 318 "-" "-"
46.148.18.122 - - [12/Dec/2015:00:24:26 +0100] "GET /hndUnblock.cgi HTTP/1.1" 404 319 "-" "-"
46.148.18.122 - - [12/Dec/2015:00:31:00 +0100] "GET /rom-0 HTTP/1.1" 404 310 "-" "-"
46.148.18.122 - - [12/Dec/2015:00:31:00 +0100] "GET / HTTP/1.1" 200 1229 "-" "-"
46.148.18.122 - - [12/Dec/2015:00:31:02 +0100] "GET /tmUnblock.cgi HTTP/1.1" 404 318 "-" "-"
46.148.18.122 - - [12/Dec/2015:00:31:02 +0100] "GET /hndUnblock.cgi HTTP/1.1" 404 319 "-" "-"
115.231.222.14 - - [12/Dec/2015:00:42:53 +0100] "GET http://zc.qq.com/cgi-bin/common/attr?id=260714&r=0.1194843025528602 HTTP/1.1" 404 320 "-" "Mozilla/5.0 (compatible; MSIE 9.0; Windows NT 6.1; Trident/5.0; 360SE)"
115.231.222.14 - - [12/Dec/2015:00:43:01 +0100] "GET http://zc.qq.com/cgi-bin/common/attr?id=260714&r=0.5105214804867801 HTTP/1.1" 404 320 "-" "Mozilla/5.0 (compatible; MSIE 9.0; Windows NT 6.1; Trident/5.0; 360SE)"
40.77.167.65 - - [12/Dec/2015:00:43:41 +0100] "GET /robots.txt HTTP/1.1" 404 323 "-" "Mozilla/5.0 (compatible; bingbot/2.0; +http://www.bing.com/bingbot.htm)"
40.77.167.65 - - [12/Dec/2015:00:43:43 +0100] "GET /haftungsausschluss.html HTTP/1.1" 404 336 "-" "Mozilla/5.0 (compatible; bingbot/2.0; +http://www.bing.com/bingbot.htm)"
54.153.33.152 - - [12/Dec/2015:00:45:18 +0100] "GET / HTTP/1.1" 200 1229 "-" "Mozilla/5.0 (Windows NT 6.1) AppleWebKit/537.36 (KHTML, like Gecko) Chrome/41.0.2228.0 Safari/537.36"
54.153.32.246 - - [12/Dec/2015:00:55:18 +0100] "GET / HTTP/1.1" 200 1229 "-" "Mozilla/5.0 (Windows NT 6.1) AppleWebKit/537.36 (KHTML, like Gecko) Chrome/41.0.2228.0 Safari/537.36"
54.153.33.145 - - [12/Dec/2015:01:06:20 +0100] "GET / HTTP/1.1" 200 1229 "-" "Mozilla/5.0 (Windows NT 6.1) AppleWebKit/537.36 (KHTML, like Gecko) Chrome/41.0.2228.0 Safari/537.36"
128.232.110.29 - - [12/Dec/2015:01:20:00 +0100] "GET / HTTP/1.1" 200 1229 "-" "Mozilla/5.0 zgrab/0.x"
54.153.33.233 - - [12/Dec/2015:01:28:51 +0100] "GET / HTTP/1.1" 200 1229 "-" "Mozilla/5.0 (Windows NT 6.1) AppleWebKit/537.36 (KHTML, like Gecko) Chrome/41.0.2228.0 Safari/537.36"
54.153.33.233 - - [12/Dec/2015:02:23:43 +0100] "GET / HTTP/1.1" 200 1229 "-" "Mozilla/5.0 (Windows NT 6.1) AppleWebKit/537.36 (KHTML, like Gecko) Chrome/41.0.2228.0 Safari/537.36"
141.212.122.112 - - [12/Dec/2015:02:42:41 +0100] "GET /x HTTP/1.1" 400 329 "-" "Telesphoreo"
69.30.214.46 - - [12/Dec/2015:02:59:59 +0100] "GET /robots.txt HTTP/1.0" 404 328 "-" "Mozilla/5.0 (compatible; MJ12bot/v1.4.5; http://www.majestic12.co.uk/bot.php?+)"
69.30.214.46 - - [12/Dec/2015:03:00:01 +0100] "GET /news.php?cs_go=archiv&cs_id=5377 HTTP/1.0" 404 326 "-" "Mozilla/5.0 (compatible; MJ12bot/v1.4.5; http://www.majestic12.co.uk/bot.php?+)"
69.30.214.46 - - [12/Dec/2015:03:00:02 +0100] "GET /news.php?cs_go=archiv&cs_id=5378 HTTP/1.0" 404 326 "-" "Mozilla/5.0 (compatible; MJ12bot/v1.4.5; http://www.majestic12.co.uk/bot.php?+)"
69.30.214.46 - - [12/Dec/2015:03:00:04 +0100] "GET /news.php?cs_go=archiv&cs_id=5379 HTTP/1.0" 404 326 "-" "Mozilla/5.0 (compatible; MJ12bot/v1.4.5; http://www.majestic12.co.uk/bot.php?+)"
69.30.214.46 - - [12/Dec/2015:03:00:06 +0100] "GET /news.php?cs_go=archiv&cs_startpos=0 HTTP/1.0" 404 326 "-" "Mozilla/5.0 (compatible; MJ12bot/v1.4.5; http://www.majestic12.co.uk/bot.php?+)"
188.40.95.70 - - [12/Dec/2015:03:00:59 +0100] "GET /robots.txt HTTP/1.0" 404 327 "-" "Mozilla/5.0 (compatible; MJ12bot/v1.4.5; http://www.majestic12.co.uk/bot.php?+)"
188.40.95.70 - - [12/Dec/2015:03:01:01 +0100] "GET /news.php?cs_go=archiv&cs_id=4233 HTTP/1.0" 404 325 "-" "Mozilla/5.0 (compatible; MJ12bot/v1.4.5; http://www.majestic12.co.uk/bot.php?+)"
188.40.95.70 - - [12/Dec/2015:03:01:02 +0100] "GET /news.php?cs_go=archiv&cs_id=5300 HTTP/1.0" 404 325 "-" "Mozilla/5.0 (compatible; MJ12bot/v1.4.5; http://www.majestic12.co.uk/bot.php?+)"
188.40.95.70 - - [12/Dec/2015:03:01:04 +0100] "GET /news.php?cs_go=archiv&cs_id=5301 HTTP/1.0" 404 325 "-" "Mozilla/5.0 (compatible; MJ12bot/v1.4.5; http://www.majestic12.co.uk/bot.php?+)"
188.40.95.70 - - [12/Dec/2015:03:01:05 +0100] "GET /news.php?cs_go=archiv&cs_id=5302 HTTP/1.0" 404 325 "-" "Mozilla/5.0 (compatible; MJ12bot/v1.4.5; http://www.majestic12.co.uk/bot.php?+)"
115.231.222.14 - - [12/Dec/2015:03:03:00 +0100] "GET http://zc.qq.com/cgi-bin/common/attr?id=260714&r=0.3198619574164614 HTTP/1.1" 404 320 "-" "Mozilla/5.0 (compatible; MSIE 9.0; Windows NT 6.1; Trident/5.0; 360SE)"
115.231.222.14 - - [12/Dec/2015:03:03:08 +0100] "GET http://zc.qq.com/cgi-bin/common/attr?id=260714&r=0.8538087502374931 HTTP/1.1" 404 320 "-" "Mozilla/5.0 (compatible; MSIE 9.0; Windows NT 6.1; Trident/5.0; 360SE)"
115.231.222.14 - - [12/Dec/2015:03:03:30 +0100] "GET http://zc.qq.com/cgi-bin/common/attr?id=260714&r=0.4292999696780555 HTTP/1.1" 404 320 "-" "Mozilla/5.0 (compatible; MSIE 9.0; Windows NT 6.1; Trident/5.0; 360SE)"
87.159.214.230 - - [12/Dec/2015:03:09:00 +0100] "GET / HTTP/1.1" 200 1229 "http://www.bigfinder.de/?c=ws&q=online&v=1" "Mozilla/5.0 (Windows; U; Windows NT 6.0; en-US) AppleWebKit/533.4 (KHTML, like Gecko) Chrome/5.0.375.126 Safari/533.4"
208.115.111.74 - - [12/Dec/2015:03:13:41 +0100] "GET /robots.txt HTTP/1.1" 404 327 "-" "Mozilla/5.0 (compatible; DotBot/1.1; http://www.opensiteexplorer.org/dotbot, help@moz.com)"
142.4.215.116 - - [12/Dec/2015:03:16:29 +0100] "GET /robots.txt HTTP/1.0" 404 337 "-" ""
142.4.215.116 - - [12/Dec/2015:03:16:29 +0100] "GET / HTTP/1.1" 206 1229 "-" "Mozilla/5.0 (X11; Linux i686) AppleWebKit/534.30 (KHTML, like Gecko) Chrome/12.0.742.100 Safari/534.30"
178.202.132.160 - - [12/Dec/2015:03:20:58 +0100] "GET /robots.txt HTTP/1.0" 404 317 "-" "Mozilla/5.0 (compatible; MJ12bot/v1.4.5; http://www.majestic12.co.uk/bot.php?+)"
178.202.132.160 - - [12/Dec/2015:03:20:59 +0100] "GET /kontakt.php HTTP/1.0" 404 318 "-" "Mozilla/5.0 (compatible; MJ12bot/v1.4.5; http://www.majestic12.co.uk/bot.php?+)"
62.210.246.137 - - [12/Dec/2015:03:38:37 +0100] "GET /robots.txt HTTP/1.0" 404 317 "-" "Mozilla/5.0 (compatible; MJ12bot/v1.4.5; http://www.majestic12.co.uk/bot.php?+)"
62.210.246.137 - - [12/Dec/2015:03:38:39 +0100] "GET /ansprechpartner.php HTTP/1.1" 404 326 "-" "Mozilla/5.0 (compatible; MJ12bot/v1.4.5; http://www.majestic12.co.uk/bot.php?+)"
62.210.246.137 - - [12/Dec/2015:03:38:43 +0100] "GET /foerdermittel.php HTTP/1.1" 404 324 "-" "Mozilla/5.0 (compatible; MJ12bot/v1.4.5; http://www.majestic12.co.uk/bot.php?+)"
62.210.246.137 - - [12/Dec/2015:03:38:46 +0100] "GET /heizoel.php HTTP/1.1" 404 318 "-" "Mozilla/5.0 (compatible; MJ12bot/v1.4.5; http://www.majestic12.co.uk/bot.php?+)"
62.210.246.137 - - [12/Dec/2015:03:38:49 +0100] "GET /impressum.php HTTP/1.1" 404 320 "-" "Mozilla/5.0 (compatible; MJ12bot/v1.4.5; http://www.majestic12.co.uk/bot.php?+)"
111.248.63.91 - - [12/Dec/2015:03:54:46 +0100] "CONNECT 163mx03.mxmail.netease.com:25 HTTP/1.0" 405 355 "-" "-"
62.212.73.211 - - [12/Dec/2015:03:56:04 +0100] "GET /robots.txt HTTP/1.0" 404 327 "-" "Mozilla/5.0 (compatible; MJ12bot/v1.4.5; http://www.majestic12.co.uk/bot.php?+)"
62.212.73.211 - - [12/Dec/2015:03:56:05 +0100] "GET /news.php?cs_go=archiv&cs_id=5144 HTTP/1.0" 404 325 "-" "Mozilla/5.0 (compatible; MJ12bot/v1.4.5; http://www.majestic12.co.uk/bot.php?+)"
54.153.33.145 - - [12/Dec/2015:04:23:30 +0100] "GET / HTTP/1.1" 200 1229 "-" "Mozilla/5.0 (Windows NT 6.1) AppleWebKit/537.36 (KHTML, like Gecko) Chrome/41.0.2228.0 Safari/537.36"
141.212.122.112 - - [12/Dec/2015:04:32:55 +0100] "GET /x HTTP/1.1" 400 329 "-" "Telesphoreo"
141.212.122.112 - - [12/Dec/2015:04:48:52 +0100] "GET /x HTTP/1.1" 400 329 "-" "Telesphoreo"
141.212.122.112 - - [12/Dec/2015:04:53:18 +0100] "GET /x HTTP/1.1" 400 329 "-" "Telesphoreo"
5.9.73.227 - - [12/Dec/2015:04:58:56 +0100] "GET /robots.txt HTTP/1.0" 404 317 "-" "Mozilla/5.0 (compatible; MJ12bot/v1.4.5; http://www.majestic12.co.uk/bot.php?+)"
5.9.73.227 - - [12/Dec/2015:04:58:58 +0100] "GET /edl.php HTTP/1.0" 404 314 "-" "Mozilla/5.0 (compatible; MJ12bot/v1.4.5; http://www.majestic12.co.uk/bot.php?+)"
5.9.73.227 - - [12/Dec/2015:04:58:59 +0100] "GET /faq.php HTTP/1.0" 404 314 "-" "Mozilla/5.0 (compatible; MJ12bot/v1.4.5; http://www.majestic12.co.uk/bot.php?+)"
208.115.111.74 - - [12/Dec/2015:05:05:50 +0100] "GET /foerdermittel.php HTTP/1.1" 404 334 "-" "Mozilla/5.0 (compatible; DotBot/1.1; http://www.opensiteexplorer.org/dotbot, help@moz.com)"
54.153.33.152 - - [12/Dec/2015:05:13:15 +0100] "GET / HTTP/1.1" 200 1229 "-" "Mozilla/5.0 (Windows NT 6.1) AppleWebKit/537.36 (KHTML, like Gecko) Chrome/41.0.2228.0 Safari/537.36"
212.59.30.110 - - [12/Dec/2015:05:18:20 +0100] "GET /manager/html HTTP/1.1" 404 317 "-" "Mozilla/5.0 (Windows NT 5.1; rv:5.0) Gecko/20100101 Firefox/5.0"
212.59.30.110 - - [12/Dec/2015:05:18:21 +0100] "GET /manager/html HTTP/1.1" 404 317 "-" "Mozilla/5.0 (Windows NT 5.1; rv:5.0) Gecko/20100101 Firefox/5.0"
212.59.30.110 - - [12/Dec/2015:05:18:22 +0100] "GET /manager/html HTTP/1.1" 404 317 "-" "Mozilla/5.0 (Windows NT 5.1; rv:5.0) Gecko/20100101 Firefox/5.0"
212.59.30.110 - - [12/Dec/2015:05:18:23 +0100] "GET /manager/html HTTP/1.1" 404 317 "-" "Mozilla/5.0 (Windows NT 5.1; rv:5.0) Gecko/20100101 Firefox/5.0"
212.59.30.110 - - [12/Dec/2015:05:18:24 +0100] "GET /manager/html HTTP/1.1" 404 317 "-" "Mozilla/5.0 (Windows NT 5.1; rv:5.0) Gecko/20100101 Firefox/5.0"
212.59.30.110 - - [12/Dec/2015:05:18:25 +0100] "GET /manager/html HTTP/1.1" 404 317 "-" "Mozilla/5.0 (Windows NT 5.1; rv:5.0) Gecko/20100101 Firefox/5.0"
212.59.30.110 - - [12/Dec/2015:05:18:26 +0100] "GET /manager/html HTTP/1.1" 404 317 "-" "Mozilla/5.0 (Windows NT 5.1; rv:5.0) Gecko/20100101 Firefox/5.0"
212.59.30.110 - - [12/Dec/2015:05:18:27 +0100] "GET /manager/html HTTP/1.1" 404 317 "-" "Mozilla/5.0 (Windows NT 5.1; rv:5.0) Gecko/20100101 Firefox/5.0"
212.59.30.110 - - [12/Dec/2015:05:18:28 +0100] "GET /manager/html HTTP/1.1" 404 317 "-" "Mozilla/5.0 (Windows NT 5.1; rv:5.0) Gecko/20100101 Firefox/5.0"
212.59.30.110 - - [12/Dec/2015:05:18:29 +0100] "GET /manager/html HTTP/1.1" 404 317 "-" "Mozilla/5.0 (Windows NT 5.1; rv:5.0) Gecko/20100101 Firefox/5.0"
115.231.222.14 - - [12/Dec/2015:05:21:33 +0100] "GET http://zc.qq.com/cgi-bin/common/attr?id=260714&r=0.7272555357445950 HTTP/1.1" 404 320 "-" "Mozilla/5.0 (compatible; MSIE 9.0; Windows NT 6.1; Trident/5.0; 360SE)"
46.4.87.105 - - [12/Dec/2015:06:16:39 +0100] "GET /robots.txt HTTP/1.0" 404 327 "-" "Mozilla/5.0 (compatible; MJ12bot/v1.4.5; http://www.majestic12.co.uk/bot.php?+)"
46.4.87.105 - - [12/Dec/2015:06:16:42 +0100] "GET /news.php?cs_go=archiv&cs_id=4514&cs_search= HTTP/1.0" 404 325 "-" "Mozilla/5.0 (compatible; MJ12bot/v1.4.5; http://www.majestic12.co.uk/bot.php?+)"
46.4.87.105 - - [12/Dec/2015:06:16:45 +0100] "GET /news.php?cs_go=archiv&cs_id=4613 HTTP/1.0" 404 325 "-" "Mozilla/5.0 (compatible; MJ12bot/v1.4.5; http://www.majestic12.co.uk/bot.php?+)"
46.4.87.105 - - [12/Dec/2015:06:16:47 +0100] "GET /news.php?cs_go=archiv&cs_id=4614 HTTP/1.0" 404 325 "-" "Mozilla/5.0 (compatible; MJ12bot/v1.4.5; http://www.majestic12.co.uk/bot.php?+)"
46.4.87.105 - - [12/Dec/2015:06:16:50 +0100] "GET /news.php?cs_go=archiv&cs_id=4615 HTTP/1.0" 404 325 "-" "Mozilla/5.0 (compatible; MJ12bot/v1.4.5; http://www.majestic12.co.uk/bot.php?+)"
66.240.236.119 - - [12/Dec/2015:06:19:45 +0100] "GET / HTTP/1.1" 200 1229 "-" "-"
66.240.236.119 - - [12/Dec/2015:06:19:46 +0100] "GET /robots.txt HTTP/1.1" 404 315 "-" "-"
66.240.236.119 - - [12/Dec/2015:06:19:56 +0100] "GET / HTTP/1.1" 200 1229 "-" "-"
66.240.236.119 - - [12/Dec/2015:06:19:56 +0100] "GET /robots.txt HTTP/1.1" 404 315 "-" "-"
66.240.236.119 - - [12/Dec/2015:06:19:56 +0100] "GET /sitemap.xml HTTP/1.1" 404 316 "-" "-"
66.240.236.119 - - [12/Dec/2015:06:20:06 +0100] "GET / HTTP/1.1" 200 1229 "-" "-"
66.240.236.119 - - [12/Dec/2015:06:20:07 +0100] "GET /robots.txt HTTP/1.1" 404 315 "-" "-"
66.240.236.119 - - [12/Dec/2015:06:20:07 +0100] "GET /sitemap.xml HTTP/1.1" 404 316 "-" "-"
66.240.236.119 - - [12/Dec/2015:06:20:32 +0100] "GET / HTTP/1.1" 200 1229 "-" "-"
66.240.236.119 - - [12/Dec/2015:06:20:33 +0100] "GET /sitemap.xml HTTP/1.1" 404 316 "-" "-"
38.100.21.68 - - [12/Dec/2015:06:53:30 +0100] "GET / HTTP/1.1" 200 1229 "-" "Mozilla/4.0 (compatible; MSIE 7.0; Windows NT 5.2)"
115.231.222.14 - - [12/Dec/2015:07:40:19 +0100] "GET http://zc.qq.com/cgi-bin/common/attr?id=260714&r=0.4855092015163755 HTTP/1.1" 404 320 "-" "Mozilla/5.0 (compatible; MSIE 9.0; Windows NT 6.1; Trident/5.0; 360SE)"
115.231.222.14 - - [12/Dec/2015:07:40:20 +0100] "GET http://zc.qq.com/cgi-bin/common/attr?id=260714&r=0.8539080418891637 HTTP/1.1" 404 320 "-" "Mozilla/5.0 (compatible; MSIE 9.0; Windows NT 6.1; Trident/5.0; 360SE)"
115.231.222.14 - - [12/Dec/2015:07:40:22 +0100] "GET http://zc.qq.com/cgi-bin/common/attr?id=260714&r=0.1114968895931479 HTTP/1.1" 404 320 "-" "Mozilla/5.0 (compatible; MSIE 9.0; Windows NT 6.1; Trident/5.0; 360SE)"
115.231.222.14 - - [12/Dec/2015:07:40:23 +0100] "GET http://zc.qq.com/cgi-bin/common/attr?id=260714&r=0.0959472830425035 HTTP/1.1" 404 320 "-" "Mozilla/5.0 (compatible; MSIE 9.0; Windows NT 6.1; Trident/5.0; 360SE)"
141.212.122.112 - - [12/Dec/2015:07:40:28 +0100] "GET /x HTTP/1.1" 400 329 "-" "Telesphoreo"
128.232.110.29 - - [12/Dec/2015:07:50:02 +0100] "GET / HTTP/1.1" 200 1229 "-" "Mozilla/5.0 zgrab/0.x"
188.165.15.202 - - [12/Dec/2015:08:07:55 +0100] "GET /robots.txt HTTP/1.1" 404 327 "-" "Mozilla/5.0 (compatible; AhrefsBot/5.0; +http://ahrefs.com/robot/)"
128.232.110.29 - - [12/Dec/2015:08:32:58 +0100] "GET / HTTP/1.1" 200 1229 "-" "Mozilla/5.0 zgrab/0.x"
146.185.239.100 - - [12/Dec/2015:09:15:07 +0100] "GET http://24x7-allrequestsallowed.com/?PHPSESSID=aab45f4f00143SSQJ_W_EFBF%5CA HTTP/1.1" 200 1229 "-" "-"
141.212.122.112 - - [12/Dec/2015:09:16:37 +0100] "GET /x HTTP/1.1" 400 329 "-" "Telesphoreo"
141.212.122.112 - - [12/Dec/2015:10:50:46 +0100] "GET /x HTTP/1.1" 400 329 "-" "Telesphoreo"
111.248.114.115 - - [12/Dec/2015:11:05:18 +0100] "CONNECT vip163mx01.mxmail.netease.com:25 HTTP/1.0" 405 358 "-" "-"
115.231.222.14 - - [12/Dec/2015:12:26:07 +0100] "GET http://zc.qq.com/cgi-bin/common/attr?id=260714&r=0.9634353389098574 HTTP/1.1" 404 320 "-" "Mozilla/5.0 (compatible; MSIE 9.0; Windows NT 6.1; Trident/5.0; 360SE)"
115.231.222.14 - - [12/Dec/2015:12:26:48 +0100] "GET http://zc.qq.com/cgi-bin/common/attr?id=260714&r=0.4629848568621213 HTTP/1.1" 404 320 "-" "Mozilla/5.0 (compatible; MSIE 9.0; Windows NT 6.1; Trident/5.0; 360SE)"
37.221.197.86 - - [12/Dec/2015:12:59:11 +0100] "GET / HTTP/1.1" 200 1229 "-" "WhatWeb/0.4.7"
40.77.167.47 - - [12/Dec/2015:13:20:20 +0100] "GET /robots.txt HTTP/1.1" 404 323 "-" "Mozilla/5.0 (compatible; bingbot/2.0; +http://www.bing.com/bingbot.htm)"
40.77.167.47 - - [12/Dec/2015:13:20:25 +0100] "GET /diesel.php HTTP/1.1" 404 323 "-" "Mozilla/5.0 (compatible; bingbot/2.0; +http://www.bing.com/bingbot.htm)"
188.165.200.217 - - [12/Dec/2015:13:27:38 +0100] "HEAD / HTTP/1.1" 200 - "-" "Mozilla/4.0 (compatible; MSIE 5.01; Windows NT 5.0)"
195.154.200.68 - - [12/Dec/2015:13:54:25 +0100] "GET /robots.txt HTTP/1.0" 404 327 "-" "Mozilla/5.0 (compatible; MJ12bot/v1.4.5; http://www.majestic12.co.uk/bot.php?+)"
195.154.200.68 - - [12/Dec/2015:13:54:26 +0100] "GET /news.php?cs_go=archiv&cs_id=4234 HTTP/1.1" 404 325 "-" "Mozilla/5.0 (compatible; MJ12bot/v1.4.5; http://www.majestic12.co.uk/bot.php?+)"
46.4.120.3 - - [12/Dec/2015:13:54:33 +0100] "GET /robots.txt HTTP/1.0" 404 328 "-" "Mozilla/5.0 (compatible; MJ12bot/v1.4.5; http://www.majestic12.co.uk/bot.php?+)"
46.4.120.3 - - [12/Dec/2015:13:54:34 +0100] "GET / HTTP/1.0" 200 1229 "-" "Mozilla/5.0 (compatible; MJ12bot/v1.4.5; http://www.majestic12.co.uk/bot.php?+)"
62.210.246.137 - - [12/Dec/2015:13:56:59 +0100] "GET /robots.txt HTTP/1.0" 404 317 "-" "Mozilla/5.0 (compatible; MJ12bot/v1.4.5; http://www.majestic12.co.uk/bot.php?+)"
62.210.246.137 - - [12/Dec/2015:13:57:00 +0100] "GET /ansprechpartner.php HTTP/1.1" 404 326 "-" "Mozilla/5.0 (compatible; MJ12bot/v1.4.5; http://www.majestic12.co.uk/bot.php?+)"
62.210.246.137 - - [12/Dec/2015:13:57:02 +0100] "GET /news.php HTTP/1.1" 404 315 "-" "Mozilla/5.0 (compatible; MJ12bot/v1.4.5; http://www.majestic12.co.uk/bot.php?+)"
62.210.246.137 - - [12/Dec/2015:13:57:03 +0100] "GET /notdienst.php HTTP/1.1" 404 320 "-" "Mozilla/5.0 (compatible; MJ12bot/v1.4.5; http://www.majestic12.co.uk/bot.php?+)"
62.210.246.137 - - [12/Dec/2015:13:57:05 +0100] "GET /ofenbau.php HTTP/1.1" 404 318 "-" "Mozilla/5.0 (compatible; MJ12bot/v1.4.5; http://www.majestic12.co.uk/bot.php?+)"
62.210.246.137 - - [12/Dec/2015:13:57:06 +0100] "GET /preisanfrage.php HTTP/1.1" 404 323 "-" "Mozilla/5.0 (compatible; MJ12bot/v1.4.5; http://www.majestic12.co.uk/bot.php?+)"
51.254.129.9 - - [12/Dec/2015:14:11:49 +0100] "GET /robots.txt HTTP/1.0" 404 323 "-" "Mozilla/5.0 (compatible; MJ12bot/v1.4.5; http://www.majestic12.co.uk/bot.php?+)"
51.254.129.9 - - [12/Dec/2015:14:11:50 +0100] "GET / HTTP/1.0" 200 1229 "-" "Mozilla/5.0 (compatible; MJ12bot/v1.4.5; http://www.majestic12.co.uk/bot.php?+)"
54.215.235.85 - - [12/Dec/2015:14:16:38 +0100] "GET / HTTP/1.0" 200 1229 "-" "Mozilla/5.0 (Windows NT 6.3; rv:36.0 Gecko/20100101 Firefox/36.0"
54.153.33.145 - - [12/Dec/2015:14:24:18 +0100] "GET / HTTP/1.1" 200 1229 "-" "Mozilla/5.0 (Windows NT 6.1) AppleWebKit/537.36 (KHTML, like Gecko) Chrome/41.0.2228.0 Safari/537.36"
115.231.222.14 - - [12/Dec/2015:14:43:07 +0100] "GET http://zc.qq.com/cgi-bin/common/attr?id=260714&r=0.6200032367850044 HTTP/1.1" 404 320 "-" "Mozilla/5.0 (compatible; MSIE 9.0; Windows NT 6.1; Trident/5.0; 360SE)"
54.153.32.246 - - [12/Dec/2015:14:50:11 +0100] "GET / HTTP/1.1" 200 1229 "-" "Mozilla/5.0 (Windows NT 6.1) AppleWebKit/537.36 (KHTML, like Gecko) Chrome/41.0.2228.0 Safari/537.36"
78.46.50.246 - - [12/Dec/2015:15:05:31 +0100] "GET /robots.txt HTTP/1.0" 404 327 "-" "Mozilla/5.0 (compatible; MJ12bot/v1.4.5; http://www.majestic12.co.uk/bot.php?+)"
78.46.50.246 - - [12/Dec/2015:15:05:32 +0100] "GET /ansprechpartner.php HTTP/1.0" 404 336 "-" "Mozilla/5.0 (compatible; MJ12bot/v1.4.5; http://www.majestic12.co.uk/bot.php?+)"
78.46.50.246 - - [12/Dec/2015:15:05:33 +0100] "GET /kontakt.php HTTP/1.0" 404 328 "-" "Mozilla/5.0 (compatible; MJ12bot/v1.4.5; http://www.majestic12.co.uk/bot.php?+)"
78.46.50.246 - - [12/Dec/2015:15:05:35 +0100] "GET /kwk.php HTTP/1.0" 404 324 "-" "Mozilla/5.0 (compatible; MJ12bot/v1.4.5; http://www.majestic12.co.uk/bot.php?+)"
78.46.50.246 - - [12/Dec/2015:15:05:37 +0100] "GET /ofenbau.php HTTP/1.0" 404 328 "-" "Mozilla/5.0 (compatible; MJ12bot/v1.4.5; http://www.majestic12.co.uk/bot.php?+)"
78.46.50.246 - - [12/Dec/2015:15:05:38 +0100] "GET /preisanfrage.php HTTP/1.0" 404 333 "-" "Mozilla/5.0 (compatible; MJ12bot/v1.4.5; http://www.majestic12.co.uk/bot.php?+)"
111.248.117.89 - - [12/Dec/2015:15:27:14 +0100] "CONNECT 163mx03.mxmail.netease.com:25 HTTP/1.0" 405 355 "-" "-"
111.248.117.89 - - [12/Dec/2015:15:28:59 +0100] "CONNECT 163mx02.mxmail.netease.com:25 HTTP/1.0" 405 355 "-" "-"
111.248.118.62 - - [12/Dec/2015:15:38:04 +0100] "CONNECT vip163mx00.mxmail.netease.com:25 HTTP/1.0" 405 358 "-" "-"
54.153.33.233 - - [12/Dec/2015:15:44:22 +0100] "GET / HTTP/1.1" 200 1229 "-" "Mozilla/5.0 (Windows NT 6.1) AppleWebKit/537.36 (KHTML, like Gecko) Chrome/41.0.2228.0 Safari/537.36"
111.248.118.198 - - [12/Dec/2015:15:47:20 +0100] "CONNECT vip163mx00.mxmail.netease.com:25 HTTP/1.0" 405 358 "-" "-"
188.40.95.70 - - [12/Dec/2015:15:52:01 +0100] "GET /robots.txt HTTP/1.0" 404 328 "-" "Mozilla/5.0 (compatible; MJ12bot/v1.4.5; http://www.majestic12.co.uk/bot.php?+)"
188.40.95.70 - - [12/Dec/2015:15:52:04 +0100] "GET /ansprechpartner.php HTTP/1.0" 404 337 "-" "Mozilla/5.0 (compatible; MJ12bot/v1.4.5; http://www.majestic12.co.uk/bot.php?+)"
188.40.95.70 - - [12/Dec/2015:15:52:05 +0100] "GET /baustellenbetankung.php HTTP/1.0" 404 341 "-" "Mozilla/5.0 (compatible; MJ12bot/v1.4.5; http://www.majestic12.co.uk/bot.php?+)"
188.40.95.70 - - [12/Dec/2015:15:52:06 +0100] "GET /biogasanlage.php HTTP/1.0" 404 334 "-" "Mozilla/5.0 (compatible; MJ12bot/v1.4.5; http://www.majestic12.co.uk/bot.php?+)"
188.40.95.70 - - [12/Dec/2015:15:52:08 +0100] "GET /brennwerttechnik.php HTTP/1.0" 404 338 "-" "Mozilla/5.0 (compatible; MJ12bot/v1.4.5; http://www.majestic12.co.uk/bot.php?+)"
54.153.33.152 - - [12/Dec/2015:15:55:22 +0100] "GET / HTTP/1.1" 200 1229 "-" "Mozilla/5.0 (Windows NT 6.1) AppleWebKit/537.36 (KHTML, like Gecko) Chrome/41.0.2228.0 Safari/537.36"
196.32.151.99 - - [12/Dec/2015:15:55:28 +0100] "HEAD / HTTP/1.0" 200 - "-" "-"
196.32.151.99 - - [12/Dec/2015:15:55:28 +0100] "HEAD / HTTP/1.0" 200 - "-" "-"
196.32.151.99 - - [12/Dec/2015:15:55:28 +0100] "HEAD / HTTP/1.0" 200 - "-" "-"
196.32.151.99 - - [12/Dec/2015:15:55:28 +0100] "HEAD / HTTP/1.0" 200 - "-" "-"
196.32.151.99 - - [12/Dec/2015:15:55:28 +0100] "HEAD / HTTP/1.0" 200 - "-" "-"
196.32.151.99 - - [12/Dec/2015:15:55:28 +0100] "HEAD / HTTP/1.0" 200 - "-" "-"
196.32.151.99 - - [12/Dec/2015:15:55:28 +0100] "HEAD / HTTP/1.0" 200 - "-" "-"
196.32.151.99 - - [12/Dec/2015:15:55:28 +0100] "HEAD / HTTP/1.0" 200 - "-" "-"
196.32.151.99 - - [12/Dec/2015:15:55:28 +0100] "HEAD / HTTP/1.0" 200 - "-" "-"
196.32.151.99 - - [12/Dec/2015:15:55:28 +0100] "HEAD / HTTP/1.0" 200 - "-" "-"
116.58.227.56 - - [12/Dec/2015:16:20:18 +0100] "GET /phpMyAdmin/scripts/setup.php HTTP/1.1" 404 333 "-" "-"
116.58.227.56 - - [12/Dec/2015:16:20:23 +0100] "GET /pma/scripts/setup.php HTTP/1.1" 404 326 "-" "-"
116.58.227.56 - - [12/Dec/2015:16:20:28 +0100] "GET /myadmin/scripts/setup.php HTTP/1.1" 404 330 "-" "-"
54.153.33.145 - - [12/Dec/2015:16:28:29 +0100] "GET / HTTP/1.1" 200 1229 "-" "Mozilla/5.0 (Windows NT 6.1) AppleWebKit/537.36 (KHTML, like Gecko) Chrome/41.0.2228.0 Safari/537.36"
54.153.32.246 - - [12/Dec/2015:16:52:00 +0100] "GET / HTTP/1.1" 200 1229 "-" "Mozilla/5.0 (Windows NT 6.1) AppleWebKit/537.36 (KHTML, like Gecko) Chrome/41.0.2228.0 Safari/537.36"
115.231.222.14 - - [12/Dec/2015:16:59:42 +0100] "GET http://zc.qq.com/cgi-bin/common/attr?id=260714&r=0.9901478922729224 HTTP/1.1" 404 320 "-" "Mozilla/5.0 (compatible; MSIE 9.0; Windows NT 6.1; Trident/5.0; 360SE)"
54.153.33.233 - - [12/Dec/2015:17:17:48 +0100] "GET / HTTP/1.1" 200 1229 "-" "Mozilla/5.0 (Windows NT 6.1) AppleWebKit/537.36 (KHTML, like Gecko) Chrome/41.0.2228.0 Safari/537.36"
85.25.202.18 - - [12/Dec/2015:17:42:33 +0100] "GET / HTTP/1.1" 200 1229 "http://www.sumaja.de/?such_wert=berlin" "Mozilla/5.0 (Macintosh; U; Intel Mac OS X 10.6; de-DE; rv:1.9.2.8) Gecko/20100722 Firefox/3.6.8"
54.153.33.233 - - [12/Dec/2015:18:14:12 +0100] "GET / HTTP/1.1" 200 1229 "-" "Mozilla/5.0 (Windows NT 6.1) AppleWebKit/537.36 (KHTML, like Gecko) Chrome/41.0.2228.0 Safari/537.36"
115.231.222.14 - - [12/Dec/2015:19:14:52 +0100] "GET http://zc.qq.com/cgi-bin/common/attr?id=260714&r=0.1471893543532386 HTTP/1.1" 404 320 "-" "Mozilla/5.0 (compatible; MSIE 9.0; Windows NT 6.1; Trident/5.0; 360SE)"
36.229.232.53 - - [12/Dec/2015:19:46:38 +0100] "CONNECT 163mx02.mxmail.netease.com:25 HTTP/1.0" 405 355 "-" "-"
54.153.33.145 - - [12/Dec/2015:19:50:48 +0100] "GET / HTTP/1.1" 200 1229 "-" "Mozilla/5.0 (Windows NT 6.1) AppleWebKit/537.36 (KHTML, like Gecko) Chrome/41.0.2228.0 Safari/537.36"
54.153.33.152 - - [12/Dec/2015:20:29:42 +0100] "GET / HTTP/1.1" 200 1229 "-" "Mozilla/5.0 (Windows NT 6.1) AppleWebKit/537.36 (KHTML, like Gecko) Chrome/41.0.2228.0 Safari/537.36"
115.231.222.14 - - [12/Dec/2015:21:31:35 +0100] "GET http://zc.qq.com/cgi-bin/common/attr?id=260714&r=0.6713113216741635 HTTP/1.1" 404 320 "-" "Mozilla/5.0 (compatible; MSIE 9.0; Windows NT 6.1; Trident/5.0; 360SE)"
115.231.222.14 - - [12/Dec/2015:21:31:36 +0100] "GET http://zc.qq.com/cgi-bin/common/attr?id=260714&r=0.1720615022518546 HTTP/1.1" 404 320 "-" "Mozilla/5.0 (compatible; MSIE 9.0; Windows NT 6.1; Trident/5.0; 360SE)"
115.231.222.14 - - [12/Dec/2015:21:32:22 +0100] "GET http://zc.qq.com/cgi-bin/common/attr?id=260714&r=0.0353741050174407 HTTP/1.1" 404 320 "-" "Mozilla/5.0 (compatible; MSIE 9.0; Windows NT 6.1; Trident/5.0; 360SE)"
40.77.167.26 - - [12/Dec/2015:22:05:49 +0100] "GET /robots.txt HTTP/1.1" 404 328 "-" "Mozilla/5.0 (compatible; bingbot/2.0; +http://www.bing.com/bingbot.htm)"
40.77.167.26 - - [12/Dec/2015:22:05:56 +0100] "GET /marktdaten.php HTTP/1.1" 404 332 "-" "Mozilla/5.0 (compatible; bingbot/2.0; +http://www.bing.com/bingbot.htm)"
157.55.39.191 - - [12/Dec/2015:22:18:57 +0100] "GET /robots.txt HTTP/1.1" 404 323 "-" "Mozilla/5.0 (compatible; bingbot/2.0; +http://www.bing.com/bingbot.htm)"
208.52.161.177 - - [13/Dec/2015:00:44:43 +0100] "GET /phpMyAdmin/scripts/setup.php HTTP/1.0" 404 329 "-" "-"
208.52.161.177 - - [13/Dec/2015:00:44:47 +0100] "GET /phpMyAdmin/scripts/setup.php HTTP/1.0" 404 329 "-" "-"
208.52.161.177 - - [13/Dec/2015:00:44:56 +0100] "GET /phpMyAdmin/scripts/setup.php HTTP/1.0" 404 329 "-" "-"
208.52.161.177 - - [13/Dec/2015:00:44:57 +0100] "GET /phpMyAdmin/scripts/setup.php HTTP/1.0" 404 329 "-" "-"
208.52.161.177 - - [13/Dec/2015:00:45:00 +0100] "GET /phpMyAdmin/scripts/setup.php HTTP/1.0" 404 329 "-" "-"
208.52.161.177 - - [13/Dec/2015:00:45:01 +0100] "GET /phpMyAdmin/scripts/setup.php HTTP/1.0" 404 329 "-" "-"
208.52.161.177 - - [13/Dec/2015:00:45:09 +0100] "GET /phpMyAdmin/scripts/setup.php HTTP/1.0" 404 329 "-" "-"
208.52.161.177 - - [13/Dec/2015:00:45:16 +0100] "GET /phpMyAdmin/scripts/setup.php HTTP/1.0" 404 329 "-" "-"
208.52.161.177 - - [13/Dec/2015:00:45:22 +0100] "GET /phpMyAdmin/scripts/setup.php HTTP/1.0" 404 329 "-" "-"
208.52.161.177 - - [13/Dec/2015:00:46:16 +0100] "GET /phpMyAdmin/scripts/setup.php HTTP/1.0" 404 329 "-" "-"
111.248.62.220 - - [13/Dec/2015:01:04:02 +0100] "CONNECT vip163mx01.mxmail.netease.com:25 HTTP/1.0" 405 358 "-" "-"
157.55.39.192 - - [13/Dec/2015:01:06:55 +0100] "GET /robots.txt HTTP/1.1" 404 323 "-" "Mozilla/5.0 (compatible; bingbot/2.0; +http://www.bing.com/bingbot.htm)"
157.55.39.192 - - [13/Dec/2015:01:07:05 +0100] "GET /index.html HTTP/1.1" 200 1229 "-" "Mozilla/5.0 (compatible; bingbot/2.0; +http://www.bing.com/bingbot.htm)"
187.115.160.152 - - [13/Dec/2015:01:59:30 +0100] "GET /manager/html HTTP/1.1" 404 317 "-" "Mozilla/5.0 (Windows NT 5.1; rv:5.0) Gecko/20100101 Firefox/5.0"
187.115.160.152 - - [13/Dec/2015:01:59:30 +0100] "GET /manager/html HTTP/1.1" 404 317 "-" "Mozilla/5.0 (Windows NT 5.1; rv:5.0) Gecko/20100101 Firefox/5.0"
187.115.160.152 - - [13/Dec/2015:01:59:31 +0100] "GET /manager/html HTTP/1.1" 404 317 "-" "Mozilla/5.0 (Windows NT 5.1; rv:5.0) Gecko/20100101 Firefox/5.0"
187.115.160.152 - - [13/Dec/2015:01:59:31 +0100] "GET /manager/html HTTP/1.1" 404 317 "-" "Mozilla/5.0 (Windows NT 5.1; rv:5.0) Gecko/20100101 Firefox/5.0"
187.115.160.152 - - [13/Dec/2015:01:59:31 +0100] "GET /manager/html HTTP/1.1" 404 317 "-" "Mozilla/5.0 (Windows NT 5.1; rv:5.0) Gecko/20100101 Firefox/5.0"
187.115.160.152 - - [13/Dec/2015:01:59:31 +0100] "GET /manager/html HTTP/1.1" 404 317 "-" "Mozilla/5.0 (Windows NT 5.1; rv:5.0) Gecko/20100101 Firefox/5.0"
187.115.160.152 - - [13/Dec/2015:01:59:31 +0100] "GET /manager/html HTTP/1.1" 404 317 "-" "Mozilla/5.0 (Windows NT 5.1; rv:5.0) Gecko/20100101 Firefox/5.0"
187.115.160.152 - - [13/Dec/2015:01:59:31 +0100] "GET /manager/html HTTP/1.1" 404 317 "-" "Mozilla/5.0 (Windows NT 5.1; rv:5.0) Gecko/20100101 Firefox/5.0"
187.115.160.152 - - [13/Dec/2015:01:59:31 +0100] "GET /manager/html HTTP/1.1" 404 317 "-" "Mozilla/5.0 (Windows NT 5.1; rv:5.0) Gecko/20100101 Firefox/5.0"
187.115.160.152 - - [13/Dec/2015:01:59:31 +0100] "GET /manager/html HTTP/1.1" 404 317 "-" "Mozilla/5.0 (Windows NT 5.1; rv:5.0) Gecko/20100101 Firefox/5.0"
115.231.222.14 - - [13/Dec/2015:02:04:36 +0100] "GET http://zc.qq.com/cgi-bin/common/attr?id=260714&r=0.0859169809320045 HTTP/1.1" 404 320 "-" "Mozilla/5.0 (compatible; MSIE 9.0; Windows NT 6.1; Trident/5.0; 360SE)"
115.231.222.14 - - [13/Dec/2015:02:05:24 +0100] "GET http://zc.qq.com/cgi-bin/common/attr?id=260714&r=0.3948929904504346 HTTP/1.1" 404 320 "-" "Mozilla/5.0 (compatible; MSIE 9.0; Windows NT 6.1; Trident/5.0; 360SE)"
51.254.141.30 - - [13/Dec/2015:04:37:42 +0100] "GET /robots.txt HTTP/1.0" 404 327 "-" "Mozilla/5.0 (compatible; MJ12bot/v1.4.5; http://www.majestic12.co.uk/bot.php?+)"
51.254.141.30 - - [13/Dec/2015:04:37:44 +0100] "GET / HTTP/1.0" 200 1229 "-" "Mozilla/5.0 (compatible; MJ12bot/v1.4.5; http://www.majestic12.co.uk/bot.php?+)"
111.248.96.34 - - [13/Dec/2015:05:06:31 +0100] "CONNECT vip163mx00.mxmail.netease.com:25 HTTP/1.0" 405 358 "-" "-"
111.248.96.34 - - [13/Dec/2015:05:06:31 +0100] "CONNECT vip163mx00.mxmail.netease.com:25 HTTP/1.0" 405 358 "-" "-"
111.248.96.34 - - [13/Dec/2015:05:06:47 +0100] "CONNECT vip163mx00.mxmail.netease.com:25 HTTP/1.0" 405 358 "-" "-"
111.248.96.34 - - [13/Dec/2015:05:06:48 +0100] "CONNECT vip163mx00.mxmail.netease.com:25 HTTP/1.0" 405 358 "-" "-"
111.248.96.34 - - [13/Dec/2015:05:06:48 +0100] "CONNECT vip163mx00.mxmail.netease.com:25 HTTP/1.0" 405 358 "-" "-"
193.111.140.106 - - [13/Dec/2015:06:15:19 +0100] "GET /robots.txt HTTP/1.0" 404 317 "-" "Mozilla/5.0 (compatible; MJ12bot/v1.4.5; http://www.majestic12.co.uk/bot.php?+)"
193.111.140.106 - - [13/Dec/2015:06:15:21 +0100] "GET /baustellenbetankung.php HTTP/1.0" 404 330 "-" "Mozilla/5.0 (compatible; MJ12bot/v1.4.5; http://www.majestic12.co.uk/bot.php?+)"
40.77.167.65 - - [13/Dec/2015:06:52:04 +0100] "GET /robots.txt HTTP/1.1" 404 323 "-" "Mozilla/5.0 (compatible; bingbot/2.0; +http://www.bing.com/bingbot.htm)"
40.77.167.65 - - [13/Dec/2015:06:52:08 +0100] "GET / HTTP/1.1" 304 - "-" "Mozilla/5.0 (compatible; bingbot/2.0; +http://www.bing.com/bingbot.htm)"
198.20.69.74 - - [13/Dec/2015:07:01:44 +0100] "GET / HTTP/1.1" 200 1229 "-" "-"
198.20.69.74 - - [13/Dec/2015:07:01:44 +0100] "GET /robots.txt HTTP/1.1" 404 315 "-" "-"
198.20.69.74 - - [13/Dec/2015:07:01:45 +0100] "GET /sitemap.xml HTTP/1.1" 404 316 "-" "-"
40.77.167.47 - - [13/Dec/2015:07:13:09 +0100] "GET /robots.txt HTTP/1.1" 404 323 "-" "Mozilla/5.0 (compatible; bingbot/2.0; +http://www.bing.com/bingbot.htm)"
40.77.167.47 - - [13/Dec/2015:07:13:13 +0100] "GET / HTTP/1.1" 200 1229 "-" "Mozilla/5.0 (compatible; bingbot/2.0; +http://www.bing.com/bingbot.htm)"
188.212.103.201 - - [13/Dec/2015:07:26:57 +0100] "GET /w00tw00t.at.blackhats.romanian.anti-sec:) HTTP/1.1" 404 346 "-" "ZmEu"
188.212.103.201 - - [13/Dec/2015:07:26:57 +0100] "GET /phpMyAdmin/scripts/setup.php HTTP/1.1" 404 333 "-" "ZmEu"
188.212.103.201 - - [13/Dec/2015:07:26:57 +0100] "GET /w00tw00t.at.blackhats.romanian.anti-sec:) HTTP/1.1" 404 346 "-" "ZmEu"
188.212.103.201 - - [13/Dec/2015:07:26:57 +0100] "GET /w00tw00t.at.blackhats.romanian.anti-sec:) HTTP/1.1" 404 346 "-" "ZmEu"
188.212.103.201 - - [13/Dec/2015:07:26:57 +0100] "GET /w00tw00t.at.blackhats.romanian.anti-sec:) HTTP/1.1" 404 346 "-" "ZmEu"
188.212.103.201 - - [13/Dec/2015:07:26:57 +0100] "GET /w00tw00t.at.blackhats.romanian.anti-sec:) HTTP/1.1" 404 346 "-" "ZmEu"
188.212.103.201 - - [13/Dec/2015:07:26:57 +0100] "GET /w00tw00t.at.blackhats.romanian.anti-sec:) HTTP/1.1" 404 346 "-" "ZmEu"
188.212.103.201 - - [13/Dec/2015:07:26:57 +0100] "GET /w00tw00t.at.blackhats.romanian.anti-sec:) HTTP/1.1" 404 346 "-" "ZmEu"
188.212.103.201 - - [13/Dec/2015:07:26:57 +0100] "GET /phpmyadmin/scripts/setup.php HTTP/1.1" 404 333 "-" "ZmEu"
188.212.103.201 - - [13/Dec/2015:07:26:58 +0100] "GET /phpMyAdmin/scripts/setup.php HTTP/1.1" 404 333 "-" "ZmEu"
188.212.103.201 - - [13/Dec/2015:07:26:59 +0100] "GET /phpMyAdmin/scripts/setup.php HTTP/1.1" 404 333 "-" "ZmEu"
188.212.103.201 - - [13/Dec/2015:07:26:59 +0100] "GET /w00tw00t.at.blackhats.romanian.anti-sec:) HTTP/1.1" 404 346 "-" "ZmEu"
188.212.103.201 - - [13/Dec/2015:07:26:59 +0100] "GET /phpMyAdmin/scripts/setup.php HTTP/1.1" 404 333 "-" "ZmEu"
188.212.103.201 - - [13/Dec/2015:07:26:59 +0100] "GET /w00tw00t.at.blackhats.romanian.anti-sec:) HTTP/1.1" 404 346 "-" "ZmEu"
188.212.103.201 - - [13/Dec/2015:07:26:59 +0100] "GET /w00tw00t.at.blackhats.romanian.anti-sec:) HTTP/1.1" 404 346 "-" "ZmEu"
188.212.103.201 - - [13/Dec/2015:07:26:59 +0100] "GET /phpMyAdmin/scripts/setup.php HTTP/1.1" 404 333 "-" "ZmEu"
188.212.103.201 - - [13/Dec/2015:07:26:59 +0100] "GET /phpMyAdmin/scripts/setup.php HTTP/1.1" 404 333 "-" "ZmEu"
188.212.103.201 - - [13/Dec/2015:07:26:59 +0100] "GET /phpMyAdmin/scripts/setup.php HTTP/1.1" 404 333 "-" "ZmEu"
188.212.103.201 - - [13/Dec/2015:07:26:59 +0100] "GET /pma/scripts/setup.php HTTP/1.1" 404 326 "-" "ZmEu"
188.212.103.201 - - [13/Dec/2015:07:26:59 +0100] "GET /phpmyadmin/scripts/setup.php HTTP/1.1" 404 333 "-" "ZmEu"
188.212.103.201 - - [13/Dec/2015:07:27:00 +0100] "GET /phpmyadmin/scripts/setup.php HTTP/1.1" 404 333 "-" "ZmEu"
188.212.103.201 - - [13/Dec/2015:07:27:00 +0100] "GET /phpMyAdmin/scripts/setup.php HTTP/1.1" 404 333 "-" "ZmEu"
188.212.103.201 - - [13/Dec/2015:07:27:01 +0100] "GET /phpmyadmin/scripts/setup.php HTTP/1.1" 404 333 "-" "ZmEu"
188.212.103.201 - - [13/Dec/2015:07:27:01 +0100] "GET /phpMyAdmin/scripts/setup.php HTTP/1.1" 404 333 "-" "ZmEu"
188.212.103.201 - - [13/Dec/2015:07:27:01 +0100] "GET /phpMyAdmin/scripts/setup.php HTTP/1.1" 404 333 "-" "ZmEu"
188.212.103.201 - - [13/Dec/2015:07:27:01 +0100] "GET /phpmyadmin/scripts/setup.php HTTP/1.1" 404 333 "-" "ZmEu"
188.212.103.201 - - [13/Dec/2015:07:27:01 +0100] "GET /phpmyadmin/scripts/setup.php HTTP/1.1" 404 333 "-" "ZmEu"
188.212.103.201 - - [13/Dec/2015:07:27:01 +0100] "GET /phpmyadmin/scripts/setup.php HTTP/1.1" 404 333 "-" "ZmEu"
188.212.103.201 - - [13/Dec/2015:07:27:01 +0100] "GET /myadmin/scripts/setup.php HTTP/1.1" 404 330 "-" "ZmEu"
188.212.103.201 - - [13/Dec/2015:07:27:01 +0100] "GET /pma/scripts/setup.php HTTP/1.1" 404 326 "-" "ZmEu"
188.212.103.201 - - [13/Dec/2015:07:27:01 +0100] "GET /pma/scripts/setup.php HTTP/1.1" 404 326 "-" "ZmEu"
188.212.103.201 - - [13/Dec/2015:07:27:01 +0100] "GET /phpmyadmin/scripts/setup.php HTTP/1.1" 404 333 "-" "ZmEu"
188.212.103.201 - - [13/Dec/2015:07:27:01 +0100] "GET /pma/scripts/setup.php HTTP/1.1" 404 326 "-" "ZmEu"
188.212.103.201 - - [13/Dec/2015:07:27:02 +0100] "GET /phpmyadmin/scripts/setup.php HTTP/1.1" 404 333 "-" "ZmEu"
188.212.103.201 - - [13/Dec/2015:07:27:02 +0100] "GET /phpmyadmin/scripts/setup.php HTTP/1.1" 404 333 "-" "ZmEu"
188.212.103.201 - - [13/Dec/2015:07:27:02 +0100] "GET /pma/scripts/setup.php HTTP/1.1" 404 326 "-" "ZmEu"
188.212.103.201 - - [13/Dec/2015:07:27:03 +0100] "GET /pma/scripts/setup.php HTTP/1.1" 404 326 "-" "ZmEu"
188.212.103.201 - - [13/Dec/2015:07:27:03 +0100] "GET /pma/scripts/setup.php HTTP/1.1" 404 326 "-" "ZmEu"
188.212.103.201 - - [13/Dec/2015:07:27:03 +0100] "GET /MyAdmin/scripts/setup.php HTTP/1.1" 404 330 "-" "ZmEu"
