54.153.33.233 - - [17/Dec/2015:19:00:13 +0100] "GET / HTTP/1.1" 200 1229 "-" "Mozilla/5.0 (Windows NT 6.1) AppleWebKit/537.36 (KHTML, like Gecko) Chrome/41.0.2228.0 Safari/537.36"
61.228.94.50 - - [17/Dec/2015:19:02:58 +0100] "CONNECT vip163mx01.mxmail.netease.com:25 HTTP/1.0" 405 358 "-" "-"
207.46.13.186 - - [17/Dec/2015:19:36:53 +0100] "GET /robots.txt HTTP/1.1" 404 323 "-" "Mozilla/5.0 (compatible; bingbot/2.0; +http://www.bing.com/bingbot.htm)"
207.46.13.186 - - [17/Dec/2015:19:37:10 +0100] "GET /downloads/Imagebroschuere%20team%20energie%20-%20TE%20Verwaltung%20Energiehandel_klein.pdf HTTP/1.1" 404 391 "-" "Mozilla/5.0 (compatible; bingbot/2.0; +http://www.bing.com/bingbot.htm)"
115.231.222.14 - - [17/Dec/2015:19:52:43 +0100] "GET http://zc.qq.com/cgi-bin/common/attr?id=260714&r=0.3404829571844722 HTTP/1.1" 404 320 "-" "Mozilla/5.0 (compatible; MSIE 9.0; Windows NT 6.1; Trident/5.0; 360SE)"
115.231.222.14 - - [17/Dec/2015:19:53:01 +0100] "GET http://zc.qq.com/cgi-bin/common/attr?id=260714&r=0.6916061218942756 HTTP/1.1" 404 320 "-" "Mozilla/5.0 (compatible; MSIE 9.0; Windows NT 6.1; Trident/5.0; 360SE)"
141.212.122.112 - - [17/Dec/2015:19:53:08 +0100] "CONNECT proxytest.zmap.io:80 HTTP/1.1" 405 346 "-" "Mozilla/5.0 zgrab/0.x"
141.212.121.176 - - [17/Dec/2015:19:57:09 +0100] "GET / HTTP/1.1" 200 1229 "-" "Mozilla/5.0 zgrab/0.x"
36.229.81.21 - - [17/Dec/2015:20:03:18 +0100] "CONNECT 126mx01.mxmail.netease.com:25 HTTP/1.0" 405 355 "-" "-"
54.153.33.145 - - [17/Dec/2015:20:44:52 +0100] "GET / HTTP/1.1" 200 1229 "-" "Mozilla/5.0 (Windows NT 6.1) AppleWebKit/537.36 (KHTML, like Gecko) Chrome/41.0.2228.0 Safari/537.36"
54.153.33.152 - - [17/Dec/2015:21:30:40 +0100] "GET / HTTP/1.1" 200 1229 "-" "Mozilla/5.0 (Windows NT 6.1) AppleWebKit/537.36 (KHTML, like Gecko) Chrome/41.0.2228.0 Safari/537.36"
66.249.78.76 - - [17/Dec/2015:21:40:39 +0100] "GET /robots.txt HTTP/1.1" 404 323 "-" "Mozilla/5.0 (compatible; Googlebot/2.1; +http://www.google.com/bot.html)"
66.249.78.69 - - [17/Dec/2015:21:40:39 +0100] "GET / HTTP/1.1" 200 1229 "-" "Mozilla/5.0 (iPhone; CPU iPhone OS 8_3 like Mac OS X) AppleWebKit/600.1.4 (KHTML, like Gecko) Version/8.0 Mobile/12F70 Safari/600.1.4 (compatible; Googlebot/2.1; +http://www.google.com/bot.html)"
188.138.1.218 - - [17/Dec/2015:21:50:31 +0100] "GET / HTTP/1.1" 200 1229 "-" "-"
188.138.1.218 - - [17/Dec/2015:21:50:31 +0100] "GET /robots.txt HTTP/1.1" 404 315 "-" "-"
188.138.1.218 - - [17/Dec/2015:21:50:31 +0100] "GET /sitemap.xml HTTP/1.1" 404 316 "-" "-"
141.212.122.112 - - [17/Dec/2015:22:02:54 +0100] "CONNECT proxytest.zmap.io:80 HTTP/1.1" 405 346 "-" "Mozilla/5.0 zgrab/0.x"
122.155.210.30 - - [18/Dec/2015:00:00:48 +0100] "GET /phpMyAdmin/scripts/setup.php HTTP/1.1" 404 333 "-" "-"
122.155.210.30 - - [18/Dec/2015:00:02:06 +0100] "GET /pma/scripts/setup.php HTTP/1.1" 404 326 "-" "-"
122.155.210.30 - - [18/Dec/2015:00:03:25 +0100] "GET /myadmin/scripts/setup.php HTTP/1.1" 404 330 "-" "-"
141.212.122.112 - - [18/Dec/2015:00:11:14 +0100] "CONNECT proxytest.zmap.io:80 HTTP/1.1" 405 346 "-" "Mozilla/5.0 zgrab/0.x"
115.231.222.14 - - [18/Dec/2015:00:29:29 +0100] "GET http://zc.qq.com/cgi-bin/common/attr?id=260714&r=0.0670234220851389 HTTP/1.1" 404 320 "-" "Mozilla/5.0 (compatible; MSIE 9.0; Windows NT 6.1; Trident/5.0; 360SE)"
111.248.61.213 - - [18/Dec/2015:00:46:34 +0100] "CONNECT vip163mx01.mxmail.netease.com:25 HTTP/1.0" 405 358 "-" "-"
141.212.121.176 - - [18/Dec/2015:01:25:26 +0100] "GET / HTTP/1.1" 200 1229 "-" "Mozilla/5.0 zgrab/0.x"
141.212.122.112 - - [18/Dec/2015:01:28:54 +0100] "CONNECT proxytest.zmap.io:80 HTTP/1.1" 405 346 "-" "Mozilla/5.0 zgrab/0.x"
198.27.80.144 - - [18/Dec/2015:02:01:21 +0100] "GET /robots.txt HTTP/1.0" 404 317 "-" ""
198.27.80.144 - - [18/Dec/2015:02:01:21 +0100] "GET / HTTP/1.1" 206 1229 "-" "Mozilla/5.0 (X11; Linux x86_64) AppleWebKit/534.30 (KHTML, like Gecko) Ubuntu/11.04 Chromium/12.0.742.112 Chrome/12.0.742.112 Safari/534.30"
115.231.222.14 - - [18/Dec/2015:02:48:44 +0100] "GET http://zc.qq.com/cgi-bin/common/attr?id=260714&r=0.0924862787813017 HTTP/1.1" 404 320 "-" "Mozilla/5.0 (compatible; MSIE 9.0; Windows NT 6.1; Trident/5.0; 360SE)"
193.111.140.106 - - [18/Dec/2015:02:55:39 +0100] "GET /robots.txt HTTP/1.0" 404 317 "-" "Mozilla/5.0 (compatible; MJ12bot/v1.4.5; http://www.majestic12.co.uk/bot.php?+)"
193.111.140.106 - - [18/Dec/2015:02:55:40 +0100] "GET /index.php HTTP/1.0" 404 316 "-" "Mozilla/5.0 (compatible; MJ12bot/v1.4.5; http://www.majestic12.co.uk/bot.php?+)"
193.111.140.106 - - [18/Dec/2015:02:55:42 +0100] "GET /jobs.php HTTP/1.0" 404 315 "-" "Mozilla/5.0 (compatible; MJ12bot/v1.4.5; http://www.majestic12.co.uk/bot.php?+)"
193.111.140.106 - - [18/Dec/2015:02:55:44 +0100] "GET /waermekonto.php HTTP/1.0" 404 322 "-" "Mozilla/5.0 (compatible; MJ12bot/v1.4.5; http://www.majestic12.co.uk/bot.php?+)"
193.111.140.106 - - [18/Dec/2015:02:55:45 +0100] "GET /wunschpreis.php HTTP/1.0" 404 322 "-" "Mozilla/5.0 (compatible; MJ12bot/v1.4.5; http://www.majestic12.co.uk/bot.php?+)"
139.162.218.146 - - [18/Dec/2015:03:09:27 +0100] "GET / HTTP/1.0" 200 1229 "-" "-"
139.162.218.146 - - [18/Dec/2015:03:11:35 +0100] "PROPFIND / HTTP/1.1" 405 343 "-" "Mozilla/5.0 (Windows NT 6.1) AppleWebKit/537.36 (KHTML"
139.162.218.146 - - [18/Dec/2015:03:11:35 +0100] "GET /robots.txt HTTP/1.1" 404 315 "-" "Mozilla/5.0 (Windows NT 6.1) AppleWebKit/537.36 (KHTML"
139.162.218.146 - - [18/Dec/2015:03:11:35 +0100] "GET / HTTP/1.1" 200 1229 "-" "Mozilla/5.0 (Windows NT 6.1) AppleWebKit/537.36 (KHTML"
93.180.64.151 - - [18/Dec/2015:03:11:36 +0100] "GET /robots.txt HTTP/1.0" 404 327 "-" "Mozilla/5.0 (compatible; MJ12bot/v1.4.5; http://www.majestic12.co.uk/bot.php?+)"
93.180.64.151 - - [18/Dec/2015:03:11:38 +0100] "GET / HTTP/1.1" 200 1229 "-" "Mozilla/5.0 (compatible; MJ12bot/v1.4.5; http://www.majestic12.co.uk/bot.php?+)"
139.162.218.146 - - [18/Dec/2015:03:11:41 +0100] "GET /favicon.ico HTTP/1.1" 404 316 "-" "Mozilla/5.0 (Windows NT 6.1) AppleWebKit/537.36 (KHTML"
139.162.218.146 - - [18/Dec/2015:03:11:43 +0100] "GET / HTTP/1.1" 200 1229 "-" "Mozilla/5.0 (Windows NT 6.1) AppleWebKit/537.36 (KHTML"
139.162.218.146 - - [18/Dec/2015:03:11:59 +0100] "GET / HTTP/1.0" 200 1229 "-" "-"
139.162.218.146 - - [18/Dec/2015:03:12:01 +0100] "GET / HTTP/1.1" 200 1229 "-" "-"
139.162.218.146 - - [18/Dec/2015:03:12:10 +0100] "OPTIONS / HTTP/1.1" 200 - "-" "Mozilla/5.0 (Windows NT 6.1) AppleWebKit/537.36 (KHTML"
139.162.218.146 - - [18/Dec/2015:03:12:11 +0100] "PROPFIND / HTTP/1.1" 405 343 "-" "Mozilla/5.0 (Windows NT 6.1) AppleWebKit/537.36 (KHTML"
139.162.218.146 - - [18/Dec/2015:03:12:14 +0100] "GET /HNAP1 HTTP/1.1" 404 310 "-" "Mozilla/5.0 (Windows NT 6.1) AppleWebKit/537.36 (KHTML"
139.162.218.146 - - [18/Dec/2015:03:12:14 +0100] "OPTIONS / HTTP/1.1" 200 - "-" "Mozilla/5.0 (Windows NT 6.1) AppleWebKit/537.36 (KHTML"
139.162.218.146 - - [18/Dec/2015:03:12:14 +0100] "WHDG / HTTP/1.1" 501 323 "-" "Mozilla/5.0 (Windows NT 6.1) AppleWebKit/537.36 (KHTML"
139.162.218.146 - - [18/Dec/2015:03:12:17 +0100] "PROPFIND / HTTP/1.1" 405 343 "-" "Mozilla/5.0 (Windows NT 6.1) AppleWebKit/537.36 (KHTML"
139.162.218.146 - - [18/Dec/2015:03:12:18 +0100] "\x16\x03\x01\x01`\x01" 501 321 "-" "-"
139.162.218.146 - - [18/Dec/2015:03:12:18 +0100] "\x16\x03\x01\x01`\x01" 501 321 "-" "-"
139.162.218.146 - - [18/Dec/2015:03:12:20 +0100] "POST / HTTP/1.1" 200 1229 "-" "Mozilla/5.0 (Windows NT 6.1) AppleWebKit/537.36 (KHTML"
139.162.218.146 - - [18/Dec/2015:03:12:20 +0100] "GET /.git/HEAD HTTP/1.1" 404 314 "-" "Mozilla/5.0 (Windows NT 6.1) AppleWebKit/537.36 (KHTML"
139.162.218.146 - - [18/Dec/2015:03:12:21 +0100] "OPTIONS / HTTP/1.1" 200 - "-" "Mozilla/5.0 (Windows NT 6.1) AppleWebKit/537.36 (KHTML"
139.162.218.146 - - [18/Dec/2015:03:12:21 +0100] "OPTIONS / HTTP/1.1" 200 - "-" "Mozilla/5.0 (Windows NT 6.1) AppleWebKit/537.36 (KHTML"
139.162.218.146 - - [18/Dec/2015:03:12:21 +0100] "OPTIONS / HTTP/1.1" 200 - "-" "Mozilla/5.0 (Windows NT 6.1) AppleWebKit/537.36 (KHTML"
139.162.218.146 - - [18/Dec/2015:03:12:21 +0100] "OPTIONS / HTTP/1.1" 200 - "-" "Mozilla/5.0 (Windows NT 6.1) AppleWebKit/537.36 (KHTML"
139.162.218.146 - - [18/Dec/2015:03:12:21 +0100] "OPTIONS / HTTP/1.1" 200 - "-" "Mozilla/5.0 (Windows NT 6.1) AppleWebKit/537.36 (KHTML"
139.162.218.146 - - [18/Dec/2015:03:12:22 +0100] "OPTIONS / HTTP/1.1" 200 - "-" "Mozilla/5.0 (Windows NT 6.1) AppleWebKit/537.36 (KHTML"
139.162.218.146 - - [18/Dec/2015:03:12:22 +0100] "OPTIONS / HTTP/1.1" 200 - "-" "Mozilla/5.0 (Windows NT 6.1) AppleWebKit/537.36 (KHTML"
139.162.218.146 - - [18/Dec/2015:03:12:22 +0100] "OPTIONS / HTTP/1.1" 200 - "-" "Mozilla/5.0 (Windows NT 6.1) AppleWebKit/537.36 (KHTML"
139.162.218.146 - - [18/Dec/2015:03:12:22 +0100] "OPTIONS / HTTP/1.1" 200 - "-" "Mozilla/5.0 (Windows NT 6.1) AppleWebKit/537.36 (KHTML"
141.212.122.112 - - [18/Dec/2015:03:36:31 +0100] "CONNECT proxytest.zmap.io:80 HTTP/1.1" 405 346 "-" "Mozilla/5.0 zgrab/0.x"
61.216.2.15 - - [18/Dec/2015:03:40:57 +0100] "GET / HTTP/1.1" 400 329 "-" "Mozilla/5.0 (Windows NT 6.3; WOW64) AppleWebKit/537.36 (KHTML, like Gecko) Chrome/45.0.2454.101 Safari/537.36"
61.216.2.15 - - [18/Dec/2015:03:41:13 +0100] "GET / HTTP/1.1" 400 329 "-" "Mozilla/5.0 (Windows NT 6.3; WOW64) AppleWebKit/537.36 (KHTML, like Gecko) Chrome/45.0.2454.101 Safari/537.36"
61.216.2.15 - - [18/Dec/2015:03:42:34 +0100] "GET / HTTP/1.1" 400 329 "-" "Mozilla/5.0 (Windows NT 6.3; WOW64) AppleWebKit/537.36 (KHTML, like Gecko) Chrome/45.0.2454.101 Safari/537.36"
61.216.2.15 - - [18/Dec/2015:03:42:44 +0100] "GET / HTTP/1.1" 400 329 "-" "Mozilla/5.0 (Windows NT 6.3; WOW64) AppleWebKit/537.36 (KHTML, like Gecko) Chrome/45.0.2454.101 Safari/537.36"
198.27.80.144 - - [18/Dec/2015:03:42:51 +0100] "GET /robots.txt HTTP/1.0" 404 333 "-" ""
198.27.80.144 - - [18/Dec/2015:03:42:51 +0100] "GET / HTTP/1.1" 206 1229 "-" "Mozilla/5.0 (X11; Linux x86_64) AppleWebKit/534.30 (KHTML, like Gecko) Ubuntu/11.04 Chromium/12.0.742.112 Chrome/12.0.742.112 Safari/534.30"
61.216.2.15 - - [18/Dec/2015:03:43:40 +0100] "GET / HTTP/1.1" 400 329 "-" "Mozilla/5.0 (Windows NT 6.3; WOW64) AppleWebKit/537.36 (KHTML, like Gecko) Chrome/45.0.2454.101 Safari/537.36"
61.216.2.15 - - [18/Dec/2015:03:44:18 +0100] "GET / HTTP/1.1" 400 329 "-" "Mozilla/5.0 (Windows NT 6.3; WOW64) AppleWebKit/537.36 (KHTML, like Gecko) Chrome/45.0.2454.101 Safari/537.36"
141.212.121.176 - - [18/Dec/2015:03:45:21 +0100] "GET / HTTP/1.1" 200 1229 "-" "Mozilla/5.0 zgrab/0.x"
207.46.13.87 - - [18/Dec/2015:04:09:34 +0100] "GET /robots.txt HTTP/1.1" 404 327 "-" "Mozilla/5.0 (compatible; bingbot/2.0; +http://www.bing.com/bingbot.htm)"
207.46.13.87 - - [18/Dec/2015:04:10:12 +0100] "GET /news.php?cs_go=archiv HTTP/1.1" 404 325 "-" "Mozilla/5.0 (compatible; bingbot/2.0; +http://www.bing.com/bingbot.htm)"
195.154.200.68 - - [18/Dec/2015:04:11:59 +0100] "GET /robots.txt HTTP/1.0" 404 327 "-" "Mozilla/5.0 (compatible; MJ12bot/v1.4.5; http://www.majestic12.co.uk/bot.php?+)"
180.97.106.161 - - [18/Dec/2015:04:12:15 +0100] "GET http://www.baidu.com/robots.txt HTTP/1.1" 404 315 "-" "-"
195.154.200.68 - - [18/Dec/2015:04:12:54 +0100] "GET /news.php?cs_go=archiv&cs_id=4489 HTTP/1.0" 404 325 "-" "Mozilla/5.0 (compatible; MJ12bot/v1.4.5; http://www.majestic12.co.uk/bot.php?+)"
195.154.200.68 - - [18/Dec/2015:04:12:57 +0100] "GET /news.php?cs_go=archiv&cs_id=5312 HTTP/1.1" 404 325 "-" "Mozilla/5.0 (compatible; MJ12bot/v1.4.5; http://www.majestic12.co.uk/bot.php?+)"
141.212.121.176 - - [18/Dec/2015:04:13:14 +0100] "GET / HTTP/1.1" 200 1229 "-" "Mozilla/5.0 zgrab/0.x"
180.97.106.162 - - [18/Dec/2015:04:13:21 +0100] "GET http://www.baidu.com/robots.txt HTTP/1.1" 404 315 "-" "-"
180.97.106.37 - - [18/Dec/2015:04:15:07 +0100] "GET http://www.baidu.com/robots.txt HTTP/1.1" 404 315 "-" "-"
78.46.50.246 - - [18/Dec/2015:04:17:01 +0100] "GET /robots.txt HTTP/1.0" 404 328 "-" "Mozilla/5.0 (compatible; MJ12bot/v1.4.5; http://www.majestic12.co.uk/bot.php?+)"
78.46.50.246 - - [18/Dec/2015:04:17:02 +0100] "GET / HTTP/1.0" 200 1229 "-" "Mozilla/5.0 (compatible; MJ12bot/v1.4.5; http://www.majestic12.co.uk/bot.php?+)"
180.97.106.36 - - [18/Dec/2015:04:22:07 +0100] "GET http://www.baidu.com/robots.txt HTTP/1.1" 404 315 "-" "-"
180.97.106.37 - - [18/Dec/2015:04:26:08 +0100] "GET http://www.baidu.com/robots.txt HTTP/1.1" 404 315 "-" "-"
180.97.106.37 - - [18/Dec/2015:04:27:37 +0100] "GET http://www.baidu.com/robots.txt HTTP/1.1" 404 315 "-" "-"
78.46.50.246 - - [18/Dec/2015:04:37:51 +0100] "GET /robots.txt HTTP/1.0" 404 328 "-" "Mozilla/5.0 (compatible; MJ12bot/v1.4.5; http://www.majestic12.co.uk/bot.php?+)"
78.46.50.246 - - [18/Dec/2015:04:37:53 +0100] "GET / HTTP/1.0" 200 1229 "-" "Mozilla/5.0 (compatible; MJ12bot/v1.4.5; http://www.majestic12.co.uk/bot.php?+)"
180.97.106.162 - - [18/Dec/2015:04:39:41 +0100] "GET http://www.baidu.com/robots.txt HTTP/1.1" 404 315 "-" "-"
69.30.210.242 - - [18/Dec/2015:04:51:49 +0100] "GET /robots.txt HTTP/1.0" 404 323 "-" "Mozilla/5.0 (compatible; MJ12bot/v1.4.5; http://www.majestic12.co.uk/bot.php?+)"
69.30.210.242 - - [18/Dec/2015:04:51:50 +0100] "GET / HTTP/1.0" 200 1229 "-" "Mozilla/5.0 (compatible; MJ12bot/v1.4.5; http://www.majestic12.co.uk/bot.php?+)"
115.231.222.14 - - [18/Dec/2015:05:07:43 +0100] "GET http://zc.qq.com/cgi-bin/common/attr?id=260714&r=0.4058159656484555 HTTP/1.1" 404 320 "-" "Mozilla/5.0 (compatible; MSIE 9.0; Windows NT 6.1; Trident/5.0; 360SE)"
193.111.140.106 - - [18/Dec/2015:05:36:02 +0100] "GET /robots.txt HTTP/1.0" 404 317 "-" "Mozilla/5.0 (compatible; MJ12bot/v1.4.5; http://www.majestic12.co.uk/bot.php?+)"
193.111.140.106 - - [18/Dec/2015:05:36:03 +0100] "GET /baustellenbetankung.php HTTP/1.0" 404 330 "-" "Mozilla/5.0 (compatible; MJ12bot/v1.4.5; http://www.majestic12.co.uk/bot.php?+)"
193.111.140.153 - - [18/Dec/2015:06:04:22 +0100] "GET /robots.txt HTTP/1.0" 404 327 "-" "Mozilla/5.0 (compatible; MJ12bot/v1.4.5; http://www.majestic12.co.uk/bot.php?+)"
193.111.140.153 - - [18/Dec/2015:06:04:24 +0100] "GET / HTTP/1.0" 200 1229 "-" "Mozilla/5.0 (compatible; MJ12bot/v1.4.5; http://www.majestic12.co.uk/bot.php?+)"
172.245.224.226 - - [18/Dec/2015:06:07:16 +0100] "GET /robots.txt HTTP/1.0" 404 323 "-" "Mozilla/5.0 (compatible; MJ12bot/v1.4.5; http://www.majestic12.co.uk/bot.php?+)"
172.245.224.226 - - [18/Dec/2015:06:07:18 +0100] "GET / HTTP/1.0" 200 1229 "-" "Mozilla/5.0 (compatible; MJ12bot/v1.4.5; http://www.majestic12.co.uk/bot.php?+)"
207.46.13.180 - - [18/Dec/2015:06:13:43 +0100] "GET /robots.txt HTTP/1.1" 404 328 "-" "Mozilla/5.0 (compatible; bingbot/2.0; +http://www.bing.com/bingbot.htm)"
207.46.13.180 - - [18/Dec/2015:06:13:51 +0100] "GET /index.php HTTP/1.1" 404 327 "-" "Mozilla/5.0 (compatible; bingbot/2.0; +http://www.bing.com/bingbot.htm)"
78.46.50.246 - - [18/Dec/2015:06:17:16 +0100] "GET /robots.txt HTTP/1.0" 404 328 "-" "Mozilla/5.0 (compatible; MJ12bot/v1.4.5; http://www.majestic12.co.uk/bot.php?+)"
78.46.50.246 - - [18/Dec/2015:06:17:17 +0100] "GET /ansprechpartner.php HTTP/1.0" 404 337 "-" "Mozilla/5.0 (compatible; MJ12bot/v1.4.5; http://www.majestic12.co.uk/bot.php?+)"
78.46.50.246 - - [18/Dec/2015:06:17:19 +0100] "GET /tankanlagen.php HTTP/1.0" 404 333 "-" "Mozilla/5.0 (compatible; MJ12bot/v1.4.5; http://www.majestic12.co.uk/bot.php?+)"
78.46.50.246 - - [18/Dec/2015:06:17:20 +0100] "GET /tankreinigung.php HTTP/1.0" 404 335 "-" "Mozilla/5.0 (compatible; MJ12bot/v1.4.5; http://www.majestic12.co.uk/bot.php?+)"
66.249.78.228 - - [18/Dec/2015:06:24:46 +0100] "GET /robots.txt HTTP/1.1" 404 332 "-" "Mozilla/5.0 (compatible; Googlebot/2.1; +http://www.google.com/bot.html)"
66.249.78.234 - - [18/Dec/2015:06:24:47 +0100] "GET / HTTP/1.1" 200 1229 "-" "Mozilla/5.0 (iPhone; CPU iPhone OS 8_3 like Mac OS X) AppleWebKit/600.1.4 (KHTML, like Gecko) Version/8.0 Mobile/12F70 Safari/600.1.4 (compatible; Googlebot/2.1; +http://www.google.com/bot.html)"
194.153.113.35 - - [18/Dec/2015:06:53:02 +0100] "GET /robots.txt HTTP/1.1" 404 315 "-" "Mozilla/5.0 (compatible; oBot/2.3.1; http://filterdb.iss.net/crawler/)"
194.153.113.35 - - [18/Dec/2015:06:53:02 +0100] "HEAD / HTTP/1.1" 200 - "-" "Mozilla/5.0 (compatible; oBot/2.3.1; http://filterdb.iss.net/crawler/)"
66.249.78.240 - - [18/Dec/2015:07:02:14 +0100] "GET /robots.txt HTTP/1.1" 404 327 "-" "Mozilla/5.0 (compatible; Googlebot/2.1; +http://www.google.com/bot.html)"
66.249.64.149 - - [18/Dec/2015:07:02:14 +0100] "GET / HTTP/1.1" 200 1229 "-" "Mozilla/5.0 (iPhone; CPU iPhone OS 8_3 like Mac OS X) AppleWebKit/600.1.4 (KHTML, like Gecko) Version/8.0 Mobile/12F70 Safari/600.1.4 (compatible; Googlebot/2.1; +http://www.google.com/bot.html)"
141.212.121.176 - - [18/Dec/2015:07:04:28 +0100] "GET / HTTP/1.1" 200 1229 "-" "Mozilla/5.0 zgrab/0.x"
188.166.101.25 - - [18/Dec/2015:07:33:34 +0100] "HEAD / HTTP/1.1" 200 - "-" "Mozilla/5.0 (X11; Linux x86_64) AppleWebKit/537.11 (KHTML, like Gecko) Chrome/23.0.1271.64 Safari/537.11"
78.46.50.246 - - [18/Dec/2015:07:43:48 +0100] "GET /robots.txt HTTP/1.0" 404 317 "-" "Mozilla/5.0 (compatible; MJ12bot/v1.4.5; http://www.majestic12.co.uk/bot.php?+)"
78.46.50.246 - - [18/Dec/2015:07:43:49 +0100] "GET /brennwerttechnik.php HTTP/1.0" 404 327 "-" "Mozilla/5.0 (compatible; MJ12bot/v1.4.5; http://www.majestic12.co.uk/bot.php?+)"
78.46.50.246 - - [18/Dec/2015:07:43:51 +0100] "GET /diesel.php HTTP/1.0" 404 317 "-" "Mozilla/5.0 (compatible; MJ12bot/v1.4.5; http://www.majestic12.co.uk/bot.php?+)"
78.46.50.246 - - [18/Dec/2015:07:43:52 +0100] "GET /ec.php HTTP/1.0" 404 313 "-" "Mozilla/5.0 (compatible; MJ12bot/v1.4.5; http://www.majestic12.co.uk/bot.php?+)"
198.20.69.74 - - [18/Dec/2015:08:03:17 +0100] "GET / HTTP/1.1" 200 1229 "-" "-"
198.20.69.74 - - [18/Dec/2015:08:03:18 +0100] "GET /robots.txt HTTP/1.1" 404 315 "-" "-"
198.20.69.74 - - [18/Dec/2015:08:03:18 +0100] "GET /sitemap.xml HTTP/1.1" 404 316 "-" "-"
115.231.222.14 - - [18/Dec/2015:08:13:18 +0100] "GET http://zc.qq.com/cgi-bin/common/attr?id=260714&r=0.4825921863363287 HTTP/1.1" 404 320 "-" "Mozilla/5.0 (compatible; MSIE 9.0; Windows NT 6.1; Trident/5.0; 360SE)"
188.40.95.70 - - [18/Dec/2015:08:22:45 +0100] "GET /robots.txt HTTP/1.0" 404 328 "-" "Mozilla/5.0 (compatible; MJ12bot/v1.4.5; http://www.majestic12.co.uk/bot.php?+)"
188.40.95.70 - - [18/Dec/2015:08:22:47 +0100] "GET /index.php HTTP/1.0" 404 327 "-" "Mozilla/5.0 (compatible; MJ12bot/v1.4.5; http://www.majestic12.co.uk/bot.php?+)"
188.40.95.70 - - [18/Dec/2015:08:22:49 +0100] "GET /jobs.php HTTP/1.0" 404 326 "-" "Mozilla/5.0 (compatible; MJ12bot/v1.4.5; http://www.majestic12.co.uk/bot.php?+)"
188.40.95.70 - - [18/Dec/2015:08:22:51 +0100] "GET /waermekonto.php HTTP/1.0" 404 333 "-" "Mozilla/5.0 (compatible; MJ12bot/v1.4.5; http://www.majestic12.co.uk/bot.php?+)"
221.231.6.246 - - [18/Dec/2015:08:40:37 +0100] "OPTIONS / HTTP/1.1" 200 - "-" "Mozilla/5.0 (Macintosh; Intel Mac OS X 10_10_5) AppleWebKit/537.36 (KHTML, like Gecko) Chrome/43.0.2357.134 Safari/537.36 QQBrowser/3.8.3858.400"
221.231.6.246 - - [18/Dec/2015:08:40:43 +0100] "GET / HTTP/1.1" 200 1229 "http://212.91.246.83:80" "Mozilla/5.0 (Macintosh; Intel Mac OS X 10_10_5) AppleWebKit/537.36 (KHTML, like Gecko) Chrome/43.0.2357.134 Safari/537.36 QQBrowser/3.8.3858.400"
221.231.6.246 - - [18/Dec/2015:08:40:58 +0100] "GET / HTTP/1.1" 200 1229 "http://212.91.246.83:80" "Mozilla/5.0 (Macintosh; Intel Mac OS X 10_10_5) AppleWebKit/537.36 (KHTML, like Gecko) Chrome/43.0.2357.134 Safari/537.36 QQBrowser/3.8.3858.400"
221.231.6.246 - - [18/Dec/2015:08:41:05 +0100] "GET /tcpipwan.asp HTTP/1.1" 404 317 "http://212.91.246.83:80" "Mozilla/5.0 (Macintosh; Intel Mac OS X 10_10_5) AppleWebKit/537.36 (KHTML, like Gecko) Chrome/43.0.2357.134 Safari/537.36 QQBrowser/3.8.3858.400"
212.115.224.115 - - [18/Dec/2015:08:42:11 +0100] "GET /robots.txt HTTP/1.1" 404 318 "-" "Mozilla/5.0 (compatible; HyperCrawl/0.2; +http://www.seograph.net/bot.html)"
194.153.113.13 - - [18/Dec/2015:08:50:32 +0100] "GET /robots.txt HTTP/1.1" 404 315 "-" "Mozilla/5.0 (compatible; oBot/2.3.1; http://filterdb.iss.net/crawler/)"
194.153.113.13 - - [18/Dec/2015:08:50:32 +0100] "HEAD / HTTP/1.1" 200 - "-" "Mozilla/5.0 (compatible; oBot/2.3.1; http://filterdb.iss.net/crawler/)"
111.248.62.72 - - [18/Dec/2015:09:10:37 +0100] "CONNECT vip163mx00.mxmail.netease.com:25 HTTP/1.0" 405 358 "-" "-"
111.248.62.72 - - [18/Dec/2015:09:10:42 +0100] "CONNECT vip163mx00.mxmail.netease.com:25 HTTP/1.0" 405 358 "-" "-"
88.198.16.153 - - [18/Dec/2015:09:15:04 +0100] "GET /robots.txt HTTP/1.0" 404 327 "-" "Mozilla/5.0 (compatible; MJ12bot/v1.4.5; http://www.majestic12.co.uk/bot.php?+)"
88.198.16.153 - - [18/Dec/2015:09:15:06 +0100] "GET /ansprechpartner.php HTTP/1.0" 404 336 "-" "Mozilla/5.0 (compatible; MJ12bot/v1.4.5; http://www.majestic12.co.uk/bot.php?+)"
88.198.16.153 - - [18/Dec/2015:09:15:08 +0100] "GET /kontakt.php HTTP/1.0" 404 328 "-" "Mozilla/5.0 (compatible; MJ12bot/v1.4.5; http://www.majestic12.co.uk/bot.php?+)"
88.198.16.153 - - [18/Dec/2015:09:15:12 +0100] "GET /kwk.php HTTP/1.0" 404 324 "-" "Mozilla/5.0 (compatible; MJ12bot/v1.4.5; http://www.majestic12.co.uk/bot.php?+)"
88.198.16.153 - - [18/Dec/2015:09:15:15 +0100] "GET /ofenbau.php HTTP/1.0" 404 328 "-" "Mozilla/5.0 (compatible; MJ12bot/v1.4.5; http://www.majestic12.co.uk/bot.php?+)"
88.198.16.153 - - [18/Dec/2015:09:15:17 +0100] "GET /preisanfrage.php HTTP/1.0" 404 333 "-" "Mozilla/5.0 (compatible; MJ12bot/v1.4.5; http://www.majestic12.co.uk/bot.php?+)"
61.228.93.195 - - [18/Dec/2015:09:48:17 +0100] "CONNECT 163mx01.mxmail.netease.com:25 HTTP/1.0" 405 355 "-" "-"
123.56.100.30 - - [18/Dec/2015:10:07:11 +0100] "GET /phpMyAdmin/scripts/setup.php HTTP/1.1" 404 333 "-" "-"
123.56.100.30 - - [18/Dec/2015:10:07:30 +0100] "GET /pma/scripts/setup.php HTTP/1.1" 404 326 "-" "-"
123.56.100.30 - - [18/Dec/2015:10:07:40 +0100] "GET /myadmin/scripts/setup.php HTTP/1.1" 404 330 "-" "-"
206.253.226.22 - - [18/Dec/2015:10:17:48 +0100] "GET /robots.txt HTTP/1.1" 404 315 "-" "Mozilla/5.0 (compatible; oBot/2.3.1; http://filterdb.iss.net/crawler/)"
206.253.226.22 - - [18/Dec/2015:10:17:48 +0100] "HEAD / HTTP/1.1" 200 - "-" "Mozilla/5.0 (compatible; oBot/2.3.1; http://filterdb.iss.net/crawler/)"
115.231.222.14 - - [18/Dec/2015:10:32:25 +0100] "GET http://zc.qq.com/cgi-bin/common/attr?id=260714&r=0.5885246079587356 HTTP/1.1" 404 320 "-" "Mozilla/5.0 (compatible; MSIE 9.0; Windows NT 6.1; Trident/5.0; 360SE)"
115.231.222.14 - - [18/Dec/2015:10:33:12 +0100] "GET http://zc.qq.com/cgi-bin/common/attr?id=260714&r=0.9984973514268367 HTTP/1.1" 404 320 "-" "Mozilla/5.0 (compatible; MSIE 9.0; Windows NT 6.1; Trident/5.0; 360SE)"
82.80.249.214 - - [18/Dec/2015:11:43:07 +0100] "GET / HTTP/1.1" 200 1229 "-" "Mozilla/5.0 (Windows NT 6.1; WOW64) AppleWebKit/537.36 (KHTML, like Gecko) Chrome/31.0.1650.57 Safari/537.36"
82.80.249.155 - - [18/Dec/2015:11:43:10 +0100] "GET / HTTP/1.1" 200 1229 "-" "Mozilla/5.0 (Windows NT 6.1; WOW64; Trident/7.0; rv:11.0) like Gecko"
87.250.244.30 - - [18/Dec/2015:12:08:26 +0100] "GET /robots.txt HTTP/1.1" 404 323 "-" "Mozilla/5.0 (compatible; YandexBot/3.0; +http://yandex.com/bots)"
221.231.6.246 - - [18/Dec/2015:13:27:19 +0100] "OPTIONS / HTTP/1.1" 200 - "-" "Mozilla/5.0 (Macintosh; Intel Mac OS X 10_10_5) AppleWebKit/537.36 (KHTML, like Gecko) Chrome/43.0.2357.134 Safari/537.36 QQBrowser/3.8.3858.400"
221.231.6.246 - - [18/Dec/2015:13:27:23 +0100] "GET / HTTP/1.1" 200 1229 "http://212.91.246.81:80" "Mozilla/5.0 (Macintosh; Intel Mac OS X 10_10_5) AppleWebKit/537.36 (KHTML, like Gecko) Chrome/43.0.2357.134 Safari/537.36 QQBrowser/3.8.3858.400"
221.231.6.246 - - [18/Dec/2015:13:27:27 +0100] "GET / HTTP/1.1" 200 1229 "http://212.91.246.81:80" "Mozilla/5.0 (Macintosh; Intel Mac OS X 10_10_5) AppleWebKit/537.36 (KHTML, like Gecko) Chrome/43.0.2357.134 Safari/537.36 QQBrowser/3.8.3858.400"
221.231.6.246 - - [18/Dec/2015:13:27:48 +0100] "GET /tcpipwan.asp HTTP/1.1" 404 317 "http://212.91.246.81:80" "Mozilla/5.0 (Macintosh; Intel Mac OS X 10_10_5) AppleWebKit/537.36 (KHTML, like Gecko) Chrome/43.0.2357.134 Safari/537.36 QQBrowser/3.8.3858.400"
40.77.167.32 - - [18/Dec/2015:13:36:09 +0100] "GET /robots.txt HTTP/1.1" 404 328 "-" "Mozilla/5.0 (compatible; bingbot/2.0; +http://www.bing.com/bingbot.htm)"
40.77.167.32 - - [18/Dec/2015:13:36:36 +0100] "GET /essocard.php HTTP/1.1" 404 330 "-" "Mozilla/5.0 (compatible; bingbot/2.0; +http://www.bing.com/bingbot.htm)"
69.30.198.178 - - [18/Dec/2015:14:03:48 +0100] "GET /robots.txt HTTP/1.0" 404 328 "-" "Mozilla/5.0 (compatible; MJ12bot/v1.4.5; http://www.majestic12.co.uk/bot.php?+)"
69.30.198.178 - - [18/Dec/2015:14:03:50 +0100] "GET / HTTP/1.0" 200 1229 "-" "Mozilla/5.0 (compatible; MJ12bot/v1.4.5; http://www.majestic12.co.uk/bot.php?+)"
54.153.33.145 - - [18/Dec/2015:14:30:15 +0100] "GET / HTTP/1.1" 200 1229 "-" "Mozilla/5.0 (Windows NT 6.1) AppleWebKit/537.36 (KHTML, like Gecko) Chrome/41.0.2228.0 Safari/537.36"
82.80.249.214 - - [18/Dec/2015:14:51:34 +0100] "GET / HTTP/1.1" 200 1229 "-" "Mozilla/5.0 (compatible; MSIE 9.0; Windows NT 6.1; WOW64; Trident/5.0)"
82.80.230.228 - - [18/Dec/2015:14:51:46 +0100] "GET / HTTP/1.1" 200 1229 "-" "Mozilla/5.0 (Windows NT 6.3; WOW64) AppleWebKit/537.36 (KHTML, like Gecko) Chrome/32.0.1700.72 Safari/537.36"
54.153.32.246 - - [18/Dec/2015:15:08:01 +0100] "GET / HTTP/1.1" 200 1229 "-" "Mozilla/5.0 (Windows NT 6.1) AppleWebKit/537.36 (KHTML, like Gecko) Chrome/41.0.2228.0 Safari/537.36"
115.231.222.14 - - [18/Dec/2015:15:10:38 +0100] "GET http://zc.qq.com/cgi-bin/common/attr?id=260714&r=0.2025891272932699 HTTP/1.1" 404 320 "-" "Mozilla/5.0 (compatible; MSIE 9.0; Windows NT 6.1; Trident/5.0; 360SE)"
115.231.222.14 - - [18/Dec/2015:15:10:46 +0100] "GET http://zc.qq.com/cgi-bin/common/attr?id=260714&r=0.3828068502674613 HTTP/1.1" 404 320 "-" "Mozilla/5.0 (compatible; MSIE 9.0; Windows NT 6.1; Trident/5.0; 360SE)"
64.246.161.42 - - [18/Dec/2015:15:19:01 +0100] "GET /leer.htm HTTP/1.1" 404 313 "http://whois.domaintools.com/dialyse-schoenebeck.de" "Mozilla/5.0 (Windows; U; Windows NT 5.1; en; rv:1.9.0.13) Gecko/2009073022 Firefox/3.5.2 (.NET CLR 3.5.30729) SurveyBot/2.3 (DomainTools)"
64.246.161.42 - - [18/Dec/2015:15:19:01 +0100] "GET /leer.htm HTTP/1.1" 404 313 "http://whois.domaintools.com/dialyse-schoenebeck.de" "Mozilla/5.0 (Windows; U; Windows NT 5.1; en; rv:1.9.0.13) Gecko/2009073022 Firefox/3.5.2 (.NET CLR 3.5.30729) SurveyBot/2.3 (DomainTools)"
64.246.161.42 - - [18/Dec/2015:15:19:02 +0100] "GET /leer.htm HTTP/1.1" 404 313 "http://whois.domaintools.com/dialyse-schoenebeck.de" "Mozilla/5.0 (Windows; U; Windows NT 5.1; en; rv:1.9.0.13) Gecko/2009073022 Firefox/3.5.2 (.NET CLR 3.5.30729) SurveyBot/2.3 (DomainTools)"
54.153.33.233 - - [18/Dec/2015:16:03:33 +0100] "GET / HTTP/1.1" 200 1229 "-" "Mozilla/5.0 (Windows NT 6.1) AppleWebKit/537.36 (KHTML, like Gecko) Chrome/41.0.2228.0 Safari/537.36"
216.145.14.142 - - [18/Dec/2015:16:04:41 +0100] "GET /frameset/left.htm HTTP/1.1" 404 322 "http://whois.domaintools.com/die-sehnsucht.com" "Mozilla/5.0 (Windows; U; Windows NT 5.1; en; rv:1.9.0.13) Gecko/2009073022 Firefox/3.5.2 (.NET CLR 3.5.30729) SurveyBot/2.3 (DomainTools)"
216.145.14.142 - - [18/Dec/2015:16:04:41 +0100] "GET /frameset/top.htm HTTP/1.1" 404 321 "http://whois.domaintools.com/die-sehnsucht.com" "Mozilla/5.0 (Windows; U; Windows NT 5.1; en; rv:1.9.0.13) Gecko/2009073022 Firefox/3.5.2 (.NET CLR 3.5.30729) SurveyBot/2.3 (DomainTools)"
216.145.14.142 - - [18/Dec/2015:16:04:41 +0100] "GET /neue_seite_1.htm HTTP/1.1" 404 321 "http://whois.domaintools.com/die-sehnsucht.com" "Mozilla/5.0 (Windows; U; Windows NT 5.1; en; rv:1.9.0.13) Gecko/2009073022 Firefox/3.5.2 (.NET CLR 3.5.30729) SurveyBot/2.3 (DomainTools)"
54.153.33.152 - - [18/Dec/2015:16:23:16 +0100] "GET / HTTP/1.1" 200 1229 "-" "Mozilla/5.0 (Windows NT 6.1) AppleWebKit/537.36 (KHTML, like Gecko) Chrome/41.0.2228.0 Safari/537.36"
54.153.33.145 - - [18/Dec/2015:16:49:59 +0100] "GET / HTTP/1.1" 200 1229 "-" "Mozilla/5.0 (Windows NT 6.1) AppleWebKit/537.36 (KHTML, like Gecko) Chrome/41.0.2228.0 Safari/537.36"
66.249.78.64 - - [18/Dec/2015:17:04:06 +0100] "GET /robots.txt HTTP/1.1" 404 315 "-" "Mozilla/5.0 (compatible; Googlebot/2.1; +http://www.google.com/bot.html)"
66.249.78.50 - - [18/Dec/2015:17:04:06 +0100] "GET / HTTP/1.1" 200 1229 "-" "Mozilla/5.0 (iPhone; CPU iPhone OS 8_3 like Mac OS X) AppleWebKit/600.1.4 (KHTML, like Gecko) Version/8.0 Mobile/12F70 Safari/600.1.4 (compatible; Googlebot/2.1; +http://www.google.com/bot.html)"
54.153.32.246 - - [18/Dec/2015:17:25:04 +0100] "GET / HTTP/1.1" 200 1229 "-" "Mozilla/5.0 (Windows NT 6.1) AppleWebKit/537.36 (KHTML, like Gecko) Chrome/41.0.2228.0 Safari/537.36"
66.249.64.68 - - [18/Dec/2015:17:27:27 +0100] "GET /robots.txt HTTP/1.1" 404 337 "-" "Mozilla/5.0 (compatible; Googlebot/2.1; +http://www.google.com/bot.html)"
66.249.78.248 - - [18/Dec/2015:17:27:27 +0100] "GET / HTTP/1.1" 200 1229 "-" "Mozilla/5.0 (iPhone; CPU iPhone OS 8_3 like Mac OS X) AppleWebKit/600.1.4 (KHTML, like Gecko) Version/8.0 Mobile/12F70 Safari/600.1.4 (compatible; Googlebot/2.1; +http://www.google.com/bot.html)"
115.231.222.14 - - [18/Dec/2015:17:30:02 +0100] "GET http://zc.qq.com/cgi-bin/common/attr?id=260714&r=0.3388043311596871 HTTP/1.1" 404 320 "-" "Mozilla/5.0 (compatible; MSIE 9.0; Windows NT 6.1; Trident/5.0; 360SE)"
54.153.33.233 - - [18/Dec/2015:17:48:06 +0100] "GET / HTTP/1.1" 200 1229 "-" "Mozilla/5.0 (Windows NT 6.1) AppleWebKit/537.36 (KHTML, like Gecko) Chrome/41.0.2228.0 Safari/537.36"
66.249.64.125 - - [18/Dec/2015:17:51:02 +0100] "GET /robots.txt HTTP/1.1" 404 334 "-" "Mozilla/5.0 (compatible; Googlebot/2.1; +http://www.google.com/bot.html)"
66.249.78.215 - - [18/Dec/2015:17:51:02 +0100] "GET / HTTP/1.1" 200 1229 "-" "Mozilla/5.0 (iPhone; CPU iPhone OS 8_3 like Mac OS X) AppleWebKit/600.1.4 (KHTML, like Gecko) Version/8.0 Mobile/12F70 Safari/600.1.4 (compatible; Googlebot/2.1; +http://www.google.com/bot.html)"
188.165.15.66 - - [18/Dec/2015:17:51:07 +0100] "GET /robots.txt HTTP/1.1" 404 327 "-" "Mozilla/5.0 (compatible; AhrefsBot/5.0; +http://ahrefs.com/robot/)"
185.130.5.207 - - [18/Dec/2015:18:10:22 +0100] "GET //phpmyadmin/scripts/setup.php HTTP/1.1" 404 333 "-" "-"
185.130.5.207 - - [18/Dec/2015:18:10:22 +0100] "GET //pma/scripts/setup.php HTTP/1.1" 404 326 "-" "-"
185.130.5.207 - - [18/Dec/2015:18:10:22 +0100] "GET //myadmin/scripts/setup.php HTTP/1.1" 404 330 "-" "-"
185.130.5.207 - - [18/Dec/2015:18:10:23 +0100] "GET //MyAdmin/scripts/setup.php HTTP/1.1" 404 330 "-" "-"
185.130.5.207 - - [18/Dec/2015:18:10:23 +0100] "GET //mysqladmin/scripts/setup.php HTTP/1.1" 404 333 "-" "-"
221.231.6.246 - - [18/Dec/2015:18:12:35 +0100] "OPTIONS / HTTP/1.1" 200 - "-" "Mozilla/5.0 (Macintosh; Intel Mac OS X 10_10_5) AppleWebKit/537.36 (KHTML, like Gecko) Chrome/43.0.2357.134 Safari/537.36 QQBrowser/3.8.3858.400"
221.231.6.246 - - [18/Dec/2015:18:12:43 +0100] "GET / HTTP/1.1" 200 1229 "http://212.91.246.88:80" "Mozilla/5.0 (Macintosh; Intel Mac OS X 10_10_5) AppleWebKit/537.36 (KHTML, like Gecko) Chrome/43.0.2357.134 Safari/537.36 QQBrowser/3.8.3858.400"
221.231.6.246 - - [18/Dec/2015:18:13:25 +0100] "GET / HTTP/1.1" 200 1229 "http://212.91.246.88:80" "Mozilla/5.0 (Macintosh; Intel Mac OS X 10_10_5) AppleWebKit/537.36 (KHTML, like Gecko) Chrome/43.0.2357.134 Safari/537.36 QQBrowser/3.8.3858.400"
157.55.39.131 - - [18/Dec/2015:18:16:07 +0100] "GET /waermekonto.php HTTP/1.1" 404 328 "-" "Mozilla/5.0 (compatible; bingbot/2.0; +http://www.bing.com/bingbot.htm)"
213.238.172.78 - - [18/Dec/2015:18:45:33 +0100] "GET /phpMyAdmin/scripts/setup.php HTTP/1.1" 404 333 "-" "-"
213.238.172.78 - - [18/Dec/2015:18:45:38 +0100] "GET /pma/scripts/setup.php HTTP/1.1" 404 326 "-" "-"
213.238.172.78 - - [18/Dec/2015:18:45:43 +0100] "GET /myadmin/scripts/setup.php HTTP/1.1" 404 330 "-" "-"
54.153.33.233 - - [18/Dec/2015:18:52:00 +0100] "GET / HTTP/1.1" 200 1229 "-" "Mozilla/5.0 (Windows NT 6.1) AppleWebKit/537.36 (KHTML, like Gecko) Chrome/41.0.2228.0 Safari/537.36"
66.249.78.58 - - [18/Dec/2015:19:02:03 +0100] "GET /robots.txt HTTP/1.1" 404 328 "-" "Mozilla/5.0 (compatible; Googlebot/2.1; +http://www.google.com/bot.html)"
66.249.64.1 - - [18/Dec/2015:19:02:04 +0100] "GET / HTTP/1.1" 200 1229 "-" "Mozilla/5.0 (iPhone; CPU iPhone OS 8_3 like Mac OS X) AppleWebKit/600.1.4 (KHTML, like Gecko) Version/8.0 Mobile/12F70 Safari/600.1.4 (compatible; Googlebot/2.1; +http://www.google.com/bot.html)"
66.240.236.119 - - [18/Dec/2015:19:04:30 +0100] "GET / HTTP/1.1" 200 1229 "-" "-"
66.240.236.119 - - [18/Dec/2015:19:04:31 +0100] "GET /robots.txt HTTP/1.1" 404 315 "-" "-"
66.240.236.119 - - [18/Dec/2015:19:04:31 +0100] "GET /sitemap.xml HTTP/1.1" 404 316 "-" "-"
66.249.78.30 - - [18/Dec/2015:19:25:38 +0100] "GET /robots.txt HTTP/1.1" 404 328 "-" "Mozilla/5.0 (compatible; Googlebot/2.1; +http://www.google.com/bot.html)"
66.249.78.37 - - [18/Dec/2015:19:25:38 +0100] "GET / HTTP/1.1" 200 1229 "-" "Mozilla/5.0 (iPhone; CPU iPhone OS 8_3 like Mac OS X) AppleWebKit/600.1.4 (KHTML, like Gecko) Version/8.0 Mobile/12F70 Safari/600.1.4 (compatible; Googlebot/2.1; +http://www.google.com/bot.html)"
115.231.222.14 - - [18/Dec/2015:19:48:54 +0100] "GET http://zc.qq.com/cgi-bin/common/attr?id=260714&r=0.4377993707339878 HTTP/1.1" 404 320 "-" "Mozilla/5.0 (compatible; MSIE 9.0; Windows NT 6.1; Trident/5.0; 360SE)"
115.231.222.14 - - [18/Dec/2015:19:48:55 +0100] "GET http://zc.qq.com/cgi-bin/common/attr?id=260714&r=0.8721107608042861 HTTP/1.1" 404 320 "-" "Mozilla/5.0 (compatible; MSIE 9.0; Windows NT 6.1; Trident/5.0; 360SE)"
66.249.78.3 - - [18/Dec/2015:19:49:13 +0100] "GET /robots.txt HTTP/1.1" 404 318 "-" "Mozilla/5.0 (compatible; Googlebot/2.1; +http://www.google.com/bot.html)"
66.249.64.15 - - [18/Dec/2015:19:49:14 +0100] "GET / HTTP/1.1" 200 1229 "-" "Mozilla/5.0 (iPhone; CPU iPhone OS 8_3 like Mac OS X) AppleWebKit/600.1.4 (KHTML, like Gecko) Version/8.0 Mobile/12F70 Safari/600.1.4 (compatible; Googlebot/2.1; +http://www.google.com/bot.html)"
61.228.90.104 - - [18/Dec/2015:20:24:19 +0100] "CONNECT 163mx02.mxmail.netease.com:25 HTTP/1.0" 405 355 "-" "-"
54.153.33.145 - - [18/Dec/2015:20:38:38 +0100] "GET / HTTP/1.1" 200 1229 "-" "Mozilla/5.0 (Windows NT 6.1) AppleWebKit/537.36 (KHTML, like Gecko) Chrome/41.0.2228.0 Safari/537.36"
221.231.6.246 - - [18/Dec/2015:21:00:27 +0100] "OPTIONS / HTTP/1.1" 200 - "-" "Mozilla/5.0 (Macintosh; Intel Mac OS X 10_10_5) AppleWebKit/537.36 (KHTML, like Gecko) Chrome/43.0.2357.134 Safari/537.36 QQBrowser/3.8.3858.400"
221.231.6.246 - - [18/Dec/2015:21:00:52 +0100] "GET / HTTP/1.1" 200 1229 "http://212.91.246.86:80" "Mozilla/5.0 (Macintosh; Intel Mac OS X 10_10_5) AppleWebKit/537.36 (KHTML, like Gecko) Chrome/43.0.2357.134 Safari/537.36 QQBrowser/3.8.3858.400"
221.231.6.246 - - [18/Dec/2015:21:01:28 +0100] "GET / HTTP/1.1" 200 1229 "http://212.91.246.86:80" "Mozilla/5.0 (Macintosh; Intel Mac OS X 10_10_5) AppleWebKit/537.36 (KHTML, like Gecko) Chrome/43.0.2357.134 Safari/537.36 QQBrowser/3.8.3858.400"
221.231.6.246 - - [18/Dec/2015:21:01:52 +0100] "GET /tcpipwan.asp HTTP/1.1" 404 317 "http://212.91.246.86:80" "Mozilla/5.0 (Macintosh; Intel Mac OS X 10_10_5) AppleWebKit/537.36 (KHTML, like Gecko) Chrome/43.0.2357.134 Safari/537.36 QQBrowser/3.8.3858.400"
54.153.33.152 - - [18/Dec/2015:21:33:34 +0100] "GET / HTTP/1.1" 200 1229 "-" "Mozilla/5.0 (Windows NT 6.1) AppleWebKit/537.36 (KHTML, like Gecko) Chrome/41.0.2228.0 Safari/537.36"
46.166.139.20 - - [18/Dec/2015:21:53:12 +0100] "GET /plugins/system/plugin_googlemap2_proxy.php?url= HTTP/1.1" 404 347 "-" "-"
46.166.139.20 - - [18/Dec/2015:22:00:43 +0100] "GET /plugins/system/plugin_googlemap2_proxy.php?url= HTTP/1.1" 404 347 "-" "-"
46.166.139.20 - - [18/Dec/2015:22:02:39 +0100] "GET /plugins/system/plugin_googlemap2_proxy.php?url= HTTP/1.1" 404 347 "-" "-"
115.231.222.14 - - [18/Dec/2015:22:08:15 +0100] "GET http://zc.qq.com/cgi-bin/common/attr?id=260714&r=0.6036800413255147 HTTP/1.1" 404 320 "-" "Mozilla/5.0 (compatible; MSIE 9.0; Windows NT 6.1; Trident/5.0; 360SE)"
115.231.222.14 - - [18/Dec/2015:22:08:16 +0100] "GET http://zc.qq.com/cgi-bin/common/attr?id=260714&r=0.2808464592219683 HTTP/1.1" 404 320 "-" "Mozilla/5.0 (compatible; MSIE 9.0; Windows NT 6.1; Trident/5.0; 360SE)"
111.243.205.64 - - [18/Dec/2015:22:10:19 +0100] "CONNECT 163mx03.mxmail.netease.com:25 HTTP/1.0" 405 355 "-" "-"
46.166.139.20 - - [18/Dec/2015:22:17:57 +0100] "GET /plugins/system/plugin_googlemap2_proxy.php?url= HTTP/1.1" 404 347 "-" "-"
46.166.139.20 - - [18/Dec/2015:22:54:56 +0100] "GET /plugins/system/plugin_googlemap2_proxy.php?url= HTTP/1.1" 404 347 "-" "-"
46.166.139.20 - - [18/Dec/2015:23:01:24 +0100] "GET /plugins/system/plugin_googlemap2_proxy.php?url= HTTP/1.1" 404 347 "-" "-"
46.166.139.20 - - [18/Dec/2015:23:11:44 +0100] "GET /plugins/system/plugin_googlemap2_proxy.php?url= HTTP/1.1" 404 347 "-" "-"
46.166.139.20 - - [18/Dec/2015:23:23:01 +0100] "GET /plugins/system/plugin_googlemap2_proxy.php?url= HTTP/1.1" 404 347 "-" "-"
104.128.144.131 - - [18/Dec/2015:23:32:36 +0100] "GET / HTTP/1.0" 200 1229 "-" "www.probethenet.com scanner"
104.128.144.131 - - [18/Dec/2015:23:32:36 +0100] "HEAD /redirect.php HTTP/1.0" 404 - "-" "www.probethenet.com scanner"
114.215.128.206 - - [18/Dec/2015:23:37:41 +0100] "GET /phpMyAdmin/scripts/setup.php HTTP/1.1" 404 333 "-" "-"
114.215.128.206 - - [18/Dec/2015:23:37:51 +0100] "GET /pma/scripts/setup.php HTTP/1.1" 404 326 "-" "-"
114.215.128.206 - - [18/Dec/2015:23:38:01 +0100] "GET /myadmin/scripts/setup.php HTTP/1.1" 404 330 "-" "-"
46.166.139.20 - - [18/Dec/2015:23:39:21 +0100] "GET /plugins/system/plugin_googlemap2_proxy.php?url= HTTP/1.1" 404 347 "-" "-"
46.166.139.20 - - [18/Dec/2015:23:58:23 +0100] "GET /plugins/system/plugin_googlemap2_proxy.php?url= HTTP/1.1" 404 347 "-" "-"
104.128.144.131 - - [19/Dec/2015:00:22:59 +0100] "GET / HTTP/1.0" 200 1229 "-" "www.probethenet.com scanner"
104.128.144.131 - - [19/Dec/2015:00:23:00 +0100] "HEAD /redirect.php HTTP/1.0" 404 - "-" "www.probethenet.com scanner"
115.231.222.14 - - [19/Dec/2015:00:27:17 +0100] "GET http://zc.qq.com/cgi-bin/common/attr?id=260714&r=0.9992901942952259 HTTP/1.1" 404 320 "-" "Mozilla/5.0 (compatible; MSIE 9.0; Windows NT 6.1; Trident/5.0; 360SE)"
104.128.144.131 - - [19/Dec/2015:00:39:09 +0100] "GET / HTTP/1.0" 200 1229 "-" "www.probethenet.com scanner"
104.128.144.131 - - [19/Dec/2015:00:39:09 +0100] "HEAD /redirect.php HTTP/1.0" 404 - "-" "www.probethenet.com scanner"
46.4.120.3 - - [19/Dec/2015:00:53:24 +0100] "GET /robots.txt HTTP/1.0" 404 327 "-" "Mozilla/5.0 (compatible; MJ12bot/v1.4.5; http://www.majestic12.co.uk/bot.php?+)"
46.4.120.3 - - [19/Dec/2015:00:53:25 +0100] "GET /news.php?cs_go=archiv&cs_id=4232 HTTP/1.0" 404 325 "-" "Mozilla/5.0 (compatible; MJ12bot/v1.4.5; http://www.majestic12.co.uk/bot.php?+)"
157.55.39.192 - - [19/Dec/2015:00:58:48 +0100] "GET /robots.txt HTTP/1.1" 404 323 "-" "Mozilla/5.0 (compatible; bingbot/2.0; +http://www.bing.com/bingbot.htm)"
157.55.39.192 - - [19/Dec/2015:00:59:00 +0100] "GET /dienstkleidung-image-to-wear.html HTTP/1.1" 404 346 "-" "Mozilla/5.0 (compatible; bingbot/2.0; +http://www.bing.com/bingbot.htm)"
118.98.104.21 - - [19/Dec/2015:01:03:50 +0100] "GET /user/soapCaller.bs HTTP/1.1" 404 323 "-" "Morfeus Fucking Scanner"
118.98.104.21 - - [19/Dec/2015:01:03:50 +0100] "GET /user/soapCaller.bs HTTP/1.1" 404 323 "-" "Morfeus Fucking Scanner"
118.98.104.21 - - [19/Dec/2015:01:03:50 +0100] "GET /user/soapCaller.bs HTTP/1.1" 404 323 "-" "Morfeus Fucking Scanner"
118.98.104.21 - - [19/Dec/2015:01:03:50 +0100] "GET /user/soapCaller.bs HTTP/1.1" 404 323 "-" "Morfeus Fucking Scanner"
118.98.104.21 - - [19/Dec/2015:01:03:50 +0100] "GET /user/soapCaller.bs HTTP/1.1" 404 323 "-" "Morfeus Fucking Scanner"
118.98.104.21 - - [19/Dec/2015:01:03:50 +0100] "GET /user/soapCaller.bs HTTP/1.1" 404 323 "-" "Morfeus Fucking Scanner"
118.98.104.21 - - [19/Dec/2015:01:03:50 +0100] "GET /user/soapCaller.bs HTTP/1.1" 404 323 "-" "Morfeus Fucking Scanner"
118.98.104.21 - - [19/Dec/2015:01:03:50 +0100] "GET /user/soapCaller.bs HTTP/1.1" 404 323 "-" "Morfeus Fucking Scanner"
118.98.104.21 - - [19/Dec/2015:01:03:50 +0100] "GET /user/soapCaller.bs HTTP/1.1" 404 323 "-" "Morfeus Fucking Scanner"
118.98.104.21 - - [19/Dec/2015:01:03:50 +0100] "GET /user/soapCaller.bs HTTP/1.1" 404 323 "-" "Morfeus Fucking Scanner"
46.4.120.3 - - [19/Dec/2015:02:24:22 +0100] "GET /robots.txt HTTP/1.0" 404 323 "-" "Mozilla/5.0 (compatible; MJ12bot/v1.4.5; http://www.majestic12.co.uk/bot.php?+)"
46.4.120.3 - - [19/Dec/2015:02:24:23 +0100] "GET / HTTP/1.0" 200 1229 "-" "Mozilla/5.0 (compatible; MJ12bot/v1.4.5; http://www.majestic12.co.uk/bot.php?+)"
94.102.48.195 - - [19/Dec/2015:02:30:42 +0100] "GET / HTTP/1.0" 200 1229 "-" "masscan/1.0 (https://github.com/robertdavidgraham/masscan)"
94.102.48.195 - - [19/Dec/2015:02:31:59 +0100] "GET / HTTP/1.0" 200 1229 "-" "masscan/1.0 (https://github.com/robertdavidgraham/masscan)"
94.102.48.195 - - [19/Dec/2015:02:42:39 +0100] "GET / HTTP/1.0" 200 1229 "-" "masscan/1.0 (https://github.com/robertdavidgraham/masscan)"
94.102.48.195 - - [19/Dec/2015:02:42:39 +0100] "GET / HTTP/1.0" 200 1229 "-" "masscan/1.0 (https://github.com/robertdavidgraham/masscan)"
94.102.48.195 - - [19/Dec/2015:02:45:41 +0100] "GET / HTTP/1.0" 200 1229 "-" "masscan/1.0 (https://github.com/robertdavidgraham/masscan)"
115.231.222.14 - - [19/Dec/2015:02:46:27 +0100] "GET http://zc.qq.com/cgi-bin/common/attr?id=260714&r=0.3657200368612720 HTTP/1.1" 404 320 "-" "Mozilla/5.0 (compatible; MSIE 9.0; Windows NT 6.1; Trident/5.0; 360SE)"
115.231.222.14 - - [19/Dec/2015:02:46:27 +0100] "GET http://zc.qq.com/cgi-bin/common/attr?id=260714&r=0.6932471803469288 HTTP/1.1" 404 320 "-" "Mozilla/5.0 (compatible; MSIE 9.0; Windows NT 6.1; Trident/5.0; 360SE)"
40.77.167.32 - - [19/Dec/2015:02:47:43 +0100] "GET /robots.txt HTTP/1.1" 404 328 "-" "Mozilla/5.0 (compatible; bingbot/2.0; +http://www.bing.com/bingbot.htm)"
40.77.167.32 - - [19/Dec/2015:02:47:55 +0100] "GET /ofenbau.php HTTP/1.1" 404 329 "-" "Mozilla/5.0 (compatible; bingbot/2.0; +http://www.bing.com/bingbot.htm)"
94.102.48.195 - - [19/Dec/2015:02:56:07 +0100] "GET / HTTP/1.0" 200 1229 "-" "masscan/1.0 (https://github.com/robertdavidgraham/masscan)"
203.157.174.195 - - [19/Dec/2015:02:57:46 +0100] "GET /phpMyAdmin/scripts/setup.php HTTP/1.1" 404 333 "-" "-"
64.246.165.10 - - [19/Dec/2015:03:23:57 +0100] "GET /robots.txt HTTP/1.0" 404 319 "-" "Mozilla/5.0 (Windows; U; Windows NT 5.1; en; rv:1.9.0.13) Gecko/2009073022 Firefox/3.5.2 (.NET CLR 3.5.30729) SurveyBot/2.3 (DomainTools)"
64.246.165.10 - - [19/Dec/2015:03:23:57 +0100] "GET / HTTP/1.1" 200 1229 "http://whois.domaintools.com/essodiesel.de" "Mozilla/5.0 (Windows; U; Windows NT 5.1; en; rv:1.9.0.13) Gecko/2009073022 Firefox/3.5.2 (.NET CLR 3.5.30729) SurveyBot/2.3 (DomainTools)"
144.76.29.162 - - [19/Dec/2015:03:33:37 +0100] "GET /robots.txt HTTP/1.0" 404 323 "-" "Mozilla/5.0 (compatible; MJ12bot/v1.4.5; http://www.majestic12.co.uk/bot.php?+)"
144.76.29.162 - - [19/Dec/2015:03:33:39 +0100] "GET / HTTP/1.0" 200 1229 "-" "Mozilla/5.0 (compatible; MJ12bot/v1.4.5; http://www.majestic12.co.uk/bot.php?+)"
64.246.178.34 - - [19/Dec/2015:03:36:01 +0100] "GET /robots.txt HTTP/1.0" 404 319 "-" "Mozilla/5.0 (Windows; U; Windows NT 5.1; en; rv:1.9.0.13) Gecko/2009073022 Firefox/3.5.2 (.NET CLR 3.5.30729) SurveyBot/2.3 (DomainTools)"
64.246.178.34 - - [19/Dec/2015:03:36:01 +0100] "GET / HTTP/1.1" 200 1229 "http://whois.domaintools.com/essoberlin.de" "Mozilla/5.0 (Windows; U; Windows NT 5.1; en; rv:1.9.0.13) Gecko/2009073022 Firefox/3.5.2 (.NET CLR 3.5.30729) SurveyBot/2.3 (DomainTools)"
64.246.178.34 - - [19/Dec/2015:03:40:57 +0100] "GET /robots.txt HTTP/1.0" 404 326 "-" "Mozilla/5.0 (Windows; U; Windows NT 5.1; en; rv:1.9.0.13) Gecko/2009073022 Firefox/3.5.2 (.NET CLR 3.5.30729) SurveyBot/2.3 (DomainTools)"
64.246.178.34 - - [19/Dec/2015:03:40:57 +0100] "GET / HTTP/1.1" 200 1229 "http://whois.domaintools.com/essoschmierstoffe.de" "Mozilla/5.0 (Windows; U; Windows NT 5.1; en; rv:1.9.0.13) Gecko/2009073022 Firefox/3.5.2 (.NET CLR 3.5.30729) SurveyBot/2.3 (DomainTools)"
64.246.161.30 - - [19/Dec/2015:04:03:10 +0100] "GET /robots.txt HTTP/1.0" 404 320 "-" "Mozilla/5.0 (Windows; U; Windows NT 5.1; en; rv:1.9.0.13) Gecko/2009073022 Firefox/3.5.2 (.NET CLR 3.5.30729) SurveyBot/2.3 (DomainTools)"
64.246.161.30 - - [19/Dec/2015:04:03:10 +0100] "GET / HTTP/1.1" 200 1229 "http://whois.domaintools.com/esso-berlin.de" "Mozilla/5.0 (Windows; U; Windows NT 5.1; en; rv:1.9.0.13) Gecko/2009073022 Firefox/3.5.2 (.NET CLR 3.5.30729) SurveyBot/2.3 (DomainTools)"
115.231.222.14 - - [19/Dec/2015:05:05:01 +0100] "GET http://zc.qq.com/cgi-bin/common/attr?id=260714&r=0.6903039451094595 HTTP/1.1" 404 320 "-" "Mozilla/5.0 (compatible; MSIE 9.0; Windows NT 6.1; Trident/5.0; 360SE)"
115.231.222.14 - - [19/Dec/2015:05:05:02 +0100] "GET http://zc.qq.com/cgi-bin/common/attr?id=260714&r=0.7267169280235979 HTTP/1.1" 404 320 "-" "Mozilla/5.0 (compatible; MSIE 9.0; Windows NT 6.1; Trident/5.0; 360SE)"
115.231.222.14 - - [19/Dec/2015:05:05:02 +0100] "GET http://zc.qq.com/cgi-bin/common/attr?id=260714&r=0.2115350106485855 HTTP/1.1" 404 320 "-" "Mozilla/5.0 (compatible; MSIE 9.0; Windows NT 6.1; Trident/5.0; 360SE)"
66.249.78.126 - - [19/Dec/2015:05:44:47 +0100] "GET /robots.txt HTTP/1.1" 404 317 "-" "Mozilla/5.0 (compatible; Googlebot/2.1; +http://www.google.com/bot.html)"
66.249.78.119 - - [19/Dec/2015:05:44:47 +0100] "GET / HTTP/1.1" 200 1229 "-" "Mozilla/5.0 (iPhone; CPU iPhone OS 8_3 like Mac OS X) AppleWebKit/600.1.4 (KHTML, like Gecko) Version/8.0 Mobile/12F70 Safari/600.1.4 (compatible; Googlebot/2.1; +http://www.google.com/bot.html)"
111.248.114.128 - - [19/Dec/2015:06:59:51 +0100] "CONNECT 163mx02.mxmail.netease.com:25 HTTP/1.0" 405 355 "-" "-"
66.249.78.57 - - [19/Dec/2015:07:14:03 +0100] "GET /robots.txt HTTP/1.1" 404 315 "-" "Mozilla/5.0 (compatible; Googlebot/2.1; +http://www.google.com/bot.html)"
66.249.78.50 - - [19/Dec/2015:07:14:03 +0100] "GET / HTTP/1.1" 200 1229 "-" "Mozilla/5.0 (compatible; Googlebot/2.1; +http://www.google.com/bot.html)"
115.231.222.14 - - [19/Dec/2015:07:23:36 +0100] "GET http://zc.qq.com/cgi-bin/common/attr?id=260714&r=0.6500753701293206 HTTP/1.1" 404 320 "-" "Mozilla/5.0 (compatible; MSIE 9.0; Windows NT 6.1; Trident/5.0; 360SE)"
115.231.222.14 - - [19/Dec/2015:07:23:36 +0100] "GET http://zc.qq.com/cgi-bin/common/attr?id=260714&r=0.2351415633744626 HTTP/1.1" 404 320 "-" "Mozilla/5.0 (compatible; MSIE 9.0; Windows NT 6.1; Trident/5.0; 360SE)"
115.231.222.14 - - [19/Dec/2015:07:23:36 +0100] "GET http://zc.qq.com/cgi-bin/common/attr?id=260714&r=0.8931878910676769 HTTP/1.1" 404 320 "-" "Mozilla/5.0 (compatible; MSIE 9.0; Windows NT 6.1; Trident/5.0; 360SE)"
185.130.5.207 - - [19/Dec/2015:07:42:06 +0100] "GET //phpMyAdmin/scripts/setup.php HTTP/1.1" 404 333 "-" "-"
185.130.5.207 - - [19/Dec/2015:07:42:06 +0100] "GET //phpmyadmin/scripts/setup.php HTTP/1.1" 404 333 "-" "-"
185.130.5.207 - - [19/Dec/2015:07:42:07 +0100] "GET //pma/scripts/setup.php HTTP/1.1" 404 326 "-" "-"
185.130.5.207 - - [19/Dec/2015:07:42:07 +0100] "GET //myadmin/scripts/setup.php HTTP/1.1" 404 330 "-" "-"
185.130.5.207 - - [19/Dec/2015:07:42:08 +0100] "GET //MyAdmin/scripts/setup.php HTTP/1.1" 404 330 "-" "-"
185.130.5.207 - - [19/Dec/2015:07:42:09 +0100] "GET //mysqladmin/scripts/setup.php HTTP/1.1" 404 333 "-" "-"
185.130.5.207 - - [19/Dec/2015:07:42:09 +0100] "GET //mysql/scripts/setup.php HTTP/1.1" 404 328 "-" "-"
221.231.6.246 - - [19/Dec/2015:07:43:11 +0100] "OPTIONS / HTTP/1.1" 200 - "-" "Mozilla/5.0 (Macintosh; Intel Mac OS X 10_10_5) AppleWebKit/537.36 (KHTML, like Gecko) Chrome/43.0.2357.134 Safari/537.36 QQBrowser/3.8.3858.400"
221.231.6.246 - - [19/Dec/2015:07:43:15 +0100] "GET / HTTP/1.1" 200 1229 "http://212.91.246.83:80" "Mozilla/5.0 (Macintosh; Intel Mac OS X 10_10_5) AppleWebKit/537.36 (KHTML, like Gecko) Chrome/43.0.2357.134 Safari/537.36 QQBrowser/3.8.3858.400"
221.231.6.246 - - [19/Dec/2015:07:43:18 +0100] "GET / HTTP/1.1" 200 1229 "http://212.91.246.83:80" "Mozilla/5.0 (Macintosh; Intel Mac OS X 10_10_5) AppleWebKit/537.36 (KHTML, like Gecko) Chrome/43.0.2357.134 Safari/537.36 QQBrowser/3.8.3858.400"
221.231.6.246 - - [19/Dec/2015:07:57:53 +0100] "OPTIONS / HTTP/1.1" 200 - "-" "Mozilla/5.0 (Macintosh; Intel Mac OS X 10_10_5) AppleWebKit/537.36 (KHTML, like Gecko) Chrome/43.0.2357.134 Safari/537.36 QQBrowser/3.8.3858.400"
221.231.6.246 - - [19/Dec/2015:07:57:58 +0100] "GET / HTTP/1.1" 200 1229 "http://212.91.246.81:80" "Mozilla/5.0 (Macintosh; Intel Mac OS X 10_10_5) AppleWebKit/537.36 (KHTML, like Gecko) Chrome/43.0.2357.134 Safari/537.36 QQBrowser/3.8.3858.400"
221.231.6.246 - - [19/Dec/2015:07:58:03 +0100] "GET / HTTP/1.1" 200 1229 "http://212.91.246.81:80" "Mozilla/5.0 (Macintosh; Intel Mac OS X 10_10_5) AppleWebKit/537.36 (KHTML, like Gecko) Chrome/43.0.2357.134 Safari/537.36 QQBrowser/3.8.3858.400"
221.231.6.246 - - [19/Dec/2015:09:07:00 +0100] "OPTIONS / HTTP/1.1" 200 - "-" "Mozilla/5.0 (Macintosh; Intel Mac OS X 10_10_5) AppleWebKit/537.36 (KHTML, like Gecko) Chrome/43.0.2357.134 Safari/537.36 QQBrowser/3.8.3858.400"
221.231.6.246 - - [19/Dec/2015:09:07:02 +0100] "GET / HTTP/1.1" 200 1229 "http://212.91.246.86:80" "Mozilla/5.0 (Macintosh; Intel Mac OS X 10_10_5) AppleWebKit/537.36 (KHTML, like Gecko) Chrome/43.0.2357.134 Safari/537.36 QQBrowser/3.8.3858.400"
221.231.6.246 - - [19/Dec/2015:09:07:16 +0100] "GET /tcpipwan.asp HTTP/1.1" 404 317 "http://212.91.246.86:80" "Mozilla/5.0 (Macintosh; Intel Mac OS X 10_10_5) AppleWebKit/537.36 (KHTML, like Gecko) Chrome/43.0.2357.134 Safari/537.36 QQBrowser/3.8.3858.400"
115.231.222.14 - - [19/Dec/2015:09:42:29 +0100] "GET http://zc.qq.com/cgi-bin/common/attr?id=260714&r=0.6858118245325959 HTTP/1.1" 404 320 "-" "Mozilla/5.0 (compatible; MSIE 9.0; Windows NT 6.1; Trident/5.0; 360SE)"
