208.52.161.177 - - [09/Dec/2015:07:21:15 +0100] "GET /phpmyadmin/scripts/signon.php HTTP/1.0" 404 330 "-" "-"
208.52.161.177 - - [09/Dec/2015:07:21:20 +0100] "GET /phpmyadmin/scripts/signon.php HTTP/1.0" 404 330 "-" "-"
208.52.161.177 - - [09/Dec/2015:07:21:23 +0100] "GET /phpmyadmin/scripts/signon.php HTTP/1.0" 404 330 "-" "-"
208.52.161.177 - - [09/Dec/2015:07:21:23 +0100] "GET /phpmyadmin/scripts/signon.php HTTP/1.0" 404 330 "-" "-"
208.52.161.177 - - [09/Dec/2015:07:21:27 +0100] "GET /phpmyadmin/scripts/signon.php HTTP/1.0" 404 330 "-" "-"
111.248.102.163 - - [09/Dec/2015:07:21:31 +0100] "CONNECT 163mx01.mxmail.netease.com:25 HTTP/1.0" 405 355 "-" "-"
66.249.73.212 - - [09/Dec/2015:07:36:39 +0100] "GET /robots.txt HTTP/1.1" 404 333 "-" "Mozilla/5.0 (compatible; Googlebot/2.1; +http://www.google.com/bot.html)"
66.249.73.220 - - [09/Dec/2015:07:36:39 +0100] "GET / HTTP/1.1" 200 1229 "-" "Mozilla/5.0 (iPhone; CPU iPhone OS 8_3 like Mac OS X) AppleWebKit/600.1.4 (KHTML, like Gecko) Version/8.0 Mobile/12F70 Safari/600.1.4 (compatible; Googlebot/2.1; +http://www.google.com/bot.html)"
124.118.16.144 - - [09/Dec/2015:07:41:27 +0100] "GET /jsjs/jsj/js.php HTTP/1.1" 404 320 "-" "-"
124.118.16.144 - - [09/Dec/2015:07:41:27 +0100] "GET /phpMyAdmin/scripts/setup.php HTTP/1.1" 404 333 "-" "-"
124.118.16.144 - - [09/Dec/2015:07:41:28 +0100] "GET /pma/scripts/setup.php HTTP/1.1" 404 326 "-" "-"
124.118.16.144 - - [09/Dec/2015:07:41:28 +0100] "GET /myadmin/scripts/setup.php HTTP/1.1" 404 330 "-" "-"
192.99.9.164 - - [09/Dec/2015:07:50:15 +0100] "GET / HTTP/1.1" 200 1229 "-" "Mozilla/5.0 (Macintosh; Intel Mac OS X 10_8_4) AppleWebKit/537.36 (KHTML, like Gecko) Chrome/27.0.1453.110 Safari/537.36"
115.231.222.14 - - [09/Dec/2015:07:56:06 +0100] "GET http://zc.qq.com/cgi-bin/common/attr?id=260714&r=0.3831645005384680 HTTP/1.1" 404 320 "-" "Mozilla/5.0 (compatible; MSIE 9.0; Windows NT 6.1; Trident/5.0; 360SE)"
66.249.65.12 - - [09/Dec/2015:08:04:38 +0100] "GET /robots.txt HTTP/1.1" 404 317 "-" "Mozilla/5.0 (compatible; Googlebot/2.1; +http://www.google.com/bot.html)"
66.249.65.16 - - [09/Dec/2015:08:04:38 +0100] "GET / HTTP/1.1" 200 1229 "-" "Mozilla/5.0 (iPhone; CPU iPhone OS 8_3 like Mac OS X) AppleWebKit/600.1.4 (KHTML, like Gecko) Version/8.0 Mobile/12F70 Safari/600.1.4 (compatible; Googlebot/2.1; +http://www.google.com/bot.html)"
37.58.80.11 - - [09/Dec/2015:08:14:07 +0100] "GET /muieblackcat HTTP/1.1" 404 317 "-" "-"
37.58.80.11 - - [09/Dec/2015:08:14:12 +0100] "GET //phpMyAdmin/scripts/setup.php HTTP/1.1" 404 333 "-" "-"
37.58.80.11 - - [09/Dec/2015:08:14:12 +0100] "GET //phpmyadmin/scripts/setup.php HTTP/1.1" 404 333 "-" "-"
37.58.80.11 - - [09/Dec/2015:08:14:12 +0100] "GET //pma/scripts/setup.php HTTP/1.1" 404 326 "-" "-"
37.58.80.11 - - [09/Dec/2015:08:14:12 +0100] "GET //myadmin/scripts/setup.php HTTP/1.1" 404 330 "-" "-"
37.58.80.11 - - [09/Dec/2015:08:14:12 +0100] "GET //MyAdmin/scripts/setup.php HTTP/1.1" 404 330 "-" "-"
193.111.140.106 - - [09/Dec/2015:08:35:47 +0100] "GET /robots.txt HTTP/1.0" 404 328 "-" "Mozilla/5.0 (compatible; MJ12bot/v1.4.5; http://www.majestic12.co.uk/bot.php?+)"
193.111.140.106 - - [09/Dec/2015:08:35:48 +0100] "GET /robots.txt HTTP/1.0" 404 328 "-" "Mozilla/5.0 (compatible; MJ12bot/v1.4.5; http://www.majestic12.co.uk/bot.php?+)"
193.111.140.106 - - [09/Dec/2015:08:35:48 +0100] "GET /heizoel.php HTTP/1.0" 404 329 "-" "Mozilla/5.0 (compatible; MJ12bot/v1.4.5; http://www.majestic12.co.uk/bot.php?+)"
193.111.140.106 - - [09/Dec/2015:08:35:49 +0100] "GET /heizoel.php HTTP/1.0" 404 329 "-" "Mozilla/5.0 (compatible; MJ12bot/v1.4.5; http://www.majestic12.co.uk/bot.php?+)"
182.93.36.242 - - [09/Dec/2015:08:55:18 +0100] "GET /phpMyAdmin/scripts/setup.php HTTP/1.1" 404 333 "-" "-"
182.93.36.242 - - [09/Dec/2015:08:56:36 +0100] "GET /pma/scripts/setup.php HTTP/1.1" 404 326 "-" "-"
182.93.36.242 - - [09/Dec/2015:08:57:55 +0100] "GET /myadmin/scripts/setup.php HTTP/1.1" 404 330 "-" "-"
167.88.12.208 - - [09/Dec/2015:09:08:24 +0100] "GET / HTTP/1.1" 200 1229 "-" "Mozilla/4.0 (compatible; MSIE 8.0; Windows NT 6.1; Trident/4.0; SLCC2; .NET CLR 2.0.50727; .NET CLR 3.5.30729; .NET CLR 3.0.30729; Media Center PC 6.0)"
111.248.97.199 - - [09/Dec/2015:09:16:56 +0100] "CONNECT 163mx02.mxmail.netease.com:25 HTTP/1.0" 405 355 "-" "-"
141.212.121.176 - - [09/Dec/2015:09:51:44 +0100] "GET / HTTP/1.1" 200 1229 "-" "Mozilla/5.0 zgrab/0.x"
37.58.80.11 - - [09/Dec/2015:10:01:15 +0100] "GET /muieblackcat HTTP/1.1" 404 317 "-" "-"
37.58.80.11 - - [09/Dec/2015:10:01:21 +0100] "GET //phpMyAdmin/scripts/setup.php HTTP/1.1" 404 333 "-" "-"
37.58.80.11 - - [09/Dec/2015:10:01:21 +0100] "GET //phpmyadmin/scripts/setup.php HTTP/1.1" 404 333 "-" "-"
37.58.80.11 - - [09/Dec/2015:10:01:21 +0100] "GET //pma/scripts/setup.php HTTP/1.1" 404 326 "-" "-"
37.58.80.11 - - [09/Dec/2015:10:01:21 +0100] "GET //myadmin/scripts/setup.php HTTP/1.1" 404 330 "-" "-"
37.58.80.11 - - [09/Dec/2015:10:01:21 +0100] "GET //MyAdmin/scripts/setup.php HTTP/1.1" 404 330 "-" "-"
208.115.113.93 - - [09/Dec/2015:10:01:59 +0100] "GET /robots.txt HTTP/1.1" 404 327 "-" "Mozilla/5.0 (compatible; DotBot/1.1; http://www.opensiteexplorer.org/dotbot, help@moz.com)"
37.58.80.11 - - [09/Dec/2015:10:03:27 +0100] "GET /muieblackcat HTTP/1.1" 404 317 "-" "-"
37.58.80.11 - - [09/Dec/2015:10:03:33 +0100] "GET //phpMyAdmin/scripts/setup.php HTTP/1.1" 404 333 "-" "-"
37.58.80.11 - - [09/Dec/2015:10:03:33 +0100] "GET //phpmyadmin/scripts/setup.php HTTP/1.1" 404 333 "-" "-"
37.58.80.11 - - [09/Dec/2015:10:03:33 +0100] "GET //pma/scripts/setup.php HTTP/1.1" 404 326 "-" "-"
37.58.80.11 - - [09/Dec/2015:10:03:33 +0100] "GET //myadmin/scripts/setup.php HTTP/1.1" 404 330 "-" "-"
37.58.80.11 - - [09/Dec/2015:10:03:33 +0100] "GET //MyAdmin/scripts/setup.php HTTP/1.1" 404 330 "-" "-"
37.58.80.11 - - [09/Dec/2015:10:04:15 +0100] "GET /muieblackcat HTTP/1.1" 404 317 "-" "-"
37.58.80.11 - - [09/Dec/2015:10:04:21 +0100] "GET //phpMyAdmin/scripts/setup.php HTTP/1.1" 404 333 "-" "-"
37.58.80.11 - - [09/Dec/2015:10:04:21 +0100] "GET //phpmyadmin/scripts/setup.php HTTP/1.1" 404 333 "-" "-"
37.58.80.11 - - [09/Dec/2015:10:04:21 +0100] "GET //pma/scripts/setup.php HTTP/1.1" 404 326 "-" "-"
37.58.80.11 - - [09/Dec/2015:10:04:21 +0100] "GET //myadmin/scripts/setup.php HTTP/1.1" 404 330 "-" "-"
37.58.80.11 - - [09/Dec/2015:10:04:21 +0100] "GET //MyAdmin/scripts/setup.php HTTP/1.1" 404 330 "-" "-"
37.58.80.11 - - [09/Dec/2015:10:04:33 +0100] "GET /muieblackcat HTTP/1.1" 404 317 "-" "-"
37.58.80.11 - - [09/Dec/2015:10:04:39 +0100] "GET //phpMyAdmin/scripts/setup.php HTTP/1.1" 404 333 "-" "-"
37.58.80.11 - - [09/Dec/2015:10:04:39 +0100] "GET //phpmyadmin/scripts/setup.php HTTP/1.1" 404 333 "-" "-"
37.58.80.11 - - [09/Dec/2015:10:04:39 +0100] "GET //pma/scripts/setup.php HTTP/1.1" 404 326 "-" "-"
37.58.80.11 - - [09/Dec/2015:10:04:39 +0100] "GET //myadmin/scripts/setup.php HTTP/1.1" 404 330 "-" "-"
37.58.80.11 - - [09/Dec/2015:10:04:39 +0100] "GET //MyAdmin/scripts/setup.php HTTP/1.1" 404 330 "-" "-"
188.226.206.204 - - [09/Dec/2015:10:11:12 +0100] "GET / HTTP/1.0" 200 1229 "-" "masscan/1.0 (https://github.com/robertdavidgraham/masscan)"
115.231.222.14 - - [09/Dec/2015:10:19:38 +0100] "GET http://zc.qq.com/cgi-bin/common/attr?id=260714&r=0.6726756278020284 HTTP/1.1" 404 320 "-" "Mozilla/5.0 (compatible; MSIE 9.0; Windows NT 6.1; Trident/5.0; 360SE)"
118.98.104.21 - - [09/Dec/2015:10:29:56 +0100] "GET /user/soapCaller.bs HTTP/1.1" 404 323 "-" "Morfeus Fucking Scanner"
118.98.104.21 - - [09/Dec/2015:10:29:56 +0100] "GET /user/soapCaller.bs HTTP/1.1" 404 323 "-" "Morfeus Fucking Scanner"
118.98.104.21 - - [09/Dec/2015:10:29:56 +0100] "GET /user/soapCaller.bs HTTP/1.1" 404 323 "-" "Morfeus Fucking Scanner"
118.98.104.21 - - [09/Dec/2015:10:29:56 +0100] "GET /user/soapCaller.bs HTTP/1.1" 404 323 "-" "Morfeus Fucking Scanner"
118.98.104.21 - - [09/Dec/2015:10:29:56 +0100] "GET /user/soapCaller.bs HTTP/1.1" 404 323 "-" "Morfeus Fucking Scanner"
118.98.104.21 - - [09/Dec/2015:10:29:56 +0100] "GET /user/soapCaller.bs HTTP/1.1" 404 323 "-" "Morfeus Fucking Scanner"
118.98.104.21 - - [09/Dec/2015:10:29:57 +0100] "GET /user/soapCaller.bs HTTP/1.1" 404 323 "-" "Morfeus Fucking Scanner"
118.98.104.21 - - [09/Dec/2015:10:29:57 +0100] "GET /user/soapCaller.bs HTTP/1.1" 404 323 "-" "Morfeus Fucking Scanner"
118.98.104.21 - - [09/Dec/2015:10:29:57 +0100] "GET /user/soapCaller.bs HTTP/1.1" 404 323 "-" "Morfeus Fucking Scanner"
118.98.104.21 - - [09/Dec/2015:10:29:57 +0100] "GET /user/soapCaller.bs HTTP/1.1" 404 323 "-" "Morfeus Fucking Scanner"
137.226.113.7 - - [09/Dec/2015:11:40:46 +0100] "GET / HTTP/1.1" 200 1229 "-" "Mozilla/5.0 (Macintosh; Intel Mac OS X 10_11_1) AppleWebKit/537.36 (KHTML, like Gecko) Chrome/46.0.2490.86 Safari/537.36 Scanning for research (researchscan.comsys.rwth-aachen.de)"
137.226.113.7 - - [09/Dec/2015:11:40:46 +0100] "GET / HTTP/1.1" 200 1229 "-" "Mozilla/5.0 (Macintosh; Intel Mac OS X 10_11_1) AppleWebKit/537.36 (KHTML, like Gecko) Chrome/46.0.2490.86 Safari/537.36 Scanning for research (researchscan.comsys.rwth-aachen.de)"
137.226.113.7 - - [09/Dec/2015:11:48:33 +0100] "GET / HTTP/1.1" 200 1229 "-" "Mozilla/5.0 (Macintosh; Intel Mac OS X 10_11_1) AppleWebKit/537.36 (KHTML, like Gecko) Chrome/46.0.2490.86 Safari/537.36 Scanning for research (researchscan.comsys.rwth-aachen.de)"
137.226.113.7 - - [09/Dec/2015:11:48:33 +0100] "GET / HTTP/1.1" 200 1229 "-" "Mozilla/5.0 (Macintosh; Intel Mac OS X 10_11_1) AppleWebKit/537.36 (KHTML, like Gecko) Chrome/46.0.2490.86 Safari/537.36 Scanning for research (researchscan.comsys.rwth-aachen.de)"
208.115.113.93 - - [09/Dec/2015:11:59:11 +0100] "GET /marktdaten.php HTTP/1.1" 404 331 "-" "Mozilla/5.0 (compatible; DotBot/1.1; http://www.opensiteexplorer.org/dotbot, help@moz.com)"
208.115.113.93 - - [09/Dec/2015:11:59:18 +0100] "GET /kwk.php HTTP/1.1" 404 324 "-" "Mozilla/5.0 (compatible; DotBot/1.1; http://www.opensiteexplorer.org/dotbot, help@moz.com)"
137.226.113.7 - - [09/Dec/2015:12:09:44 +0100] "GET / HTTP/1.1" 200 1229 "-" "Mozilla/5.0 (Macintosh; Intel Mac OS X 10_11_1) AppleWebKit/537.36 (KHTML, like Gecko) Chrome/46.0.2490.86 Safari/537.36 Scanning for research (researchscan.comsys.rwth-aachen.de)"
137.226.113.7 - - [09/Dec/2015:12:09:44 +0100] "GET / HTTP/1.1" 200 1229 "-" "Mozilla/5.0 (Macintosh; Intel Mac OS X 10_11_1) AppleWebKit/537.36 (KHTML, like Gecko) Chrome/46.0.2490.86 Safari/537.36 Scanning for research (researchscan.comsys.rwth-aachen.de)"
137.226.113.7 - - [09/Dec/2015:12:20:56 +0100] "GET / HTTP/1.1" 200 1229 "-" "Mozilla/5.0 (Macintosh; Intel Mac OS X 10_11_1) AppleWebKit/537.36 (KHTML, like Gecko) Chrome/46.0.2490.86 Safari/537.36 Scanning for research (researchscan.comsys.rwth-aachen.de)"
137.226.113.7 - - [09/Dec/2015:12:20:56 +0100] "GET / HTTP/1.1" 200 1229 "-" "Mozilla/5.0 (Macintosh; Intel Mac OS X 10_11_1) AppleWebKit/537.36 (KHTML, like Gecko) Chrome/46.0.2490.86 Safari/537.36 Scanning for research (researchscan.comsys.rwth-aachen.de)"
69.12.70.34 - - [09/Dec/2015:12:29:54 +0100] "GET /etc/lib/pChart2/examples/index.php?Action=View&Script=../../../../cnf/db.php HTTP/1.1" 404 339 "-" "HTTP_Request2/2.2.1 (http://pear.php.net/package/http_request2) PHP/5.3.3"
45.79.187.126 - - [09/Dec/2015:12:36:30 +0100] "GET / HTTP/1.0" 200 1229 "-" "-"
45.79.187.126 - - [09/Dec/2015:12:38:30 +0100] "GET / HTTP/1.1" 200 1229 "-" "Mozilla/5.0 (Windows NT 6.1) AppleWebKit/537.36 (KHTML"
45.79.187.126 - - [09/Dec/2015:12:38:30 +0100] "GET /robots.txt HTTP/1.1" 404 315 "-" "Mozilla/5.0 (Windows NT 6.1) AppleWebKit/537.36 (KHTML"
45.79.187.126 - - [09/Dec/2015:12:38:30 +0100] "GET /.git/HEAD HTTP/1.1" 404 314 "-" "Mozilla/5.0 (Windows NT 6.1) AppleWebKit/537.36 (KHTML"
45.79.187.126 - - [09/Dec/2015:12:38:30 +0100] "OPTIONS / HTTP/1.1" 200 - "-" "Mozilla/5.0 (Windows NT 6.1) AppleWebKit/537.36 (KHTML"
45.79.187.126 - - [09/Dec/2015:12:38:30 +0100] "OPTIONS / HTTP/1.1" 200 - "-" "Mozilla/5.0 (Windows NT 6.1) AppleWebKit/537.36 (KHTML"
45.79.187.126 - - [09/Dec/2015:12:38:30 +0100] "OPTIONS / HTTP/1.1" 200 - "-" "Mozilla/5.0 (Windows NT 6.1) AppleWebKit/537.36 (KHTML"
45.79.187.126 - - [09/Dec/2015:12:38:30 +0100] "PROPFIND / HTTP/1.1" 405 343 "-" "Mozilla/5.0 (Windows NT 6.1) AppleWebKit/537.36 (KHTML"
45.79.187.126 - - [09/Dec/2015:12:38:31 +0100] "GET /favicon.ico HTTP/1.1" 404 316 "-" "Mozilla/5.0 (Windows NT 6.1) AppleWebKit/537.36 (KHTML"
45.79.187.126 - - [09/Dec/2015:12:38:31 +0100] "OPTIONS / HTTP/1.1" 200 - "-" "Mozilla/5.0 (Windows NT 6.1) AppleWebKit/537.36 (KHTML"
45.79.187.126 - - [09/Dec/2015:12:38:31 +0100] "YXCK / HTTP/1.1" 501 323 "-" "Mozilla/5.0 (Windows NT 6.1) AppleWebKit/537.36 (KHTML"
45.79.187.126 - - [09/Dec/2015:12:38:31 +0100] "PROPFIND / HTTP/1.1" 405 343 "-" "Mozilla/5.0 (Windows NT 6.1) AppleWebKit/537.36 (KHTML"
45.79.187.126 - - [09/Dec/2015:12:38:32 +0100] "OPTIONS / HTTP/1.1" 200 - "-" "Mozilla/5.0 (Windows NT 6.1) AppleWebKit/537.36 (KHTML"
45.79.187.126 - - [09/Dec/2015:12:38:33 +0100] "OPTIONS / HTTP/1.1" 200 - "-" "Mozilla/5.0 (Windows NT 6.1) AppleWebKit/537.36 (KHTML"
45.79.187.126 - - [09/Dec/2015:12:38:34 +0100] "OPTIONS / HTTP/1.1" 200 - "-" "Mozilla/5.0 (Windows NT 6.1) AppleWebKit/537.36 (KHTML"
45.79.187.126 - - [09/Dec/2015:12:38:35 +0100] "OPTIONS / HTTP/1.1" 200 - "-" "Mozilla/5.0 (Windows NT 6.1) AppleWebKit/537.36 (KHTML"
45.79.187.126 - - [09/Dec/2015:12:38:36 +0100] "OPTIONS / HTTP/1.1" 200 - "-" "Mozilla/5.0 (Windows NT 6.1) AppleWebKit/537.36 (KHTML"
45.79.187.126 - - [09/Dec/2015:12:38:36 +0100] "OPTIONS / HTTP/1.1" 200 - "-" "Mozilla/5.0 (Windows NT 6.1) AppleWebKit/537.36 (KHTML"
45.79.187.126 - - [09/Dec/2015:12:38:36 +0100] "OPTIONS / HTTP/1.1" 200 - "-" "Mozilla/5.0 (Windows NT 6.1) AppleWebKit/537.36 (KHTML"
45.79.187.126 - - [09/Dec/2015:12:38:38 +0100] "GET / HTTP/1.0" 200 1229 "-" "-"
45.79.187.126 - - [09/Dec/2015:12:38:38 +0100] "GET / HTTP/1.1" 200 1229 "-" "-"
45.79.187.126 - - [09/Dec/2015:12:38:42 +0100] "GET /HNAP1 HTTP/1.1" 404 310 "-" "Mozilla/5.0 (Windows NT 6.1) AppleWebKit/537.36 (KHTML"
45.79.187.126 - - [09/Dec/2015:12:38:48 +0100] "GET / HTTP/1.1" 200 1229 "-" "Mozilla/5.0 (Windows NT 6.1) AppleWebKit/537.36 (KHTML"
45.79.187.126 - - [09/Dec/2015:12:38:48 +0100] "PROPFIND / HTTP/1.1" 405 343 "-" "Mozilla/5.0 (Windows NT 6.1) AppleWebKit/537.36 (KHTML"
45.79.187.126 - - [09/Dec/2015:12:38:49 +0100] "POST / HTTP/1.1" 200 1229 "-" "Mozilla/5.0 (Windows NT 6.1) AppleWebKit/537.36 (KHTML"
45.79.187.126 - - [09/Dec/2015:12:38:59 +0100] "\x16\x03\x01\x01`\x01" 501 321 "-" "-"
45.79.187.126 - - [09/Dec/2015:12:38:59 +0100] "\x16\x03\x01\x01`\x01" 501 321 "-" "-"
115.231.222.14 - - [09/Dec/2015:12:40:35 +0100] "GET http://zc.qq.com/cgi-bin/common/attr?id=260714&r=0.2234448591820556 HTTP/1.1" 404 320 "-" "Mozilla/5.0 (compatible; MSIE 9.0; Windows NT 6.1; Trident/5.0; 360SE)"
5.28.162.43 - - [09/Dec/2015:12:42:52 +0100] "GET / HTTP/1.0" 200 1229 "-" "masscan/1.0 (https://github.com/robertdavidgraham/masscan)"
5.28.162.43 - - [09/Dec/2015:12:43:25 +0100] "GET / HTTP/1.0" 200 1229 "-" "masscan/1.0 (https://github.com/robertdavidgraham/masscan)"
5.28.162.43 - - [09/Dec/2015:12:43:38 +0100] "GET / HTTP/1.0" 200 1229 "-" "masscan/1.0 (https://github.com/robertdavidgraham/masscan)"
5.28.162.43 - - [09/Dec/2015:12:43:41 +0100] "GET / HTTP/1.0" 200 1229 "-" "masscan/1.0 (https://github.com/robertdavidgraham/masscan)"
5.28.162.43 - - [09/Dec/2015:12:43:41 +0100] "GET / HTTP/1.0" 200 1229 "-" "masscan/1.0 (https://github.com/robertdavidgraham/masscan)"
5.28.162.43 - - [09/Dec/2015:12:43:50 +0100] "GET / HTTP/1.0" 200 1229 "-" "masscan/1.0 (https://github.com/robertdavidgraham/masscan)"
5.28.162.43 - - [09/Dec/2015:12:43:52 +0100] "GET / HTTP/1.0" 200 1229 "-" "masscan/1.0 (https://github.com/robertdavidgraham/masscan)"
5.28.162.43 - - [09/Dec/2015:12:43:59 +0100] "GET / HTTP/1.0" 200 1229 "-" "masscan/1.0 (https://github.com/robertdavidgraham/masscan)"
5.28.162.43 - - [09/Dec/2015:12:44:00 +0100] "GET / HTTP/1.0" 200 1229 "-" "masscan/1.0 (https://github.com/robertdavidgraham/masscan)"
5.28.162.43 - - [09/Dec/2015:12:44:04 +0100] "GET / HTTP/1.0" 200 1229 "-" "masscan/1.0 (https://github.com/robertdavidgraham/masscan)"
52.77.219.167 - - [09/Dec/2015:12:48:57 +0100] "GET / HTTP/1.1" 200 1229 "-" "Mozilla/4.0 (compatible; MSIE 6.0; Windows NT 5.1; SV1; InfoPath.2)"
137.226.113.7 - - [09/Dec/2015:12:58:45 +0100] "GET / HTTP/1.1" 200 1229 "-" "Mozilla/5.0 (Macintosh; Intel Mac OS X 10_11_1) AppleWebKit/537.36 (KHTML, like Gecko) Chrome/46.0.2490.86 Safari/537.36 Scanning for research (researchscan.comsys.rwth-aachen.de)"
137.226.113.7 - - [09/Dec/2015:12:58:45 +0100] "GET / HTTP/1.1" 200 1229 "-" "Mozilla/5.0 (Macintosh; Intel Mac OS X 10_11_1) AppleWebKit/537.36 (KHTML, like Gecko) Chrome/46.0.2490.86 Safari/537.36 Scanning for research (researchscan.comsys.rwth-aachen.de)"
137.226.113.7 - - [09/Dec/2015:13:06:30 +0100] "GET / HTTP/1.1" 200 1229 "-" "Mozilla/5.0 (Macintosh; Intel Mac OS X 10_11_1) AppleWebKit/537.36 (KHTML, like Gecko) Chrome/46.0.2490.86 Safari/537.36 Scanning for research (researchscan.comsys.rwth-aachen.de)"
137.226.113.7 - - [09/Dec/2015:13:06:30 +0100] "GET / HTTP/1.1" 200 1229 "-" "Mozilla/5.0 (Macintosh; Intel Mac OS X 10_11_1) AppleWebKit/537.36 (KHTML, like Gecko) Chrome/46.0.2490.86 Safari/537.36 Scanning for research (researchscan.comsys.rwth-aachen.de)"
137.226.113.7 - - [09/Dec/2015:13:07:00 +0100] "GET / HTTP/1.1" 200 1229 "-" "Mozilla/5.0 (Macintosh; Intel Mac OS X 10_11_1) AppleWebKit/537.36 (KHTML, like Gecko) Chrome/46.0.2490.86 Safari/537.36 Scanning for research (researchscan.comsys.rwth-aachen.de)"
137.226.113.7 - - [09/Dec/2015:13:07:00 +0100] "GET / HTTP/1.1" 200 1229 "-" "Mozilla/5.0 (Macintosh; Intel Mac OS X 10_11_1) AppleWebKit/537.36 (KHTML, like Gecko) Chrome/46.0.2490.86 Safari/537.36 Scanning for research (researchscan.comsys.rwth-aachen.de)"
167.88.12.208 - - [09/Dec/2015:13:09:02 +0100] "GET / HTTP/1.1" 200 1229 "-" "Mozilla/4.0 (compatible; MSIE 8.0; Windows NT 6.1; Trident/4.0; SLCC2; .NET CLR 2.0.50727; .NET CLR 3.5.30729; .NET CLR 3.0.30729; Media Center PC 6.0)"
37.204.115.35 - - [09/Dec/2015:13:13:13 +0100] "GET / HTTP/1.1" 200 1229 "http://yandex.ru/clck/jsredir?from=yandex.ru%3Bsearch%3Bweb%3B%3B&text=&etext=897.hqwhQWF7g4rBFX-CxMkcU8h7beApFCZShyFMnb2Spspn5rp9USAhXw-54HtLIXgq.defd6c60d17b4a126ba79644138fb3710e7bf551&uuid=&state=AiuY0DBWFJ4ePaEse6rgeAjgs2pI3DW9J0KiE5XNXd0dp0ZMwFHoviUoYa6nzP7MFsomsouu4qdxGziC3SQtmL1wmTJgvMln71PEzYfusmoCAx8ZPq4nLMn47G0og6iMoH3Ed0ZT3aUyxRDu8mzWH29QemELSnfvLzf8niJ8cBbVeWr8tJsmxAzr1sQj8wObjVEDJOHZHcTos_RRuLvwZw&data=UlNrNmk5WktYejR0eWJFYk1LdmtxbWgwNEp1TFp2NGd5TWpmS2s4TmJBS1Q5VERvXzAwTzlKMmI3aDNMT0FiWWRTWWVGMFdJSDA3MWRaUnZ2c3pBcWJsZC14SUtLOVktQkh4VUhERWJVVU0&b64e=2&sign=1dc3d39b02892287f4f99219d064644d&keyno=0&l10n=ru&cts=1449662591359&mc=7.3896519726" "Opera/9.80 (Windows NT 5.1) Presto/2.12.388 Version/12.11"
137.226.113.7 - - [09/Dec/2015:13:13:28 +0100] "GET / HTTP/1.1" 200 1229 "-" "Mozilla/5.0 (Macintosh; Intel Mac OS X 10_11_1) AppleWebKit/537.36 (KHTML, like Gecko) Chrome/46.0.2490.86 Safari/537.36 Scanning for research (researchscan.comsys.rwth-aachen.de)"
137.226.113.7 - - [09/Dec/2015:13:13:28 +0100] "GET / HTTP/1.1" 200 1229 "-" "Mozilla/5.0 (Macintosh; Intel Mac OS X 10_11_1) AppleWebKit/537.36 (KHTML, like Gecko) Chrome/46.0.2490.86 Safari/537.36 Scanning for research (researchscan.comsys.rwth-aachen.de)"
137.226.113.7 - - [09/Dec/2015:13:20:54 +0100] "GET / HTTP/1.1" 200 1229 "-" "Mozilla/5.0 (Macintosh; Intel Mac OS X 10_11_1) AppleWebKit/537.36 (KHTML, like Gecko) Chrome/46.0.2490.86 Safari/537.36 Scanning for research (researchscan.comsys.rwth-aachen.de)"
137.226.113.7 - - [09/Dec/2015:13:20:54 +0100] "GET / HTTP/1.1" 200 1229 "-" "Mozilla/5.0 (Macintosh; Intel Mac OS X 10_11_1) AppleWebKit/537.36 (KHTML, like Gecko) Chrome/46.0.2490.86 Safari/537.36 Scanning for research (researchscan.comsys.rwth-aachen.de)"
137.226.113.7 - - [09/Dec/2015:13:40:07 +0100] "GET / HTTP/1.1" 200 1229 "-" "Mozilla/5.0 (Macintosh; Intel Mac OS X 10_11_1) AppleWebKit/537.36 (KHTML, like Gecko) Chrome/46.0.2490.86 Safari/537.36 Scanning for research (researchscan.comsys.rwth-aachen.de)"
137.226.113.7 - - [09/Dec/2015:13:40:07 +0100] "GET / HTTP/1.1" 200 1229 "-" "Mozilla/5.0 (Macintosh; Intel Mac OS X 10_11_1) AppleWebKit/537.36 (KHTML, like Gecko) Chrome/46.0.2490.86 Safari/537.36 Scanning for research (researchscan.comsys.rwth-aachen.de)"
111.248.62.235 - - [09/Dec/2015:13:41:50 +0100] "CONNECT 163mx00.mxmail.netease.com:25 HTTP/1.0" 405 355 "-" "-"
66.249.65.48 - - [09/Dec/2015:14:02:00 +0100] "GET /robots.txt HTTP/1.1" 404 323 "-" "Mozilla/5.0 (compatible; Googlebot/2.1; +http://www.google.com/bot.html)"
66.249.65.51 - - [09/Dec/2015:14:02:00 +0100] "GET /verfuegbarkeit.html HTTP/1.1" 404 332 "-" "Mozilla/5.0 (compatible; Googlebot/2.1; +http://www.google.com/bot.html)"
54.153.33.233 - - [09/Dec/2015:14:11:08 +0100] "GET / HTTP/1.1" 200 1229 "-" "Mozilla/5.0 (Windows NT 6.1) AppleWebKit/537.36 (KHTML, like Gecko) Chrome/41.0.2228.0 Safari/537.36"
128.232.110.29 - - [09/Dec/2015:14:39:51 +0100] "GET / HTTP/1.1" 200 1229 "-" "Mozilla/5.0 zgrab/0.x"
54.159.74.235 - - [09/Dec/2015:14:51:39 +0100] "GET / HTTP/1.1" 200 1229 "-" "Mozilla/4.0 (compatible; MSIE 6.0; Windows NT 5.1; SV1; InfoPath.2)"
54.160.83.156 - - [09/Dec/2015:14:54:54 +0100] "GET / HTTP/1.1" 200 1229 "-" "Mozilla/4.0 (compatible; MSIE 6.0; Windows NT 5.1; SV1; InfoPath.2)"
185.35.62.11 - - [09/Dec/2015:15:07:50 +0100] "GET / HTTP/1.1" 200 1229 "-" "Mozilla/5.0 zgrab/0.x"
54.194.206.38 - - [09/Dec/2015:15:15:19 +0100] "GET / HTTP/1.1" 200 1229 "-" "Mozilla/4.0 (compatible; MSIE 6.0; Windows NT 5.1; SV1; InfoPath.2)"
54.177.61.89 - - [09/Dec/2015:15:33:39 +0100] "GET / HTTP/1.0" 200 1229 "-" "-"
185.35.62.11 - - [09/Dec/2015:15:45:33 +0100] "GET / HTTP/1.1" 200 1229 "-" "Mozilla/5.0 zgrab/0.x"
185.35.62.11 - - [09/Dec/2015:15:52:22 +0100] "GET / HTTP/1.1" 200 1229 "-" "Mozilla/5.0 zgrab/0.x"
141.212.122.129 - - [09/Dec/2015:15:58:18 +0100] "CONNECT proxytest.zmap.io:80 HTTP/1.1" 405 346 "-" "Mozilla/5.0 zgrab/0.x"
93.159.230.90 - - [09/Dec/2015:15:59:40 +0100] "GET / HTTP/1.1" 200 1229 "-" "Mozilla/4.0 (compatible; MSIE 8.0; Windows NT 5.1; Trident/4.0; GTB6; .NET CLR 1.1.4322; Zune 3.0)"
185.35.62.11 - - [09/Dec/2015:16:00:53 +0100] "GET / HTTP/1.1" 200 1229 "-" "Mozilla/5.0 zgrab/0.x"
54.153.32.246 - - [09/Dec/2015:16:02:01 +0100] "GET / HTTP/1.1" 200 1229 "-" "Mozilla/5.0 (Windows NT 6.1) AppleWebKit/537.36 (KHTML, like Gecko) Chrome/41.0.2228.0 Safari/537.36"
185.35.62.11 - - [09/Dec/2015:16:02:49 +0100] "GET / HTTP/1.1" 200 1229 "-" "Mozilla/5.0 zgrab/0.x"
185.35.62.11 - - [09/Dec/2015:16:03:46 +0100] "GET / HTTP/1.1" 200 1229 "-" "Mozilla/5.0 zgrab/0.x"
185.35.62.11 - - [09/Dec/2015:16:06:24 +0100] "GET / HTTP/1.1" 200 1229 "-" "Mozilla/5.0 zgrab/0.x"
185.35.62.11 - - [09/Dec/2015:16:09:24 +0100] "GET / HTTP/1.1" 200 1229 "-" "Mozilla/5.0 zgrab/0.x"
37.58.80.11 - - [09/Dec/2015:16:13:27 +0100] "GET /muieblackcat HTTP/1.1" 404 317 "-" "-"
37.58.80.11 - - [09/Dec/2015:16:13:33 +0100] "GET //phpMyAdmin/scripts/setup.php HTTP/1.1" 404 333 "-" "-"
37.58.80.11 - - [09/Dec/2015:16:13:33 +0100] "GET //phpmyadmin/scripts/setup.php HTTP/1.1" 404 333 "-" "-"
37.58.80.11 - - [09/Dec/2015:16:13:33 +0100] "GET //pma/scripts/setup.php HTTP/1.1" 404 326 "-" "-"
37.58.80.11 - - [09/Dec/2015:16:13:33 +0100] "GET //myadmin/scripts/setup.php HTTP/1.1" 404 330 "-" "-"
37.58.80.11 - - [09/Dec/2015:16:13:33 +0100] "GET //MyAdmin/scripts/setup.php HTTP/1.1" 404 330 "-" "-"
52.62.32.41 - - [09/Dec/2015:16:17:18 +0100] "GET / HTTP/1.1" 200 1229 "-" "Mozilla/4.0 (compatible; MSIE 6.0; Windows NT 5.1; SV1; InfoPath.2)"
54.153.33.145 - - [09/Dec/2015:16:22:47 +0100] "GET / HTTP/1.1" 200 1229 "-" "Mozilla/5.0 (Windows NT 6.1) AppleWebKit/537.36 (KHTML, like Gecko) Chrome/41.0.2228.0 Safari/537.36"
185.35.62.11 - - [09/Dec/2015:16:23:33 +0100] "GET / HTTP/1.1" 200 1229 "-" "Mozilla/5.0 zgrab/0.x"
185.35.62.11 - - [09/Dec/2015:16:23:35 +0100] "GET / HTTP/1.1" 200 1229 "-" "Mozilla/5.0 zgrab/0.x"
128.232.110.29 - - [09/Dec/2015:16:34:39 +0100] "GET / HTTP/1.1" 200 1229 "-" "Mozilla/5.0 zgrab/0.x"
69.12.70.34 - - [09/Dec/2015:16:38:54 +0100] "GET /etc/lib/pChart2/examples/index.php?Action=View&Script=../../../../cnf/db.php HTTP/1.1" 404 339 "-" "HTTP_Request2/2.2.1 (http://pear.php.net/package/http_request2) PHP/5.3.3"
54.153.33.152 - - [09/Dec/2015:16:42:16 +0100] "GET / HTTP/1.1" 200 1229 "-" "Mozilla/5.0 (Windows NT 6.1) AppleWebKit/537.36 (KHTML, like Gecko) Chrome/41.0.2228.0 Safari/537.36"
52.35.196.111 - - [09/Dec/2015:16:44:01 +0100] "GET / HTTP/1.1" 200 1229 "-" "Mozilla/4.0 (compatible; MSIE 6.0; Windows NT 5.1; SV1; InfoPath.2)"
141.212.122.129 - - [09/Dec/2015:16:44:35 +0100] "CONNECT proxytest.zmap.io:80 HTTP/1.1" 405 346 "-" "Mozilla/5.0 zgrab/0.x"
54.159.74.235 - - [09/Dec/2015:16:49:35 +0100] "GET / HTTP/1.1" 200 1229 "-" "Mozilla/4.0 (compatible; MSIE 6.0; Windows NT 5.1; SV1; InfoPath.2)"
71.6.135.131 - - [09/Dec/2015:16:58:11 +0100] "GET / HTTP/1.1" 200 1229 "-" "-"
71.6.135.131 - - [09/Dec/2015:16:58:11 +0100] "GET /robots.txt HTTP/1.1" 404 315 "-" "-"
71.6.135.131 - - [09/Dec/2015:16:58:12 +0100] "GET /sitemap.xml HTTP/1.1" 404 316 "-" "-"
71.6.135.131 - - [09/Dec/2015:16:58:24 +0100] "GET / HTTP/1.1" 200 1229 "-" "-"
71.6.135.131 - - [09/Dec/2015:16:58:25 +0100] "GET /robots.txt HTTP/1.1" 404 315 "-" "-"
71.6.135.131 - - [09/Dec/2015:16:58:25 +0100] "GET /sitemap.xml HTTP/1.1" 404 316 "-" "-"
71.6.135.131 - - [09/Dec/2015:16:58:35 +0100] "GET / HTTP/1.1" 200 1229 "-" "-"
71.6.135.131 - - [09/Dec/2015:16:58:35 +0100] "GET /robots.txt HTTP/1.1" 404 315 "-" "-"
71.6.135.131 - - [09/Dec/2015:16:58:35 +0100] "GET /sitemap.xml HTTP/1.1" 404 316 "-" "-"
71.6.135.131 - - [09/Dec/2015:16:59:00 +0100] "GET / HTTP/1.1" 200 1229 "-" "-"
71.6.135.131 - - [09/Dec/2015:16:59:01 +0100] "GET /robots.txt HTTP/1.1" 404 315 "-" "-"
71.6.135.131 - - [09/Dec/2015:16:59:01 +0100] "GET /sitemap.xml HTTP/1.1" 404 316 "-" "-"
66.249.74.62 - - [09/Dec/2015:17:15:16 +0100] "GET /bestellungen.html HTTP/1.1" 404 330 "-" "Mozilla/5.0 (compatible; Googlebot/2.1; +http://www.google.com/bot.html)"
167.88.12.214 - - [09/Dec/2015:17:17:13 +0100] "GET / HTTP/1.1" 200 1229 "-" "Mozilla/4.0 (compatible; MSIE 8.0; Windows NT 6.1; Trident/4.0; SLCC2; .NET CLR 2.0.50727; .NET CLR 3.5.30729; .NET CLR 3.0.30729; Media Center PC 6.0)"
52.35.196.139 - - [09/Dec/2015:17:21:34 +0100] "GET / HTTP/1.1" 200 1229 "-" "Mozilla/4.0 (compatible; MSIE 6.0; Windows NT 5.1; SV1; InfoPath.2)"
54.153.33.233 - - [09/Dec/2015:17:22:21 +0100] "GET / HTTP/1.1" 200 1229 "-" "Mozilla/5.0 (Windows NT 6.1) AppleWebKit/537.36 (KHTML, like Gecko) Chrome/41.0.2228.0 Safari/537.36"
115.231.222.14 - - [09/Dec/2015:17:23:38 +0100] "GET http://zc.qq.com/cgi-bin/common/attr?id=260714&r=0.9692174306665462 HTTP/1.1" 404 320 "-" "Mozilla/5.0 (compatible; MSIE 9.0; Windows NT 6.1; Trident/5.0; 360SE)"
54.160.83.156 - - [09/Dec/2015:17:37:42 +0100] "GET / HTTP/1.1" 200 1229 "-" "Mozilla/4.0 (compatible; MSIE 6.0; Windows NT 5.1; SV1; InfoPath.2)"
188.226.206.204 - - [09/Dec/2015:17:39:19 +0100] "GET / HTTP/1.0" 200 1229 "-" "masscan/1.0 (https://github.com/robertdavidgraham/masscan)"
188.226.206.204 - - [09/Dec/2015:17:41:30 +0100] "GET / HTTP/1.0" 200 1229 "-" "masscan/1.0 (https://github.com/robertdavidgraham/masscan)"
141.212.122.129 - - [09/Dec/2015:17:45:00 +0100] "CONNECT proxytest.zmap.io:80 HTTP/1.1" 405 346 "-" "Mozilla/5.0 zgrab/0.x"
141.212.122.129 - - [09/Dec/2015:17:57:09 +0100] "CONNECT proxytest.zmap.io:80 HTTP/1.1" 405 346 "-" "Mozilla/5.0 zgrab/0.x"
54.194.206.38 - - [09/Dec/2015:18:16:52 +0100] "GET / HTTP/1.1" 200 1229 "-" "Mozilla/4.0 (compatible; MSIE 6.0; Windows NT 5.1; SV1; InfoPath.2)"
45.55.248.230 - - [09/Dec/2015:18:34:23 +0100] "GET / HTTP/1.0" 200 1229 "-" "Mozilla/5.0 (compatible; NetcraftSurveyAgent/1.0; +info@netcraft.com)"
54.153.33.145 - - [09/Dec/2015:18:38:22 +0100] "GET / HTTP/1.1" 200 1229 "-" "Mozilla/5.0 (Windows NT 6.1) AppleWebKit/537.36 (KHTML, like Gecko) Chrome/41.0.2228.0 Safari/537.36"
54.153.33.152 - - [09/Dec/2015:18:57:03 +0100] "GET / HTTP/1.1" 200 1229 "-" "Mozilla/5.0 (Windows NT 6.1) AppleWebKit/537.36 (KHTML, like Gecko) Chrome/41.0.2228.0 Safari/537.36"
54.153.33.233 - - [09/Dec/2015:19:15:20 +0100] "GET / HTTP/1.1" 200 1229 "-" "Mozilla/5.0 (Windows NT 6.1) AppleWebKit/537.36 (KHTML, like Gecko) Chrome/41.0.2228.0 Safari/537.36"
188.138.17.205 - - [09/Dec/2015:19:39:01 +0100] "GET / HTTP/1.1" 200 1229 "-" "-"
188.138.17.205 - - [09/Dec/2015:19:39:01 +0100] "GET /robots.txt HTTP/1.1" 404 315 "-" "-"
188.138.17.205 - - [09/Dec/2015:19:39:01 +0100] "GET /sitemap.xml HTTP/1.1" 404 316 "-" "-"
188.138.17.205 - - [09/Dec/2015:19:43:27 +0100] "GET / HTTP/1.1" 200 1229 "-" "-"
188.138.17.205 - - [09/Dec/2015:19:43:27 +0100] "GET /robots.txt HTTP/1.1" 404 315 "-" "-"
188.138.17.205 - - [09/Dec/2015:19:43:27 +0100] "GET /sitemap.xml HTTP/1.1" 404 316 "-" "-"
115.231.222.14 - - [09/Dec/2015:19:44:10 +0100] "GET http://zc.qq.com/cgi-bin/common/attr?id=260714&r=0.3647490697467454 HTTP/1.1" 404 320 "-" "Mozilla/5.0 (compatible; MSIE 9.0; Windows NT 6.1; Trident/5.0; 360SE)"
115.231.222.14 - - [09/Dec/2015:19:44:10 +0100] "GET http://zc.qq.com/cgi-bin/common/attr?id=260714&r=0.1223298774964143 HTTP/1.1" 404 320 "-" "Mozilla/5.0 (compatible; MSIE 9.0; Windows NT 6.1; Trident/5.0; 360SE)"
141.212.122.129 - - [09/Dec/2015:20:16:05 +0100] "CONNECT proxytest.zmap.io:80 HTTP/1.1" 405 346 "-" "Mozilla/5.0 zgrab/0.x"
54.153.33.233 - - [09/Dec/2015:20:21:20 +0100] "GET / HTTP/1.1" 200 1229 "-" "Mozilla/5.0 (Windows NT 6.1) AppleWebKit/537.36 (KHTML, like Gecko) Chrome/41.0.2228.0 Safari/537.36"
36.230.254.246 - - [09/Dec/2015:20:53:10 +0100] "CONNECT 163mx01.mxmail.netease.com:25 HTTP/1.0" 405 355 "-" "-"
36.229.247.219 - - [09/Dec/2015:21:03:34 +0100] "CONNECT vip163mx01.mxmail.netease.com:25 HTTP/1.0" 405 358 "-" "-"
66.249.79.186 - - [09/Dec/2015:21:32:21 +0100] "GET /robots.txt HTTP/1.1" 404 323 "-" "Mozilla/5.0 (compatible; Googlebot/2.1; +http://www.google.com/bot.html)"
66.249.79.200 - - [09/Dec/2015:21:32:22 +0100] "GET / HTTP/1.1" 200 1229 "-" "Mozilla/5.0 (iPhone; CPU iPhone OS 8_3 like Mac OS X) AppleWebKit/600.1.4 (KHTML, like Gecko) Version/8.0 Mobile/12F70 Safari/600.1.4 (compatible; Googlebot/2.1; +http://www.google.com/bot.html)"
167.88.7.230 - - [09/Dec/2015:22:02:02 +0100] "GET / HTTP/1.1" 200 1229 "-" "Mozilla/4.0 (compatible; MSIE 8.0; Windows NT 6.1; Trident/4.0; SLCC2; .NET CLR 2.0.50727; .NET CLR 3.5.30729; .NET CLR 3.0.30729; Media Center PC 6.0)"
128.232.110.29 - - [09/Dec/2015:22:05:38 +0100] "GET / HTTP/1.1" 200 1229 "-" "Mozilla/5.0 zgrab/0.x"
115.231.222.14 - - [09/Dec/2015:22:06:29 +0100] "GET http://zc.qq.com/cgi-bin/common/attr?id=260714&r=0.2881615732774876 HTTP/1.1" 404 320 "-" "Mozilla/5.0 (compatible; MSIE 9.0; Windows NT 6.1; Trident/5.0; 360SE)"
115.231.222.14 - - [09/Dec/2015:22:06:30 +0100] "GET http://zc.qq.com/cgi-bin/common/attr?id=260714&r=0.8943090411059401 HTTP/1.1" 404 320 "-" "Mozilla/5.0 (compatible; MSIE 9.0; Windows NT 6.1; Trident/5.0; 360SE)"
115.231.222.14 - - [09/Dec/2015:22:06:30 +0100] "GET http://zc.qq.com/cgi-bin/common/attr?id=260714&r=0.0563516441871933 HTTP/1.1" 404 320 "-" "Mozilla/5.0 (compatible; MSIE 9.0; Windows NT 6.1; Trident/5.0; 360SE)"
104.236.206.43 - - [09/Dec/2015:22:08:16 +0100] "GET / HTTP/1.0" 200 1229 "-" "Mozilla/5.0 (compatible; NetcraftSurveyAgent/1.0; +info@netcraft.com)"
45.55.68.0 - - [09/Dec/2015:22:14:11 +0100] "GET / HTTP/1.0" 200 1229 "-" "Mozilla/5.0 (compatible; NetcraftSurveyAgent/1.0; +info@netcraft.com)"
54.153.33.145 - - [09/Dec/2015:22:24:45 +0100] "GET / HTTP/1.1" 200 1229 "-" "Mozilla/5.0 (Windows NT 6.1) AppleWebKit/537.36 (KHTML, like Gecko) Chrome/41.0.2228.0 Safari/537.36"
61.228.89.110 - - [09/Dec/2015:22:32:25 +0100] "CONNECT 163mx01.mxmail.netease.com:25 HTTP/1.0" 405 355 "-" "-"
128.232.110.29 - - [09/Dec/2015:22:48:33 +0100] "GET / HTTP/1.1" 200 1229 "-" "Mozilla/5.0 zgrab/0.x"
159.203.135.50 - - [09/Dec/2015:22:54:21 +0100] "GET / HTTP/1.0" 200 1229 "-" "Mozilla/5.0 (compatible; NetcraftSurveyAgent/1.0; +info@netcraft.com)"
45.55.233.101 - - [09/Dec/2015:22:56:40 +0100] "GET / HTTP/1.0" 200 1229 "-" "Mozilla/5.0 (compatible; NetcraftSurveyAgent/1.0; +info@netcraft.com)"
104.236.72.139 - - [10/Dec/2015:00:12:05 +0100] "GET / HTTP/1.0" 200 1229 "-" "Mozilla/5.0 (compatible; NetcraftSurveyAgent/1.0; +info@netcraft.com)"
68.180.230.245 - - [10/Dec/2015:00:12:48 +0100] "GET /robots.txt HTTP/1.1" 404 323 "-" "Mozilla/5.0 (compatible; Yahoo! Slurp; http://help.yahoo.com/help/us/ysearch/slurp)"
68.180.230.245 - - [10/Dec/2015:00:12:48 +0100] "GET / HTTP/1.1" 200 1229 "-" "Mozilla/5.0 (compatible; Yahoo! Slurp; http://help.yahoo.com/help/us/ysearch/slurp)"
104.236.109.104 - - [10/Dec/2015:00:31:15 +0100] "GET / HTTP/1.0" 200 1229 "-" "Mozilla/5.0 (compatible; NetcraftSurveyAgent/1.0; +info@netcraft.com)"
93.186.202.253 - - [10/Dec/2015:00:35:31 +0100] "GET /news.php?cs_go=archiv&cs_id=4470&cs_search= HTTP/1.1" 404 315 "-" "Mozilla/5.0 (Macintosh; Intel Mac OS X 10_7_5) AppleWebKit/537.31 (KHTML, like Gecko) Chrome/26.0.1410.65 Safari/537.31"
104.236.102.236 - - [10/Dec/2015:00:41:53 +0100] "GET / HTTP/1.0" 200 1229 "-" "Mozilla/5.0 (compatible; NetcraftSurveyAgent/1.0; +info@netcraft.com)"
111.248.56.3 - - [10/Dec/2015:01:15:58 +0100] "CONNECT 163mx00.mxmail.netease.com:25 HTTP/1.0" 405 355 "-" "-"
115.231.222.14 - - [10/Dec/2015:01:23:50 +0100] "GET http://zc.qq.com/cgi-bin/common/attr?id=260714&r=0.8801862554901202 HTTP/1.1" 404 320 "-" "Mozilla/5.0 (compatible; MSIE 9.0; Windows NT 6.1; Trident/5.0; 360SE)"
115.231.222.14 - - [10/Dec/2015:01:23:50 +0100] "GET http://zc.qq.com/cgi-bin/common/attr?id=260714&r=0.1995758513169257 HTTP/1.1" 404 320 "-" "Mozilla/5.0 (compatible; MSIE 9.0; Windows NT 6.1; Trident/5.0; 360SE)"
61.216.2.15 - - [10/Dec/2015:01:29:07 +0100] "GET / HTTP/1.1" 400 329 "-" "Mozilla/5.0 (Windows NT 6.3; WOW64) AppleWebKit/537.36 (KHTML, like Gecko) Chrome/45.0.2454.101 Safari/537.36"
61.216.2.15 - - [10/Dec/2015:01:29:23 +0100] "GET / HTTP/1.1" 400 329 "-" "Mozilla/5.0 (Windows NT 6.3; WOW64) AppleWebKit/537.36 (KHTML, like Gecko) Chrome/45.0.2454.101 Safari/537.36"
61.216.2.15 - - [10/Dec/2015:01:29:23 +0100] "GET / HTTP/1.1" 400 329 "-" "Mozilla/5.0 (Windows NT 6.3; WOW64) AppleWebKit/537.36 (KHTML, like Gecko) Chrome/45.0.2454.101 Safari/537.36"
61.216.2.15 - - [10/Dec/2015:01:29:29 +0100] "GET / HTTP/1.1" 400 329 "-" "Mozilla/5.0 (Windows NT 6.3; WOW64) AppleWebKit/537.36 (KHTML, like Gecko) Chrome/45.0.2454.101 Safari/537.36"
61.216.2.15 - - [10/Dec/2015:01:29:34 +0100] "GET / HTTP/1.1" 400 329 "-" "Mozilla/5.0 (Windows NT 6.3; WOW64) AppleWebKit/537.36 (KHTML, like Gecko) Chrome/45.0.2454.101 Safari/537.36"
5.39.85.81 - - [10/Dec/2015:01:41:14 +0100] "GET /robots.txt HTTP/1.0" 404 328 "-" ""
5.39.85.81 - - [10/Dec/2015:01:41:14 +0100] "GET / HTTP/1.1" 206 1229 "-" "Mozilla/5.0 (X11; Linux x86_64) AppleWebKit/534.24 (KHTML, like Gecko) Chrome/11.0.696.3 Safari/534.24"
141.212.122.129 - - [10/Dec/2015:01:50:19 +0100] "CONNECT proxytest.zmap.io:80 HTTP/1.1" 405 346 "-" "Mozilla/5.0 zgrab/0.x"
159.203.142.77 - - [10/Dec/2015:02:26:56 +0100] "GET / HTTP/1.0" 200 1229 "-" "Mozilla/5.0 (compatible; NetcraftSurveyAgent/1.0; +info@netcraft.com)"
104.131.37.115 - - [10/Dec/2015:02:32:48 +0100] "GET / HTTP/1.0" 200 1229 "-" "Mozilla/5.0 (compatible; NetcraftSurveyAgent/1.0; +info@netcraft.com)"
69.12.70.34 - - [10/Dec/2015:02:36:05 +0100] "GET /etc/lib/pChart2/examples/index.php?Action=View&Script=../../../../cnf/db.php HTTP/1.1" 404 339 "-" "HTTP_Request2/2.2.1 (http://pear.php.net/package/http_request2) PHP/5.3.3"
141.212.122.129 - - [10/Dec/2015:02:44:42 +0100] "CONNECT proxytest.zmap.io:80 HTTP/1.1" 405 346 "-" "Mozilla/5.0 zgrab/0.x"
107.150.43.202 - - [10/Dec/2015:02:48:00 +0100] "GET / HTTP/1.1" 200 1229 "-" "Mozilla/4.0 (compatible; MSIE 8.0; Windows NT 6.1; Trident/4.0; SLCC2; .NET CLR 2.0.50727; .NET CLR 3.5.30729; .NET CLR 3.0.30729; Media Center PC 6.0)"
128.232.110.29 - - [10/Dec/2015:02:50:00 +0100] "GET / HTTP/1.1" 200 1229 "-" "Mozilla/5.0 zgrab/0.x"
52.53.243.215 - - [10/Dec/2015:02:51:47 +0100] "GET / HTTP/1.0" 200 1229 "-" "Mozilla/5.0 (Windows NT 6.3; rv:36.0 Gecko/20100101 Firefox/36.0"
185.25.151.159 - - [10/Dec/2015:03:03:54 +0100] "GET http://testp4.pospr.waw.pl/testproxy.php HTTP/1.1" 404 324 "-" "Mozilla/5.0 (Windows NT 5.1; rv:32.0) Gecko/20100101 Firefox/31.0"
185.25.151.159 - - [10/Dec/2015:03:04:31 +0100] "GET http://testp3.pospr.waw.pl/testproxy.php HTTP/1.1" 404 324 "-" "Mozilla/5.0 (Windows NT 5.1; rv:32.0) Gecko/20100101 Firefox/31.0"
185.25.151.159 - - [10/Dec/2015:03:04:57 +0100] "GET http://testp4.pospr.waw.pl/testproxy.php HTTP/1.1" 404 324 "-" "Mozilla/5.0 (Windows NT 5.1; rv:32.0) Gecko/20100101 Firefox/31.0"
185.25.151.159 - - [10/Dec/2015:03:05:23 +0100] "GET http://testp4.pospr.waw.pl/testproxy.php HTTP/1.1" 404 324 "-" "Mozilla/5.0 (Windows NT 5.1; rv:32.0) Gecko/20100101 Firefox/31.0"
185.25.151.159 - - [10/Dec/2015:03:05:56 +0100] "GET http://testp3.pospr.waw.pl/testproxy.php HTTP/1.1" 404 324 "-" "Mozilla/5.0 (Windows NT 5.1; rv:32.0) Gecko/20100101 Firefox/31.0"
185.25.151.159 - - [10/Dec/2015:03:06:26 +0100] "GET http://testp2.czar.bielawa.pl/testproxy.php HTTP/1.1" 404 327 "-" "Mozilla/5.0 (Windows NT 5.1; rv:32.0) Gecko/20100101 Firefox/31.0"
185.25.151.159 - - [10/Dec/2015:03:06:53 +0100] "GET http://testp2.czar.bielawa.pl/testproxy.php HTTP/1.1" 404 327 "-" "Mozilla/5.0 (Windows NT 5.1; rv:32.0) Gecko/20100101 Firefox/31.0"
185.25.151.159 - - [10/Dec/2015:03:07:11 +0100] "GET http://testp3.pospr.waw.pl/testproxy.php HTTP/1.1" 404 324 "-" "Mozilla/5.0 (Windows NT 5.1; rv:32.0) Gecko/20100101 Firefox/31.0"
66.249.79.93 - - [10/Dec/2015:03:11:51 +0100] "GET /robots.txt HTTP/1.1" 404 317 "-" "Mozilla/5.0 (compatible; Googlebot/2.1; +http://www.google.com/bot.html)"
66.249.79.93 - - [10/Dec/2015:03:11:51 +0100] "GET /index.php HTTP/1.1" 404 316 "-" "Mozilla/5.0 (compatible; Googlebot/2.1; +http://www.google.com/bot.html)"
91.196.50.33 - - [10/Dec/2015:03:23:05 +0100] "GET http://testp2.czar.bielawa.pl/testproxy.php HTTP/1.1" 404 327 "-" "Mozilla/5.0 (Windows NT 5.1; rv:32.0) Gecko/20100101 Firefox/31.0"
91.196.50.33 - - [10/Dec/2015:03:23:39 +0100] "GET http://testp4.pospr.waw.pl/testproxy.php HTTP/1.1" 404 324 "-" "Mozilla/5.0 (Windows NT 5.1; rv:32.0) Gecko/20100101 Firefox/31.0"
62.210.246.137 - - [10/Dec/2015:03:30:24 +0100] "GET /robots.txt HTTP/1.0" 404 317 "-" "Mozilla/5.0 (compatible; MJ12bot/v1.4.5; http://www.majestic12.co.uk/bot.php?+)"
62.210.246.137 - - [10/Dec/2015:03:30:26 +0100] "GET /kontakt.php HTTP/1.1" 404 318 "-" "Mozilla/5.0 (compatible; MJ12bot/v1.4.5; http://www.majestic12.co.uk/bot.php?+)"
185.106.94.2 - - [10/Dec/2015:04:13:31 +0100] "GET /muieblackcat HTTP/1.1" 404 317 "-" "-"
185.106.94.2 - - [10/Dec/2015:04:13:37 +0100] "GET //phpMyAdmin/scripts/setup.php HTTP/1.1" 404 333 "-" "-"
185.106.94.2 - - [10/Dec/2015:04:13:37 +0100] "GET //phpmyadmin/scripts/setup.php HTTP/1.1" 404 333 "-" "-"
185.106.94.2 - - [10/Dec/2015:04:13:37 +0100] "GET //pma/scripts/setup.php HTTP/1.1" 404 326 "-" "-"
185.106.94.2 - - [10/Dec/2015:04:13:37 +0100] "GET //myadmin/scripts/setup.php HTTP/1.1" 404 330 "-" "-"
185.106.94.2 - - [10/Dec/2015:04:13:37 +0100] "GET //MyAdmin/scripts/setup.php HTTP/1.1" 404 330 "-" "-"
69.58.178.58 - - [10/Dec/2015:04:19:44 +0100] "GET /robots.txt HTTP/1.1" 404 323 "-" "Mozilla/5.0 (X11; Ubuntu; Linux i686; rv:14.0; ips-agent) Gecko/20100101 Firefox/14.0.1"
69.58.178.58 - - [10/Dec/2015:04:20:24 +0100] "GET / HTTP/1.1" 200 1229 "-" "Mozilla/5.0 (X11; Ubuntu; Linux i686; rv:14.0; ips-agent) Gecko/20100101 Firefox/14.0.1"
207.46.13.53 - - [10/Dec/2015:04:20:36 +0100] "GET /robots.txt HTTP/1.1" 404 315 "-" "Mozilla/5.0 (compatible; bingbot/2.0; +http://www.bing.com/bingbot.htm)"
207.46.13.53 - - [10/Dec/2015:04:20:40 +0100] "GET / HTTP/1.1" 304 - "-" "Mozilla/5.0 (compatible; bingbot/2.0; +http://www.bing.com/bingbot.htm)"
69.58.178.58 - - [10/Dec/2015:04:21:05 +0100] "GET / HTTP/1.1" 200 1229 "-" "Mozilla/5.0 (X11; Ubuntu; Linux i686; rv:14.0; ips-agent) Gecko/20100101 Firefox/14.0.1"
195.154.200.93 - - [10/Dec/2015:04:26:05 +0100] "GET /robots.txt HTTP/1.0" 404 317 "-" "Mozilla/5.0 (compatible; MJ12bot/v1.4.5; http://www.majestic12.co.uk/bot.php?+)"
195.154.200.93 - - [10/Dec/2015:04:26:07 +0100] "GET /ansprechpartner.php HTTP/1.1" 404 326 "-" "Mozilla/5.0 (compatible; MJ12bot/v1.4.5; http://www.majestic12.co.uk/bot.php?+)"
195.154.200.93 - - [10/Dec/2015:04:26:08 +0100] "GET /foerdermittel.php HTTP/1.1" 404 324 "-" "Mozilla/5.0 (compatible; MJ12bot/v1.4.5; http://www.majestic12.co.uk/bot.php?+)"
195.154.200.93 - - [10/Dec/2015:04:26:10 +0100] "GET /heizoel.php HTTP/1.1" 404 318 "-" "Mozilla/5.0 (compatible; MJ12bot/v1.4.5; http://www.majestic12.co.uk/bot.php?+)"
195.154.200.93 - - [10/Dec/2015:04:26:11 +0100] "GET /impressum.php HTTP/1.1" 404 320 "-" "Mozilla/5.0 (compatible; MJ12bot/v1.4.5; http://www.majestic12.co.uk/bot.php?+)"
45.55.210.145 - - [10/Dec/2015:04:47:58 +0100] "GET / HTTP/1.0" 200 1229 "-" "Mozilla/5.0 (compatible; NetcraftSurveyAgent/1.0; +info@netcraft.com)"
45.55.230.176 - - [10/Dec/2015:05:00:15 +0100] "GET / HTTP/1.0" 200 1229 "-" "Mozilla/5.0 (compatible; NetcraftSurveyAgent/1.0; +info@netcraft.com)"
82.221.105.6 - - [10/Dec/2015:05:12:14 +0100] "GET / HTTP/1.1" 200 1229 "-" "-"
82.221.105.6 - - [10/Dec/2015:05:12:14 +0100] "GET /robots.txt HTTP/1.1" 404 315 "-" "-"
82.221.105.6 - - [10/Dec/2015:05:12:14 +0100] "GET /sitemap.xml HTTP/1.1" 404 316 "-" "-"
212.83.177.193 - - [10/Dec/2015:05:12:24 +0100] "GET /robots.txt HTTP/1.0" 404 327 "-" "Mozilla/5.0 (compatible; MJ12bot/v1.4.5; http://www.majestic12.co.uk/bot.php?+)"
212.83.177.193 - - [10/Dec/2015:05:12:26 +0100] "GET /news.php?cs_go=archiv&cs_id=4233 HTTP/1.0" 404 325 "-" "Mozilla/5.0 (compatible; MJ12bot/v1.4.5; http://www.majestic12.co.uk/bot.php?+)"
212.83.177.193 - - [10/Dec/2015:05:12:29 +0100] "GET /news.php?cs_go=archiv&cs_id=4822&cs_search= HTTP/1.0" 404 325 "-" "Mozilla/5.0 (compatible; MJ12bot/v1.4.5; http://www.majestic12.co.uk/bot.php?+)"
212.83.177.193 - - [10/Dec/2015:05:12:32 +0100] "GET /news.php?cs_go=archiv&cs_id=4825&cs_search= HTTP/1.0" 404 325 "-" "Mozilla/5.0 (compatible; MJ12bot/v1.4.5; http://www.majestic12.co.uk/bot.php?+)"
212.83.177.193 - - [10/Dec/2015:05:12:34 +0100] "GET /news.php?cs_go=archiv&cs_id=4827&cs_search= HTTP/1.0" 404 325 "-" "Mozilla/5.0 (compatible; MJ12bot/v1.4.5; http://www.majestic12.co.uk/bot.php?+)"
188.138.1.218 - - [10/Dec/2015:05:19:13 +0100] "GET / HTTP/1.1" 200 1229 "-" "-"
188.138.1.218 - - [10/Dec/2015:05:19:13 +0100] "GET /robots.txt HTTP/1.1" 404 315 "-" "-"
188.138.1.218 - - [10/Dec/2015:05:19:13 +0100] "GET /sitemap.xml HTTP/1.1" 404 316 "-" "-"
157.55.39.129 - - [10/Dec/2015:05:39:41 +0100] "GET /haftungsausschluss.html HTTP/1.1" 404 336 "-" "Mozilla/5.0 (compatible; bingbot/2.0; +http://www.bing.com/bingbot.htm)"
115.231.222.14 - - [10/Dec/2015:06:05:56 +0100] "GET http://zc.qq.com/cgi-bin/common/attr?id=260714&r=0.5698316931523668 HTTP/1.1" 404 320 "-" "Mozilla/5.0 (compatible; MSIE 9.0; Windows NT 6.1; Trident/5.0; 360SE)"
115.231.222.14 - - [10/Dec/2015:06:06:09 +0100] "GET http://zc.qq.com/cgi-bin/common/attr?id=260714&r=0.5652968489020822 HTTP/1.1" 404 320 "-" "Mozilla/5.0 (compatible; MSIE 9.0; Windows NT 6.1; Trident/5.0; 360SE)"
141.212.122.129 - - [10/Dec/2015:06:17:36 +0100] "CONNECT proxytest.zmap.io:80 HTTP/1.1" 405 346 "-" "Mozilla/5.0 zgrab/0.x"
45.55.202.40 - - [10/Dec/2015:06:30:07 +0100] "GET / HTTP/1.0" 200 1229 "-" "Mozilla/5.0 (compatible; NetcraftSurveyAgent/1.0; +info@netcraft.com)"
188.40.95.70 - - [10/Dec/2015:06:33:26 +0100] "GET /robots.txt HTTP/1.0" 404 328 "-" "Mozilla/5.0 (compatible; MJ12bot/v1.4.5; http://www.majestic12.co.uk/bot.php?+)"
188.40.95.70 - - [10/Dec/2015:06:33:28 +0100] "GET /news.php?cs_go=archiv&cs_id=5377 HTTP/1.0" 404 326 "-" "Mozilla/5.0 (compatible; MJ12bot/v1.4.5; http://www.majestic12.co.uk/bot.php?+)"
188.40.95.70 - - [10/Dec/2015:06:33:29 +0100] "GET /news.php?cs_go=archiv&cs_id=5378 HTTP/1.0" 404 326 "-" "Mozilla/5.0 (compatible; MJ12bot/v1.4.5; http://www.majestic12.co.uk/bot.php?+)"
188.40.95.70 - - [10/Dec/2015:06:33:31 +0100] "GET /news.php?cs_go=archiv&cs_id=5379 HTTP/1.0" 404 326 "-" "Mozilla/5.0 (compatible; MJ12bot/v1.4.5; http://www.majestic12.co.uk/bot.php?+)"
188.40.95.70 - - [10/Dec/2015:06:33:33 +0100] "GET /news.php?cs_go=archiv&cs_startpos=0 HTTP/1.0" 404 326 "-" "Mozilla/5.0 (compatible; MJ12bot/v1.4.5; http://www.majestic12.co.uk/bot.php?+)"
157.55.39.10 - - [10/Dec/2015:06:52:24 +0100] "GET /agb.html HTTP/1.1" 404 321 "-" "Mozilla/5.0 (compatible; bingbot/2.0; +http://www.bing.com/bingbot.htm)"
104.236.1.196 - - [10/Dec/2015:06:58:42 +0100] "GET / HTTP/1.0" 200 1229 "-" "Mozilla/5.0 (compatible; NetcraftSurveyAgent/1.0; +info@netcraft.com)"
104.131.125.236 - - [10/Dec/2015:07:06:48 +0100] "GET / HTTP/1.0" 200 1229 "-" "Mozilla/5.0 (compatible; NetcraftSurveyAgent/1.0; +info@netcraft.com)"
167.88.7.229 - - [10/Dec/2015:07:35:20 +0100] "GET / HTTP/1.1" 200 1229 "-" "Mozilla/4.0 (compatible; MSIE 8.0; Windows NT 6.1; Trident/4.0; SLCC2; .NET CLR 2.0.50727; .NET CLR 3.5.30729; .NET CLR 3.0.30729; Media Center PC 6.0)"
5.9.73.227 - - [10/Dec/2015:07:57:18 +0100] "GET /robots.txt HTTP/1.0" 404 327 "-" "Mozilla/5.0 (compatible; MJ12bot/v1.4.5; http://www.majestic12.co.uk/bot.php?+)"
5.9.73.227 - - [10/Dec/2015:07:57:19 +0100] "GET /news.php?cs_go=archiv&cs_id=4395&cs_search= HTTP/1.0" 404 325 "-" "Mozilla/5.0 (compatible; MJ12bot/v1.4.5; http://www.majestic12.co.uk/bot.php?+)"
5.9.73.227 - - [10/Dec/2015:07:57:21 +0100] "GET /news.php?cs_go=archiv&cs_id=4611&cs_search= HTTP/1.0" 404 325 "-" "Mozilla/5.0 (compatible; MJ12bot/v1.4.5; http://www.majestic12.co.uk/bot.php?+)"
5.9.73.227 - - [10/Dec/2015:07:57:22 +0100] "GET /news.php?cs_go=archiv&cs_id=4612 HTTP/1.0" 404 325 "-" "Mozilla/5.0 (compatible; MJ12bot/v1.4.5; http://www.majestic12.co.uk/bot.php?+)"
5.9.73.227 - - [10/Dec/2015:07:57:24 +0100] "GET /news.php?cs_go=archiv&cs_id=4613 HTTP/1.0" 404 325 "-" "Mozilla/5.0 (compatible; MJ12bot/v1.4.5; http://www.majestic12.co.uk/bot.php?+)"
118.98.104.21 - - [10/Dec/2015:08:16:11 +0100] "GET /user/soapCaller.bs HTTP/1.1" 404 323 "-" "Morfeus Fucking Scanner"
118.98.104.21 - - [10/Dec/2015:08:16:11 +0100] "GET /user/soapCaller.bs HTTP/1.1" 404 323 "-" "Morfeus Fucking Scanner"
118.98.104.21 - - [10/Dec/2015:08:16:11 +0100] "GET /user/soapCaller.bs HTTP/1.1" 404 323 "-" "Morfeus Fucking Scanner"
118.98.104.21 - - [10/Dec/2015:08:16:12 +0100] "GET /user/soapCaller.bs HTTP/1.1" 404 323 "-" "Morfeus Fucking Scanner"
118.98.104.21 - - [10/Dec/2015:08:16:12 +0100] "GET /user/soapCaller.bs HTTP/1.1" 404 323 "-" "Morfeus Fucking Scanner"
118.98.104.21 - - [10/Dec/2015:08:16:12 +0100] "GET /user/soapCaller.bs HTTP/1.1" 404 323 "-" "Morfeus Fucking Scanner"
118.98.104.21 - - [10/Dec/2015:08:16:12 +0100] "GET /user/soapCaller.bs HTTP/1.1" 404 323 "-" "Morfeus Fucking Scanner"
118.98.104.21 - - [10/Dec/2015:08:16:12 +0100] "GET /user/soapCaller.bs HTTP/1.1" 404 323 "-" "Morfeus Fucking Scanner"
118.98.104.21 - - [10/Dec/2015:08:16:12 +0100] "GET /user/soapCaller.bs HTTP/1.1" 404 323 "-" "Morfeus Fucking Scanner"
118.98.104.21 - - [10/Dec/2015:08:16:12 +0100] "GET /user/soapCaller.bs HTTP/1.1" 404 323 "-" "Morfeus Fucking Scanner"
141.212.122.97 - - [10/Dec/2015:08:40:36 +0100] "GET /x HTTP/1.1" 400 329 "-" "Telesphoreo"
141.212.122.129 - - [10/Dec/2015:09:13:33 +0100] "CONNECT proxytest.zmap.io:80 HTTP/1.1" 405 346 "-" "Mozilla/5.0 zgrab/0.x"
141.212.122.97 - - [10/Dec/2015:09:14:12 +0100] "GET /x HTTP/1.1" 400 329 "-" "Telesphoreo"
141.212.122.129 - - [10/Dec/2015:09:31:37 +0100] "CONNECT proxytest.zmap.io:80 HTTP/1.1" 405 346 "-" "Mozilla/5.0 zgrab/0.x"
46.166.139.20 - - [10/Dec/2015:09:49:18 +0100] "GET /xmlrpc.php HTTP/1.1" 404 315 "-" "-"
77.248.252.113 - - [10/Dec/2015:09:52:55 +0100] "GET /robots.txt HTTP/1.0" 404 317 "-" "Mozilla/5.0 (compatible; MJ12bot/v1.4.5; http://www.majestic12.co.uk/bot.php?+)"
77.248.252.113 - - [10/Dec/2015:09:52:57 +0100] "GET /edl.php HTTP/1.0" 404 314 "-" "Mozilla/5.0 (compatible; MJ12bot/v1.4.5; http://www.majestic12.co.uk/bot.php?+)"
77.248.252.113 - - [10/Dec/2015:09:52:58 +0100] "GET /faq.php HTTP/1.0" 404 314 "-" "Mozilla/5.0 (compatible; MJ12bot/v1.4.5; http://www.majestic12.co.uk/bot.php?+)"
141.212.122.97 - - [10/Dec/2015:10:15:55 +0100] "GET /x HTTP/1.1" 400 329 "-" "Telesphoreo"
141.212.122.97 - - [10/Dec/2015:10:18:30 +0100] "GET /x HTTP/1.1" 400 329 "-" "Telesphoreo"
141.212.122.97 - - [10/Dec/2015:10:31:36 +0100] "GET /x HTTP/1.1" 400 329 "-" "Telesphoreo"
61.231.2.120 - - [10/Dec/2015:10:43:35 +0100] "CONNECT vip163mx00.mxmail.netease.com:25 HTTP/1.0" 405 358 "-" "-"
115.231.222.14 - - [10/Dec/2015:10:48:16 +0100] "GET http://zc.qq.com/cgi-bin/common/attr?id=260714&r=0.4277566620046560 HTTP/1.1" 404 320 "-" "Mozilla/5.0 (compatible; MSIE 9.0; Windows NT 6.1; Trident/5.0; 360SE)"
120.27.130.122 - - [10/Dec/2015:10:57:21 +0100] "GET /phpMyAdmin/scripts/setup.php HTTP/1.1" 404 333 "-" "-"
120.27.130.122 - - [10/Dec/2015:10:57:31 +0100] "GET /pma/scripts/setup.php HTTP/1.1" 404 326 "-" "-"
120.27.130.122 - - [10/Dec/2015:10:57:41 +0100] "GET /myadmin/scripts/setup.php HTTP/1.1" 404 330 "-" "-"
46.166.139.20 - - [10/Dec/2015:11:01:36 +0100] "GET /xmlrpc.php HTTP/1.1" 404 315 "-" "-"
195.154.200.93 - - [10/Dec/2015:11:02:17 +0100] "GET /robots.txt HTTP/1.0" 404 327 "-" "Mozilla/5.0 (compatible; MJ12bot/v1.4.5; http://www.majestic12.co.uk/bot.php?+)"
