54.153.33.233 - - [03/Dec/2015:00:32:20 +0100] "GET / HTTP/1.1" 200 1229 "-" "Mozilla/5.0 (Windows NT 6.1) AppleWebKit/537.36 (KHTML, like Gecko) Chrome/41.0.2228.0 Safari/537.36"
194.153.113.13 - - [03/Dec/2015:00:37:15 +0100] "GET /robots.txt HTTP/1.1" 404 315 "-" "Mozilla/5.0 (compatible; oBot/2.3.1; http://filterdb.iss.net/crawler/)"
194.153.113.13 - - [03/Dec/2015:00:37:15 +0100] "HEAD / HTTP/1.1" 200 - "-" "Mozilla/5.0 (compatible; oBot/2.3.1; http://filterdb.iss.net/crawler/)"
54.153.33.233 - - [03/Dec/2015:01:25:26 +0100] "GET / HTTP/1.1" 200 1229 "-" "Mozilla/5.0 (Windows NT 6.1) AppleWebKit/537.36 (KHTML, like Gecko) Chrome/41.0.2228.0 Safari/537.36"
115.231.222.14 - - [03/Dec/2015:01:31:57 +0100] "GET http://zc.qq.com/cgi-bin/common/attr?id=260714&r=0.5700200354123636 HTTP/1.1" 404 320 "-" "Mozilla/5.0 (compatible; MSIE 9.0; Windows NT 6.1; Trident/5.0; 360SE)"
115.231.222.14 - - [03/Dec/2015:01:31:57 +0100] "GET http://zc.qq.com/cgi-bin/common/attr?id=260714&r=0.9528506763512930 HTTP/1.1" 404 320 "-" "Mozilla/5.0 (compatible; MSIE 9.0; Windows NT 6.1; Trident/5.0; 360SE)"
115.231.222.14 - - [03/Dec/2015:01:31:57 +0100] "GET http://zc.qq.com/cgi-bin/common/attr?id=260714&r=0.8352145186198149 HTTP/1.1" 404 320 "-" "Mozilla/5.0 (compatible; MSIE 9.0; Windows NT 6.1; Trident/5.0; 360SE)"
115.231.222.14 - - [03/Dec/2015:01:32:00 +0100] "GET http://zc.qq.com/cgi-bin/common/attr?id=260714&r=0.0299849805108334 HTTP/1.1" 404 320 "-" "Mozilla/5.0 (compatible; MSIE 9.0; Windows NT 6.1; Trident/5.0; 360SE)"
54.153.33.152 - - [03/Dec/2015:01:36:39 +0100] "GET / HTTP/1.1" 200 1229 "-" "Mozilla/5.0 (Windows NT 6.1) AppleWebKit/537.36 (KHTML, like Gecko) Chrome/41.0.2228.0 Safari/537.36"
54.153.33.145 - - [03/Dec/2015:01:38:51 +0100] "GET / HTTP/1.1" 200 1229 "-" "Mozilla/5.0 (Windows NT 6.1) AppleWebKit/537.36 (KHTML, like Gecko) Chrome/41.0.2228.0 Safari/537.36"
111.248.62.11 - - [03/Dec/2015:01:47:17 +0100] "CONNECT vip163mx00.mxmail.netease.com:25 HTTP/1.0" 405 358 "-" "-"
194.153.113.35 - - [03/Dec/2015:02:06:58 +0100] "GET /robots.txt HTTP/1.1" 404 315 "-" "Mozilla/5.0 (compatible; oBot/2.3.1; http://filterdb.iss.net/crawler/)"
194.153.113.35 - - [03/Dec/2015:02:06:58 +0100] "HEAD / HTTP/1.1" 200 - "-" "Mozilla/5.0 (compatible; oBot/2.3.1; http://filterdb.iss.net/crawler/)"
46.4.87.105 - - [03/Dec/2015:02:22:41 +0100] "GET /robots.txt HTTP/1.0" 404 328 "-" "Mozilla/5.0 (compatible; MJ12bot/v1.4.5; http://www.majestic12.co.uk/bot.php?+)"
46.4.87.105 - - [03/Dec/2015:02:22:43 +0100] "GET /heizoel.php HTTP/1.0" 404 329 "-" "Mozilla/5.0 (compatible; MJ12bot/v1.4.5; http://www.majestic12.co.uk/bot.php?+)"
128.232.110.29 - - [03/Dec/2015:02:22:56 +0100] "GET / HTTP/1.1" 200 1229 "-" "Mozilla/5.0 zgrab/0.x"
195.154.200.93 - - [03/Dec/2015:02:50:23 +0100] "GET /robots.txt HTTP/1.0" 404 327 "-" "Mozilla/5.0 (compatible; MJ12bot/v1.4.5; http://www.majestic12.co.uk/bot.php?+)"
195.154.200.93 - - [03/Dec/2015:02:50:33 +0100] "GET /news.php?cs_go=archiv&cs_id=4239 HTTP/1.1" 404 325 "-" "Mozilla/5.0 (compatible; MJ12bot/v1.4.5; http://www.majestic12.co.uk/bot.php?+)"
195.154.200.93 - - [03/Dec/2015:02:50:36 +0100] "GET /news.php?cs_go=archiv&cs_id=4240 HTTP/1.1" 404 325 "-" "Mozilla/5.0 (compatible; MJ12bot/v1.4.5; http://www.majestic12.co.uk/bot.php?+)"
195.154.200.93 - - [03/Dec/2015:02:50:38 +0100] "GET /news.php?cs_go=archiv&cs_id=4490 HTTP/1.1" 404 325 "-" "Mozilla/5.0 (compatible; MJ12bot/v1.4.5; http://www.majestic12.co.uk/bot.php?+)"
195.154.200.93 - - [03/Dec/2015:02:50:59 +0100] "GET /news.php?cs_go=archiv&cs_id=4491 HTTP/1.1" 404 325 "-" "Mozilla/5.0 (compatible; MJ12bot/v1.4.5; http://www.majestic12.co.uk/bot.php?+)"
195.154.200.93 - - [03/Dec/2015:02:51:03 +0100] "GET /news.php?cs_go=archiv&cs_id=4493 HTTP/1.1" 404 325 "-" "Mozilla/5.0 (compatible; MJ12bot/v1.4.5; http://www.majestic12.co.uk/bot.php?+)"
195.154.200.93 - - [03/Dec/2015:02:51:26 +0100] "GET /news.php?cs_go=archiv&cs_id=4494 HTTP/1.1" 404 325 "-" "Mozilla/5.0 (compatible; MJ12bot/v1.4.5; http://www.majestic12.co.uk/bot.php?+)"
195.154.200.93 - - [03/Dec/2015:02:51:28 +0100] "GET /news.php?cs_go=archiv&cs_id=4495 HTTP/1.1" 404 325 "-" "Mozilla/5.0 (compatible; MJ12bot/v1.4.5; http://www.majestic12.co.uk/bot.php?+)"
195.154.200.93 - - [03/Dec/2015:02:51:31 +0100] "GET /news.php?cs_go=archiv&cs_id=4497 HTTP/1.1" 404 325 "-" "Mozilla/5.0 (compatible; MJ12bot/v1.4.5; http://www.majestic12.co.uk/bot.php?+)"
195.154.200.93 - - [03/Dec/2015:02:51:35 +0100] "GET /news.php?cs_go=archiv&cs_id=4501 HTTP/1.1" 404 325 "-" "Mozilla/5.0 (compatible; MJ12bot/v1.4.5; http://www.majestic12.co.uk/bot.php?+)"
195.154.200.93 - - [03/Dec/2015:02:51:39 +0100] "GET /news.php?cs_go=archiv&cs_id=4502 HTTP/1.1" 404 325 "-" "Mozilla/5.0 (compatible; MJ12bot/v1.4.5; http://www.majestic12.co.uk/bot.php?+)"
195.154.200.93 - - [03/Dec/2015:02:51:42 +0100] "GET /news.php?cs_go=archiv&cs_id=4504 HTTP/1.1" 404 325 "-" "Mozilla/5.0 (compatible; MJ12bot/v1.4.5; http://www.majestic12.co.uk/bot.php?+)"
195.154.200.93 - - [03/Dec/2015:02:51:45 +0100] "GET /news.php?cs_go=archiv&cs_id=4533 HTTP/1.1" 404 325 "-" "Mozilla/5.0 (compatible; MJ12bot/v1.4.5; http://www.majestic12.co.uk/bot.php?+)"
195.154.200.93 - - [03/Dec/2015:02:51:49 +0100] "GET /news.php?cs_go=archiv&cs_id=4534 HTTP/1.1" 404 325 "-" "Mozilla/5.0 (compatible; MJ12bot/v1.4.5; http://www.majestic12.co.uk/bot.php?+)"
195.154.200.93 - - [03/Dec/2015:02:51:56 +0100] "GET /news.php?cs_go=archiv&cs_id=4536 HTTP/1.1" 404 325 "-" "Mozilla/5.0 (compatible; MJ12bot/v1.4.5; http://www.majestic12.co.uk/bot.php?+)"
195.154.200.93 - - [03/Dec/2015:02:51:59 +0100] "GET /news.php?cs_go=archiv&cs_id=4687 HTTP/1.1" 404 325 "-" "Mozilla/5.0 (compatible; MJ12bot/v1.4.5; http://www.majestic12.co.uk/bot.php?+)"
195.154.200.93 - - [03/Dec/2015:02:52:01 +0100] "GET /news.php?cs_go=archiv&cs_id=4689 HTTP/1.1" 404 325 "-" "Mozilla/5.0 (compatible; MJ12bot/v1.4.5; http://www.majestic12.co.uk/bot.php?+)"
195.154.200.93 - - [03/Dec/2015:02:52:04 +0100] "GET /news.php?cs_go=archiv&cs_id=4695 HTTP/1.1" 404 325 "-" "Mozilla/5.0 (compatible; MJ12bot/v1.4.5; http://www.majestic12.co.uk/bot.php?+)"
195.154.200.93 - - [03/Dec/2015:02:52:07 +0100] "GET /news.php?cs_go=archiv&cs_id=4697 HTTP/1.1" 404 325 "-" "Mozilla/5.0 (compatible; MJ12bot/v1.4.5; http://www.majestic12.co.uk/bot.php?+)"
195.154.200.93 - - [03/Dec/2015:02:52:16 +0100] "GET /news.php?cs_go=archiv&cs_id=4702 HTTP/1.1" 404 325 "-" "Mozilla/5.0 (compatible; MJ12bot/v1.4.5; http://www.majestic12.co.uk/bot.php?+)"
195.154.200.93 - - [03/Dec/2015:02:52:20 +0100] "GET /news.php?cs_go=archiv&cs_id=4703 HTTP/1.1" 404 325 "-" "Mozilla/5.0 (compatible; MJ12bot/v1.4.5; http://www.majestic12.co.uk/bot.php?+)"
195.154.200.93 - - [03/Dec/2015:02:52:22 +0100] "GET /news.php?cs_go=archiv&cs_id=4704 HTTP/1.1" 404 325 "-" "Mozilla/5.0 (compatible; MJ12bot/v1.4.5; http://www.majestic12.co.uk/bot.php?+)"
195.154.200.93 - - [03/Dec/2015:02:52:28 +0100] "GET /news.php?cs_go=archiv&cs_id=4705 HTTP/1.1" 404 325 "-" "Mozilla/5.0 (compatible; MJ12bot/v1.4.5; http://www.majestic12.co.uk/bot.php?+)"
195.154.200.93 - - [03/Dec/2015:02:52:30 +0100] "GET /news.php?cs_go=archiv&cs_id=4711 HTTP/1.1" 404 325 "-" "Mozilla/5.0 (compatible; MJ12bot/v1.4.5; http://www.majestic12.co.uk/bot.php?+)"
195.154.200.93 - - [03/Dec/2015:02:52:31 +0100] "GET /news.php?cs_go=archiv&cs_id=4712 HTTP/1.1" 404 325 "-" "Mozilla/5.0 (compatible; MJ12bot/v1.4.5; http://www.majestic12.co.uk/bot.php?+)"
195.154.200.93 - - [03/Dec/2015:02:52:34 +0100] "GET /news.php?cs_go=archiv&cs_id=4714 HTTP/1.1" 404 325 "-" "Mozilla/5.0 (compatible; MJ12bot/v1.4.5; http://www.majestic12.co.uk/bot.php?+)"
195.154.200.93 - - [03/Dec/2015:02:52:38 +0100] "GET /news.php?cs_go=archiv&cs_id=4731 HTTP/1.1" 404 325 "-" "Mozilla/5.0 (compatible; MJ12bot/v1.4.5; http://www.majestic12.co.uk/bot.php?+)"
195.154.200.93 - - [03/Dec/2015:02:52:40 +0100] "GET /news.php?cs_go=archiv&cs_id=4737 HTTP/1.1" 404 325 "-" "Mozilla/5.0 (compatible; MJ12bot/v1.4.5; http://www.majestic12.co.uk/bot.php?+)"
195.154.200.93 - - [03/Dec/2015:02:52:43 +0100] "GET /news.php?cs_go=archiv&cs_id=4820 HTTP/1.1" 404 325 "-" "Mozilla/5.0 (compatible; MJ12bot/v1.4.5; http://www.majestic12.co.uk/bot.php?+)"
195.154.200.93 - - [03/Dec/2015:02:52:46 +0100] "GET /news.php?cs_go=archiv&cs_id=4858 HTTP/1.1" 404 325 "-" "Mozilla/5.0 (compatible; MJ12bot/v1.4.5; http://www.majestic12.co.uk/bot.php?+)"
195.154.200.93 - - [03/Dec/2015:02:52:48 +0100] "GET /news.php?cs_go=archiv&cs_id=4859 HTTP/1.1" 404 325 "-" "Mozilla/5.0 (compatible; MJ12bot/v1.4.5; http://www.majestic12.co.uk/bot.php?+)"
195.154.200.93 - - [03/Dec/2015:02:52:50 +0100] "GET /news.php?cs_go=archiv&cs_id=4875 HTTP/1.1" 404 325 "-" "Mozilla/5.0 (compatible; MJ12bot/v1.4.5; http://www.majestic12.co.uk/bot.php?+)"
195.154.200.93 - - [03/Dec/2015:02:52:51 +0100] "GET /news.php?cs_go=archiv&cs_id=4877 HTTP/1.1" 404 325 "-" "Mozilla/5.0 (compatible; MJ12bot/v1.4.5; http://www.majestic12.co.uk/bot.php?+)"
195.154.200.93 - - [03/Dec/2015:02:52:55 +0100] "GET /news.php?cs_go=archiv&cs_id=5115 HTTP/1.1" 404 325 "-" "Mozilla/5.0 (compatible; MJ12bot/v1.4.5; http://www.majestic12.co.uk/bot.php?+)"
195.154.200.93 - - [03/Dec/2015:02:52:59 +0100] "GET /news.php?cs_go=archiv&cs_id=5116 HTTP/1.1" 404 325 "-" "Mozilla/5.0 (compatible; MJ12bot/v1.4.5; http://www.majestic12.co.uk/bot.php?+)"
195.154.200.93 - - [03/Dec/2015:02:53:01 +0100] "GET /news.php?cs_go=archiv&cs_id=5118 HTTP/1.1" 404 325 "-" "Mozilla/5.0 (compatible; MJ12bot/v1.4.5; http://www.majestic12.co.uk/bot.php?+)"
195.154.200.93 - - [03/Dec/2015:02:53:04 +0100] "GET /news.php?cs_go=archiv&cs_id=5119 HTTP/1.1" 404 325 "-" "Mozilla/5.0 (compatible; MJ12bot/v1.4.5; http://www.majestic12.co.uk/bot.php?+)"
195.154.200.93 - - [03/Dec/2015:02:53:05 +0100] "GET /news.php?cs_go=archiv&cs_id=5120 HTTP/1.1" 404 325 "-" "Mozilla/5.0 (compatible; MJ12bot/v1.4.5; http://www.majestic12.co.uk/bot.php?+)"
195.154.200.93 - - [03/Dec/2015:02:53:17 +0100] "GET /news.php?cs_go=archiv&cs_id=5121 HTTP/1.1" 404 325 "-" "Mozilla/5.0 (compatible; MJ12bot/v1.4.5; http://www.majestic12.co.uk/bot.php?+)"
195.154.200.93 - - [03/Dec/2015:02:53:22 +0100] "GET /news.php?cs_go=archiv&cs_id=5122 HTTP/1.1" 404 325 "-" "Mozilla/5.0 (compatible; MJ12bot/v1.4.5; http://www.majestic12.co.uk/bot.php?+)"
195.154.200.93 - - [03/Dec/2015:02:53:24 +0100] "GET /news.php?cs_go=archiv&cs_id=5123 HTTP/1.1" 404 325 "-" "Mozilla/5.0 (compatible; MJ12bot/v1.4.5; http://www.majestic12.co.uk/bot.php?+)"
195.154.200.93 - - [03/Dec/2015:02:53:26 +0100] "GET /news.php?cs_go=archiv&cs_id=5124 HTTP/1.1" 404 325 "-" "Mozilla/5.0 (compatible; MJ12bot/v1.4.5; http://www.majestic12.co.uk/bot.php?+)"
195.154.200.93 - - [03/Dec/2015:02:53:29 +0100] "GET /news.php?cs_go=archiv&cs_id=5125 HTTP/1.1" 404 325 "-" "Mozilla/5.0 (compatible; MJ12bot/v1.4.5; http://www.majestic12.co.uk/bot.php?+)"
195.154.200.93 - - [03/Dec/2015:02:53:38 +0100] "GET /news.php?cs_go=archiv&cs_id=5126 HTTP/1.1" 404 325 "-" "Mozilla/5.0 (compatible; MJ12bot/v1.4.5; http://www.majestic12.co.uk/bot.php?+)"
195.154.200.93 - - [03/Dec/2015:02:53:42 +0100] "GET /news.php?cs_go=archiv&cs_id=5130 HTTP/1.1" 404 325 "-" "Mozilla/5.0 (compatible; MJ12bot/v1.4.5; http://www.majestic12.co.uk/bot.php?+)"
195.154.200.93 - - [03/Dec/2015:02:53:43 +0100] "GET /news.php?cs_go=archiv&cs_id=5138 HTTP/1.1" 404 325 "-" "Mozilla/5.0 (compatible; MJ12bot/v1.4.5; http://www.majestic12.co.uk/bot.php?+)"
195.154.200.93 - - [03/Dec/2015:02:53:45 +0100] "GET /news.php?cs_go=archiv&cs_id=5139 HTTP/1.1" 404 325 "-" "Mozilla/5.0 (compatible; MJ12bot/v1.4.5; http://www.majestic12.co.uk/bot.php?+)"
195.154.200.93 - - [03/Dec/2015:02:53:59 +0100] "GET /news.php?cs_go=archiv&cs_id=5140 HTTP/1.1" 404 325 "-" "Mozilla/5.0 (compatible; MJ12bot/v1.4.5; http://www.majestic12.co.uk/bot.php?+)"
195.154.200.93 - - [03/Dec/2015:02:54:03 +0100] "GET /news.php?cs_go=archiv&cs_id=5283 HTTP/1.1" 404 325 "-" "Mozilla/5.0 (compatible; MJ12bot/v1.4.5; http://www.majestic12.co.uk/bot.php?+)"
195.154.200.93 - - [03/Dec/2015:02:54:05 +0100] "GET /news.php?cs_go=archiv&cs_id=5313 HTTP/1.1" 404 325 "-" "Mozilla/5.0 (compatible; MJ12bot/v1.4.5; http://www.majestic12.co.uk/bot.php?+)"
195.154.200.93 - - [03/Dec/2015:02:54:07 +0100] "GET /news.php?cs_go=archiv&cs_id=5314 HTTP/1.1" 404 325 "-" "Mozilla/5.0 (compatible; MJ12bot/v1.4.5; http://www.majestic12.co.uk/bot.php?+)"
195.154.200.93 - - [03/Dec/2015:02:54:08 +0100] "GET /news.php?cs_go=archiv&cs_id=5315 HTTP/1.1" 404 325 "-" "Mozilla/5.0 (compatible; MJ12bot/v1.4.5; http://www.majestic12.co.uk/bot.php?+)"
195.154.200.93 - - [03/Dec/2015:02:54:10 +0100] "GET /news.php?cs_go=archiv&cs_id=5320 HTTP/1.1" 404 325 "-" "Mozilla/5.0 (compatible; MJ12bot/v1.4.5; http://www.majestic12.co.uk/bot.php?+)"
195.154.200.93 - - [03/Dec/2015:02:54:13 +0100] "GET /news.php?cs_go=archiv&cs_id=5321 HTTP/1.1" 404 325 "-" "Mozilla/5.0 (compatible; MJ12bot/v1.4.5; http://www.majestic12.co.uk/bot.php?+)"
195.154.200.93 - - [03/Dec/2015:02:54:15 +0100] "GET /news.php?cs_go=archiv&cs_id=5322 HTTP/1.1" 404 325 "-" "Mozilla/5.0 (compatible; MJ12bot/v1.4.5; http://www.majestic12.co.uk/bot.php?+)"
195.154.200.93 - - [03/Dec/2015:02:55:05 +0100] "GET /news.php?cs_go=archiv&cs_id=5323 HTTP/1.1" 404 325 "-" "Mozilla/5.0 (compatible; MJ12bot/v1.4.5; http://www.majestic12.co.uk/bot.php?+)"
195.154.200.93 - - [03/Dec/2015:02:55:07 +0100] "GET /news.php?cs_go=archiv&cs_id=5338 HTTP/1.1" 404 325 "-" "Mozilla/5.0 (compatible; MJ12bot/v1.4.5; http://www.majestic12.co.uk/bot.php?+)"
195.154.200.93 - - [03/Dec/2015:02:55:10 +0100] "GET /news.php?cs_go=archiv&cs_id=5339 HTTP/1.1" 404 325 "-" "Mozilla/5.0 (compatible; MJ12bot/v1.4.5; http://www.majestic12.co.uk/bot.php?+)"
206.253.224.14 - - [03/Dec/2015:03:09:41 +0100] "GET /robots.txt HTTP/1.1" 404 315 "-" "Mozilla/5.0 (compatible; oBot/2.3.1; http://filterdb.iss.net/crawler/)"
206.253.224.14 - - [03/Dec/2015:03:09:41 +0100] "HEAD / HTTP/1.1" 200 - "-" "Mozilla/5.0 (compatible; oBot/2.3.1; http://filterdb.iss.net/crawler/)"
115.231.222.14 - - [03/Dec/2015:03:54:41 +0100] "GET http://zc.qq.com/cgi-bin/common/attr?id=260714&r=0.4401786292658853 HTTP/1.1" 404 320 "-" "Mozilla/5.0 (compatible; MSIE 9.0; Windows NT 6.1; Trident/5.0; 360SE)"
115.231.222.14 - - [03/Dec/2015:03:54:41 +0100] "GET http://zc.qq.com/cgi-bin/common/attr?id=260714&r=0.1032734549591377 HTTP/1.1" 404 320 "-" "Mozilla/5.0 (compatible; MSIE 9.0; Windows NT 6.1; Trident/5.0; 360SE)"
115.231.222.14 - - [03/Dec/2015:03:54:42 +0100] "GET http://zc.qq.com/cgi-bin/common/attr?id=260714&r=0.4128744948215687 HTTP/1.1" 404 320 "-" "Mozilla/5.0 (compatible; MSIE 9.0; Windows NT 6.1; Trident/5.0; 360SE)"
115.231.222.14 - - [03/Dec/2015:03:54:42 +0100] "GET http://zc.qq.com/cgi-bin/common/attr?id=260714&r=0.2892558140094635 HTTP/1.1" 404 320 "-" "Mozilla/5.0 (compatible; MSIE 9.0; Windows NT 6.1; Trident/5.0; 360SE)"
54.153.33.152 - - [03/Dec/2015:04:22:20 +0100] "GET / HTTP/1.1" 200 1229 "-" "Mozilla/5.0 (Windows NT 6.1) AppleWebKit/537.36 (KHTML, like Gecko) Chrome/41.0.2228.0 Safari/537.36"
54.153.32.246 - - [03/Dec/2015:04:27:13 +0100] "GET / HTTP/1.1" 200 1229 "-" "Mozilla/5.0 (Windows NT 6.1) AppleWebKit/537.36 (KHTML, like Gecko) Chrome/41.0.2228.0 Safari/537.36"
54.153.33.145 - - [03/Dec/2015:05:07:01 +0100] "GET / HTTP/1.1" 200 1229 "-" "Mozilla/5.0 (Windows NT 6.1) AppleWebKit/537.36 (KHTML, like Gecko) Chrome/41.0.2228.0 Safari/537.36"
115.231.222.14 - - [03/Dec/2015:06:25:40 +0100] "GET http://zc.qq.com/cgi-bin/common/attr?id=260714&r=0.8465182414924353 HTTP/1.1" 404 320 "-" "Mozilla/5.0 (compatible; MSIE 9.0; Windows NT 6.1; Trident/5.0; 360SE)"
115.231.222.14 - - [03/Dec/2015:06:25:40 +0100] "GET http://zc.qq.com/cgi-bin/common/attr?id=260714&r=0.8134016921860016 HTTP/1.1" 404 320 "-" "Mozilla/5.0 (compatible; MSIE 9.0; Windows NT 6.1; Trident/5.0; 360SE)"
71.6.167.142 - - [03/Dec/2015:06:33:47 +0100] "GET / HTTP/1.1" 200 1229 "-" "-"
71.6.167.142 - - [03/Dec/2015:06:33:47 +0100] "GET /robots.txt HTTP/1.1" 404 315 "-" "-"
71.6.167.142 - - [03/Dec/2015:06:33:47 +0100] "GET /sitemap.xml HTTP/1.1" 404 316 "-" "-"
208.115.113.93 - - [03/Dec/2015:06:49:10 +0100] "GET /robots.txt HTTP/1.1" 404 327 "-" "Mozilla/5.0 (compatible; DotBot/1.1; http://www.opensiteexplorer.org/dotbot, help@moz.com)"
66.249.78.119 - - [03/Dec/2015:08:17:46 +0100] "GET /robots.txt HTTP/1.1" 404 317 "-" "Mozilla/5.0 (compatible; Googlebot/2.1; +http://www.google.com/bot.html)"
66.249.78.112 - - [03/Dec/2015:08:17:46 +0100] "GET /news.php?cs_go=archiv&cs_id=1822&cs_search= HTTP/1.1" 404 315 "-" "Mozilla/5.0 (compatible; Googlebot/2.1; +http://www.google.com/bot.html)"
208.115.113.93 - - [03/Dec/2015:08:46:07 +0100] "GET /lexikon.php?cs_go=2&cs_char=a HTTP/1.1" 404 328 "-" "Mozilla/5.0 (compatible; DotBot/1.1; http://www.opensiteexplorer.org/dotbot, help@moz.com)"
115.231.222.14 - - [03/Dec/2015:08:51:06 +0100] "GET http://zc.qq.com/cgi-bin/common/attr?id=260714&r=0.2721250373994283 HTTP/1.1" 404 320 "-" "Mozilla/5.0 (compatible; MSIE 9.0; Windows NT 6.1; Trident/5.0; 360SE)"
115.231.222.14 - - [03/Dec/2015:08:51:48 +0100] "GET http://zc.qq.com/cgi-bin/common/attr?id=260714&r=0.7270841108976042 HTTP/1.1" 404 320 "-" "Mozilla/5.0 (compatible; MSIE 9.0; Windows NT 6.1; Trident/5.0; 360SE)"
113.240.250.155 - - [03/Dec/2015:09:14:45 +0100] "GET / HTTP/1.1" 200 1229 "-" "Mozilla/5.0 (Windows NT 6.1; WOW64; rv:31.0) Gecko/20100101 Firefox/31.0"
113.240.250.155 - - [03/Dec/2015:09:20:05 +0100] "GET / HTTP/1.1" 200 1229 "-" "Mozilla/5.0 (compatible; Googlebot/2.1; +http://www.google.com/bot.html)"
192.168.10.168 - - [03/Dec/2015:09:43:01 +0100] "GET /kontakt/ HTTP/1.1" 404 320 "https://www.google.de" "Mozilla/5.0 (Windows NT 6.3; WOW64; rv:42.0) Gecko/20100101 Firefox/42.0"
192.168.10.168 - - [03/Dec/2015:09:43:01 +0100] "GET /favicon.ico HTTP/1.1" 404 323 "-" "Mozilla/5.0 (Windows NT 6.3; WOW64; rv:42.0) Gecko/20100101 Firefox/42.0"
192.168.10.168 - - [03/Dec/2015:09:43:01 +0100] "GET /favicon.ico HTTP/1.1" 404 323 "-" "Mozilla/5.0 (Windows NT 6.3; WOW64; rv:42.0) Gecko/20100101 Firefox/42.0"
192.168.10.168 - - [03/Dec/2015:09:43:17 +0100] "GET /shop/ HTTP/1.1" 404 317 "https://www.google.de" "Mozilla/5.0 (Windows NT 6.3; WOW64; rv:42.0) Gecko/20100101 Firefox/42.0"
192.168.10.168 - - [03/Dec/2015:09:43:23 +0100] "GET /impressum/ HTTP/1.1" 404 322 "https://www.google.de" "Mozilla/5.0 (Windows NT 6.3; WOW64; rv:42.0) Gecko/20100101 Firefox/42.0"
94.102.63.145 - - [03/Dec/2015:09:54:35 +0100] "GET //wp-login.php HTTP/1.1" 404 317 "-" "Mozilla/5.0 (X11; U; Linux i686; pt-BR; rv:1.9.0.15) Gecko/2009102815 Ubuntu/9.04 (jaunty) Firefox/3.0.15"
94.102.63.145 - - [03/Dec/2015:09:54:35 +0100] "GET /blog//wp-login.php HTTP/1.1" 404 323 "-" "Mozilla/5.0 (X11; U; Linux i686; pt-BR; rv:1.9.0.15) Gecko/2009102815 Ubuntu/9.04 (jaunty) Firefox/3.0.15"
94.102.63.145 - - [03/Dec/2015:09:54:35 +0100] "GET /wordpress//wp-login.php HTTP/1.1" 404 328 "-" "Mozilla/5.0 (X11; U; Linux i686; pt-BR; rv:1.9.0.15) Gecko/2009102815 Ubuntu/9.04 (jaunty) Firefox/3.0.15"
94.102.63.145 - - [03/Dec/2015:09:54:35 +0100] "GET /wp//wp-login.php HTTP/1.1" 404 321 "-" "Mozilla/5.0 (X11; U; Linux i686; pt-BR; rv:1.9.0.15) Gecko/2009102815 Ubuntu/9.04 (jaunty) Firefox/3.0.15"
113.240.250.155 - - [03/Dec/2015:10:14:09 +0100] "GET / HTTP/1.0" 200 1229 "-" "-"
113.240.250.155 - - [03/Dec/2015:10:14:11 +0100] "GET / HTTP/1.0" 200 1229 "-" "-"
113.240.250.155 - - [03/Dec/2015:10:14:12 +0100] "GET / HTTP/1.1" 200 1229 "-" "-"
192.168.10.168 - - [03/Dec/2015:10:26:20 +0100] "GET /impressum/ HTTP/1.1" 404 322 "-" "Mozilla/5.0 (Windows NT 6.3; WOW64; rv:42.0) Gecko/20100101 Firefox/42.0"
192.168.10.168 - - [03/Dec/2015:10:37:50 +0100] "GET /impressum/ HTTP/1.1" 404 322 "-" "Mozilla/5.0 (Windows NT 6.3; WOW64; rv:42.0) Gecko/20100101 Firefox/42.0"
192.168.10.168 - - [03/Dec/2015:10:37:57 +0100] "GET /shop/ HTTP/1.1" 404 317 "https://www.google.de" "Mozilla/5.0 (Windows NT 6.3; WOW64; rv:42.0) Gecko/20100101 Firefox/42.0"
192.99.10.173 - - [03/Dec/2015:10:39:51 +0100] "HEAD / HTTP/1.1" 200 - "-" "Mozilla/5.0 (Windows NT 10.0; WOW64; rv:42.0) Gecko/20100101 Firefox/42.0"
180.97.106.162 - - [03/Dec/2015:10:59:46 +0100] "GET http://www.baidu.com/robots.txt HTTP/1.1" 404 315 "-" "-"
192.168.10.168 - - [03/Dec/2015:11:12:12 +0100] "GET /shop/ HTTP/1.1" 404 317 "-" "Mozilla/5.0 (Windows NT 6.3; WOW64; rv:42.0) Gecko/20100101 Firefox/42.0"
115.231.222.14 - - [03/Dec/2015:11:13:34 +0100] "GET http://zc.qq.com/cgi-bin/common/attr?id=260714&r=0.6531766879734540 HTTP/1.1" 404 320 "-" "Mozilla/5.0 (compatible; MSIE 9.0; Windows NT 6.1; Trident/5.0; 360SE)"
115.231.222.14 - - [03/Dec/2015:11:13:34 +0100] "GET http://zc.qq.com/cgi-bin/common/attr?id=260714&r=0.2433129924819137 HTTP/1.1" 404 320 "-" "Mozilla/5.0 (compatible; MSIE 9.0; Windows NT 6.1; Trident/5.0; 360SE)"
115.231.222.14 - - [03/Dec/2015:11:13:34 +0100] "GET http://zc.qq.com/cgi-bin/common/attr?id=260714&r=0.6536416385254968 HTTP/1.1" 404 320 "-" "Mozilla/5.0 (compatible; MSIE 9.0; Windows NT 6.1; Trident/5.0; 360SE)"
115.231.222.14 - - [03/Dec/2015:11:13:43 +0100] "GET http://zc.qq.com/cgi-bin/common/attr?id=260714&r=0.2681803650934149 HTTP/1.1" 404 320 "-" "Mozilla/5.0 (compatible; MSIE 9.0; Windows NT 6.1; Trident/5.0; 360SE)"
115.231.222.14 - - [03/Dec/2015:11:13:43 +0100] "GET http://zc.qq.com/cgi-bin/common/attr?id=260714&r=0.1005769403015893 HTTP/1.1" 404 320 "-" "Mozilla/5.0 (compatible; MSIE 9.0; Windows NT 6.1; Trident/5.0; 360SE)"
180.97.106.36 - - [03/Dec/2015:11:25:36 +0100] "GET http://www.baidu.com/robots.txt HTTP/1.1" 404 315 "-" "-"
180.97.106.36 - - [03/Dec/2015:11:26:23 +0100] "GET http://www.baidu.com/robots.txt HTTP/1.1" 404 315 "-" "-"
180.97.106.37 - - [03/Dec/2015:11:34:13 +0100] "GET http://www.baidu.com/robots.txt HTTP/1.1" 404 315 "-" "-"
180.97.106.161 - - [03/Dec/2015:11:35:30 +0100] "GET http://www.baidu.com/robots.txt HTTP/1.1" 404 315 "-" "-"
180.97.106.161 - - [03/Dec/2015:11:40:00 +0100] "GET http://www.baidu.com/robots.txt HTTP/1.1" 404 315 "-" "-"
180.97.106.161 - - [03/Dec/2015:11:43:43 +0100] "GET http://www.baidu.com/robots.txt HTTP/1.1" 404 315 "-" "-"
180.97.106.161 - - [03/Dec/2015:11:44:07 +0100] "GET http://www.baidu.com/robots.txt HTTP/1.1" 404 315 "-" "-"
144.76.64.115 - - [03/Dec/2015:11:58:37 +0100] "GET / HTTP/1.1" 200 1229 "-" "Mozilla/5.0 (Windows NT 5.1) AppleWebKit/534.24 (KHTML, like Gecko) Chrome/11.0.700.3 Safari/534.24"
190.193.185.164 - - [03/Dec/2015:12:06:07 +0100] "GET /phpMyAdmin/scripts/setup.php HTTP/1.1" 404 333 "-" "-"
190.193.185.164 - - [03/Dec/2015:12:06:13 +0100] "GET /pma/scripts/setup.php HTTP/1.1" 404 326 "-" "-"
190.193.185.164 - - [03/Dec/2015:12:06:18 +0100] "GET /myadmin/scripts/setup.php HTTP/1.1" 404 330 "-" "-"
111.248.101.241 - - [03/Dec/2015:12:19:36 +0100] "CONNECT 163mx03.mxmail.netease.com:25 HTTP/1.0" 405 355 "-" "-"
66.249.78.64 - - [03/Dec/2015:12:28:48 +0100] "GET /robots.txt HTTP/1.1" 404 315 "-" "Mozilla/5.0 (compatible; Googlebot/2.1; +http://www.google.com/bot.html)"
66.249.78.50 - - [03/Dec/2015:12:28:49 +0100] "GET / HTTP/1.1" 200 1229 "-" "Mozilla/5.0 (compatible; Googlebot/2.1; +http://www.google.com/bot.html)"
66.249.78.119 - - [03/Dec/2015:12:54:16 +0100] "GET /essocard.php HTTP/1.1" 404 319 "-" "Mozilla/5.0 (compatible; Googlebot/2.1; +http://www.google.com/bot.html)"
94.102.63.145 - - [03/Dec/2015:12:58:04 +0100] "GET //wp-login.php HTTP/1.1" 404 317 "-" "Mozilla/5.0 (X11; U; Linux i686; pt-BR; rv:1.9.0.15) Gecko/2009102815 Ubuntu/9.04 (jaunty) Firefox/3.0.15"
94.102.63.145 - - [03/Dec/2015:12:58:04 +0100] "GET /blog//wp-login.php HTTP/1.1" 404 323 "-" "Mozilla/5.0 (X11; U; Linux i686; pt-BR; rv:1.9.0.15) Gecko/2009102815 Ubuntu/9.04 (jaunty) Firefox/3.0.15"
94.102.63.145 - - [03/Dec/2015:12:58:04 +0100] "GET /wordpress//wp-login.php HTTP/1.1" 404 328 "-" "Mozilla/5.0 (X11; U; Linux i686; pt-BR; rv:1.9.0.15) Gecko/2009102815 Ubuntu/9.04 (jaunty) Firefox/3.0.15"
94.102.63.145 - - [03/Dec/2015:12:58:04 +0100] "GET /wp//wp-login.php HTTP/1.1" 404 321 "-" "Mozilla/5.0 (X11; U; Linux i686; pt-BR; rv:1.9.0.15) Gecko/2009102815 Ubuntu/9.04 (jaunty) Firefox/3.0.15"
128.232.110.29 - - [03/Dec/2015:13:30:53 +0100] "GET / HTTP/1.1" 200 1229 "-" "Mozilla/5.0 zgrab/0.x"
115.231.222.14 - - [03/Dec/2015:13:35:46 +0100] "GET http://zc.qq.com/cgi-bin/common/attr?id=260714&r=0.9568086407236451 HTTP/1.1" 404 320 "-" "Mozilla/5.0 (compatible; MSIE 9.0; Windows NT 6.1; Trident/5.0; 360SE)"
115.231.222.14 - - [03/Dec/2015:13:35:49 +0100] "GET http://zc.qq.com/cgi-bin/common/attr?id=260714&r=0.0467232053147033 HTTP/1.1" 404 320 "-" "Mozilla/5.0 (compatible; MSIE 9.0; Windows NT 6.1; Trident/5.0; 360SE)"
115.231.222.14 - - [03/Dec/2015:13:35:49 +0100] "GET http://zc.qq.com/cgi-bin/common/attr?id=260714&r=0.2752673685145497 HTTP/1.1" 404 320 "-" "Mozilla/5.0 (compatible; MSIE 9.0; Windows NT 6.1; Trident/5.0; 360SE)"
40.77.167.105 - - [03/Dec/2015:13:57:41 +0100] "GET /robots.txt HTTP/1.1" 404 323 "-" "Mozilla/5.0 (compatible; bingbot/2.0; +http://www.bing.com/bingbot.htm)"
40.77.167.105 - - [03/Dec/2015:13:57:51 +0100] "GET /faq.php HTTP/1.1" 404 320 "-" "Mozilla/5.0 (compatible; bingbot/2.0; +http://www.bing.com/bingbot.htm)"
61.216.2.15 - - [03/Dec/2015:14:07:38 +0100] "GET / HTTP/1.1" 400 329 "-" "Mozilla/5.0 (Windows NT 6.3; WOW64) AppleWebKit/537.36 (KHTML, like Gecko) Chrome/45.0.2454.101 Safari/537.36"
61.216.2.15 - - [03/Dec/2015:14:07:50 +0100] "GET / HTTP/1.1" 400 329 "-" "Mozilla/5.0 (Windows NT 6.3; WOW64) AppleWebKit/537.36 (KHTML, like Gecko) Chrome/45.0.2454.101 Safari/537.36"
61.216.2.15 - - [03/Dec/2015:14:07:52 +0100] "GET / HTTP/1.1" 400 329 "-" "Mozilla/5.0 (Windows NT 6.3; WOW64) AppleWebKit/537.36 (KHTML, like Gecko) Chrome/45.0.2454.101 Safari/537.36"
61.216.2.15 - - [03/Dec/2015:14:08:00 +0100] "GET / HTTP/1.1" 400 329 "-" "Mozilla/5.0 (Windows NT 6.3; WOW64) AppleWebKit/537.36 (KHTML, like Gecko) Chrome/45.0.2454.101 Safari/537.36"
66.249.78.62 - - [03/Dec/2015:14:18:17 +0100] "GET /robots.txt HTTP/1.1" 404 323 "-" "Mozilla/5.0 (compatible; Googlebot/2.1; +http://www.google.com/bot.html)"
66.249.78.62 - - [03/Dec/2015:14:18:17 +0100] "GET / HTTP/1.1" 200 1229 "-" "Mozilla/5.0 (compatible; Googlebot/2.1; +http://www.google.com/bot.html)"
128.232.110.29 - - [03/Dec/2015:14:20:12 +0100] "GET / HTTP/1.1" 200 1229 "-" "Mozilla/5.0 zgrab/0.x"
66.249.78.119 - - [03/Dec/2015:14:26:34 +0100] "GET /favicon.ico HTTP/1.1" 404 318 "-" "Googlebot-Image/1.0"
64.246.165.180 - - [03/Dec/2015:15:02:37 +0100] "GET /frameset/left.htm HTTP/1.1" 404 322 "http://whois.domaintools.com/die-sehnsucht.com" "Mozilla/5.0 (Windows; U; Windows NT 5.1; en; rv:1.9.0.13) Gecko/2009073022 Firefox/3.5.2 (.NET CLR 3.5.30729) SurveyBot/2.3 (DomainTools)"
64.246.165.180 - - [03/Dec/2015:15:02:37 +0100] "GET /frameset/top.htm HTTP/1.1" 404 321 "http://whois.domaintools.com/die-sehnsucht.com" "Mozilla/5.0 (Windows; U; Windows NT 5.1; en; rv:1.9.0.13) Gecko/2009073022 Firefox/3.5.2 (.NET CLR 3.5.30729) SurveyBot/2.3 (DomainTools)"
64.246.165.180 - - [03/Dec/2015:15:02:38 +0100] "GET /neue_seite_1.htm HTTP/1.1" 404 321 "http://whois.domaintools.com/die-sehnsucht.com" "Mozilla/5.0 (Windows; U; Windows NT 5.1; en; rv:1.9.0.13) Gecko/2009073022 Firefox/3.5.2 (.NET CLR 3.5.30729) SurveyBot/2.3 (DomainTools)"
64.246.165.140 - - [03/Dec/2015:15:09:40 +0100] "GET /leer.htm HTTP/1.1" 404 313 "http://whois.domaintools.com/dialyse-schoenebeck.de" "Mozilla/5.0 (Windows; U; Windows NT 5.1; en; rv:1.9.0.13) Gecko/2009073022 Firefox/3.5.2 (.NET CLR 3.5.30729) SurveyBot/2.3 (DomainTools)"
64.246.165.140 - - [03/Dec/2015:15:09:41 +0100] "GET /leer.htm HTTP/1.1" 404 313 "http://whois.domaintools.com/dialyse-schoenebeck.de" "Mozilla/5.0 (Windows; U; Windows NT 5.1; en; rv:1.9.0.13) Gecko/2009073022 Firefox/3.5.2 (.NET CLR 3.5.30729) SurveyBot/2.3 (DomainTools)"
64.246.165.140 - - [03/Dec/2015:15:09:41 +0100] "GET /leer.htm HTTP/1.1" 404 313 "http://whois.domaintools.com/dialyse-schoenebeck.de" "Mozilla/5.0 (Windows; U; Windows NT 5.1; en; rv:1.9.0.13) Gecko/2009073022 Firefox/3.5.2 (.NET CLR 3.5.30729) SurveyBot/2.3 (DomainTools)"
162.210.196.129 - - [03/Dec/2015:15:24:26 +0100] "GET /robots.txt HTTP/1.0" 404 327 "-" "Mozilla/5.0 (compatible; MJ12bot/v1.4.5; http://www.majestic12.co.uk/bot.php?+)"
162.210.196.129 - - [03/Dec/2015:15:24:28 +0100] "GET /news.php?cs_go=archiv&cs_id=4233 HTTP/1.0" 404 325 "-" "Mozilla/5.0 (compatible; MJ12bot/v1.4.5; http://www.majestic12.co.uk/bot.php?+)"
162.210.196.129 - - [03/Dec/2015:15:24:29 +0100] "GET /news.php?cs_go=archiv&cs_id=4827&cs_search= HTTP/1.0" 404 325 "-" "Mozilla/5.0 (compatible; MJ12bot/v1.4.5; http://www.majestic12.co.uk/bot.php?+)"
162.210.196.129 - - [03/Dec/2015:15:24:30 +0100] "GET /robots.txt HTTP/1.0" 404 327 "-" "Mozilla/5.0 (compatible; MJ12bot/v1.4.5; http://www.majestic12.co.uk/bot.php?+)"
162.210.196.129 - - [03/Dec/2015:15:24:32 +0100] "GET /news.php?cs_go=archiv&cs_id=4829&cs_search= HTTP/1.0" 404 325 "-" "Mozilla/5.0 (compatible; MJ12bot/v1.4.5; http://www.majestic12.co.uk/bot.php?+)"
162.210.196.129 - - [03/Dec/2015:15:24:33 +0100] "GET /news.php?cs_go=archiv&cs_id=4835&cs_search= HTTP/1.0" 404 325 "-" "Mozilla/5.0 (compatible; MJ12bot/v1.4.5; http://www.majestic12.co.uk/bot.php?+)"
141.212.122.129 - - [03/Dec/2015:15:26:41 +0100] "GET /x HTTP/1.1" 400 329 "-" "Telesphoreo"
195.154.168.82 - - [03/Dec/2015:15:50:57 +0100] "GET /wp-login.php HTTP/1.1" 404 329 "-" "Mozilla/5.0 (compatible; MSIE 9.0; Windows NT 6.1; Trident/5.0)"
195.154.168.82 - - [03/Dec/2015:15:50:57 +0100] "GET /wp-login.php HTTP/1.1" 404 319 "-" "Mozilla/5.0 (compatible; MSIE 9.0; Windows NT 6.1; Trident/5.0)"
195.154.168.82 - - [03/Dec/2015:15:50:57 +0100] "GET /wp-login.php HTTP/1.1" 404 325 "-" "Mozilla/5.0 (compatible; MSIE 9.0; Windows NT 6.1; Trident/5.0)"
195.154.168.82 - - [03/Dec/2015:15:50:57 +0100] "GET /wp-login.php HTTP/1.1" 404 330 "-" "Mozilla/5.0 (compatible; MSIE 9.0; Windows NT 6.1; Trident/5.0)"
115.231.222.14 - - [03/Dec/2015:15:57:17 +0100] "GET http://zc.qq.com/cgi-bin/common/attr?id=260714&r=0.5248509458767515 HTTP/1.1" 404 320 "-" "Mozilla/5.0 (compatible; MSIE 9.0; Windows NT 6.1; Trident/5.0; 360SE)"
115.231.222.14 - - [03/Dec/2015:15:57:20 +0100] "GET http://zc.qq.com/cgi-bin/common/attr?id=260714&r=0.1987926077061898 HTTP/1.1" 404 320 "-" "Mozilla/5.0 (compatible; MSIE 9.0; Windows NT 6.1; Trident/5.0; 360SE)"
115.231.222.14 - - [03/Dec/2015:15:57:26 +0100] "GET http://zc.qq.com/cgi-bin/common/attr?id=260714&r=0.5785677515914217 HTTP/1.1" 404 320 "-" "Mozilla/5.0 (compatible; MSIE 9.0; Windows NT 6.1; Trident/5.0; 360SE)"
137.226.113.7 - - [03/Dec/2015:15:57:56 +0100] "GET / HTTP/1.1" 200 1229 "-" "Mozilla/5.0 (Macintosh; Intel Mac OS X 10_11_1) AppleWebKit/537.36 (KHTML, like Gecko) Chrome/46.0.2490.86 Safari/537.36 Scanning for research (researchscan.comsys.rwth-aachen.de)"
141.212.122.129 - - [03/Dec/2015:16:09:14 +0100] "GET /x HTTP/1.1" 400 329 "-" "Telesphoreo"
188.168.21.87 - - [03/Dec/2015:16:32:17 +0100] "GET /phpMyAdmin/scripts/setup.php HTTP/1.1" 404 333 "-" "-"
188.168.21.87 - - [03/Dec/2015:16:32:22 +0100] "GET /pma/scripts/setup.php HTTP/1.1" 404 326 "-" "-"
188.168.21.87 - - [03/Dec/2015:16:32:27 +0100] "GET /myadmin/scripts/setup.php HTTP/1.1" 404 330 "-" "-"
141.212.122.129 - - [03/Dec/2015:16:39:45 +0100] "GET /x HTTP/1.1" 400 329 "-" "Telesphoreo"
85.214.116.235 - - [03/Dec/2015:16:50:25 +0100] "GET / HTTP/1.1" 200 1229 "-" "Wget/1.13.4 (linux-gnu)"
85.214.116.235 - - [03/Dec/2015:16:50:26 +0100] "GET / HTTP/1.1" 200 1229 "-" "Wget/1.13.4 (linux-gnu)"
141.212.122.129 - - [03/Dec/2015:17:09:03 +0100] "GET /x HTTP/1.1" 400 329 "-" "Telesphoreo"
94.102.49.210 - - [03/Dec/2015:17:19:10 +0100] "_\xb0ZP\x07tR\xe5" 501 323 "-" "-"
137.226.113.7 - - [03/Dec/2015:17:33:32 +0100] "GET / HTTP/1.1" 200 1229 "-" "Mozilla/5.0 (Macintosh; Intel Mac OS X 10_11_1) AppleWebKit/537.36 (KHTML, like Gecko) Chrome/46.0.2490.86 Safari/537.36 Scanning for research (researchscan.comsys.rwth-aachen.de)"
137.226.113.7 - - [03/Dec/2015:17:35:04 +0100] "GET / HTTP/1.1" 200 1229 "-" "Mozilla/5.0 (Macintosh; Intel Mac OS X 10_11_1) AppleWebKit/537.36 (KHTML, like Gecko) Chrome/46.0.2490.86 Safari/537.36 Scanning for research (researchscan.comsys.rwth-aachen.de)"
137.226.113.7 - - [03/Dec/2015:17:36:29 +0100] "GET / HTTP/1.1" 200 1229 "-" "Mozilla/5.0 (Macintosh; Intel Mac OS X 10_11_1) AppleWebKit/537.36 (KHTML, like Gecko) Chrome/46.0.2490.86 Safari/537.36 Scanning for research (researchscan.comsys.rwth-aachen.de)"
141.212.122.129 - - [03/Dec/2015:17:37:41 +0100] "GET /x HTTP/1.1" 400 329 "-" "Telesphoreo"
169.54.233.126 - - [03/Dec/2015:17:38:09 +0100] "GET / HTTP/1.0" 200 1229 "-" "Mozilla/5.0 (Windows NT 6.1; rv:31.0) Gecko/20100101 Firefox/31.0"
169.54.233.126 - - [03/Dec/2015:17:38:13 +0100] "GET / HTTP/1.0" 200 1229 "-" "Mozilla/5.0 (Windows NT 6.1; rv:31.0) Gecko/20100101 Firefox/31.0"
169.54.233.126 - - [03/Dec/2015:17:38:14 +0100] "GET / HTTP/1.0" 200 1229 "-" "Mozilla/5.0 (Windows NT 6.1; rv:31.0) Gecko/20100101 Firefox/31.0"
169.54.233.126 - - [03/Dec/2015:17:38:16 +0100] "GET / HTTP/1.0" 200 1229 "-" "Mozilla/5.0 (Windows NT 6.1; rv:31.0) Gecko/20100101 Firefox/31.0"
169.54.233.126 - - [03/Dec/2015:17:41:45 +0100] "GET / HTTP/1.0" 200 1229 "-" "Mozilla/5.0 (Windows NT 6.1; rv:31.0) Gecko/20100101 Firefox/31.0"
169.54.233.126 - - [03/Dec/2015:17:41:54 +0100] "GET / HTTP/1.0" 200 1229 "-" "Mozilla/5.0 (Windows NT 6.1; rv:31.0) Gecko/20100101 Firefox/31.0"
169.54.233.126 - - [03/Dec/2015:17:41:59 +0100] "GET / HTTP/1.0" 200 1229 "-" "Mozilla/5.0 (Windows NT 6.1; rv:31.0) Gecko/20100101 Firefox/31.0"
169.54.233.126 - - [03/Dec/2015:17:42:01 +0100] "GET / HTTP/1.0" 200 1229 "-" "Mozilla/5.0 (Windows NT 6.1; rv:31.0) Gecko/20100101 Firefox/31.0"
169.54.233.126 - - [03/Dec/2015:17:42:04 +0100] "GET / HTTP/1.0" 200 1229 "-" "Mozilla/5.0 (Windows NT 6.1; rv:31.0) Gecko/20100101 Firefox/31.0"
169.54.233.126 - - [03/Dec/2015:17:42:16 +0100] "GET / HTTP/1.0" 200 1229 "-" "Mozilla/5.0 (Windows NT 6.1; rv:31.0) Gecko/20100101 Firefox/31.0"
188.165.15.99 - - [03/Dec/2015:17:46:22 +0100] "GET /robots.txt HTTP/1.1" 404 328 "-" "Mozilla/5.0 (compatible; AhrefsBot/5.0; +http://ahrefs.com/robot/)"
137.226.113.7 - - [03/Dec/2015:17:49:46 +0100] "GET / HTTP/1.1" 200 1229 "-" "Mozilla/5.0 (Macintosh; Intel Mac OS X 10_11_1) AppleWebKit/537.36 (KHTML, like Gecko) Chrome/46.0.2490.86 Safari/537.36 Scanning for research (researchscan.comsys.rwth-aachen.de)"
141.212.122.129 - - [03/Dec/2015:17:50:07 +0100] "GET /x HTTP/1.1" 400 329 "-" "Telesphoreo"
141.212.122.129 - - [03/Dec/2015:17:55:18 +0100] "GET /x HTTP/1.1" 400 329 "-" "Telesphoreo"
94.102.49.210 - - [03/Dec/2015:17:58:59 +0100] "_\xb0ZP\x07tR\xe5" 501 323 "-" "-"
94.102.49.210 - - [03/Dec/2015:18:04:10 +0100] "_\xb0ZP\x07tR\xe5" 501 323 "-" "-"
137.226.113.7 - - [03/Dec/2015:18:05:11 +0100] "GET / HTTP/1.1" 200 1229 "-" "Mozilla/5.0 (Macintosh; Intel Mac OS X 10_11_1) AppleWebKit/537.36 (KHTML, like Gecko) Chrome/46.0.2490.86 Safari/537.36 Scanning for research (researchscan.comsys.rwth-aachen.de)"
94.102.49.210 - - [03/Dec/2015:18:08:44 +0100] "_\xb0ZP\x07tR\xe5" 501 323 "-" "-"
137.226.113.7 - - [03/Dec/2015:18:13:04 +0100] "GET / HTTP/1.1" 200 1229 "-" "Mozilla/5.0 (Macintosh; Intel Mac OS X 10_11_1) AppleWebKit/537.36 (KHTML, like Gecko) Chrome/46.0.2490.86 Safari/537.36 Scanning for research (researchscan.comsys.rwth-aachen.de)"
115.231.222.14 - - [03/Dec/2015:18:19:13 +0100] "GET http://zc.qq.com/cgi-bin/common/attr?id=260714&r=0.6242064637481738 HTTP/1.1" 404 320 "-" "Mozilla/5.0 (compatible; MSIE 9.0; Windows NT 6.1; Trident/5.0; 360SE)"
115.231.222.14 - - [03/Dec/2015:18:19:13 +0100] "GET http://zc.qq.com/cgi-bin/common/attr?id=260714&r=0.0320981945661083 HTTP/1.1" 404 320 "-" "Mozilla/5.0 (compatible; MSIE 9.0; Windows NT 6.1; Trident/5.0; 360SE)"
144.76.64.115 - - [03/Dec/2015:18:21:45 +0100] "GET / HTTP/1.1" 200 1229 "-" "Mozilla/5.0 (X11; Linux x86_64) AppleWebKit/534.36 (KHTML, like Gecko) Chrome/13.0.766.0 Safari/534.36"
137.226.113.7 - - [03/Dec/2015:18:28:55 +0100] "GET / HTTP/1.1" 200 1229 "-" "Mozilla/5.0 (Macintosh; Intel Mac OS X 10_11_1) AppleWebKit/537.36 (KHTML, like Gecko) Chrome/46.0.2490.86 Safari/537.36 Scanning for research (researchscan.comsys.rwth-aachen.de)"
137.226.113.7 - - [03/Dec/2015:18:56:22 +0100] "GET / HTTP/1.1" 200 1229 "-" "Mozilla/5.0 (Macintosh; Intel Mac OS X 10_11_1) AppleWebKit/537.36 (KHTML, like Gecko) Chrome/46.0.2490.86 Safari/537.36 Scanning for research (researchscan.comsys.rwth-aachen.de)"
137.226.113.7 - - [03/Dec/2015:19:08:23 +0100] "GET / HTTP/1.1" 200 1229 "-" "Mozilla/5.0 (Macintosh; Intel Mac OS X 10_11_1) AppleWebKit/537.36 (KHTML, like Gecko) Chrome/46.0.2490.86 Safari/537.36 Scanning for research (researchscan.comsys.rwth-aachen.de)"
94.102.49.210 - - [03/Dec/2015:19:20:19 +0100] "_\xb0ZP\x07tR\xe5" 501 323 "-" "-"
208.115.113.87 - - [03/Dec/2015:19:21:34 +0100] "GET /news.php?cs_go=archiv&cs_id=5322 HTTP/1.1" 404 315 "-" "Mozilla/5.0 (compatible; DotBot/1.1; http://www.opensiteexplorer.org/dotbot, help@moz.com)"
137.226.113.7 - - [03/Dec/2015:19:36:18 +0100] "GET / HTTP/1.1" 200 1229 "-" "Mozilla/5.0 (Macintosh; Intel Mac OS X 10_11_1) AppleWebKit/537.36 (KHTML, like Gecko) Chrome/46.0.2490.86 Safari/537.36 Scanning for research (researchscan.comsys.rwth-aachen.de)"
94.102.49.210 - - [03/Dec/2015:19:59:46 +0100] "_\xb0ZP\x07tR\xe5" 501 323 "-" "-"
128.232.110.29 - - [03/Dec/2015:20:28:06 +0100] "GET / HTTP/1.1" 200 1229 "-" "Mozilla/5.0 zgrab/0.x"
61.231.7.139 - - [03/Dec/2015:20:29:07 +0100] "CONNECT vip163mx01.mxmail.netease.com:25 HTTP/1.0" 405 358 "-" "-"
94.102.49.210 - - [03/Dec/2015:20:36:35 +0100] "_\xb0ZP\x07tR\xe5" 501 323 "-" "-"
94.102.49.210 - - [03/Dec/2015:20:47:19 +0100] "_\xb0ZP\x07tR\xe5" 501 323 "-" "-"
94.102.49.210 - - [03/Dec/2015:21:10:39 +0100] "_\xb0ZP\x07tR\xe5" 501 323 "-" "-"
94.102.63.145 - - [03/Dec/2015:21:30:57 +0100] "GET //wp-login.php HTTP/1.1" 404 317 "-" "Mozilla/5.0 (X11; U; Linux i686; pt-BR; rv:1.9.0.15) Gecko/2009102815 Ubuntu/9.04 (jaunty) Firefox/3.0.15"
94.102.63.145 - - [03/Dec/2015:21:30:57 +0100] "GET /blog//wp-login.php HTTP/1.1" 404 323 "-" "Mozilla/5.0 (X11; U; Linux i686; pt-BR; rv:1.9.0.15) Gecko/2009102815 Ubuntu/9.04 (jaunty) Firefox/3.0.15"
94.102.63.145 - - [03/Dec/2015:21:30:57 +0100] "GET /wordpress//wp-login.php HTTP/1.1" 404 328 "-" "Mozilla/5.0 (X11; U; Linux i686; pt-BR; rv:1.9.0.15) Gecko/2009102815 Ubuntu/9.04 (jaunty) Firefox/3.0.15"
94.102.63.145 - - [03/Dec/2015:21:30:57 +0100] "GET /wp//wp-login.php HTTP/1.1" 404 321 "-" "Mozilla/5.0 (X11; U; Linux i686; pt-BR; rv:1.9.0.15) Gecko/2009102815 Ubuntu/9.04 (jaunty) Firefox/3.0.15"
188.40.95.70 - - [03/Dec/2015:21:45:34 +0100] "GET /robots.txt HTTP/1.0" 404 327 "-" "Mozilla/5.0 (compatible; MJ12bot/v1.4.5; http://www.majestic12.co.uk/bot.php?+)"
188.40.95.70 - - [03/Dec/2015:21:45:35 +0100] "GET /news.php?cs_go=archiv&cs_id=4514&cs_search= HTTP/1.0" 404 325 "-" "Mozilla/5.0 (compatible; MJ12bot/v1.4.5; http://www.majestic12.co.uk/bot.php?+)"
188.40.95.70 - - [03/Dec/2015:21:45:36 +0100] "GET /news.php?cs_go=archiv&cs_id=4613 HTTP/1.0" 404 325 "-" "Mozilla/5.0 (compatible; MJ12bot/v1.4.5; http://www.majestic12.co.uk/bot.php?+)"
188.40.95.70 - - [03/Dec/2015:21:45:38 +0100] "GET /news.php?cs_go=archiv&cs_id=4614 HTTP/1.0" 404 325 "-" "Mozilla/5.0 (compatible; MJ12bot/v1.4.5; http://www.majestic12.co.uk/bot.php?+)"
188.40.95.70 - - [03/Dec/2015:21:45:39 +0100] "GET /news.php?cs_go=archiv&cs_id=4615 HTTP/1.0" 404 325 "-" "Mozilla/5.0 (compatible; MJ12bot/v1.4.5; http://www.majestic12.co.uk/bot.php?+)"
141.212.122.129 - - [03/Dec/2015:22:09:33 +0100] "GET /x HTTP/1.1" 400 329 "-" "Telesphoreo"
54.153.33.233 - - [03/Dec/2015:22:12:35 +0100] "GET / HTTP/1.1" 200 1229 "-" "Mozilla/5.0 (Windows NT 6.1) AppleWebKit/537.36 (KHTML, like Gecko) Chrome/41.0.2228.0 Safari/537.36"
5.9.89.170 - - [03/Dec/2015:22:13:41 +0100] "GET /robots.txt HTTP/1.0" 404 317 "-" "Mozilla/5.0 (compatible; MJ12bot/v1.4.5; http://www.majestic12.co.uk/bot.php?+)"
5.9.89.170 - - [03/Dec/2015:22:13:42 +0100] "GET /ansprechpartner.php HTTP/1.0" 404 326 "-" "Mozilla/5.0 (compatible; MJ12bot/v1.4.5; http://www.majestic12.co.uk/bot.php?+)"
5.9.89.170 - - [03/Dec/2015:22:13:44 +0100] "GET /foerdermittel.php HTTP/1.0" 404 324 "-" "Mozilla/5.0 (compatible; MJ12bot/v1.4.5; http://www.majestic12.co.uk/bot.php?+)"
5.9.89.170 - - [03/Dec/2015:22:13:45 +0100] "GET /heizoel.php HTTP/1.0" 404 318 "-" "Mozilla/5.0 (compatible; MJ12bot/v1.4.5; http://www.majestic12.co.uk/bot.php?+)"
5.9.89.170 - - [03/Dec/2015:22:13:47 +0100] "GET /impressum.php HTTP/1.0" 404 320 "-" "Mozilla/5.0 (compatible; MJ12bot/v1.4.5; http://www.majestic12.co.uk/bot.php?+)"
128.232.110.29 - - [03/Dec/2015:22:36:27 +0100] "GET / HTTP/1.1" 200 1229 "-" "Mozilla/5.0 zgrab/0.x"
115.231.222.14 - - [03/Dec/2015:23:02:42 +0100] "GET http://zc.qq.com/cgi-bin/common/attr?id=260714&r=0.5693308526204641 HTTP/1.1" 404 320 "-" "Mozilla/5.0 (compatible; MSIE 9.0; Windows NT 6.1; Trident/5.0; 360SE)"
115.231.222.14 - - [03/Dec/2015:23:02:43 +0100] "GET http://zc.qq.com/cgi-bin/common/attr?id=260714&r=0.4273477734628872 HTTP/1.1" 404 320 "-" "Mozilla/5.0 (compatible; MSIE 9.0; Windows NT 6.1; Trident/5.0; 360SE)"
115.231.222.14 - - [03/Dec/2015:23:02:47 +0100] "GET http://zc.qq.com/cgi-bin/common/attr?id=260714&r=0.5966078698717972 HTTP/1.1" 404 320 "-" "Mozilla/5.0 (compatible; MSIE 9.0; Windows NT 6.1; Trident/5.0; 360SE)"
54.153.33.145 - - [03/Dec/2015:23:26:47 +0100] "GET / HTTP/1.1" 200 1229 "-" "Mozilla/5.0 (Windows NT 6.1) AppleWebKit/537.36 (KHTML, like Gecko) Chrome/41.0.2228.0 Safari/537.36"
54.153.32.246 - - [04/Dec/2015:00:03:35 +0100] "GET / HTTP/1.1" 200 1229 "-" "Mozilla/5.0 (Windows NT 6.1) AppleWebKit/537.36 (KHTML, like Gecko) Chrome/41.0.2228.0 Safari/537.36"
46.4.120.3 - - [04/Dec/2015:00:05:14 +0100] "GET /robots.txt HTTP/1.0" 404 317 "-" "Mozilla/5.0 (compatible; MJ12bot/v1.4.5; http://www.majestic12.co.uk/bot.php?+)"
46.4.120.3 - - [04/Dec/2015:00:05:16 +0100] "GET /ansprechpartner.php HTTP/1.0" 404 326 "-" "Mozilla/5.0 (compatible; MJ12bot/v1.4.5; http://www.majestic12.co.uk/bot.php?+)"
46.4.120.3 - - [04/Dec/2015:00:05:21 +0100] "GET /news.php HTTP/1.0" 404 315 "-" "Mozilla/5.0 (compatible; MJ12bot/v1.4.5; http://www.majestic12.co.uk/bot.php?+)"
46.4.120.3 - - [04/Dec/2015:00:05:25 +0100] "GET /notdienst.php HTTP/1.0" 404 320 "-" "Mozilla/5.0 (compatible; MJ12bot/v1.4.5; http://www.majestic12.co.uk/bot.php?+)"
46.4.120.3 - - [04/Dec/2015:00:05:28 +0100] "GET /ofenbau.php HTTP/1.0" 404 318 "-" "Mozilla/5.0 (compatible; MJ12bot/v1.4.5; http://www.majestic12.co.uk/bot.php?+)"
46.4.120.3 - - [04/Dec/2015:00:05:31 +0100] "GET /preisanfrage.php HTTP/1.0" 404 323 "-" "Mozilla/5.0 (compatible; MJ12bot/v1.4.5; http://www.majestic12.co.uk/bot.php?+)"
188.165.200.217 - - [04/Dec/2015:00:07:00 +0100] "HEAD / HTTP/1.1" 200 - "-" "Mozilla/4.0 (compatible; MSIE 5.01; Windows NT 5.0)"
54.153.33.233 - - [04/Dec/2015:00:22:14 +0100] "GET / HTTP/1.1" 200 1229 "-" "Mozilla/5.0 (Windows NT 6.1) AppleWebKit/537.36 (KHTML, like Gecko) Chrome/41.0.2228.0 Safari/537.36"
182.53.134.228 - - [04/Dec/2015:00:35:12 +0100] "GET /phpMyAdmin/scripts/setup.php HTTP/1.1" 404 333 "-" "-"
207.46.13.137 - - [04/Dec/2015:00:36:27 +0100] "GET /haftungsausschluss.html HTTP/1.1" 404 336 "-" "Mozilla/5.0 (compatible; bingbot/2.0; +http://www.bing.com/bingbot.htm)"
182.53.134.228 - - [04/Dec/2015:00:36:30 +0100] "GET /pma/scripts/setup.php HTTP/1.1" 404 326 "-" "-"
182.53.134.228 - - [04/Dec/2015:00:37:49 +0100] "GET /myadmin/scripts/setup.php HTTP/1.1" 404 330 "-" "-"
111.248.58.52 - - [04/Dec/2015:00:53:15 +0100] "CONNECT vip163mx00.mxmail.netease.com:25 HTTP/1.0" 405 358 "-" "-"
188.165.196.25 - - [04/Dec/2015:01:08:17 +0100] "GET /robots.txt HTTP/1.0" 404 317 "-" ""
188.165.196.25 - - [04/Dec/2015:01:08:17 +0100] "GET / HTTP/1.1" 206 1229 "-" "Mozilla/5.0 (X11; Linux i686) AppleWebKit/534.30 (KHTML, like Gecko) Ubuntu/11.04 Chromium/12.0.742.112 Chrome/12.0.742.112 Safari/534.30"
94.23.40.23 - - [04/Dec/2015:01:08:32 +0100] "GET /robots.txt HTTP/1.0" 404 333 "-" ""
94.23.40.23 - - [04/Dec/2015:01:08:32 +0100] "GET / HTTP/1.1" 206 1229 "-" "Mozilla/5.0 (X11; Linux i686) AppleWebKit/534.30 (KHTML, like Gecko) Ubuntu/10.04 Chromium/12.0.742.112 Chrome/12.0.742.112 Safari/534.30"
54.153.33.233 - - [04/Dec/2015:01:21:26 +0100] "GET / HTTP/1.1" 200 1229 "-" "Mozilla/5.0 (Windows NT 6.1) AppleWebKit/537.36 (KHTML, like Gecko) Chrome/41.0.2228.0 Safari/537.36"
115.231.222.14 - - [04/Dec/2015:01:24:25 +0100] "GET http://zc.qq.com/cgi-bin/common/attr?id=260714&r=0.4850699081023829 HTTP/1.1" 404 320 "-" "Mozilla/5.0 (compatible; MSIE 9.0; Windows NT 6.1; Trident/5.0; 360SE)"
115.231.222.14 - - [04/Dec/2015:01:24:25 +0100] "GET http://zc.qq.com/cgi-bin/common/attr?id=260714&r=0.2858780836329329 HTTP/1.1" 404 320 "-" "Mozilla/5.0 (compatible; MSIE 9.0; Windows NT 6.1; Trident/5.0; 360SE)"
115.231.222.14 - - [04/Dec/2015:01:24:26 +0100] "GET http://zc.qq.com/cgi-bin/common/attr?id=260714&r=0.1139261530784582 HTTP/1.1" 404 320 "-" "Mozilla/5.0 (compatible; MSIE 9.0; Windows NT 6.1; Trident/5.0; 360SE)"
207.46.13.52 - - [04/Dec/2015:01:28:03 +0100] "GET /robots.txt HTTP/1.1" 404 328 "-" "Mozilla/5.0 (compatible; bingbot/2.0; +http://www.bing.com/bingbot.htm)"
207.46.13.52 - - [04/Dec/2015:01:28:07 +0100] "GET / HTTP/1.1" 200 1229 "-" "Mozilla/5.0 (compatible; bingbot/2.0; +http://www.bing.com/bingbot.htm)"
54.153.33.152 - - [04/Dec/2015:01:30:07 +0100] "GET / HTTP/1.1" 200 1229 "-" "Mozilla/5.0 (Windows NT 6.1) AppleWebKit/537.36 (KHTML, like Gecko) Chrome/41.0.2228.0 Safari/537.36"
54.153.33.145 - - [04/Dec/2015:01:34:49 +0100] "GET / HTTP/1.1" 200 1229 "-" "Mozilla/5.0 (Windows NT 6.1) AppleWebKit/537.36 (KHTML, like Gecko) Chrome/41.0.2228.0 Safari/537.36"
141.212.122.129 - - [04/Dec/2015:01:46:41 +0100] "GET /x HTTP/1.1" 400 329 "-" "Telesphoreo"
88.198.16.153 - - [04/Dec/2015:02:09:42 +0100] "GET /robots.txt HTTP/1.0" 404 327 "-" "Mozilla/5.0 (compatible; MJ12bot/v1.4.5; http://www.majestic12.co.uk/bot.php?+)"
88.198.16.153 - - [04/Dec/2015:02:09:43 +0100] "GET /ansprechpartner.php HTTP/1.0" 404 336 "-" "Mozilla/5.0 (compatible; MJ12bot/v1.4.5; http://www.majestic12.co.uk/bot.php?+)"
88.198.16.153 - - [04/Dec/2015:02:09:45 +0100] "GET /kontakt.php HTTP/1.0" 404 328 "-" "Mozilla/5.0 (compatible; MJ12bot/v1.4.5; http://www.majestic12.co.uk/bot.php?+)"
88.198.16.153 - - [04/Dec/2015:02:09:48 +0100] "GET /kwk.php HTTP/1.0" 404 324 "-" "Mozilla/5.0 (compatible; MJ12bot/v1.4.5; http://www.majestic12.co.uk/bot.php?+)"
88.198.16.153 - - [04/Dec/2015:02:09:50 +0100] "GET /ofenbau.php HTTP/1.0" 404 328 "-" "Mozilla/5.0 (compatible; MJ12bot/v1.4.5; http://www.majestic12.co.uk/bot.php?+)"
88.198.16.153 - - [04/Dec/2015:02:09:53 +0100] "GET /preisanfrage.php HTTP/1.0" 404 333 "-" "Mozilla/5.0 (compatible; MJ12bot/v1.4.5; http://www.majestic12.co.uk/bot.php?+)"
40.77.167.4 - - [04/Dec/2015:02:10:03 +0100] "GET /robots.txt HTTP/1.1" 404 332 "-" "Mozilla/5.0 (compatible; bingbot/2.0; +http://www.bing.com/bingbot.htm)"
40.77.167.4 - - [04/Dec/2015:02:10:24 +0100] "GET / HTTP/1.1" 304 - "-" "Mozilla/5.0 (compatible; bingbot/2.0; +http://www.bing.com/bingbot.htm)"
216.145.11.94 - - [04/Dec/2015:02:43:39 +0100] "GET /robots.txt HTTP/1.0" 404 319 "-" "Mozilla/5.0 (Windows; U; Windows NT 5.1; en; rv:1.9.0.13) Gecko/2009073022 Firefox/3.5.2 (.NET CLR 3.5.30729) SurveyBot/2.3 (DomainTools)"
216.145.11.94 - - [04/Dec/2015:02:43:39 +0100] "GET / HTTP/1.1" 200 1229 "http://whois.domaintools.com/essoberlin.de" "Mozilla/5.0 (Windows; U; Windows NT 5.1; en; rv:1.9.0.13) Gecko/2009073022 Firefox/3.5.2 (.NET CLR 3.5.30729) SurveyBot/2.3 (DomainTools)"
64.246.165.150 - - [04/Dec/2015:03:06:01 +0100] "GET /robots.txt HTTP/1.0" 404 320 "-" "Mozilla/5.0 (Windows; U; Windows NT 5.1; en; rv:1.9.0.13) Gecko/2009073022 Firefox/3.5.2 (.NET CLR 3.5.30729) SurveyBot/2.3 (DomainTools)"
64.246.165.150 - - [04/Dec/2015:03:06:02 +0100] "GET / HTTP/1.1" 200 1229 "http://whois.domaintools.com/esso-berlin.de" "Mozilla/5.0 (Windows; U; Windows NT 5.1; en; rv:1.9.0.13) Gecko/2009073022 Firefox/3.5.2 (.NET CLR 3.5.30729) SurveyBot/2.3 (DomainTools)"
64.246.165.190 - - [04/Dec/2015:03:18:53 +0100] "GET /robots.txt HTTP/1.0" 404 326 "-" "Mozilla/5.0 (Windows; U; Windows NT 5.1; en; rv:1.9.0.13) Gecko/2009073022 Firefox/3.5.2 (.NET CLR 3.5.30729) SurveyBot/2.3 (DomainTools)"
64.246.165.190 - - [04/Dec/2015:03:18:54 +0100] "GET / HTTP/1.1" 200 1229 "http://whois.domaintools.com/essoschmierstoffe.de" "Mozilla/5.0 (Windows; U; Windows NT 5.1; en; rv:1.9.0.13) Gecko/2009073022 Firefox/3.5.2 (.NET CLR 3.5.30729) SurveyBot/2.3 (DomainTools)"
88.198.1.77 - - [04/Dec/2015:03:42:03 +0100] "GET /robots.txt HTTP/1.1" 404 327 "http://www.sitedomain.de/" "Sitedomain-Bot(Sitedomain-Bot 1.0, http://www.sitedomain.de/sitedomain-bot/)"
94.102.63.145 - - [04/Dec/2015:03:43:48 +0100] "GET //wp-login.php HTTP/1.1" 404 317 "-" "Mozilla/5.0 (X11; U; Linux i686; pt-BR; rv:1.9.0.15) Gecko/2009102815 Ubuntu/9.04 (jaunty) Firefox/3.0.15"
94.102.63.145 - - [04/Dec/2015:03:43:48 +0100] "GET /blog//wp-login.php HTTP/1.1" 404 323 "-" "Mozilla/5.0 (X11; U; Linux i686; pt-BR; rv:1.9.0.15) Gecko/2009102815 Ubuntu/9.04 (jaunty) Firefox/3.0.15"
94.102.63.145 - - [04/Dec/2015:03:43:49 +0100] "GET /wordpress//wp-login.php HTTP/1.1" 404 328 "-" "Mozilla/5.0 (X11; U; Linux i686; pt-BR; rv:1.9.0.15) Gecko/2009102815 Ubuntu/9.04 (jaunty) Firefox/3.0.15"
94.102.63.145 - - [04/Dec/2015:03:43:49 +0100] "GET /wp//wp-login.php HTTP/1.1" 404 321 "-" "Mozilla/5.0 (X11; U; Linux i686; pt-BR; rv:1.9.0.15) Gecko/2009102815 Ubuntu/9.04 (jaunty) Firefox/3.0.15"
