188.138.1.218 - - [15/Dec/2015:23:48:39 +0100] "GET /robots.txt HTTP/1.1" 404 315 "-" "-"
188.138.1.218 - - [15/Dec/2015:23:48:39 +0100] "GET /sitemap.xml HTTP/1.1" 404 316 "-" "-"
193.111.140.106 - - [15/Dec/2015:23:52:55 +0100] "GET /robots.txt HTTP/1.0" 404 317 "-" "Mozilla/5.0 (compatible; MJ12bot/v1.4.5; http://www.majestic12.co.uk/bot.php?+)"
193.111.140.106 - - [15/Dec/2015:23:52:56 +0100] "GET /baustellenbetankung.php HTTP/1.0" 404 330 "-" "Mozilla/5.0 (compatible; MJ12bot/v1.4.5; http://www.majestic12.co.uk/bot.php?+)"
51.254.32.63 - - [15/Dec/2015:23:57:26 +0100] "GET /robots.txt HTTP/1.0" 404 328 "-" "Mozilla/5.0 (compatible; MJ12bot/v1.4.5; http://www.majestic12.co.uk/bot.php?+)"
51.254.32.63 - - [15/Dec/2015:23:57:28 +0100] "GET /lexikon.php?cs_go=2&cs_char=a HTTP/1.0" 404 329 "-" "Mozilla/5.0 (compatible; MJ12bot/v1.4.5; http://www.majestic12.co.uk/bot.php?+)"
158.69.214.103 - - [16/Dec/2015:00:08:34 +0100] "GET /robots.txt HTTP/1.0" 404 327 "-" "Mozilla/5.0 (compatible; MJ12bot/v1.4.5; http://www.majestic12.co.uk/bot.php?+)"
158.69.214.103 - - [16/Dec/2015:00:08:36 +0100] "GET /robots.txt HTTP/1.0" 404 327 "-" "Mozilla/5.0 (compatible; MJ12bot/v1.4.5; http://www.majestic12.co.uk/bot.php?+)"
158.69.214.103 - - [16/Dec/2015:00:08:36 +0100] "GET / HTTP/1.0" 200 1229 "-" "Mozilla/5.0 (compatible; MJ12bot/v1.4.5; http://www.majestic12.co.uk/bot.php?+)"
158.69.214.103 - - [16/Dec/2015:00:08:37 +0100] "GET / HTTP/1.0" 200 1229 "-" "Mozilla/5.0 (compatible; MJ12bot/v1.4.5; http://www.majestic12.co.uk/bot.php?+)"
141.212.122.208 - - [16/Dec/2015:00:30:10 +0100] "GET / HTTP/1.1" 200 1229 "-" "Mozilla/5.0 zgrab/0.x"
194.153.113.13 - - [16/Dec/2015:00:41:08 +0100] "GET /robots.txt HTTP/1.1" 404 315 "-" "Mozilla/5.0 (compatible; oBot/2.3.1; http://filterdb.iss.net/crawler/)"
194.153.113.13 - - [16/Dec/2015:00:41:08 +0100] "HEAD / HTTP/1.1" 200 - "-" "Mozilla/5.0 (compatible; oBot/2.3.1; http://filterdb.iss.net/crawler/)"
157.55.39.133 - - [16/Dec/2015:00:48:50 +0100] "GET /robots.txt HTTP/1.1" 404 323 "-" "Mozilla/5.0 (compatible; bingbot/2.0; +http://www.bing.com/bingbot.htm)"
157.55.39.133 - - [16/Dec/2015:00:49:00 +0100] "GET /statements.html HTTP/1.1" 404 328 "-" "Mozilla/5.0 (compatible; bingbot/2.0; +http://www.bing.com/bingbot.htm)"
46.4.87.105 - - [16/Dec/2015:01:19:59 +0100] "GET /robots.txt HTTP/1.0" 404 317 "-" "Mozilla/5.0 (compatible; MJ12bot/v1.4.5; http://www.majestic12.co.uk/bot.php?+)"
46.4.87.105 - - [16/Dec/2015:01:20:01 +0100] "GET /brennwerttechnik.php HTTP/1.0" 404 327 "-" "Mozilla/5.0 (compatible; MJ12bot/v1.4.5; http://www.majestic12.co.uk/bot.php?+)"
46.4.87.105 - - [16/Dec/2015:01:20:02 +0100] "GET /diesel.php HTTP/1.0" 404 317 "-" "Mozilla/5.0 (compatible; MJ12bot/v1.4.5; http://www.majestic12.co.uk/bot.php?+)"
46.4.87.105 - - [16/Dec/2015:01:20:05 +0100] "GET /ec.php HTTP/1.0" 404 313 "-" "Mozilla/5.0 (compatible; MJ12bot/v1.4.5; http://www.majestic12.co.uk/bot.php?+)"
36.225.254.177 - - [16/Dec/2015:01:20:41 +0100] "CONNECT vip163mx01.mxmail.netease.com:25 HTTP/1.0" 405 358 "-" "-"
207.46.13.148 - - [16/Dec/2015:01:49:07 +0100] "GET /robots.txt HTTP/1.1" 404 323 "-" "Mozilla/5.0 (compatible; bingbot/2.0; +http://www.bing.com/bingbot.htm)"
207.46.13.148 - - [16/Dec/2015:01:49:17 +0100] "GET /news.php HTTP/1.1" 404 321 "-" "Mozilla/5.0 (compatible; bingbot/2.0; +http://www.bing.com/bingbot.htm)"
69.30.213.82 - - [16/Dec/2015:02:04:04 +0100] "GET /robots.txt HTTP/1.0" 404 327 "-" "Mozilla/5.0 (compatible; MJ12bot/v1.4.5; http://www.majestic12.co.uk/bot.php?+)"
69.30.213.82 - - [16/Dec/2015:02:04:06 +0100] "GET /lexikon.php?cs_go=3&cs_id=176 HTTP/1.0" 404 328 "-" "Mozilla/5.0 (compatible; MJ12bot/v1.4.5; http://www.majestic12.co.uk/bot.php?+)"
193.111.140.106 - - [16/Dec/2015:02:23:02 +0100] "GET /robots.txt HTTP/1.0" 404 328 "-" "Mozilla/5.0 (compatible; MJ12bot/v1.4.5; http://www.majestic12.co.uk/bot.php?+)"
193.111.140.106 - - [16/Dec/2015:02:23:03 +0100] "GET /edl.php HTTP/1.0" 404 325 "-" "Mozilla/5.0 (compatible; MJ12bot/v1.4.5; http://www.majestic12.co.uk/bot.php?+)"
193.111.140.106 - - [16/Dec/2015:02:23:04 +0100] "GET /jobs.php HTTP/1.0" 404 326 "-" "Mozilla/5.0 (compatible; MJ12bot/v1.4.5; http://www.majestic12.co.uk/bot.php?+)"
193.111.140.106 - - [16/Dec/2015:02:23:06 +0100] "GET /waermekonto.php HTTP/1.0" 404 333 "-" "Mozilla/5.0 (compatible; MJ12bot/v1.4.5; http://www.majestic12.co.uk/bot.php?+)"
193.111.140.106 - - [16/Dec/2015:02:23:07 +0100] "GET /wunschpreis.php HTTP/1.0" 404 333 "-" "Mozilla/5.0 (compatible; MJ12bot/v1.4.5; http://www.majestic12.co.uk/bot.php?+)"
115.231.222.14 - - [16/Dec/2015:02:24:27 +0100] "GET http://zc.qq.com/cgi-bin/common/attr?id=260714&r=0.2181524957435592 HTTP/1.1" 404 320 "-" "Mozilla/5.0 (compatible; MSIE 9.0; Windows NT 6.1; Trident/5.0; 360SE)"
208.52.161.177 - - [16/Dec/2015:03:44:09 +0100] "GET /mysql/scripts/setup.php HTTP/1.0" 404 324 "-" "-"
208.52.161.177 - - [16/Dec/2015:03:47:28 +0100] "GET /mysql/scripts/setup.php HTTP/1.0" 404 324 "-" "-"
208.52.161.177 - - [16/Dec/2015:03:48:15 +0100] "GET /mysql/scripts/setup.php HTTP/1.0" 404 324 "-" "-"
208.52.161.177 - - [16/Dec/2015:03:48:37 +0100] "GET /mysql/scripts/setup.php HTTP/1.0" 404 324 "-" "-"
208.52.161.177 - - [16/Dec/2015:03:48:38 +0100] "GET /mysql/scripts/setup.php HTTP/1.0" 404 324 "-" "-"
208.52.161.177 - - [16/Dec/2015:03:51:19 +0100] "GET /mysql/scripts/setup.php HTTP/1.0" 404 324 "-" "-"
208.52.161.177 - - [16/Dec/2015:03:51:28 +0100] "GET /mysql/scripts/setup.php HTTP/1.0" 404 324 "-" "-"
208.52.161.177 - - [16/Dec/2015:03:51:33 +0100] "GET /mysql/scripts/setup.php HTTP/1.0" 404 324 "-" "-"
208.52.161.177 - - [16/Dec/2015:03:51:36 +0100] "GET /mysql/scripts/setup.php HTTP/1.0" 404 324 "-" "-"
208.52.161.177 - - [16/Dec/2015:03:52:04 +0100] "GET /mysql/scripts/setup.php HTTP/1.0" 404 324 "-" "-"
87.250.244.30 - - [16/Dec/2015:04:52:07 +0100] "GET /robots.txt HTTP/1.1" 404 327 "-" "Mozilla/5.0 (compatible; YandexBot/3.0; +http://yandex.com/bots)"
188.40.95.70 - - [16/Dec/2015:04:53:46 +0100] "GET /robots.txt HTTP/1.0" 404 328 "-" "Mozilla/5.0 (compatible; MJ12bot/v1.4.5; http://www.majestic12.co.uk/bot.php?+)"
188.40.95.70 - - [16/Dec/2015:04:53:48 +0100] "GET /kwk.php?cs_go=1 HTTP/1.0" 404 325 "-" "Mozilla/5.0 (compatible; MJ12bot/v1.4.5; http://www.majestic12.co.uk/bot.php?+)"
188.40.95.70 - - [16/Dec/2015:04:53:49 +0100] "GET /kwk.php?cs_go=2 HTTP/1.0" 404 325 "-" "Mozilla/5.0 (compatible; MJ12bot/v1.4.5; http://www.majestic12.co.uk/bot.php?+)"
188.40.95.70 - - [16/Dec/2015:04:53:50 +0100] "GET /kwk.php?cs_go=3 HTTP/1.0" 404 325 "-" "Mozilla/5.0 (compatible; MJ12bot/v1.4.5; http://www.majestic12.co.uk/bot.php?+)"
188.40.95.70 - - [16/Dec/2015:04:53:52 +0100] "GET /lexikon.php?cs_go=2&cs_char=a HTTP/1.0" 404 329 "-" "Mozilla/5.0 (compatible; MJ12bot/v1.4.5; http://www.majestic12.co.uk/bot.php?+)"
188.40.95.70 - - [16/Dec/2015:04:53:53 +0100] "GET /lexikon.php?cs_go=2&cs_char=b HTTP/1.0" 404 329 "-" "Mozilla/5.0 (compatible; MJ12bot/v1.4.5; http://www.majestic12.co.uk/bot.php?+)"
188.40.95.70 - - [16/Dec/2015:04:53:55 +0100] "GET /lexikon.php?cs_go=2&cs_char=c HTTP/1.0" 404 329 "-" "Mozilla/5.0 (compatible; MJ12bot/v1.4.5; http://www.majestic12.co.uk/bot.php?+)"
141.212.122.208 - - [16/Dec/2015:05:39:12 +0100] "GET / HTTP/1.1" 200 1229 "-" "Mozilla/5.0 zgrab/0.x"
192.129.227.26 - - [16/Dec/2015:05:57:13 +0100] "GET /muieblackcat HTTP/1.1" 404 317 "-" "-"
192.129.227.26 - - [16/Dec/2015:05:57:19 +0100] "GET //phpMyAdmin/scripts/setup.php HTTP/1.1" 404 333 "-" "-"
192.129.227.26 - - [16/Dec/2015:05:57:19 +0100] "GET //phpmyadmin/scripts/setup.php HTTP/1.1" 404 333 "-" "-"
192.129.227.26 - - [16/Dec/2015:05:57:19 +0100] "GET //pma/scripts/setup.php HTTP/1.1" 404 326 "-" "-"
192.129.227.26 - - [16/Dec/2015:05:57:19 +0100] "GET //myadmin/scripts/setup.php HTTP/1.1" 404 330 "-" "-"
192.129.227.26 - - [16/Dec/2015:05:57:20 +0100] "GET //MyAdmin/scripts/setup.php HTTP/1.1" 404 330 "-" "-"
192.129.227.26 - - [16/Dec/2015:06:13:30 +0100] "GET /muieblackcat HTTP/1.1" 404 317 "-" "-"
192.129.227.26 - - [16/Dec/2015:06:13:36 +0100] "GET //phpMyAdmin/scripts/setup.php HTTP/1.1" 404 333 "-" "-"
192.129.227.26 - - [16/Dec/2015:06:13:36 +0100] "GET //phpmyadmin/scripts/setup.php HTTP/1.1" 404 333 "-" "-"
192.129.227.26 - - [16/Dec/2015:06:13:36 +0100] "GET //pma/scripts/setup.php HTTP/1.1" 404 326 "-" "-"
192.129.227.26 - - [16/Dec/2015:06:13:37 +0100] "GET //myadmin/scripts/setup.php HTTP/1.1" 404 330 "-" "-"
192.129.227.26 - - [16/Dec/2015:06:13:37 +0100] "GET //MyAdmin/scripts/setup.php HTTP/1.1" 404 330 "-" "-"
192.129.227.26 - - [16/Dec/2015:06:16:34 +0100] "GET /muieblackcat HTTP/1.1" 404 317 "-" "-"
192.129.227.26 - - [16/Dec/2015:06:16:40 +0100] "GET //phpMyAdmin/scripts/setup.php HTTP/1.1" 404 333 "-" "-"
192.129.227.26 - - [16/Dec/2015:06:16:40 +0100] "GET //phpmyadmin/scripts/setup.php HTTP/1.1" 404 333 "-" "-"
192.129.227.26 - - [16/Dec/2015:06:16:40 +0100] "GET //pma/scripts/setup.php HTTP/1.1" 404 326 "-" "-"
192.129.227.26 - - [16/Dec/2015:06:16:41 +0100] "GET //myadmin/scripts/setup.php HTTP/1.1" 404 330 "-" "-"
192.129.227.26 - - [16/Dec/2015:06:16:41 +0100] "GET //MyAdmin/scripts/setup.php HTTP/1.1" 404 330 "-" "-"
157.55.39.209 - - [16/Dec/2015:06:30:09 +0100] "GET /robots.txt HTTP/1.1" 404 328 "-" "Mozilla/5.0 (compatible; bingbot/2.0; +http://www.bing.com/bingbot.htm)"
157.55.39.209 - - [16/Dec/2015:06:31:14 +0100] "GET /waermekonto.php HTTP/1.1" 404 333 "-" "Mozilla/5.0 (compatible; bingbot/2.0; +http://www.bing.com/bingbot.htm)"
141.212.122.208 - - [16/Dec/2015:07:01:36 +0100] "GET / HTTP/1.1" 200 1229 "-" "Mozilla/5.0 zgrab/0.x"
111.248.102.22 - - [16/Dec/2015:08:00:51 +0100] "CONNECT 163mx01.mxmail.netease.com:25 HTTP/1.0" 405 355 "-" "-"
157.55.39.142 - - [16/Dec/2015:08:47:32 +0100] "GET /robots.txt HTTP/1.1" 404 323 "-" "Mozilla/5.0 (compatible; bingbot/2.0; +http://www.bing.com/bingbot.htm)"
157.55.39.142 - - [16/Dec/2015:08:47:34 +0100] "GET /news.php?cs_go=archiv&cs_id=5348 HTTP/1.1" 404 321 "-" "Mozilla/5.0 (compatible; bingbot/2.0; +http://www.bing.com/bingbot.htm)"
157.55.39.142 - - [16/Dec/2015:08:47:34 +0100] "GET /news.php?cs_go=archiv&cs_id=5344 HTTP/1.1" 404 321 "-" "Mozilla/5.0 (compatible; bingbot/2.0; +http://www.bing.com/bingbot.htm)"
207.46.13.86 - - [16/Dec/2015:08:49:40 +0100] "GET /robots.txt HTTP/1.1" 404 323 "-" "Mozilla/5.0 (compatible; bingbot/2.0; +http://www.bing.com/bingbot.htm)"
207.46.13.86 - - [16/Dec/2015:08:49:43 +0100] "GET /news.php?cs_go=archiv&cs_id=5346 HTTP/1.1" 404 321 "-" "Mozilla/5.0 (compatible; bingbot/2.0; +http://www.bing.com/bingbot.htm)"
207.46.13.86 - - [16/Dec/2015:08:49:43 +0100] "GET /news.php?cs_go=archiv&cs_id=5384 HTTP/1.1" 404 321 "-" "Mozilla/5.0 (compatible; bingbot/2.0; +http://www.bing.com/bingbot.htm)"
207.46.13.86 - - [16/Dec/2015:08:49:44 +0100] "GET /news.php?cs_go=archiv&cs_id=5368 HTTP/1.1" 404 321 "-" "Mozilla/5.0 (compatible; bingbot/2.0; +http://www.bing.com/bingbot.htm)"
207.46.13.86 - - [16/Dec/2015:08:49:44 +0100] "GET /news.php?cs_go=archiv&cs_id=5351 HTTP/1.1" 404 321 "-" "Mozilla/5.0 (compatible; bingbot/2.0; +http://www.bing.com/bingbot.htm)"
207.46.13.148 - - [16/Dec/2015:09:02:50 +0100] "GET /robots.txt HTTP/1.1" 404 323 "-" "Mozilla/5.0 (compatible; bingbot/2.0; +http://www.bing.com/bingbot.htm)"
207.46.13.148 - - [16/Dec/2015:09:03:02 +0100] "GET /news.php?cs_go=archiv&cs_id=5345 HTTP/1.1" 404 321 "-" "Mozilla/5.0 (compatible; bingbot/2.0; +http://www.bing.com/bingbot.htm)"
207.46.13.148 - - [16/Dec/2015:09:03:02 +0100] "GET /news.php?cs_go=archiv&cs_id=5370 HTTP/1.1" 404 321 "-" "Mozilla/5.0 (compatible; bingbot/2.0; +http://www.bing.com/bingbot.htm)"
141.212.122.208 - - [16/Dec/2015:10:15:00 +0100] "GET / HTTP/1.1" 200 1229 "-" "Mozilla/5.0 zgrab/0.x"
115.231.222.14 - - [16/Dec/2015:11:42:57 +0100] "GET http://zc.qq.com/cgi-bin/common/attr?id=260714&r=0.5993495785123163 HTTP/1.1" 404 320 "-" "Mozilla/5.0 (compatible; MSIE 9.0; Windows NT 6.1; Trident/5.0; 360SE)"
40.77.167.26 - - [16/Dec/2015:12:18:33 +0100] "GET /robots.txt HTTP/1.1" 404 328 "-" "Mozilla/5.0 (compatible; bingbot/2.0; +http://www.bing.com/bingbot.htm)"
40.77.167.26 - - [16/Dec/2015:12:18:39 +0100] "GET /marktdaten.php HTTP/1.1" 404 332 "-" "Mozilla/5.0 (compatible; bingbot/2.0; +http://www.bing.com/bingbot.htm)"
208.115.113.93 - - [16/Dec/2015:12:28:47 +0100] "GET /robots.txt HTTP/1.1" 404 327 "-" "Mozilla/5.0 (compatible; DotBot/1.1; http://www.opensiteexplorer.org/dotbot, help@moz.com)"
111.248.112.229 - - [16/Dec/2015:12:49:51 +0100] "CONNECT vip163mx00.mxmail.netease.com:25 HTTP/1.0" 405 358 "-" "-"
192.129.227.26 - - [16/Dec/2015:12:57:39 +0100] "GET /muieblackcat HTTP/1.1" 404 317 "-" "-"
192.129.227.26 - - [16/Dec/2015:12:57:44 +0100] "GET //phpMyAdmin/scripts/setup.php HTTP/1.1" 404 333 "-" "-"
192.129.227.26 - - [16/Dec/2015:12:57:45 +0100] "GET //phpmyadmin/scripts/setup.php HTTP/1.1" 404 333 "-" "-"
192.129.227.26 - - [16/Dec/2015:12:57:45 +0100] "GET //pma/scripts/setup.php HTTP/1.1" 404 326 "-" "-"
192.129.227.26 - - [16/Dec/2015:12:57:45 +0100] "GET //myadmin/scripts/setup.php HTTP/1.1" 404 330 "-" "-"
192.129.227.26 - - [16/Dec/2015:12:57:46 +0100] "GET //MyAdmin/scripts/setup.php HTTP/1.1" 404 330 "-" "-"
192.129.227.26 - - [16/Dec/2015:13:29:50 +0100] "GET /muieblackcat HTTP/1.1" 404 317 "-" "-"
192.129.227.26 - - [16/Dec/2015:13:29:56 +0100] "GET //phpMyAdmin/scripts/setup.php HTTP/1.1" 404 333 "-" "-"
192.129.227.26 - - [16/Dec/2015:13:29:56 +0100] "GET //phpmyadmin/scripts/setup.php HTTP/1.1" 404 333 "-" "-"
192.129.227.26 - - [16/Dec/2015:13:29:56 +0100] "GET //pma/scripts/setup.php HTTP/1.1" 404 326 "-" "-"
192.129.227.26 - - [16/Dec/2015:13:29:57 +0100] "GET //myadmin/scripts/setup.php HTTP/1.1" 404 330 "-" "-"
192.129.227.26 - - [16/Dec/2015:13:29:57 +0100] "GET //MyAdmin/scripts/setup.php HTTP/1.1" 404 330 "-" "-"
115.231.222.14 - - [16/Dec/2015:14:02:36 +0100] "GET http://zc.qq.com/cgi-bin/common/attr?id=260714&r=0.2663693909830476 HTTP/1.1" 404 320 "-" "Mozilla/5.0 (compatible; MSIE 9.0; Windows NT 6.1; Trident/5.0; 360SE)"
115.231.222.14 - - [16/Dec/2015:14:02:42 +0100] "GET http://zc.qq.com/cgi-bin/common/attr?id=260714&r=0.2616151417606361 HTTP/1.1" 404 320 "-" "Mozilla/5.0 (compatible; MSIE 9.0; Windows NT 6.1; Trident/5.0; 360SE)"
115.231.222.14 - - [16/Dec/2015:14:03:19 +0100] "GET http://zc.qq.com/cgi-bin/common/attr?id=260714&r=0.1604193548275239 HTTP/1.1" 404 320 "-" "Mozilla/5.0 (compatible; MSIE 9.0; Windows NT 6.1; Trident/5.0; 360SE)"
115.231.222.14 - - [16/Dec/2015:14:03:19 +0100] "GET http://zc.qq.com/cgi-bin/common/attr?id=260714&r=0.7122813745689582 HTTP/1.1" 404 320 "-" "Mozilla/5.0 (compatible; MSIE 9.0; Windows NT 6.1; Trident/5.0; 360SE)"
208.115.113.93 - - [16/Dec/2015:14:07:56 +0100] "GET /energiekostenvergleich.php HTTP/1.1" 404 343 "-" "Mozilla/5.0 (compatible; DotBot/1.1; http://www.opensiteexplorer.org/dotbot, help@moz.com)"
157.55.39.191 - - [16/Dec/2015:14:10:42 +0100] "GET /robots.txt HTTP/1.1" 404 323 "-" "Mozilla/5.0 (compatible; bingbot/2.0; +http://www.bing.com/bingbot.htm)"
157.55.39.192 - - [16/Dec/2015:14:10:47 +0100] "GET /index.html HTTP/1.1" 200 1229 "-" "Mozilla/5.0 (compatible; bingbot/2.0; +http://www.bing.com/bingbot.htm)"
157.55.39.192 - - [16/Dec/2015:14:10:47 +0100] "GET /aeb.html HTTP/1.1" 404 321 "-" "Mozilla/5.0 (compatible; bingbot/2.0; +http://www.bing.com/bingbot.htm)"
198.27.82.153 - - [16/Dec/2015:14:11:02 +0100] "GET /robots.txt HTTP/1.0" 404 323 "-" "Mozilla/5.0 (compatible; MJ12bot/v1.4.5; http://www.majestic12.co.uk/bot.php?+)"
198.27.82.153 - - [16/Dec/2015:14:11:09 +0100] "GET / HTTP/1.0" 200 1229 "-" "Mozilla/5.0 (compatible; MJ12bot/v1.4.5; http://www.majestic12.co.uk/bot.php?+)"
207.46.13.155 - - [16/Dec/2015:14:21:42 +0100] "GET /robots.txt HTTP/1.1" 404 323 "-" "Mozilla/5.0 (compatible; bingbot/2.0; +http://www.bing.com/bingbot.htm)"
207.46.13.155 - - [16/Dec/2015:14:21:48 +0100] "GET /news.php?cs_go=archiv&cs_id=5350 HTTP/1.1" 404 321 "-" "Mozilla/5.0 (compatible; bingbot/2.0; +http://www.bing.com/bingbot.htm)"
207.46.13.155 - - [16/Dec/2015:14:21:48 +0100] "GET /news.php?cs_go=archiv&cs_id=5347 HTTP/1.1" 404 321 "-" "Mozilla/5.0 (compatible; bingbot/2.0; +http://www.bing.com/bingbot.htm)"
207.46.13.155 - - [16/Dec/2015:14:21:48 +0100] "GET /news.php?cs_go=archiv&cs_id=5379 HTTP/1.1" 404 321 "-" "Mozilla/5.0 (compatible; bingbot/2.0; +http://www.bing.com/bingbot.htm)"
193.111.140.106 - - [16/Dec/2015:14:31:20 +0100] "GET /robots.txt HTTP/1.0" 404 328 "-" "Mozilla/5.0 (compatible; MJ12bot/v1.4.5; http://www.majestic12.co.uk/bot.php?+)"
193.111.140.106 - - [16/Dec/2015:14:31:21 +0100] "GET /kwk.php?cs_go=1 HTTP/1.0" 404 325 "-" "Mozilla/5.0 (compatible; MJ12bot/v1.4.5; http://www.majestic12.co.uk/bot.php?+)"
193.111.140.106 - - [16/Dec/2015:14:31:23 +0100] "GET /kwk.php?cs_go=2 HTTP/1.0" 404 325 "-" "Mozilla/5.0 (compatible; MJ12bot/v1.4.5; http://www.majestic12.co.uk/bot.php?+)"
193.111.140.106 - - [16/Dec/2015:14:31:24 +0100] "GET /kwk.php?cs_go=3 HTTP/1.0" 404 325 "-" "Mozilla/5.0 (compatible; MJ12bot/v1.4.5; http://www.majestic12.co.uk/bot.php?+)"
193.111.140.106 - - [16/Dec/2015:14:31:26 +0100] "GET /kwk.php?cs_go=4 HTTP/1.0" 404 325 "-" "Mozilla/5.0 (compatible; MJ12bot/v1.4.5; http://www.majestic12.co.uk/bot.php?+)"
40.77.167.65 - - [16/Dec/2015:14:41:35 +0100] "GET /service-frankfurt.html HTTP/1.1" 404 335 "-" "Mozilla/5.0 (compatible; bingbot/2.0; +http://www.bing.com/bingbot.htm)"
54.153.33.145 - - [16/Dec/2015:14:42:08 +0100] "GET / HTTP/1.1" 200 1229 "-" "Mozilla/5.0 (Windows NT 6.1) AppleWebKit/537.36 (KHTML, like Gecko) Chrome/41.0.2228.0 Safari/537.36"
157.55.39.85 - - [16/Dec/2015:14:53:45 +0100] "GET /robots.txt HTTP/1.1" 404 323 "-" "Mozilla/5.0 (compatible; bingbot/2.0; +http://www.bing.com/bingbot.htm)"
54.153.32.246 - - [16/Dec/2015:15:11:30 +0100] "GET / HTTP/1.1" 200 1229 "-" "Mozilla/5.0 (Windows NT 6.1) AppleWebKit/537.36 (KHTML, like Gecko) Chrome/41.0.2228.0 Safari/537.36"
128.232.110.29 - - [16/Dec/2015:15:56:22 +0100] "GET / HTTP/1.1" 200 1229 "-" "Mozilla/5.0 zgrab/0.x"
54.153.33.233 - - [16/Dec/2015:16:12:18 +0100] "GET / HTTP/1.1" 200 1229 "-" "Mozilla/5.0 (Windows NT 6.1) AppleWebKit/537.36 (KHTML, like Gecko) Chrome/41.0.2228.0 Safari/537.36"
118.189.72.127 - - [16/Dec/2015:16:12:19 +0100] "GET /yqyq/yqy/yq.php HTTP/1.1" 404 320 "-" "-"
118.189.72.127 - - [16/Dec/2015:16:12:20 +0100] "GET /phpMyAdmin/scripts/setup.php HTTP/1.1" 404 333 "-" "-"
118.189.72.127 - - [16/Dec/2015:16:12:21 +0100] "GET /pma/scripts/setup.php HTTP/1.1" 404 326 "-" "-"
61.216.2.13 - - [16/Dec/2015:16:16:49 +0100] "GET / HTTP/1.1" 400 329 "-" "Mozilla/5.0 (Windows NT 6.3; WOW64) AppleWebKit/537.36 (KHTML, like Gecko) Chrome/45.0.2454.101 Safari/537.36"
61.216.2.13 - - [16/Dec/2015:16:16:57 +0100] "GET / HTTP/1.1" 400 329 "-" "Mozilla/5.0 (Windows NT 6.3; WOW64) AppleWebKit/537.36 (KHTML, like Gecko) Chrome/45.0.2454.101 Safari/537.36"
61.216.2.13 - - [16/Dec/2015:16:16:59 +0100] "GET / HTTP/1.1" 400 329 "-" "Mozilla/5.0 (Windows NT 6.3; WOW64) AppleWebKit/537.36 (KHTML, like Gecko) Chrome/45.0.2454.101 Safari/537.36"
157.55.39.85 - - [16/Dec/2015:16:19:22 +0100] "GET /schmierstoffe.php HTTP/1.1" 404 330 "-" "Mozilla/5.0 (compatible; bingbot/2.0; +http://www.bing.com/bingbot.htm)"
115.231.222.14 - - [16/Dec/2015:16:22:11 +0100] "GET http://zc.qq.com/cgi-bin/common/attr?id=260714&r=0.2074177868046309 HTTP/1.1" 404 320 "-" "Mozilla/5.0 (compatible; MSIE 9.0; Windows NT 6.1; Trident/5.0; 360SE)"
115.231.222.14 - - [16/Dec/2015:16:22:15 +0100] "GET http://zc.qq.com/cgi-bin/common/attr?id=260714&r=0.0159167629366984 HTTP/1.1" 404 320 "-" "Mozilla/5.0 (compatible; MSIE 9.0; Windows NT 6.1; Trident/5.0; 360SE)"
115.231.222.14 - - [16/Dec/2015:16:22:34 +0100] "GET http://zc.qq.com/cgi-bin/common/attr?id=260714&r=0.6944156990924873 HTTP/1.1" 404 320 "-" "Mozilla/5.0 (compatible; MSIE 9.0; Windows NT 6.1; Trident/5.0; 360SE)"
54.153.33.152 - - [16/Dec/2015:16:22:54 +0100] "GET / HTTP/1.1" 200 1229 "-" "Mozilla/5.0 (Windows NT 6.1) AppleWebKit/537.36 (KHTML, like Gecko) Chrome/41.0.2228.0 Safari/537.36"
115.231.222.14 - - [16/Dec/2015:16:23:01 +0100] "GET http://zc.qq.com/cgi-bin/common/attr?id=260714&r=0.4585668328413969 HTTP/1.1" 404 320 "-" "Mozilla/5.0 (compatible; MSIE 9.0; Windows NT 6.1; Trident/5.0; 360SE)"
5.9.85.4 - - [16/Dec/2015:16:32:48 +0100] "GET /robots.txt HTTP/1.0" 404 323 "-" "Mozilla/5.0 (compatible; MJ12bot/v1.4.5; http://www.majestic12.co.uk/bot.php?+)"
5.9.85.4 - - [16/Dec/2015:16:32:50 +0100] "GET / HTTP/1.0" 200 1229 "-" "Mozilla/5.0 (compatible; MJ12bot/v1.4.5; http://www.majestic12.co.uk/bot.php?+)"
128.199.51.103 - - [16/Dec/2015:16:33:25 +0100] "HEAD / HTTP/1.1" 200 - "-" "Mozilla/5.0 (X11; Linux x86_64) AppleWebKit/537.11 (KHTML, like Gecko) Chrome/23.0.1271.64 Safari/537.11"
157.55.39.142 - - [16/Dec/2015:16:48:42 +0100] "GET /robots.txt HTTP/1.1" 404 323 "-" "Mozilla/5.0 (compatible; bingbot/2.0; +http://www.bing.com/bingbot.htm)"
157.55.39.142 - - [16/Dec/2015:16:48:44 +0100] "GET /downloads/Imagebroschuere%20team%20energie%20-%20TE%20Verwaltung%20Energiehandel_klein.pdf HTTP/1.1" 404 391 "-" "Mozilla/5.0 (compatible; bingbot/2.0; +http://www.bing.com/bingbot.htm)"
54.153.33.145 - - [16/Dec/2015:16:54:47 +0100] "GET / HTTP/1.1" 200 1229 "-" "Mozilla/5.0 (Windows NT 6.1) AppleWebKit/537.36 (KHTML, like Gecko) Chrome/41.0.2228.0 Safari/537.36"
54.153.32.246 - - [16/Dec/2015:17:21:32 +0100] "GET / HTTP/1.1" 200 1229 "-" "Mozilla/5.0 (Windows NT 6.1) AppleWebKit/537.36 (KHTML, like Gecko) Chrome/41.0.2228.0 Safari/537.36"
213.138.211.109 - - [16/Dec/2015:17:30:01 +0100] "GET / HTTP/1.1" 200 1229 "-" "Mozilla/5.0 (Windows NT 5.1; rv:9.0.1) Gecko/20100101 Firefox/9.0.1"
213.138.211.109 - - [16/Dec/2015:17:30:01 +0100] "GET / HTTP/1.1" 200 1229 "-" "Mozilla/5.0 (Windows NT 5.1; rv:9.0.1) Gecko/20100101 Firefox/9.0.1"
213.138.211.109 - - [16/Dec/2015:17:30:01 +0100] "GET / HTTP/1.1" 200 1229 "-" "Mozilla/5.0 (Windows NT 5.1; rv:9.0.1) Gecko/20100101 Firefox/9.0.1"
213.138.211.109 - - [16/Dec/2015:17:30:01 +0100] "GET http://www.msftncsi.com/ncsi.txt HTTP/1.1" 404 316 "http://212.91.246.82/" "Mozilla/5.0 (Windows NT 5.1; rv:9.0.1) Gecko/20100101 Firefox/9.0.1"
213.138.211.109 - - [16/Dec/2015:17:30:02 +0100] "GET /HNAP1/ HTTP/1.1" 404 311 "http://212.91.246.82/" "Mozilla/5.0 (Windows NT 5.1; rv:9.0.1) Gecko/20100101 Firefox/9.0.1"
213.138.211.109 - - [16/Dec/2015:17:30:04 +0100] "GET / HTTP/1.1" 200 1229 "-" "Mozilla/5.0 (Windows NT 5.1; rv:9.0.1) Gecko/20100101 Firefox/9.0.1"
213.138.211.109 - - [16/Dec/2015:17:30:09 +0100] "GET http://www.msftncsi.com/ncsi.txt HTTP/1.1" 404 316 "http://212.91.246.85/" "Mozilla/5.0 (Windows NT 5.1; rv:9.0.1) Gecko/20100101 Firefox/9.0.1"
213.138.211.109 - - [16/Dec/2015:17:30:10 +0100] "GET / HTTP/1.1" 200 1229 "-" "Mozilla/5.0 (Windows NT 5.1; rv:9.0.1) Gecko/20100101 Firefox/9.0.1"
213.138.211.109 - - [16/Dec/2015:17:30:10 +0100] "GET http://www.msftncsi.com/ncsi.txt HTTP/1.1" 404 316 "http://212.91.246.84/" "Mozilla/5.0 (Windows NT 5.1; rv:9.0.1) Gecko/20100101 Firefox/9.0.1"
213.138.211.109 - - [16/Dec/2015:17:30:11 +0100] "GET /HNAP1/ HTTP/1.1" 404 311 "http://212.91.246.84/" "Mozilla/5.0 (Windows NT 5.1; rv:9.0.1) Gecko/20100101 Firefox/9.0.1"
213.138.211.109 - - [16/Dec/2015:17:30:13 +0100] "GET /HNAP1/ HTTP/1.1" 404 311 "http://212.91.246.85/" "Mozilla/5.0 (Windows NT 5.1; rv:9.0.1) Gecko/20100101 Firefox/9.0.1"
213.138.211.109 - - [16/Dec/2015:17:30:22 +0100] "GET http://www.msftncsi.com/ncsi.txt HTTP/1.1" 404 316 "http://212.91.246.80/" "Mozilla/5.0 (Windows NT 5.1; rv:9.0.1) Gecko/20100101 Firefox/9.0.1"
213.138.211.109 - - [16/Dec/2015:17:30:26 +0100] "GET /HNAP1/ HTTP/1.1" 404 311 "http://212.91.246.80/" "Mozilla/5.0 (Windows NT 5.1; rv:9.0.1) Gecko/20100101 Firefox/9.0.1"
213.138.211.109 - - [16/Dec/2015:17:30:36 +0100] "GET http://www.msftncsi.com/ncsi.txt HTTP/1.1" 404 316 "http://212.91.246.86/" "Mozilla/5.0 (Windows NT 5.1; rv:9.0.1) Gecko/20100101 Firefox/9.0.1"
213.138.211.109 - - [16/Dec/2015:17:30:39 +0100] "GET /HNAP1/ HTTP/1.1" 404 311 "http://212.91.246.86/" "Mozilla/5.0 (Windows NT 5.1; rv:9.0.1) Gecko/20100101 Firefox/9.0.1"
128.232.110.29 - - [16/Dec/2015:17:35:22 +0100] "GET / HTTP/1.1" 200 1229 "-" "Mozilla/5.0 zgrab/0.x"
157.55.39.2 - - [16/Dec/2015:17:40:24 +0100] "GET /robots.txt HTTP/1.1" 404 328 "-" "Mozilla/5.0 (compatible; bingbot/2.0; +http://www.bing.com/bingbot.htm)"
157.55.39.2 - - [16/Dec/2015:17:40:31 +0100] "GET /modernisierung.php HTTP/1.1" 404 336 "-" "Mozilla/5.0 (compatible; bingbot/2.0; +http://www.bing.com/bingbot.htm)"
54.153.33.233 - - [16/Dec/2015:17:51:24 +0100] "GET / HTTP/1.1" 200 1229 "-" "Mozilla/5.0 (Windows NT 6.1) AppleWebKit/537.36 (KHTML, like Gecko) Chrome/41.0.2228.0 Safari/537.36"
128.232.110.29 - - [16/Dec/2015:17:57:11 +0100] "GET / HTTP/1.1" 200 1229 "-" "Mozilla/5.0 zgrab/0.x"
115.231.222.14 - - [16/Dec/2015:18:24:37 +0100] "GET http://zc.qq.com/cgi-bin/common/attr?id=260714&r=0.7592473745513006 HTTP/1.1" 404 320 "-" "Mozilla/5.0 (compatible; MSIE 9.0; Windows NT 6.1; Trident/5.0; 360SE)"
115.231.222.14 - - [16/Dec/2015:18:24:40 +0100] "GET http://zc.qq.com/cgi-bin/common/attr?id=260714&r=0.1290847924663799 HTTP/1.1" 404 320 "-" "Mozilla/5.0 (compatible; MSIE 9.0; Windows NT 6.1; Trident/5.0; 360SE)"
54.153.33.233 - - [16/Dec/2015:18:51:24 +0100] "GET / HTTP/1.1" 200 1229 "-" "Mozilla/5.0 (Windows NT 6.1) AppleWebKit/537.36 (KHTML, like Gecko) Chrome/41.0.2228.0 Safari/537.36"
66.249.64.126 - - [16/Dec/2015:19:16:28 +0100] "GET /robots.txt HTTP/1.1" 404 328 "-" "Mozilla/5.0 (compatible; Googlebot/2.1; +http://www.google.com/bot.html)"
66.249.64.1 - - [16/Dec/2015:19:16:28 +0100] "GET / HTTP/1.1" 200 1229 "-" "Mozilla/5.0 (compatible; Googlebot/2.1; +http://www.google.com/bot.html)"
54.153.33.145 - - [16/Dec/2015:20:29:50 +0100] "GET / HTTP/1.1" 200 1229 "-" "Mozilla/5.0 (Windows NT 6.1) AppleWebKit/537.36 (KHTML, like Gecko) Chrome/41.0.2228.0 Safari/537.36"
115.231.222.14 - - [16/Dec/2015:20:44:01 +0100] "GET http://zc.qq.com/cgi-bin/common/attr?id=260714&r=0.6672857118659270 HTTP/1.1" 404 320 "-" "Mozilla/5.0 (compatible; MSIE 9.0; Windows NT 6.1; Trident/5.0; 360SE)"
115.231.222.14 - - [16/Dec/2015:20:44:01 +0100] "GET http://zc.qq.com/cgi-bin/common/attr?id=260714&r=0.0628257908438750 HTTP/1.1" 404 320 "-" "Mozilla/5.0 (compatible; MSIE 9.0; Windows NT 6.1; Trident/5.0; 360SE)"
36.225.254.187 - - [16/Dec/2015:20:47:31 +0100] "CONNECT vip163mx00.mxmail.netease.com:25 HTTP/1.0" 405 358 "-" "-"
185.35.62.11 - - [16/Dec/2015:21:05:50 +0100] "GET / HTTP/1.1" 200 1229 "-" "Mozilla/5.0 zgrab/0.x"
54.153.33.152 - - [16/Dec/2015:21:15:24 +0100] "GET / HTTP/1.1" 200 1229 "-" "Mozilla/5.0 (Windows NT 6.1) AppleWebKit/537.36 (KHTML, like Gecko) Chrome/41.0.2228.0 Safari/537.36"
185.35.62.11 - - [16/Dec/2015:21:15:33 +0100] "GET / HTTP/1.1" 200 1229 "-" "Mozilla/5.0 zgrab/0.x"
94.102.48.195 - - [16/Dec/2015:21:24:31 +0100] "GET / HTTP/1.0" 200 1229 "-" "masscan/1.0 (https://github.com/robertdavidgraham/masscan)"
94.102.48.195 - - [16/Dec/2015:21:27:40 +0100] "GET / HTTP/1.0" 200 1229 "-" "masscan/1.0 (https://github.com/robertdavidgraham/masscan)"
46.4.87.105 - - [16/Dec/2015:21:34:51 +0100] "GET /robots.txt HTTP/1.0" 404 328 "-" "Mozilla/5.0 (compatible; MJ12bot/v1.4.5; http://www.majestic12.co.uk/bot.php?+)"
46.4.87.105 - - [16/Dec/2015:21:34:55 +0100] "GET /lexikon.php?cs_go=2&cs_char=b HTTP/1.0" 404 329 "-" "Mozilla/5.0 (compatible; MJ12bot/v1.4.5; http://www.majestic12.co.uk/bot.php?+)"
46.4.87.105 - - [16/Dec/2015:21:34:58 +0100] "GET /lexikon.php?cs_go=2&cs_char=c HTTP/1.0" 404 329 "-" "Mozilla/5.0 (compatible; MJ12bot/v1.4.5; http://www.majestic12.co.uk/bot.php?+)"
94.102.48.195 - - [16/Dec/2015:21:46:33 +0100] "GET / HTTP/1.0" 200 1229 "-" "masscan/1.0 (https://github.com/robertdavidgraham/masscan)"
185.35.62.11 - - [16/Dec/2015:21:53:28 +0100] "GET / HTTP/1.1" 200 1229 "-" "Mozilla/5.0 zgrab/0.x"
185.35.62.11 - - [16/Dec/2015:21:56:56 +0100] "GET / HTTP/1.1" 200 1229 "-" "Mozilla/5.0 zgrab/0.x"
185.35.62.11 - - [16/Dec/2015:21:58:39 +0100] "GET / HTTP/1.1" 200 1229 "-" "Mozilla/5.0 zgrab/0.x"
185.35.62.11 - - [16/Dec/2015:22:04:53 +0100] "GET / HTTP/1.1" 200 1229 "-" "Mozilla/5.0 zgrab/0.x"
185.35.62.11 - - [16/Dec/2015:22:12:23 +0100] "GET / HTTP/1.1" 200 1229 "-" "Mozilla/5.0 zgrab/0.x"
128.232.110.29 - - [16/Dec/2015:22:17:10 +0100] "GET / HTTP/1.1" 200 1229 "-" "Mozilla/5.0 zgrab/0.x"
185.35.62.11 - - [16/Dec/2015:22:21:22 +0100] "GET / HTTP/1.1" 200 1229 "-" "Mozilla/5.0 zgrab/0.x"
185.35.62.11 - - [16/Dec/2015:22:30:22 +0100] "GET / HTTP/1.1" 200 1229 "-" "Mozilla/5.0 zgrab/0.x"
185.35.62.11 - - [16/Dec/2015:22:49:10 +0100] "GET / HTTP/1.1" 200 1229 "-" "Mozilla/5.0 zgrab/0.x"
198.20.69.74 - - [16/Dec/2015:23:36:50 +0100] "GET / HTTP/1.1" 200 1229 "-" "-"
198.20.69.74 - - [16/Dec/2015:23:36:50 +0100] "GET /robots.txt HTTP/1.1" 404 315 "-" "-"
198.20.69.74 - - [16/Dec/2015:23:36:50 +0100] "GET /sitemap.xml HTTP/1.1" 404 316 "-" "-"
195.154.200.93 - - [17/Dec/2015:00:32:25 +0100] "GET /robots.txt HTTP/1.0" 404 317 "-" "Mozilla/5.0 (compatible; MJ12bot/v1.4.5; http://www.majestic12.co.uk/bot.php?+)"
195.154.200.93 - - [17/Dec/2015:00:32:29 +0100] "GET /kontakt.php HTTP/1.0" 404 318 "-" "Mozilla/5.0 (compatible; MJ12bot/v1.4.5; http://www.majestic12.co.uk/bot.php?+)"
158.69.209.176 - - [17/Dec/2015:00:36:10 +0100] "GET / HTTP/1.1" 200 1229 "-" "Mozilla/5.0 (Windows NT 6.2; WOW64; Trident/7.0; rv:11.0) like Gecko"
62.210.152.89 - - [17/Dec/2015:00:38:22 +0100] "GET /robots.txt HTTP/1.0" 404 327 "-" "Mozilla/5.0 (compatible; MJ12bot/v1.4.5; http://www.majestic12.co.uk/bot.php?+)"
62.210.152.89 - - [17/Dec/2015:00:38:23 +0100] "GET /news.php?cs_go=archiv&cs_id=4721 HTTP/1.0" 404 325 "-" "Mozilla/5.0 (compatible; MJ12bot/v1.4.5; http://www.majestic12.co.uk/bot.php?+)"
62.210.152.89 - - [17/Dec/2015:00:38:25 +0100] "GET /news.php?cs_go=archiv&cs_id=4811&cs_search= HTTP/1.0" 404 325 "-" "Mozilla/5.0 (compatible; MJ12bot/v1.4.5; http://www.majestic12.co.uk/bot.php?+)"
62.210.152.89 - - [17/Dec/2015:00:38:26 +0100] "GET /news.php?cs_go=archiv&cs_id=4821&cs_search= HTTP/1.0" 404 325 "-" "Mozilla/5.0 (compatible; MJ12bot/v1.4.5; http://www.majestic12.co.uk/bot.php?+)"
62.210.152.89 - - [17/Dec/2015:00:38:28 +0100] "GET /news.php?cs_go=archiv&cs_id=4855 HTTP/1.0" 404 325 "-" "Mozilla/5.0 (compatible; MJ12bot/v1.4.5; http://www.majestic12.co.uk/bot.php?+)"
115.231.222.14 - - [17/Dec/2015:01:21:31 +0100] "GET http://zc.qq.com/cgi-bin/common/attr?id=260714&r=0.1347555702612243 HTTP/1.1" 404 320 "-" "Mozilla/5.0 (compatible; MSIE 9.0; Windows NT 6.1; Trident/5.0; 360SE)"
115.231.222.14 - - [17/Dec/2015:01:21:39 +0100] "GET http://zc.qq.com/cgi-bin/common/attr?id=260714&r=0.1634133059602510 HTTP/1.1" 404 320 "-" "Mozilla/5.0 (compatible; MSIE 9.0; Windows NT 6.1; Trident/5.0; 360SE)"
111.248.96.48 - - [17/Dec/2015:01:39:41 +0100] "CONNECT vip163mx00.mxmail.netease.com:25 HTTP/1.0" 405 358 "-" "-"
195.154.200.68 - - [17/Dec/2015:01:44:56 +0100] "GET /robots.txt HTTP/1.0" 404 317 "-" "Mozilla/5.0 (compatible; MJ12bot/v1.4.5; http://www.majestic12.co.uk/bot.php?+)"
195.154.200.68 - - [17/Dec/2015:01:44:58 +0100] "GET /ansprechpartner.php HTTP/1.1" 404 326 "-" "Mozilla/5.0 (compatible; MJ12bot/v1.4.5; http://www.majestic12.co.uk/bot.php?+)"
195.154.200.68 - - [17/Dec/2015:01:45:00 +0100] "GET /foerdermittel.php HTTP/1.1" 404 324 "-" "Mozilla/5.0 (compatible; MJ12bot/v1.4.5; http://www.majestic12.co.uk/bot.php?+)"
195.154.200.68 - - [17/Dec/2015:01:45:02 +0100] "GET /heizoel.php HTTP/1.1" 404 318 "-" "Mozilla/5.0 (compatible; MJ12bot/v1.4.5; http://www.majestic12.co.uk/bot.php?+)"
195.154.200.68 - - [17/Dec/2015:01:45:04 +0100] "GET /impressum.php HTTP/1.1" 404 320 "-" "Mozilla/5.0 (compatible; MJ12bot/v1.4.5; http://www.majestic12.co.uk/bot.php?+)"
83.236.131.219 - - [17/Dec/2015:01:55:32 +0100] "GET / HTTP/1.1" 200 1229 "-" "WhatWeb/0.4.8-dev"
209.0.146.172 - - [17/Dec/2015:02:17:51 +0100] "GET / HTTP/1.1" 200 1229 "-" "Mozilla/4.0 (compatible; MSIE 7.0; Windows NT 5.2)"
128.232.110.29 - - [17/Dec/2015:02:35:29 +0100] "GET / HTTP/1.1" 200 1229 "-" "Mozilla/5.0 zgrab/0.x"
128.232.110.29 - - [17/Dec/2015:03:10:43 +0100] "GET / HTTP/1.1" 200 1229 "-" "Mozilla/5.0 zgrab/0.x"
64.246.165.210 - - [17/Dec/2015:03:19:14 +0100] "GET /robots.txt HTTP/1.0" 404 328 "-" "Mozilla/5.0 (Windows; U; Windows NT 5.1; en; rv:1.9.0.13) Gecko/2009073022 Firefox/3.5.2 (.NET CLR 3.5.30729) SurveyBot/2.3 (DomainTools)"
64.246.165.210 - - [17/Dec/2015:03:19:15 +0100] "GET / HTTP/1.1" 200 1229 "http://whois.domaintools.com/aufzugs-hebetechnik.de" "Mozilla/5.0 (Windows; U; Windows NT 5.1; en; rv:1.9.0.13) Gecko/2009073022 Firefox/3.5.2 (.NET CLR 3.5.30729) SurveyBot/2.3 (DomainTools)"
115.231.222.14 - - [17/Dec/2015:03:40:36 +0100] "GET http://zc.qq.com/cgi-bin/common/attr?id=260714&r=0.2029365144429364 HTTP/1.1" 404 320 "-" "Mozilla/5.0 (compatible; MSIE 9.0; Windows NT 6.1; Trident/5.0; 360SE)"
128.232.110.29 - - [17/Dec/2015:04:07:41 +0100] "GET / HTTP/1.1" 200 1229 "-" "Mozilla/5.0 zgrab/0.x"
141.212.121.176 - - [17/Dec/2015:04:11:02 +0100] "GET / HTTP/1.1" 200 1229 "-" "Mozilla/5.0 zgrab/0.x"
78.46.50.246 - - [17/Dec/2015:04:12:53 +0100] "GET /robots.txt HTTP/1.0" 404 317 "-" "Mozilla/5.0 (compatible; MJ12bot/v1.4.5; http://www.majestic12.co.uk/bot.php?+)"
78.46.50.246 - - [17/Dec/2015:04:12:55 +0100] "GET /edl.php HTTP/1.0" 404 314 "-" "Mozilla/5.0 (compatible; MJ12bot/v1.4.5; http://www.majestic12.co.uk/bot.php?+)"
78.46.50.246 - - [17/Dec/2015:04:12:56 +0100] "GET /faq.php HTTP/1.0" 404 314 "-" "Mozilla/5.0 (compatible; MJ12bot/v1.4.5; http://www.majestic12.co.uk/bot.php?+)"
171.13.14.11 - - [17/Dec/2015:04:33:48 +0100] "GET / HTTP/1.1" 200 1229 "-" "curl/7.19.7 (x86_64-unknown-linux-gnu) libcurl/7.19.7 NSS/3.12.7.0 zlib/1.2.3 libidn/1.18 libssh2/1.2.2"
95.91.65.245 - - [17/Dec/2015:04:34:33 +0100] "GET /robots.txt HTTP/1.0" 404 328 "-" "Mozilla/5.0 (compatible; MJ12bot/v1.4.5; http://www.majestic12.co.uk/bot.php?+)"
95.91.65.245 - - [17/Dec/2015:04:34:36 +0100] "GET /lexikon.php?cs_go=2&cs_char=b HTTP/1.1" 404 329 "-" "Mozilla/5.0 (compatible; MJ12bot/v1.4.5; http://www.majestic12.co.uk/bot.php?+)"
95.91.65.245 - - [17/Dec/2015:04:34:38 +0100] "GET /lexikon.php?cs_go=2&cs_char=c HTTP/1.1" 404 329 "-" "Mozilla/5.0 (compatible; MJ12bot/v1.4.5; http://www.majestic12.co.uk/bot.php?+)"
78.46.50.246 - - [17/Dec/2015:05:19:59 +0100] "GET /robots.txt HTTP/1.0" 404 327 "-" "Mozilla/5.0 (compatible; MJ12bot/v1.4.5; http://www.majestic12.co.uk/bot.php?+)"
78.46.50.246 - - [17/Dec/2015:05:20:01 +0100] "GET /news.php?cs_go=archiv&cs_id=4514&cs_search= HTTP/1.0" 404 325 "-" "Mozilla/5.0 (compatible; MJ12bot/v1.4.5; http://www.majestic12.co.uk/bot.php?+)"
78.46.50.246 - - [17/Dec/2015:05:20:02 +0100] "GET /news.php?cs_go=archiv&cs_id=4612 HTTP/1.0" 404 325 "-" "Mozilla/5.0 (compatible; MJ12bot/v1.4.5; http://www.majestic12.co.uk/bot.php?+)"
78.46.50.246 - - [17/Dec/2015:05:20:03 +0100] "GET /news.php?cs_go=archiv&cs_id=4613 HTTP/1.0" 404 325 "-" "Mozilla/5.0 (compatible; MJ12bot/v1.4.5; http://www.majestic12.co.uk/bot.php?+)"
78.46.50.246 - - [17/Dec/2015:05:20:05 +0100] "GET /news.php?cs_go=archiv&cs_id=4614 HTTP/1.0" 404 325 "-" "Mozilla/5.0 (compatible; MJ12bot/v1.4.5; http://www.majestic12.co.uk/bot.php?+)"
208.115.111.74 - - [17/Dec/2015:05:23:33 +0100] "GET /robots.txt HTTP/1.1" 404 327 "-" "Mozilla/5.0 (compatible; DotBot/1.1; http://www.opensiteexplorer.org/dotbot, help@moz.com)"
115.231.222.14 - - [17/Dec/2015:05:59:05 +0100] "GET http://zc.qq.com/cgi-bin/common/attr?id=260714&r=0.1464191093919990 HTTP/1.1" 404 320 "-" "Mozilla/5.0 (compatible; MSIE 9.0; Windows NT 6.1; Trident/5.0; 360SE)"
61.216.2.13 - - [17/Dec/2015:06:08:45 +0100] "GET / HTTP/1.1" 400 329 "-" "Mozilla/5.0 (Windows NT 6.3; WOW64) AppleWebKit/537.36 (KHTML, like Gecko) Chrome/45.0.2454.101 Safari/537.36"
61.216.2.13 - - [17/Dec/2015:06:09:48 +0100] "GET / HTTP/1.1" 400 329 "-" "Mozilla/5.0 (Windows NT 6.3; WOW64) AppleWebKit/537.36 (KHTML, like Gecko) Chrome/45.0.2454.101 Safari/537.36"
61.216.2.13 - - [17/Dec/2015:06:10:05 +0100] "GET / HTTP/1.1" 400 329 "-" "Mozilla/5.0 (Windows NT 6.3; WOW64) AppleWebKit/537.36 (KHTML, like Gecko) Chrome/45.0.2454.101 Safari/537.36"
61.216.2.13 - - [17/Dec/2015:06:10:17 +0100] "GET / HTTP/1.1" 400 329 "-" "Mozilla/5.0 (Windows NT 6.3; WOW64) AppleWebKit/537.36 (KHTML, like Gecko) Chrome/45.0.2454.101 Safari/537.36"
141.212.121.176 - - [17/Dec/2015:06:15:55 +0100] "GET / HTTP/1.1" 200 1229 "-" "Mozilla/5.0 zgrab/0.x"
141.212.121.176 - - [17/Dec/2015:06:16:45 +0100] "GET / HTTP/1.1" 200 1229 "-" "Mozilla/5.0 zgrab/0.x"
111.248.63.180 - - [17/Dec/2015:06:20:11 +0100] "CONNECT 163mx03.mxmail.netease.com:25 HTTP/1.0" 405 355 "-" "-"
199.58.86.211 - - [17/Dec/2015:06:26:24 +0100] "GET /robots.txt HTTP/1.0" 404 327 "-" "Mozilla/5.0 (compatible; MJ12bot/v1.4.5; http://www.majestic12.co.uk/bot.php?+)"
199.58.86.211 - - [17/Dec/2015:06:26:26 +0100] "GET /news.php?cs_go=archiv&cs_id=4727 HTTP/1.0" 404 325 "-" "Mozilla/5.0 (compatible; MJ12bot/v1.4.5; http://www.majestic12.co.uk/bot.php?+)"
199.58.86.211 - - [17/Dec/2015:06:26:28 +0100] "GET /news.php?cs_go=archiv&cs_id=4887 HTTP/1.0" 404 325 "-" "Mozilla/5.0 (compatible; MJ12bot/v1.4.5; http://www.majestic12.co.uk/bot.php?+)"
199.58.86.211 - - [17/Dec/2015:06:26:29 +0100] "GET /news.php?cs_go=archiv&cs_id=4892 HTTP/1.0" 404 325 "-" "Mozilla/5.0 (compatible; MJ12bot/v1.4.5; http://www.majestic12.co.uk/bot.php?+)"
199.58.86.211 - - [17/Dec/2015:06:26:31 +0100] "GET /news.php?cs_go=archiv&cs_id=4893 HTTP/1.0" 404 325 "-" "Mozilla/5.0 (compatible; MJ12bot/v1.4.5; http://www.majestic12.co.uk/bot.php?+)"
208.115.111.74 - - [17/Dec/2015:07:00:48 +0100] "GET /diesel.php HTTP/1.1" 404 327 "-" "Mozilla/5.0 (compatible; DotBot/1.1; http://www.opensiteexplorer.org/dotbot, help@moz.com)"
185.25.151.159 - - [17/Dec/2015:07:11:21 +0100] "GET http://testp5.mielno.lubin.pl/testproxy.php HTTP/1.1" 404 327 "-" "Mozilla/5.0 (Windows NT 5.1; rv:32.0) Gecko/20100101 Firefox/31.0"
185.25.148.240 - - [17/Dec/2015:07:32:49 +0100] "GET http://testp4.pospr.waw.pl/testproxy.php HTTP/1.1" 404 324 "-" "Mozilla/5.0 (Windows NT 5.1; rv:32.0) Gecko/20100101 Firefox/31.0"
185.25.148.240 - - [17/Dec/2015:07:33:03 +0100] "GET http://testp5.mielno.lubin.pl/testproxy.php HTTP/1.1" 404 327 "-" "Mozilla/5.0 (Windows NT 5.1; rv:32.0) Gecko/20100101 Firefox/31.0"
185.25.148.240 - - [17/Dec/2015:07:33:06 +0100] "GET http://testp2.czar.bielawa.pl/testproxy.php HTTP/1.1" 404 327 "-" "Mozilla/5.0 (Windows NT 5.1; rv:32.0) Gecko/20100101 Firefox/31.0"
64.246.161.30 - - [17/Dec/2015:07:34:17 +0100] "GET /robots.txt HTTP/1.0" 404 332 "-" "Mozilla/5.0 (Windows; U; Windows NT 5.1; en; rv:1.9.0.13) Gecko/2009073022 Firefox/3.5.2 (.NET CLR 3.5.30729) SurveyBot/2.3 (DomainTools)"
64.246.161.30 - - [17/Dec/2015:07:34:17 +0100] "GET / HTTP/1.1" 200 1229 "http://whois.domaintools.com/bauaufzuege-hebetechnik.de" "Mozilla/5.0 (Windows; U; Windows NT 5.1; en; rv:1.9.0.13) Gecko/2009073022 Firefox/3.5.2 (.NET CLR 3.5.30729) SurveyBot/2.3 (DomainTools)"
185.25.148.240 - - [17/Dec/2015:07:36:11 +0100] "GET http://testp2.czar.bielawa.pl/testproxy.php HTTP/1.1" 404 327 "-" "Mozilla/5.0 (Windows NT 5.1; rv:32.0) Gecko/20100101 Firefox/31.0"
5.9.94.207 - - [17/Dec/2015:07:49:10 +0100] "GET /news.php?cs_go=archiv&cs_id=4470&cs_search= HTTP/1.1" 404 315 "-" "Mozilla/5.0 (Macintosh; Intel Mac OS X 10_5_8) AppleWebKit/534.50.2 (KHTML, like Gecko) Version/5.0.6 Safari/533.22.3"
36.229.232.145 - - [17/Dec/2015:07:58:50 +0100] "CONNECT vip163mx01.mxmail.netease.com:25 HTTP/1.0" 405 358 "-" "-"
115.231.222.14 - - [17/Dec/2015:08:18:01 +0100] "GET http://zc.qq.com/cgi-bin/common/attr?id=260714&r=0.8966896716680543 HTTP/1.1" 404 320 "-" "Mozilla/5.0 (compatible; MSIE 9.0; Windows NT 6.1; Trident/5.0; 360SE)"
120.25.206.118 - - [17/Dec/2015:08:58:39 +0100] "GET /phpMyAdmin/scripts/setup.php HTTP/1.1" 404 333 "-" "-"
120.25.206.118 - - [17/Dec/2015:08:58:49 +0100] "GET /pma/scripts/setup.php HTTP/1.1" 404 326 "-" "-"
120.25.206.118 - - [17/Dec/2015:08:58:59 +0100] "GET /myadmin/scripts/setup.php HTTP/1.1" 404 330 "-" "-"
208.115.111.74 - - [17/Dec/2015:09:14:48 +0100] "GET /robots.txt HTTP/1.1" 404 327 "-" "Mozilla/5.0 (compatible; DotBot/1.1; http://www.opensiteexplorer.org/dotbot, help@moz.com)"
37.221.197.86 - - [17/Dec/2015:09:22:51 +0100] "GET / HTTP/1.1" 200 1229 "-" "WhatWeb/0.4.7"
91.196.50.33 - - [17/Dec/2015:09:33:12 +0100] "GET http://testp4.pospr.waw.pl/testproxy.php HTTP/1.1" 404 324 "-" "Mozilla/5.0 (Windows NT 5.1; rv:32.0) Gecko/20100101 Firefox/31.0"
91.196.50.33 - - [17/Dec/2015:09:37:02 +0100] "GET http://testp4.pospr.waw.pl/testproxy.php HTTP/1.1" 404 324 "-" "Mozilla/5.0 (Windows NT 5.1; rv:32.0) Gecko/20100101 Firefox/31.0"
91.196.50.33 - - [17/Dec/2015:09:39:28 +0100] "GET http://testp3.pospr.waw.pl/testproxy.php HTTP/1.1" 404 324 "-" "Mozilla/5.0 (Windows NT 5.1; rv:32.0) Gecko/20100101 Firefox/31.0"
91.196.50.33 - - [17/Dec/2015:09:39:33 +0100] "GET http://testp3.pospr.waw.pl/testproxy.php HTTP/1.1" 404 324 "-" "Mozilla/5.0 (Windows NT 5.1; rv:32.0) Gecko/20100101 Firefox/31.0"
91.196.50.33 - - [17/Dec/2015:09:42:04 +0100] "GET http://testp2.czar.bielawa.pl/testproxy.php HTTP/1.1" 404 327 "-" "Mozilla/5.0 (Windows NT 5.1; rv:32.0) Gecko/20100101 Firefox/31.0"
93.63.195.10 - - [17/Dec/2015:09:42:31 +0100] "GET /robots.txt HTTP/1.0" 404 328 "-" "Mozilla/5.0 (compatible; MJ12bot/v1.4.5; http://www.majestic12.co.uk/bot.php?+)"
93.63.195.10 - - [17/Dec/2015:09:42:33 +0100] "GET /heizoel.php HTTP/1.0" 404 329 "-" "Mozilla/5.0 (compatible; MJ12bot/v1.4.5; http://www.majestic12.co.uk/bot.php?+)"
141.212.122.112 - - [17/Dec/2015:10:29:40 +0100] "CONNECT proxytest.zmap.io:80 HTTP/1.1" 405 346 "-" "Mozilla/5.0 zgrab/0.x"
66.249.64.145 - - [17/Dec/2015:10:30:59 +0100] "GET /robots.txt HTTP/1.1" 404 317 "-" "Mozilla/5.0 (compatible; Googlebot/2.1; +http://www.google.com/bot.html)"
66.249.64.145 - - [17/Dec/2015:10:31:00 +0100] "GET /essocard.php HTTP/1.1" 404 319 "-" "Mozilla/5.0 (compatible; Googlebot/2.1; +http://www.google.com/bot.html)"
141.212.122.112 - - [17/Dec/2015:10:36:36 +0100] "CONNECT proxytest.zmap.io:80 HTTP/1.1" 405 346 "-" "Mozilla/5.0 zgrab/0.x"
61.228.89.179 - - [17/Dec/2015:10:51:50 +0100] "CONNECT vip163mx01.mxmail.netease.com:25 HTTP/1.0" 405 358 "-" "-"
208.115.111.74 - - [17/Dec/2015:10:58:56 +0100] "GET /waermekonto.php HTTP/1.1" 404 332 "-" "Mozilla/5.0 (compatible; DotBot/1.1; http://www.opensiteexplorer.org/dotbot, help@moz.com)"
141.212.122.112 - - [17/Dec/2015:11:40:52 +0100] "CONNECT proxytest.zmap.io:80 HTTP/1.1" 405 346 "-" "Mozilla/5.0 zgrab/0.x"
208.52.161.177 - - [17/Dec/2015:12:07:03 +0100] "GET /phpmyadmin2/scripts/setup.php HTTP/1.0" 404 330 "-" "-"
208.52.161.177 - - [17/Dec/2015:12:07:10 +0100] "GET /phpmyadmin2/scripts/setup.php HTTP/1.0" 404 330 "-" "-"
208.52.161.177 - - [17/Dec/2015:12:07:16 +0100] "GET /phpmyadmin2/scripts/setup.php HTTP/1.0" 404 330 "-" "-"
208.52.161.177 - - [17/Dec/2015:12:07:24 +0100] "GET /phpmyadmin2/scripts/setup.php HTTP/1.0" 404 330 "-" "-"
208.52.161.177 - - [17/Dec/2015:12:07:27 +0100] "GET /phpmyadmin2/scripts/setup.php HTTP/1.0" 404 330 "-" "-"
208.52.161.177 - - [17/Dec/2015:12:07:32 +0100] "GET /phpmyadmin2/scripts/setup.php HTTP/1.0" 404 330 "-" "-"
208.52.161.177 - - [17/Dec/2015:12:07:41 +0100] "GET /phpmyadmin2/scripts/setup.php HTTP/1.0" 404 330 "-" "-"
208.52.161.177 - - [17/Dec/2015:12:07:47 +0100] "GET /phpmyadmin2/scripts/setup.php HTTP/1.0" 404 330 "-" "-"
208.52.161.177 - - [17/Dec/2015:12:08:08 +0100] "GET /phpmyadmin2/scripts/setup.php HTTP/1.0" 404 330 "-" "-"
208.52.161.177 - - [17/Dec/2015:12:10:37 +0100] "GET /phpmyadmin2/scripts/setup.php HTTP/1.0" 404 330 "-" "-"
87.145.214.225 - - [17/Dec/2015:12:56:24 +0100] "GET / HTTP/1.1" 200 1229 "http://www.bigfinder.de/?c=ws&q=start&v=1" "T-Online Browser"
115.231.222.14 - - [17/Dec/2015:12:56:26 +0100] "GET http://zc.qq.com/cgi-bin/common/attr?id=260714&r=0.5013370016686734 HTTP/1.1" 404 320 "-" "Mozilla/5.0 (compatible; MSIE 9.0; Windows NT 6.1; Trident/5.0; 360SE)"
115.231.222.14 - - [17/Dec/2015:12:56:29 +0100] "GET http://zc.qq.com/cgi-bin/common/attr?id=260714&r=0.8689391158519988 HTTP/1.1" 404 320 "-" "Mozilla/5.0 (compatible; MSIE 9.0; Windows NT 6.1; Trident/5.0; 360SE)"
141.212.121.176 - - [17/Dec/2015:13:01:50 +0100] "GET / HTTP/1.1" 200 1229 "-" "Mozilla/5.0 zgrab/0.x"
36.229.246.183 - - [17/Dec/2015:13:10:56 +0100] "CONNECT 163mx02.mxmail.netease.com:25 HTTP/1.0" 405 355 "-" "-"
64.246.165.150 - - [17/Dec/2015:13:19:16 +0100] "GET /robots.txt HTTP/1.0" 404 315 "-" "Mozilla/5.0 (Windows; U; Windows NT 5.1; en; rv:1.9.0.13) Gecko/2009073022 Firefox/3.5.2 (.NET CLR 3.5.30729) SurveyBot/2.3 (DomainTools)"
64.246.165.150 - - [17/Dec/2015:13:19:16 +0100] "GET / HTTP/1.1" 200 1229 "http://whois.domaintools.com/bmt-it.de" "Mozilla/5.0 (Windows; U; Windows NT 5.1; en; rv:1.9.0.13) Gecko/2009073022 Firefox/3.5.2 (.NET CLR 3.5.30729) SurveyBot/2.3 (DomainTools)"
195.154.200.68 - - [17/Dec/2015:13:21:41 +0100] "GET /robots.txt HTTP/1.0" 404 328 "-" "Mozilla/5.0 (compatible; MJ12bot/v1.4.5; http://www.majestic12.co.uk/bot.php?+)"
195.154.200.68 - - [17/Dec/2015:13:21:42 +0100] "GET / HTTP/1.1" 200 1229 "-" "Mozilla/5.0 (compatible; MJ12bot/v1.4.5; http://www.majestic12.co.uk/bot.php?+)"
62.210.246.137 - - [17/Dec/2015:13:38:31 +0100] "GET /robots.txt HTTP/1.0" 404 327 "-" "Mozilla/5.0 (compatible; MJ12bot/v1.4.5; http://www.majestic12.co.uk/bot.php?+)"
62.210.246.137 - - [17/Dec/2015:13:38:33 +0100] "GET /news.php?cs_go=archiv&cs_id=4836&cs_search= HTTP/1.1" 404 325 "-" "Mozilla/5.0 (compatible; MJ12bot/v1.4.5; http://www.majestic12.co.uk/bot.php?+)"
64.246.165.50 - - [17/Dec/2015:14:01:59 +0100] "GET /robots.txt HTTP/1.0" 404 322 "-" "Mozilla/5.0 (Windows; U; Windows NT 5.1; en; rv:1.9.0.13) Gecko/2009073022 Firefox/3.5.2 (.NET CLR 3.5.30729) SurveyBot/2.3 (DomainTools)"
64.246.165.50 - - [17/Dec/2015:14:01:59 +0100] "GET / HTTP/1.1" 200 1229 "http://whois.domaintools.com/boedenundmehr.de" "Mozilla/5.0 (Windows; U; Windows NT 5.1; en; rv:1.9.0.13) Gecko/2009073022 Firefox/3.5.2 (.NET CLR 3.5.30729) SurveyBot/2.3 (DomainTools)"
141.212.122.112 - - [17/Dec/2015:14:30:42 +0100] "CONNECT proxytest.zmap.io:80 HTTP/1.1" 405 346 "-" "Mozilla/5.0 zgrab/0.x"
54.153.33.145 - - [17/Dec/2015:14:44:13 +0100] "GET / HTTP/1.1" 200 1229 "-" "Mozilla/5.0 (Windows NT 6.1) AppleWebKit/537.36 (KHTML, like Gecko) Chrome/41.0.2228.0 Safari/537.36"
54.153.32.246 - - [17/Dec/2015:15:11:00 +0100] "GET / HTTP/1.1" 200 1229 "-" "Mozilla/5.0 (Windows NT 6.1) AppleWebKit/537.36 (KHTML, like Gecko) Chrome/41.0.2228.0 Safari/537.36"
115.231.222.14 - - [17/Dec/2015:15:15:16 +0100] "GET http://zc.qq.com/cgi-bin/common/attr?id=260714&r=0.9449083294627349 HTTP/1.1" 404 320 "-" "Mozilla/5.0 (compatible; MSIE 9.0; Windows NT 6.1; Trident/5.0; 360SE)"
36.230.254.151 - - [17/Dec/2015:15:15:40 +0100] "CONNECT 163mx02.mxmail.netease.com:25 HTTP/1.0" 405 355 "-" "-"
141.212.121.176 - - [17/Dec/2015:15:23:10 +0100] "GET / HTTP/1.1" 200 1229 "-" "Mozilla/5.0 zgrab/0.x"
188.165.15.148 - - [17/Dec/2015:15:58:22 +0100] "GET /robots.txt HTTP/1.1" 404 328 "-" "Mozilla/5.0 (compatible; AhrefsBot/5.0; +http://ahrefs.com/robot/)"
54.153.33.233 - - [17/Dec/2015:16:15:00 +0100] "GET / HTTP/1.1" 200 1229 "-" "Mozilla/5.0 (Windows NT 6.1) AppleWebKit/537.36 (KHTML, like Gecko) Chrome/41.0.2228.0 Safari/537.36"
141.212.122.112 - - [17/Dec/2015:16:19:53 +0100] "CONNECT proxytest.zmap.io:80 HTTP/1.1" 405 346 "-" "Mozilla/5.0 zgrab/0.x"
54.153.33.152 - - [17/Dec/2015:16:27:09 +0100] "GET / HTTP/1.1" 200 1229 "-" "Mozilla/5.0 (Windows NT 6.1) AppleWebKit/537.36 (KHTML, like Gecko) Chrome/41.0.2228.0 Safari/537.36"
188.40.95.70 - - [17/Dec/2015:16:56:57 +0100] "GET /robots.txt HTTP/1.0" 404 328 "-" "Mozilla/5.0 (compatible; MJ12bot/v1.4.5; http://www.majestic12.co.uk/bot.php?+)"
188.40.95.70 - - [17/Dec/2015:16:56:58 +0100] "GET /ansprechpartner.php HTTP/1.0" 404 337 "-" "Mozilla/5.0 (compatible; MJ12bot/v1.4.5; http://www.majestic12.co.uk/bot.php?+)"
188.40.95.70 - - [17/Dec/2015:16:56:59 +0100] "GET /baustellenbetankung.php HTTP/1.0" 404 341 "-" "Mozilla/5.0 (compatible; MJ12bot/v1.4.5; http://www.majestic12.co.uk/bot.php?+)"
188.40.95.70 - - [17/Dec/2015:16:57:01 +0100] "GET /biogasanlage.php HTTP/1.0" 404 334 "-" "Mozilla/5.0 (compatible; MJ12bot/v1.4.5; http://www.majestic12.co.uk/bot.php?+)"
188.40.95.70 - - [17/Dec/2015:16:57:02 +0100] "GET /brennwerttechnik.php HTTP/1.0" 404 338 "-" "Mozilla/5.0 (compatible; MJ12bot/v1.4.5; http://www.majestic12.co.uk/bot.php?+)"
54.153.33.145 - - [17/Dec/2015:17:01:47 +0100] "GET / HTTP/1.1" 200 1229 "-" "Mozilla/5.0 (Windows NT 6.1) AppleWebKit/537.36 (KHTML, like Gecko) Chrome/41.0.2228.0 Safari/537.36"
54.153.32.246 - - [17/Dec/2015:17:25:51 +0100] "GET / HTTP/1.1" 200 1229 "-" "Mozilla/5.0 (Windows NT 6.1) AppleWebKit/537.36 (KHTML, like Gecko) Chrome/41.0.2228.0 Safari/537.36"
115.231.222.14 - - [17/Dec/2015:17:33:40 +0100] "GET http://zc.qq.com/cgi-bin/common/attr?id=260714&r=0.6673834884027845 HTTP/1.1" 404 320 "-" "Mozilla/5.0 (compatible; MSIE 9.0; Windows NT 6.1; Trident/5.0; 360SE)"
54.153.33.233 - - [17/Dec/2015:17:57:46 +0100] "GET / HTTP/1.1" 200 1229 "-" "Mozilla/5.0 (Windows NT 6.1) AppleWebKit/537.36 (KHTML, like Gecko) Chrome/41.0.2228.0 Safari/537.36"
40.77.167.32 - - [17/Dec/2015:18:01:30 +0100] "GET /robots.txt HTTP/1.1" 404 328 "-" "Mozilla/5.0 (compatible; bingbot/2.0; +http://www.bing.com/bingbot.htm)"
40.77.167.32 - - [17/Dec/2015:18:01:37 +0100] "GET /optiplusheizoel.php HTTP/1.1" 404 337 "-" "Mozilla/5.0 (compatible; bingbot/2.0; +http://www.bing.com/bingbot.htm)"
