115.231.222.14 - - [04/Dec/2015:03:46:34 +0100] "GET http://zc.qq.com/cgi-bin/common/attr?id=260714&r=0.7138875203873936 HTTP/1.1" 404 320 "-" "Mozilla/5.0 (compatible; MSIE 9.0; Windows NT 6.1; Trident/5.0; 360SE)"
216.145.5.42 - - [04/Dec/2015:04:11:27 +0100] "GET /robots.txt HTTP/1.0" 404 319 "-" "Mozilla/5.0 (Windows; U; Windows NT 5.1; en; rv:1.9.0.13) Gecko/2009073022 Firefox/3.5.2 (.NET CLR 3.5.30729) SurveyBot/2.3 (DomainTools)"
216.145.5.42 - - [04/Dec/2015:04:11:27 +0100] "GET / HTTP/1.1" 200 1229 "http://whois.domaintools.com/essodiesel.de" "Mozilla/5.0 (Windows; U; Windows NT 5.1; en; rv:1.9.0.13) Gecko/2009073022 Firefox/3.5.2 (.NET CLR 3.5.30729) SurveyBot/2.3 (DomainTools)"
141.212.122.129 - - [04/Dec/2015:04:22:23 +0100] "GET /x HTTP/1.1" 400 329 "-" "Telesphoreo"
54.153.33.152 - - [04/Dec/2015:04:29:38 +0100] "GET / HTTP/1.1" 200 1229 "-" "Mozilla/5.0 (Windows NT 6.1) AppleWebKit/537.36 (KHTML, like Gecko) Chrome/41.0.2228.0 Safari/537.36"
54.153.32.246 - - [04/Dec/2015:04:31:55 +0100] "GET / HTTP/1.1" 200 1229 "-" "Mozilla/5.0 (Windows NT 6.1) AppleWebKit/537.36 (KHTML, like Gecko) Chrome/41.0.2228.0 Safari/537.36"
202.112.51.96 - - [04/Dec/2015:04:33:58 +0100] "GET / HTTP/1.1" 200 1229 "-" "-"
193.111.140.106 - - [04/Dec/2015:04:38:24 +0100] "GET /robots.txt HTTP/1.0" 404 328 "-" "Mozilla/5.0 (compatible; MJ12bot/v1.4.5; http://www.majestic12.co.uk/bot.php?+)"
193.111.140.106 - - [04/Dec/2015:04:38:26 +0100] "GET /ansprechpartner.php HTTP/1.0" 404 337 "-" "Mozilla/5.0 (compatible; MJ12bot/v1.4.5; http://www.majestic12.co.uk/bot.php?+)"
193.111.140.106 - - [04/Dec/2015:04:38:27 +0100] "GET /baustellenbetankung.php HTTP/1.0" 404 341 "-" "Mozilla/5.0 (compatible; MJ12bot/v1.4.5; http://www.majestic12.co.uk/bot.php?+)"
193.111.140.106 - - [04/Dec/2015:04:38:29 +0100] "GET /biogasanlage.php HTTP/1.0" 404 334 "-" "Mozilla/5.0 (compatible; MJ12bot/v1.4.5; http://www.majestic12.co.uk/bot.php?+)"
193.111.140.106 - - [04/Dec/2015:04:38:30 +0100] "GET /brennwerttechnik.php HTTP/1.0" 404 338 "-" "Mozilla/5.0 (compatible; MJ12bot/v1.4.5; http://www.majestic12.co.uk/bot.php?+)"
207.46.13.159 - - [04/Dec/2015:04:49:53 +0100] "GET /robots.txt HTTP/1.1" 404 328 "-" "Mozilla/5.0 (compatible; bingbot/2.0; +http://www.bing.com/bingbot.htm)"
207.46.13.159 - - [04/Dec/2015:04:50:04 +0100] "GET / HTTP/1.1" 200 1229 "-" "Mozilla/5.0 (compatible; bingbot/2.0; +http://www.bing.com/bingbot.htm)"
111.248.98.120 - - [04/Dec/2015:05:21:59 +0100] "CONNECT vip163mx01.mxmail.netease.com:25 HTTP/1.0" 405 358 "-" "-"
54.153.33.145 - - [04/Dec/2015:05:22:37 +0100] "GET / HTTP/1.1" 200 1229 "-" "Mozilla/5.0 (Windows NT 6.1) AppleWebKit/537.36 (KHTML, like Gecko) Chrome/41.0.2228.0 Safari/537.36"
111.248.99.74 - - [04/Dec/2015:05:31:37 +0100] "CONNECT 126mx01.mxmail.netease.com:25 HTTP/1.0" 405 355 "-" "-"
66.249.78.154 - - [04/Dec/2015:05:34:36 +0100] "GET /robots.txt HTTP/1.1" 404 327 "-" "Mozilla/5.0 (compatible; Googlebot/2.1; +http://www.google.com/bot.html)"
66.249.78.161 - - [04/Dec/2015:05:34:36 +0100] "GET /essocard.php HTTP/1.1" 404 329 "-" "Mozilla/5.0 (iPhone; CPU iPhone OS 8_3 like Mac OS X) AppleWebKit/600.1.4 (KHTML, like Gecko) Version/8.0 Mobile/12F70 Safari/600.1.4 (compatible; Googlebot/2.1; +http://www.google.com/bot.html)"
115.231.222.14 - - [04/Dec/2015:06:08:48 +0100] "GET http://zc.qq.com/cgi-bin/common/attr?id=260714&r=0.2421995131264964 HTTP/1.1" 404 320 "-" "Mozilla/5.0 (compatible; MSIE 9.0; Windows NT 6.1; Trident/5.0; 360SE)"
115.231.222.14 - - [04/Dec/2015:06:08:49 +0100] "GET http://zc.qq.com/cgi-bin/common/attr?id=260714&r=0.9070663046063482 HTTP/1.1" 404 320 "-" "Mozilla/5.0 (compatible; MSIE 9.0; Windows NT 6.1; Trident/5.0; 360SE)"
115.231.222.14 - - [04/Dec/2015:06:08:56 +0100] "GET http://zc.qq.com/cgi-bin/common/attr?id=260714&r=0.0291588642975231 HTTP/1.1" 404 320 "-" "Mozilla/5.0 (compatible; MSIE 9.0; Windows NT 6.1; Trident/5.0; 360SE)"
194.153.113.13 - - [04/Dec/2015:06:23:21 +0100] "GET /robots.txt HTTP/1.1" 404 315 "-" "Mozilla/5.0 (compatible; oBot/2.3.1; http://filterdb.iss.net/crawler/)"
194.153.113.13 - - [04/Dec/2015:06:23:21 +0100] "HEAD / HTTP/1.1" 200 - "-" "Mozilla/5.0 (compatible; oBot/2.3.1; http://filterdb.iss.net/crawler/)"
111.248.102.154 - - [04/Dec/2015:07:51:09 +0100] "CONNECT 163mx00.mxmail.netease.com:25 HTTP/1.0" 405 355 "-" "-"
50.87.248.87 - - [04/Dec/2015:08:24:44 +0100] "GET /webdav/ HTTP/1.1" 404 312 "-" "--user-agent=Mozilla/5.0 (X11; Ubuntu; Linux x86_64; rv:39.0) Gecko/20100101 Firefox/39.0"
115.231.222.14 - - [04/Dec/2015:08:32:13 +0100] "GET http://zc.qq.com/cgi-bin/common/attr?id=260714&r=0.2141601192815821 HTTP/1.1" 404 320 "-" "Mozilla/5.0 (compatible; MSIE 9.0; Windows NT 6.1; Trident/5.0; 360SE)"
115.231.222.14 - - [04/Dec/2015:08:32:16 +0100] "GET http://zc.qq.com/cgi-bin/common/attr?id=260714&r=0.5650429661897766 HTTP/1.1" 404 320 "-" "Mozilla/5.0 (compatible; MSIE 9.0; Windows NT 6.1; Trident/5.0; 360SE)"
66.249.78.109 - - [04/Dec/2015:09:08:18 +0100] "GET /robots.txt HTTP/1.1" 404 325 "-" "Mozilla/5.0 (compatible; Googlebot/2.1; +http://www.google.com/bot.html)"
66.249.78.116 - - [04/Dec/2015:09:08:18 +0100] "GET / HTTP/1.1" 200 1229 "-" "Mozilla/5.0 (iPhone; CPU iPhone OS 8_3 like Mac OS X) AppleWebKit/600.1.4 (KHTML, like Gecko) Version/8.0 Mobile/12F70 Safari/600.1.4 (compatible; Googlebot/2.1; +http://www.google.com/bot.html)"
202.112.51.96 - - [04/Dec/2015:09:29:18 +0100] "GET / HTTP/1.1" 200 1229 "-" "-"
66.249.78.194 - - [04/Dec/2015:09:52:43 +0100] "GET /robots.txt HTTP/1.1" 404 334 "-" "Mozilla/5.0 (compatible; Googlebot/2.1; +http://www.google.com/bot.html)"
66.249.78.194 - - [04/Dec/2015:09:52:44 +0100] "GET / HTTP/1.1" 200 1229 "-" "Mozilla/5.0 (iPhone; CPU iPhone OS 8_3 like Mac OS X) AppleWebKit/600.1.4 (KHTML, like Gecko) Version/8.0 Mobile/12F70 Safari/600.1.4 (compatible; Googlebot/2.1; +http://www.google.com/bot.html)"
198.20.69.74 - - [04/Dec/2015:10:30:39 +0100] "GET / HTTP/1.1" 200 1229 "-" "-"
198.20.69.74 - - [04/Dec/2015:10:30:39 +0100] "GET /robots.txt HTTP/1.1" 404 315 "-" "-"
198.20.69.74 - - [04/Dec/2015:10:30:39 +0100] "GET /sitemap.xml HTTP/1.1" 404 316 "-" "-"
141.212.121.176 - - [04/Dec/2015:10:31:31 +0100] "GET / HTTP/1.1" 200 1229 "-" "Mozilla/5.0 zgrab/0.x"
111.248.96.179 - - [04/Dec/2015:10:32:08 +0100] "CONNECT vip163mx00.mxmail.netease.com:25 HTTP/1.0" 405 358 "-" "-"
115.231.222.14 - - [04/Dec/2015:10:51:52 +0100] "GET http://zc.qq.com/cgi-bin/common/attr?id=260714&r=0.7116547143283632 HTTP/1.1" 404 320 "-" "Mozilla/5.0 (compatible; MSIE 9.0; Windows NT 6.1; Trident/5.0; 360SE)"
115.231.222.14 - - [04/Dec/2015:10:51:53 +0100] "GET http://zc.qq.com/cgi-bin/common/attr?id=260714&r=0.7806673908992406 HTTP/1.1" 404 320 "-" "Mozilla/5.0 (compatible; MSIE 9.0; Windows NT 6.1; Trident/5.0; 360SE)"
115.231.222.14 - - [04/Dec/2015:10:51:55 +0100] "GET http://zc.qq.com/cgi-bin/common/attr?id=260714&r=0.6243684762444936 HTTP/1.1" 404 320 "-" "Mozilla/5.0 (compatible; MSIE 9.0; Windows NT 6.1; Trident/5.0; 360SE)"
115.231.222.14 - - [04/Dec/2015:10:52:03 +0100] "GET http://zc.qq.com/cgi-bin/common/attr?id=260714&r=0.7316338795568007 HTTP/1.1" 404 320 "-" "Mozilla/5.0 (compatible; MSIE 9.0; Windows NT 6.1; Trident/5.0; 360SE)"
202.112.51.96 - - [04/Dec/2015:10:55:42 +0100] "GET / HTTP/1.1" 200 1229 "-" "-"
118.98.104.21 - - [04/Dec/2015:10:57:09 +0100] "GET /user/soapCaller.bs HTTP/1.1" 404 323 "-" "Morfeus Fucking Scanner"
118.98.104.21 - - [04/Dec/2015:10:57:09 +0100] "GET /user/soapCaller.bs HTTP/1.1" 404 323 "-" "Morfeus Fucking Scanner"
118.98.104.21 - - [04/Dec/2015:10:57:09 +0100] "GET /user/soapCaller.bs HTTP/1.1" 404 323 "-" "Morfeus Fucking Scanner"
118.98.104.21 - - [04/Dec/2015:10:57:09 +0100] "GET /user/soapCaller.bs HTTP/1.1" 404 323 "-" "Morfeus Fucking Scanner"
118.98.104.21 - - [04/Dec/2015:10:57:09 +0100] "GET /user/soapCaller.bs HTTP/1.1" 404 323 "-" "Morfeus Fucking Scanner"
118.98.104.21 - - [04/Dec/2015:10:57:09 +0100] "GET /user/soapCaller.bs HTTP/1.1" 404 323 "-" "Morfeus Fucking Scanner"
118.98.104.21 - - [04/Dec/2015:10:57:09 +0100] "GET /user/soapCaller.bs HTTP/1.1" 404 323 "-" "Morfeus Fucking Scanner"
118.98.104.21 - - [04/Dec/2015:10:57:09 +0100] "GET /user/soapCaller.bs HTTP/1.1" 404 323 "-" "Morfeus Fucking Scanner"
118.98.104.21 - - [04/Dec/2015:10:57:09 +0100] "GET /user/soapCaller.bs HTTP/1.1" 404 323 "-" "Morfeus Fucking Scanner"
118.98.104.21 - - [04/Dec/2015:10:57:09 +0100] "GET /user/soapCaller.bs HTTP/1.1" 404 323 "-" "Morfeus Fucking Scanner"
220.167.100.13 - - [04/Dec/2015:11:05:16 +0100] "GET /manager/html HTTP/1.1" 404 317 "-" "Mozilla/3.0 (compatible; Indy Library)"
220.167.100.13 - - [04/Dec/2015:11:05:16 +0100] "GET /manager/html HTTP/1.1" 404 317 "-" "Mozilla/3.0 (compatible; Indy Library)"
141.212.122.64 - - [04/Dec/2015:11:49:34 +0100] "CONNECT proxytest.zmap.io:80 HTTP/1.1" 405 346 "-" "Mozilla/5.0 zgrab/0.x"
141.212.122.64 - - [04/Dec/2015:12:01:03 +0100] "CONNECT proxytest.zmap.io:80 HTTP/1.1" 405 346 "-" "Mozilla/5.0 zgrab/0.x"
198.27.65.39 - - [04/Dec/2015:12:50:21 +0100] "GET /robots.txt HTTP/1.0" 404 327 "-" "Mozilla/5.0 (compatible; MJ12bot/v1.4.5; http://www.majestic12.co.uk/bot.php?+)"
198.27.65.39 - - [04/Dec/2015:12:50:22 +0100] "GET /news.php?cs_go=archiv&cs_id=4232 HTTP/1.0" 404 325 "-" "Mozilla/5.0 (compatible; MJ12bot/v1.4.5; http://www.majestic12.co.uk/bot.php?+)"
198.27.65.39 - - [04/Dec/2015:12:50:24 +0100] "GET /news.php?cs_go=archiv&cs_id=4487 HTTP/1.0" 404 325 "-" "Mozilla/5.0 (compatible; MJ12bot/v1.4.5; http://www.majestic12.co.uk/bot.php?+)"
198.27.65.39 - - [04/Dec/2015:12:50:25 +0100] "GET /news.php?cs_go=archiv&cs_id=4489 HTTP/1.0" 404 325 "-" "Mozilla/5.0 (compatible; MJ12bot/v1.4.5; http://www.majestic12.co.uk/bot.php?+)"
198.27.65.39 - - [04/Dec/2015:12:50:27 +0100] "GET /news.php?cs_go=archiv&cs_id=5312 HTTP/1.0" 404 325 "-" "Mozilla/5.0 (compatible; MJ12bot/v1.4.5; http://www.majestic12.co.uk/bot.php?+)"
195.154.200.93 - - [04/Dec/2015:12:54:28 +0100] "GET /robots.txt HTTP/1.0" 404 327 "-" "Mozilla/5.0 (compatible; MJ12bot/v1.4.5; http://www.majestic12.co.uk/bot.php?+)"
195.154.200.93 - - [04/Dec/2015:12:54:29 +0100] "GET / HTTP/1.1" 200 1229 "-" "Mozilla/5.0 (compatible; MJ12bot/v1.4.5; http://www.majestic12.co.uk/bot.php?+)"
206.253.226.23 - - [04/Dec/2015:13:00:35 +0100] "GET /robots.txt HTTP/1.1" 404 315 "-" "Mozilla/5.0 (compatible; oBot/2.3.1; http://filterdb.iss.net/crawler/)"
206.253.226.23 - - [04/Dec/2015:13:00:35 +0100] "HEAD / HTTP/1.1" 200 - "-" "Mozilla/5.0 (compatible; oBot/2.3.1; http://filterdb.iss.net/crawler/)"
202.112.51.96 - - [04/Dec/2015:13:05:15 +0100] "GET / HTTP/1.1" 200 1229 "-" "-"
91.121.169.194 - - [04/Dec/2015:13:06:22 +0100] "GET /robots.txt HTTP/1.0" 404 317 "-" "Mozilla/5.0 (compatible; MJ12bot/v1.4.5; http://www.majestic12.co.uk/bot.php?+)"
91.121.169.194 - - [04/Dec/2015:13:06:33 +0100] "GET /index.php HTTP/1.0" 404 316 "-" "Mozilla/5.0 (compatible; MJ12bot/v1.4.5; http://www.majestic12.co.uk/bot.php?+)"
91.121.169.194 - - [04/Dec/2015:13:06:43 +0100] "GET /jobs.php HTTP/1.0" 404 315 "-" "Mozilla/5.0 (compatible; MJ12bot/v1.4.5; http://www.majestic12.co.uk/bot.php?+)"
91.121.169.194 - - [04/Dec/2015:13:06:52 +0100] "GET /waermekonto.php HTTP/1.0" 404 322 "-" "Mozilla/5.0 (compatible; MJ12bot/v1.4.5; http://www.majestic12.co.uk/bot.php?+)"
91.121.169.194 - - [04/Dec/2015:13:06:59 +0100] "GET /wunschpreis.php HTTP/1.0" 404 322 "-" "Mozilla/5.0 (compatible; MJ12bot/v1.4.5; http://www.majestic12.co.uk/bot.php?+)"
115.231.222.14 - - [04/Dec/2015:13:13:41 +0100] "GET http://zc.qq.com/cgi-bin/common/attr?id=260714&r=0.0186154945157994 HTTP/1.1" 404 320 "-" "Mozilla/5.0 (compatible; MSIE 9.0; Windows NT 6.1; Trident/5.0; 360SE)"
115.231.222.14 - - [04/Dec/2015:13:13:42 +0100] "GET http://zc.qq.com/cgi-bin/common/attr?id=260714&r=0.6576806629744610 HTTP/1.1" 404 320 "-" "Mozilla/5.0 (compatible; MSIE 9.0; Windows NT 6.1; Trident/5.0; 360SE)"
115.231.222.14 - - [04/Dec/2015:13:13:42 +0100] "GET http://zc.qq.com/cgi-bin/common/attr?id=260714&r=0.7484158003871198 HTTP/1.1" 404 320 "-" "Mozilla/5.0 (compatible; MSIE 9.0; Windows NT 6.1; Trident/5.0; 360SE)"
123.56.130.244 - - [04/Dec/2015:13:57:27 +0100] "GET /phpMyAdmin/scripts/setup.php HTTP/1.1" 404 333 "-" "-"
123.56.130.244 - - [04/Dec/2015:13:57:37 +0100] "GET /pma/scripts/setup.php HTTP/1.1" 404 326 "-" "-"
123.56.130.244 - - [04/Dec/2015:13:57:48 +0100] "GET /myadmin/scripts/setup.php HTTP/1.1" 404 330 "-" "-"
141.212.122.64 - - [04/Dec/2015:14:00:15 +0100] "CONNECT proxytest.zmap.io:80 HTTP/1.1" 405 346 "-" "Mozilla/5.0 zgrab/0.x"
146.185.239.100 - - [04/Dec/2015:14:35:26 +0100] "GET http://24x7-allrequestsallowed.com/?PHPSESSID=aab45f4f00143SSQJ_W_EFBF%5C%40 HTTP/1.1" 200 1229 "-" "-"
202.112.51.96 - - [04/Dec/2015:14:38:18 +0100] "GET / HTTP/1.1" 200 1229 "-" "-"
62.210.90.118 - - [04/Dec/2015:15:29:50 +0100] "GET /robots.txt HTTP/1.0" 404 317 "-" "Mozilla/5.0 (compatible; MJ12bot/v1.4.5; http://www.majestic12.co.uk/bot.php?+)"
62.210.90.118 - - [04/Dec/2015:15:29:52 +0100] "GET /baustellenbetankung.php HTTP/1.0" 404 330 "-" "Mozilla/5.0 (compatible; MJ12bot/v1.4.5; http://www.majestic12.co.uk/bot.php?+)"
69.30.234.186 - - [04/Dec/2015:15:29:57 +0100] "GET /robots.txt HTTP/1.0" 404 317 "-" "Mozilla/5.0 (compatible; MJ12bot/v1.4.5; http://www.majestic12.co.uk/bot.php?+)"
69.30.234.186 - - [04/Dec/2015:15:29:59 +0100] "GET /brennwerttechnik.php HTTP/1.0" 404 327 "-" "Mozilla/5.0 (compatible; MJ12bot/v1.4.5; http://www.majestic12.co.uk/bot.php?+)"
69.30.234.186 - - [04/Dec/2015:15:30:01 +0100] "GET /diesel.php HTTP/1.0" 404 317 "-" "Mozilla/5.0 (compatible; MJ12bot/v1.4.5; http://www.majestic12.co.uk/bot.php?+)"
69.30.234.186 - - [04/Dec/2015:15:30:08 +0100] "GET /ec.php HTTP/1.0" 404 313 "-" "Mozilla/5.0 (compatible; MJ12bot/v1.4.5; http://www.majestic12.co.uk/bot.php?+)"
115.231.222.14 - - [04/Dec/2015:15:35:02 +0100] "GET http://zc.qq.com/cgi-bin/common/attr?id=260714&r=0.4956395231039242 HTTP/1.1" 404 320 "-" "Mozilla/5.0 (compatible; MSIE 9.0; Windows NT 6.1; Trident/5.0; 360SE)"
115.231.222.14 - - [04/Dec/2015:15:35:03 +0100] "GET http://zc.qq.com/cgi-bin/common/attr?id=260714&r=0.8664440683108386 HTTP/1.1" 404 320 "-" "Mozilla/5.0 (compatible; MSIE 9.0; Windows NT 6.1; Trident/5.0; 360SE)"
115.231.222.14 - - [04/Dec/2015:15:35:03 +0100] "GET http://zc.qq.com/cgi-bin/common/attr?id=260714&r=0.4643065417890989 HTTP/1.1" 404 320 "-" "Mozilla/5.0 (compatible; MSIE 9.0; Windows NT 6.1; Trident/5.0; 360SE)"
115.231.222.14 - - [04/Dec/2015:15:35:03 +0100] "GET http://zc.qq.com/cgi-bin/common/attr?id=260714&r=0.8205519143703586 HTTP/1.1" 404 320 "-" "Mozilla/5.0 (compatible; MSIE 9.0; Windows NT 6.1; Trident/5.0; 360SE)"
61.216.2.15 - - [04/Dec/2015:16:30:01 +0100] "GET / HTTP/1.1" 400 329 "-" "Mozilla/5.0 (Windows NT 6.3; WOW64) AppleWebKit/537.36 (KHTML, like Gecko) Chrome/45.0.2454.101 Safari/537.36"
61.216.2.15 - - [04/Dec/2015:16:30:24 +0100] "GET / HTTP/1.1" 400 329 "-" "Mozilla/5.0 (Windows NT 6.3; WOW64) AppleWebKit/537.36 (KHTML, like Gecko) Chrome/45.0.2454.101 Safari/537.36"
61.216.2.15 - - [04/Dec/2015:16:38:37 +0100] "GET / HTTP/1.1" 400 329 "-" "Mozilla/5.0 (Windows NT 6.3; WOW64) AppleWebKit/537.36 (KHTML, like Gecko) Chrome/45.0.2454.101 Safari/537.36"
61.216.2.15 - - [04/Dec/2015:16:39:17 +0100] "GET / HTTP/1.1" 400 329 "-" "Mozilla/5.0 (Windows NT 6.3; WOW64) AppleWebKit/537.36 (KHTML, like Gecko) Chrome/45.0.2454.101 Safari/537.36"
208.115.113.93 - - [04/Dec/2015:16:52:41 +0100] "GET /robots.txt HTTP/1.1" 404 327 "-" "Mozilla/5.0 (compatible; DotBot/1.1; http://www.opensiteexplorer.org/dotbot, help@moz.com)"
122.154.46.177 - - [04/Dec/2015:16:56:59 +0100] "GET /phpMyAdmin/scripts/setup.php HTTP/1.1" 404 333 "-" "-"
122.154.46.177 - - [04/Dec/2015:16:57:17 +0100] "GET /pma/scripts/setup.php HTTP/1.1" 404 326 "-" "-"
122.154.46.177 - - [04/Dec/2015:16:57:34 +0100] "GET /myadmin/scripts/setup.php HTTP/1.1" 404 330 "-" "-"
202.112.51.96 - - [04/Dec/2015:17:10:01 +0100] "GET / HTTP/1.1" 200 1229 "-" "-"
161.202.41.12 - - [04/Dec/2015:17:10:42 +0100] "GET /phpmyadmin/scripts/setup.php HTTP/1.0" 404 329 "-" "-"
202.112.51.96 - - [04/Dec/2015:17:41:48 +0100] "GET / HTTP/1.1" 200 1229 "-" "-"
161.202.41.12 - - [04/Dec/2015:17:51:36 +0100] "GET /phpmyadmin/scripts/setup.php HTTP/1.0" 404 329 "-" "-"
161.202.41.12 - - [04/Dec/2015:17:51:43 +0100] "GET /phpmyadmin/scripts/setup.php HTTP/1.0" 404 329 "-" "-"
161.202.41.12 - - [04/Dec/2015:17:51:43 +0100] "GET /phpmyadmin/scripts/setup.php HTTP/1.0" 404 329 "-" "-"
161.202.41.12 - - [04/Dec/2015:17:51:43 +0100] "GET /phpmyadmin/scripts/setup.php HTTP/1.0" 404 329 "-" "-"
161.202.41.12 - - [04/Dec/2015:17:51:43 +0100] "GET /phpmyadmin/scripts/setup.php HTTP/1.0" 404 329 "-" "-"
161.202.41.12 - - [04/Dec/2015:17:51:59 +0100] "GET /phpmyadmin/scripts/setup.php HTTP/1.0" 404 329 "-" "-"
161.202.41.12 - - [04/Dec/2015:17:51:59 +0100] "GET /phpmyadmin/scripts/setup.php HTTP/1.0" 404 329 "-" "-"
161.202.41.12 - - [04/Dec/2015:17:52:01 +0100] "GET /phpmyadmin/scripts/setup.php HTTP/1.0" 404 329 "-" "-"
161.202.41.12 - - [04/Dec/2015:17:52:19 +0100] "GET /phpmyadmin/scripts/setup.php HTTP/1.0" 404 329 "-" "-"
115.231.222.14 - - [04/Dec/2015:17:56:38 +0100] "GET http://zc.qq.com/cgi-bin/common/attr?id=260714&r=0.3031863481438614 HTTP/1.1" 404 320 "-" "Mozilla/5.0 (compatible; MSIE 9.0; Windows NT 6.1; Trident/5.0; 360SE)"
115.231.222.14 - - [04/Dec/2015:17:56:41 +0100] "GET http://zc.qq.com/cgi-bin/common/attr?id=260714&r=0.6790487316794304 HTTP/1.1" 404 320 "-" "Mozilla/5.0 (compatible; MSIE 9.0; Windows NT 6.1; Trident/5.0; 360SE)"
141.212.121.176 - - [04/Dec/2015:18:02:19 +0100] "GET / HTTP/1.1" 200 1229 "-" "Mozilla/5.0 zgrab/0.x"
91.121.101.78 - - [04/Dec/2015:18:07:24 +0100] "GET /robots.txt HTTP/1.0" 404 328 "-" "Mozilla/5.0 (compatible; MJ12bot/v1.4.5; http://www.majestic12.co.uk/bot.php?+)"
91.121.101.78 - - [04/Dec/2015:18:07:25 +0100] "GET /edl.php HTTP/1.0" 404 325 "-" "Mozilla/5.0 (compatible; MJ12bot/v1.4.5; http://www.majestic12.co.uk/bot.php?+)"
91.121.101.78 - - [04/Dec/2015:18:07:27 +0100] "GET /jobs.php HTTP/1.0" 404 326 "-" "Mozilla/5.0 (compatible; MJ12bot/v1.4.5; http://www.majestic12.co.uk/bot.php?+)"
91.121.101.78 - - [04/Dec/2015:18:07:28 +0100] "GET /waermekonto.php HTTP/1.0" 404 333 "-" "Mozilla/5.0 (compatible; MJ12bot/v1.4.5; http://www.majestic12.co.uk/bot.php?+)"
91.121.101.78 - - [04/Dec/2015:18:07:30 +0100] "GET /wunschpreis.php HTTP/1.0" 404 333 "-" "Mozilla/5.0 (compatible; MJ12bot/v1.4.5; http://www.majestic12.co.uk/bot.php?+)"
208.115.113.93 - - [04/Dec/2015:18:39:17 +0100] "GET /lexikon.php?cs_go=2&cs_char=c HTTP/1.1" 404 328 "-" "Mozilla/5.0 (compatible; DotBot/1.1; http://www.opensiteexplorer.org/dotbot, help@moz.com)"
111.248.113.107 - - [04/Dec/2015:18:46:44 +0100] "CONNECT 163mx00.mxmail.netease.com:25 HTTP/1.0" 405 355 "-" "-"
111.248.113.107 - - [04/Dec/2015:18:46:46 +0100] "CONNECT 163mx00.mxmail.netease.com:25 HTTP/1.0" 405 355 "-" "-"
111.248.113.107 - - [04/Dec/2015:18:46:56 +0100] "CONNECT 163mx00.mxmail.netease.com:25 HTTP/1.0" 405 355 "-" "-"
141.212.121.176 - - [04/Dec/2015:19:10:01 +0100] "GET / HTTP/1.1" 200 1229 "-" "Mozilla/5.0 zgrab/0.x"
208.115.111.74 - - [04/Dec/2015:19:16:11 +0100] "GET /robots.txt HTTP/1.1" 404 327 "-" "Mozilla/5.0 (compatible; DotBot/1.1; http://www.opensiteexplorer.org/dotbot, help@moz.com)"
202.112.51.96 - - [04/Dec/2015:19:16:56 +0100] "GET / HTTP/1.1" 200 1229 "-" "-"
141.212.121.176 - - [04/Dec/2015:20:14:42 +0100] "GET / HTTP/1.1" 200 1229 "-" "Mozilla/5.0 zgrab/0.x"
115.231.222.14 - - [04/Dec/2015:20:18:35 +0100] "GET http://zc.qq.com/cgi-bin/common/attr?id=260714&r=0.4607395027965259 HTTP/1.1" 404 320 "-" "Mozilla/5.0 (compatible; MSIE 9.0; Windows NT 6.1; Trident/5.0; 360SE)"
115.231.222.14 - - [04/Dec/2015:20:18:35 +0100] "GET http://zc.qq.com/cgi-bin/common/attr?id=260714&r=0.4842981269076220 HTTP/1.1" 404 320 "-" "Mozilla/5.0 (compatible; MSIE 9.0; Windows NT 6.1; Trident/5.0; 360SE)"
115.231.222.14 - - [04/Dec/2015:20:18:35 +0100] "GET http://zc.qq.com/cgi-bin/common/attr?id=260714&r=0.8620808610048480 HTTP/1.1" 404 320 "-" "Mozilla/5.0 (compatible; MSIE 9.0; Windows NT 6.1; Trident/5.0; 360SE)"
202.112.51.96 - - [04/Dec/2015:20:26:49 +0100] "GET / HTTP/1.1" 200 1229 "-" "-"
141.212.121.176 - - [04/Dec/2015:20:51:37 +0100] "GET / HTTP/1.1" 200 1229 "-" "Mozilla/5.0 zgrab/0.x"
141.212.121.176 - - [04/Dec/2015:20:54:26 +0100] "GET / HTTP/1.1" 200 1229 "-" "Mozilla/5.0 zgrab/0.x"
69.30.218.234 - - [04/Dec/2015:20:55:38 +0100] "GET /robots.txt HTTP/1.0" 404 327 "-" "Mozilla/5.0 (compatible; MJ12bot/v1.4.5; http://www.majestic12.co.uk/bot.php?+)"
69.30.218.234 - - [04/Dec/2015:20:55:40 +0100] "GET /news.php?cs_go=archiv&cs_id=4696&cs_search= HTTP/1.0" 404 325 "-" "Mozilla/5.0 (compatible; MJ12bot/v1.4.5; http://www.majestic12.co.uk/bot.php?+)"
208.115.111.74 - - [04/Dec/2015:21:19:44 +0100] "GET /ansprechpartner.php HTTP/1.1" 404 336 "-" "Mozilla/5.0 (compatible; DotBot/1.1; http://www.opensiteexplorer.org/dotbot, help@moz.com)"
54.153.32.246 - - [04/Dec/2015:21:36:48 +0100] "GET / HTTP/1.1" 200 1229 "-" "Mozilla/5.0 (Windows NT 6.1) AppleWebKit/537.36 (KHTML, like Gecko) Chrome/41.0.2228.0 Safari/537.36"
66.249.78.147 - - [04/Dec/2015:21:51:17 +0100] "GET /robots.txt HTTP/1.1" 404 327 "-" "Mozilla/5.0 (compatible; Googlebot/2.1; +http://www.google.com/bot.html)"
66.249.78.154 - - [04/Dec/2015:21:51:17 +0100] "GET / HTTP/1.1" 200 1229 "-" "Mozilla/5.0 (iPhone; CPU iPhone OS 8_3 like Mac OS X) AppleWebKit/600.1.4 (KHTML, like Gecko) Version/8.0 Mobile/12F70 Safari/600.1.4 (compatible; Googlebot/2.1; +http://www.google.com/bot.html)"
66.249.78.161 - - [04/Dec/2015:21:55:07 +0100] "GET /js/slider.js HTTP/1.1" 404 329 "-" "Mozilla/5.0 (compatible; Googlebot/2.1; +http://www.google.com/bot.html)"
66.249.78.147 - - [04/Dec/2015:21:55:07 +0100] "GET /modul.css HTTP/1.1" 404 326 "-" "Mozilla/5.0 (compatible; Googlebot/2.1; +http://www.google.com/bot.html)"
66.249.64.176 - - [04/Dec/2015:21:55:08 +0100] "GET /js/ddaccordion.js HTTP/1.1" 404 334 "-" "Mozilla/5.0 (compatible; Googlebot/2.1; +http://www.google.com/bot.html)"
66.249.78.147 - - [04/Dec/2015:21:55:08 +0100] "GET /js/jquery.min.js HTTP/1.1" 404 333 "-" "Mozilla/5.0 (compatible; Googlebot/2.1; +http://www.google.com/bot.html)"
66.249.64.176 - - [04/Dec/2015:21:55:09 +0100] "GET /style.css HTTP/1.1" 404 326 "-" "Mozilla/5.0 (compatible; Googlebot/2.1; +http://www.google.com/bot.html)"
141.212.122.64 - - [04/Dec/2015:22:05:09 +0100] "CONNECT proxytest.zmap.io:80 HTTP/1.1" 405 346 "-" "Mozilla/5.0 zgrab/0.x"
141.212.121.176 - - [04/Dec/2015:22:10:10 +0100] "GET / HTTP/1.1" 200 1229 "-" "Mozilla/5.0 zgrab/0.x"
40.77.167.5 - - [04/Dec/2015:22:29:39 +0100] "GET /robots.txt HTTP/1.1" 404 328 "-" "Mozilla/5.0 (compatible; bingbot/2.0; +http://www.bing.com/bingbot.htm)"
40.77.167.5 - - [04/Dec/2015:22:30:14 +0100] "GET / HTTP/1.1" 200 1229 "-" "Mozilla/5.0 (compatible; bingbot/2.0; +http://www.bing.com/bingbot.htm)"
5.9.73.227 - - [04/Dec/2015:22:33:39 +0100] "GET /robots.txt HTTP/1.0" 404 327 "-" "Mozilla/5.0 (compatible; MJ12bot/v1.4.5; http://www.majestic12.co.uk/bot.php?+)"
5.9.73.227 - - [04/Dec/2015:22:33:40 +0100] "GET /news.php?cs_go=archiv&cs_id=4233 HTTP/1.0" 404 325 "-" "Mozilla/5.0 (compatible; MJ12bot/v1.4.5; http://www.majestic12.co.uk/bot.php?+)"
141.212.122.64 - - [04/Dec/2015:22:34:58 +0100] "CONNECT proxytest.zmap.io:80 HTTP/1.1" 405 346 "-" "Mozilla/5.0 zgrab/0.x"
182.254.217.40 - - [04/Dec/2015:22:37:31 +0100] "GET /phpMyAdmin/scripts/setup.php HTTP/1.1" 404 333 "-" "-"
182.254.217.40 - - [04/Dec/2015:22:38:49 +0100] "GET /pma/scripts/setup.php HTTP/1.1" 404 326 "-" "-"
182.254.217.40 - - [04/Dec/2015:22:40:08 +0100] "GET /myadmin/scripts/setup.php HTTP/1.1" 404 330 "-" "-"
115.231.222.14 - - [04/Dec/2015:22:40:26 +0100] "GET http://zc.qq.com/cgi-bin/common/attr?id=260714&r=0.9747234204324261 HTTP/1.1" 404 320 "-" "Mozilla/5.0 (compatible; MSIE 9.0; Windows NT 6.1; Trident/5.0; 360SE)"
115.231.222.14 - - [04/Dec/2015:22:40:26 +0100] "GET http://zc.qq.com/cgi-bin/common/attr?id=260714&r=0.4948330513425054 HTTP/1.1" 404 320 "-" "Mozilla/5.0 (compatible; MSIE 9.0; Windows NT 6.1; Trident/5.0; 360SE)"
115.231.222.14 - - [04/Dec/2015:22:40:26 +0100] "GET http://zc.qq.com/cgi-bin/common/attr?id=260714&r=0.3804794522789947 HTTP/1.1" 404 320 "-" "Mozilla/5.0 (compatible; MSIE 9.0; Windows NT 6.1; Trident/5.0; 360SE)"
141.212.122.64 - - [04/Dec/2015:22:54:18 +0100] "CONNECT proxytest.zmap.io:80 HTTP/1.1" 405 346 "-" "Mozilla/5.0 zgrab/0.x"
208.115.113.93 - - [04/Dec/2015:23:06:25 +0100] "GET /robots.txt HTTP/1.1" 404 327 "-" "Mozilla/5.0 (compatible; DotBot/1.1; http://www.opensiteexplorer.org/dotbot, help@moz.com)"
202.112.51.96 - - [04/Dec/2015:23:18:56 +0100] "GET / HTTP/1.1" 200 1229 "-" "-"
192.166.218.214 - - [04/Dec/2015:23:37:07 +0100] "GET /robots.txt HTTP/1.0" 404 317 "-" "Mozilla/5.0 (compatible; MJ12bot/v1.4.5; http://www.majestic12.co.uk/bot.php?+)"
192.166.218.214 - - [04/Dec/2015:23:37:09 +0100] "GET /edl.php HTTP/1.0" 404 314 "-" "Mozilla/5.0 (compatible; MJ12bot/v1.4.5; http://www.majestic12.co.uk/bot.php?+)"
192.166.218.214 - - [04/Dec/2015:23:37:11 +0100] "GET /faq.php HTTP/1.0" 404 314 "-" "Mozilla/5.0 (compatible; MJ12bot/v1.4.5; http://www.majestic12.co.uk/bot.php?+)"
54.153.33.145 - - [05/Dec/2015:00:48:24 +0100] "GET / HTTP/1.1" 200 1229 "-" "Mozilla/5.0 (Windows NT 6.1) AppleWebKit/537.36 (KHTML, like Gecko) Chrome/41.0.2228.0 Safari/537.36"
208.115.113.93 - - [05/Dec/2015:00:55:08 +0100] "GET /jobs.php HTTP/1.1" 404 325 "-" "Mozilla/5.0 (compatible; DotBot/1.1; http://www.opensiteexplorer.org/dotbot, help@moz.com)"
115.231.222.14 - - [05/Dec/2015:01:03:03 +0100] "GET http://zc.qq.com/cgi-bin/common/attr?id=260714&r=0.4374401764144573 HTTP/1.1" 404 320 "-" "Mozilla/5.0 (compatible; MSIE 9.0; Windows NT 6.1; Trident/5.0; 360SE)"
115.231.222.14 - - [05/Dec/2015:01:03:03 +0100] "GET http://zc.qq.com/cgi-bin/common/attr?id=260714&r=0.6432783526023180 HTTP/1.1" 404 320 "-" "Mozilla/5.0 (compatible; MSIE 9.0; Windows NT 6.1; Trident/5.0; 360SE)"
115.231.222.14 - - [05/Dec/2015:01:03:03 +0100] "GET http://zc.qq.com/cgi-bin/common/attr?id=260714&r=0.2433891526079879 HTTP/1.1" 404 320 "-" "Mozilla/5.0 (compatible; MSIE 9.0; Windows NT 6.1; Trident/5.0; 360SE)"
115.231.222.14 - - [05/Dec/2015:01:03:03 +0100] "GET http://zc.qq.com/cgi-bin/common/attr?id=260714&r=0.4536354792156177 HTTP/1.1" 404 320 "-" "Mozilla/5.0 (compatible; MSIE 9.0; Windows NT 6.1; Trident/5.0; 360SE)"
188.120.75.240 - - [05/Dec/2015:01:30:53 +0100] "GET /phpMyAdmin/scripts/setup.php HTTP/1.1" 404 333 "-" "-"
188.120.75.240 - - [05/Dec/2015:01:30:57 +0100] "GET /pma/scripts/setup.php HTTP/1.1" 404 326 "-" "-"
188.120.75.240 - - [05/Dec/2015:01:31:03 +0100] "GET /myadmin/scripts/setup.php HTTP/1.1" 404 330 "-" "-"
141.212.122.64 - - [05/Dec/2015:01:48:59 +0100] "CONNECT proxytest.zmap.io:80 HTTP/1.1" 405 346 "-" "Mozilla/5.0 zgrab/0.x"
37.115.207.143 - - [05/Dec/2015:01:52:50 +0100] "GET /news.php HTTP/1.1" 404 315 "http://www.soberlin.de/" "Opera/9.80 (Windows NT 6.2; Win64; x64) Presto/2.12.388 Version/12.16"
141.212.121.176 - - [05/Dec/2015:02:28:44 +0100] "GET / HTTP/1.1" 200 1229 "-" "Mozilla/5.0 zgrab/0.x"
115.231.222.14 - - [05/Dec/2015:02:44:33 +0100] "GET http://zc.qq.com/cgi-bin/common/attr?id=260714&r=0.5115829297935530 HTTP/1.1" 404 320 "-" "Mozilla/5.0 (compatible; MSIE 9.0; Windows NT 6.1; Trident/5.0; 360SE)"
115.231.222.14 - - [05/Dec/2015:02:44:34 +0100] "GET http://zc.qq.com/cgi-bin/common/attr?id=260714&r=0.9573723403679900 HTTP/1.1" 404 320 "-" "Mozilla/5.0 (compatible; MSIE 9.0; Windows NT 6.1; Trident/5.0; 360SE)"
115.231.222.14 - - [05/Dec/2015:02:44:34 +0100] "GET http://zc.qq.com/cgi-bin/common/attr?id=260714&r=0.7366358757935454 HTTP/1.1" 404 320 "-" "Mozilla/5.0 (compatible; MSIE 9.0; Windows NT 6.1; Trident/5.0; 360SE)"
115.231.222.14 - - [05/Dec/2015:02:44:34 +0100] "GET http://zc.qq.com/cgi-bin/common/attr?id=260714&r=0.4368669499479173 HTTP/1.1" 404 320 "-" "Mozilla/5.0 (compatible; MSIE 9.0; Windows NT 6.1; Trident/5.0; 360SE)"
202.112.51.96 - - [05/Dec/2015:03:10:48 +0100] "GET / HTTP/1.1" 200 1229 "-" "-"
36.229.246.50 - - [05/Dec/2015:03:55:09 +0100] "CONNECT vip163mx00.mxmail.netease.com:25 HTTP/1.0" 405 358 "-" "-"
115.231.222.14 - - [05/Dec/2015:05:05:22 +0100] "GET http://zc.qq.com/cgi-bin/common/attr?id=260714&r=0.9856289810846200 HTTP/1.1" 404 320 "-" "Mozilla/5.0 (compatible; MSIE 9.0; Windows NT 6.1; Trident/5.0; 360SE)"
115.231.222.14 - - [05/Dec/2015:05:05:24 +0100] "GET http://zc.qq.com/cgi-bin/common/attr?id=260714&r=0.6248846996540628 HTTP/1.1" 404 320 "-" "Mozilla/5.0 (compatible; MSIE 9.0; Windows NT 6.1; Trident/5.0; 360SE)"
115.231.222.14 - - [05/Dec/2015:05:05:24 +0100] "GET http://zc.qq.com/cgi-bin/common/attr?id=260714&r=0.5258773401387194 HTTP/1.1" 404 320 "-" "Mozilla/5.0 (compatible; MSIE 9.0; Windows NT 6.1; Trident/5.0; 360SE)"
54.153.33.145 - - [05/Dec/2015:05:17:36 +0100] "GET / HTTP/1.1" 200 1229 "-" "Mozilla/5.0 (Windows NT 6.1) AppleWebKit/537.36 (KHTML, like Gecko) Chrome/41.0.2228.0 Safari/537.36"
208.115.111.74 - - [05/Dec/2015:05:17:40 +0100] "GET /robots.txt HTTP/1.1" 404 327 "-" "Mozilla/5.0 (compatible; DotBot/1.1; http://www.opensiteexplorer.org/dotbot, help@moz.com)"
141.212.122.64 - - [05/Dec/2015:05:20:02 +0100] "CONNECT proxytest.zmap.io:80 HTTP/1.1" 405 346 "-" "Mozilla/5.0 zgrab/0.x"
40.77.167.50 - - [05/Dec/2015:05:25:18 +0100] "GET /robots.txt HTTP/1.1" 404 323 "-" "Mozilla/5.0 (compatible; bingbot/2.0; +http://www.bing.com/bingbot.htm)"
40.77.167.50 - - [05/Dec/2015:05:25:24 +0100] "GET /index.html HTTP/1.1" 200 1229 "-" "Mozilla/5.0 (compatible; bingbot/2.0; +http://www.bing.com/bingbot.htm)"
64.246.178.34 - - [05/Dec/2015:05:54:54 +0100] "GET /robots.txt HTTP/1.0" 404 323 "-" "Mozilla/5.0 (Windows; U; Windows NT 5.1; en; rv:1.9.0.13) Gecko/2009073022 Firefox/3.5.2 (.NET CLR 3.5.30729) SurveyBot/2.3 (DomainTools)"
64.246.178.34 - - [05/Dec/2015:05:54:54 +0100] "GET / HTTP/1.1" 200 1229 "http://whois.domaintools.com/hotelkleidung.com" "Mozilla/5.0 (Windows; U; Windows NT 5.1; en; rv:1.9.0.13) Gecko/2009073022 Firefox/3.5.2 (.NET CLR 3.5.30729) SurveyBot/2.3 (DomainTools)"
141.212.122.64 - - [05/Dec/2015:06:14:05 +0100] "CONNECT proxytest.zmap.io:80 HTTP/1.1" 405 346 "-" "Mozilla/5.0 zgrab/0.x"
94.102.63.145 - - [05/Dec/2015:06:41:33 +0100] "GET //wp-login.php HTTP/1.1" 404 317 "-" "Mozilla/5.0 (X11; U; Linux i686; pt-BR; rv:1.9.0.15) Gecko/2009102815 Ubuntu/9.04 (jaunty) Firefox/3.0.15"
94.102.63.145 - - [05/Dec/2015:06:41:33 +0100] "GET /blog//wp-login.php HTTP/1.1" 404 323 "-" "Mozilla/5.0 (X11; U; Linux i686; pt-BR; rv:1.9.0.15) Gecko/2009102815 Ubuntu/9.04 (jaunty) Firefox/3.0.15"
94.102.63.145 - - [05/Dec/2015:06:41:33 +0100] "GET /wordpress//wp-login.php HTTP/1.1" 404 328 "-" "Mozilla/5.0 (X11; U; Linux i686; pt-BR; rv:1.9.0.15) Gecko/2009102815 Ubuntu/9.04 (jaunty) Firefox/3.0.15"
94.102.63.145 - - [05/Dec/2015:06:41:33 +0100] "GET /wp//wp-login.php HTTP/1.1" 404 321 "-" "Mozilla/5.0 (X11; U; Linux i686; pt-BR; rv:1.9.0.15) Gecko/2009102815 Ubuntu/9.04 (jaunty) Firefox/3.0.15"
141.212.122.64 - - [05/Dec/2015:06:54:50 +0100] "CONNECT proxytest.zmap.io:80 HTTP/1.1" 405 346 "-" "Mozilla/5.0 zgrab/0.x"
69.30.213.202 - - [05/Dec/2015:07:05:21 +0100] "GET /robots.txt HTTP/1.0" 404 328 "-" "Mozilla/5.0 (compatible; MJ12bot/v1.4.5; http://www.majestic12.co.uk/bot.php?+)"
69.30.213.202 - - [05/Dec/2015:07:05:23 +0100] "GET /heizoel.php HTTP/1.0" 404 329 "-" "Mozilla/5.0 (compatible; MJ12bot/v1.4.5; http://www.majestic12.co.uk/bot.php?+)"
141.212.121.176 - - [05/Dec/2015:07:21:21 +0100] "GET / HTTP/1.1" 200 1229 "-" "Mozilla/5.0 zgrab/0.x"
115.231.222.14 - - [05/Dec/2015:07:25:59 +0100] "GET http://zc.qq.com/cgi-bin/common/attr?id=260714&r=0.2167116583561774 HTTP/1.1" 404 320 "-" "Mozilla/5.0 (compatible; MSIE 9.0; Windows NT 6.1; Trident/5.0; 360SE)"
208.115.111.74 - - [05/Dec/2015:07:27:16 +0100] "GET /edl.php HTTP/1.1" 404 324 "-" "Mozilla/5.0 (compatible; DotBot/1.1; http://www.opensiteexplorer.org/dotbot, help@moz.com)"
54.153.33.152 - - [05/Dec/2015:07:30:56 +0100] "GET / HTTP/1.1" 200 1229 "-" "Mozilla/5.0 (Windows NT 6.1) AppleWebKit/537.36 (KHTML, like Gecko) Chrome/41.0.2228.0 Safari/537.36"
36.226.246.192 - - [05/Dec/2015:07:48:39 +0100] "CONNECT 163mx01.mxmail.netease.com:25 HTTP/1.0" 405 355 "-" "-"
202.112.51.96 - - [05/Dec/2015:08:33:44 +0100] "GET / HTTP/1.1" 200 1229 "-" "-"
188.143.232.35 - - [05/Dec/2015:08:41:38 +0100] "GET /wunschpreis.php HTTP/1.1" 404 322 "-" "Mozilla/4.0 (compatible; MSIE 6.0; Windows NT 5.1; SV1)"
141.8.141.133 - - [05/Dec/2015:08:41:48 +0100] "GET /robots.txt HTTP/1.1" 404 328 "-" "Mozilla/5.0 (compatible; YandexBot/3.0; +http://yandex.com/bots)"
111.248.113.158 - - [05/Dec/2015:08:44:20 +0100] "CONNECT 126mx02.mxmail.netease.com:25 HTTP/1.0" 405 355 "-" "-"
141.212.121.176 - - [05/Dec/2015:09:27:54 +0100] "GET / HTTP/1.1" 200 1229 "-" "Mozilla/5.0 zgrab/0.x"
115.231.222.14 - - [05/Dec/2015:09:44:12 +0100] "GET http://zc.qq.com/cgi-bin/common/attr?id=260714&r=0.2879788336689943 HTTP/1.1" 404 320 "-" "Mozilla/5.0 (compatible; MSIE 9.0; Windows NT 6.1; Trident/5.0; 360SE)"
115.231.222.14 - - [05/Dec/2015:09:44:16 +0100] "GET http://zc.qq.com/cgi-bin/common/attr?id=260714&r=0.3220612918049368 HTTP/1.1" 404 320 "-" "Mozilla/5.0 (compatible; MSIE 9.0; Windows NT 6.1; Trident/5.0; 360SE)"
202.112.51.96 - - [05/Dec/2015:10:00:33 +0100] "GET / HTTP/1.1" 200 1229 "-" "-"
111.248.97.250 - - [05/Dec/2015:10:21:07 +0100] "CONNECT vip163mx00.mxmail.netease.com:25 HTTP/1.0" 405 358 "-" "-"
195.154.200.68 - - [05/Dec/2015:10:26:58 +0100] "GET /robots.txt HTTP/1.0" 404 328 "-" "Mozilla/5.0 (compatible; MJ12bot/v1.4.5; http://www.majestic12.co.uk/bot.php?+)"
195.154.200.68 - - [05/Dec/2015:10:27:18 +0100] "GET /news.php?cs_go=archiv&cs_id=5377 HTTP/1.1" 404 326 "-" "Mozilla/5.0 (compatible; MJ12bot/v1.4.5; http://www.majestic12.co.uk/bot.php?+)"
195.154.200.68 - - [05/Dec/2015:10:27:27 +0100] "GET /news.php?cs_go=archiv&cs_id=5378 HTTP/1.1" 404 326 "-" "Mozilla/5.0 (compatible; MJ12bot/v1.4.5; http://www.majestic12.co.uk/bot.php?+)"
195.154.200.68 - - [05/Dec/2015:10:27:31 +0100] "GET /news.php?cs_go=archiv&cs_id=5379 HTTP/1.1" 404 326 "-" "Mozilla/5.0 (compatible; MJ12bot/v1.4.5; http://www.majestic12.co.uk/bot.php?+)"
195.154.200.68 - - [05/Dec/2015:10:27:35 +0100] "GET /news.php?cs_go=archiv&cs_startpos=0 HTTP/1.1" 404 326 "-" "Mozilla/5.0 (compatible; MJ12bot/v1.4.5; http://www.majestic12.co.uk/bot.php?+)"
62.210.148.233 - - [05/Dec/2015:11:13:47 +0100] "GET /robots.txt HTTP/1.0" 404 327 "-" "Mozilla/5.0 (compatible; MJ12bot/v1.4.5; http://www.majestic12.co.uk/bot.php?+)"
62.210.148.233 - - [05/Dec/2015:11:13:48 +0100] "GET /news.php?cs_go=archiv&cs_id=4233 HTTP/1.0" 404 325 "-" "Mozilla/5.0 (compatible; MJ12bot/v1.4.5; http://www.majestic12.co.uk/bot.php?+)"
62.210.148.233 - - [05/Dec/2015:11:13:50 +0100] "GET /news.php?cs_go=archiv&cs_id=5300 HTTP/1.0" 404 325 "-" "Mozilla/5.0 (compatible; MJ12bot/v1.4.5; http://www.majestic12.co.uk/bot.php?+)"
62.210.148.233 - - [05/Dec/2015:11:13:51 +0100] "GET /news.php?cs_go=archiv&cs_id=5301 HTTP/1.0" 404 325 "-" "Mozilla/5.0 (compatible; MJ12bot/v1.4.5; http://www.majestic12.co.uk/bot.php?+)"
62.210.148.233 - - [05/Dec/2015:11:13:53 +0100] "GET /news.php?cs_go=archiv&cs_id=5302 HTTP/1.0" 404 325 "-" "Mozilla/5.0 (compatible; MJ12bot/v1.4.5; http://www.majestic12.co.uk/bot.php?+)"
202.112.51.96 - - [05/Dec/2015:11:21:47 +0100] "GET / HTTP/1.1" 200 1229 "-" "-"
54.153.33.152 - - [05/Dec/2015:11:44:03 +0100] "GET / HTTP/1.1" 200 1229 "-" "Mozilla/5.0 (Windows NT 6.1) AppleWebKit/537.36 (KHTML, like Gecko) Chrome/41.0.2228.0 Safari/537.36"
62.210.152.89 - - [05/Dec/2015:11:51:34 +0100] "GET /robots.txt HTTP/1.0" 404 328 "-" "Mozilla/5.0 (compatible; MJ12bot/v1.4.5; http://www.majestic12.co.uk/bot.php?+)"
62.210.152.89 - - [05/Dec/2015:11:51:35 +0100] "GET / HTTP/1.0" 200 1229 "-" "Mozilla/5.0 (compatible; MJ12bot/v1.4.5; http://www.majestic12.co.uk/bot.php?+)"
115.231.222.14 - - [05/Dec/2015:12:04:02 +0100] "GET http://zc.qq.com/cgi-bin/common/attr?id=260714&r=0.2621005031822214 HTTP/1.1" 404 320 "-" "Mozilla/5.0 (compatible; MSIE 9.0; Windows NT 6.1; Trident/5.0; 360SE)"
115.231.222.14 - - [05/Dec/2015:12:04:08 +0100] "GET http://zc.qq.com/cgi-bin/common/attr?id=260714&r=0.3391339971540085 HTTP/1.1" 404 320 "-" "Mozilla/5.0 (compatible; MSIE 9.0; Windows NT 6.1; Trident/5.0; 360SE)"
115.231.222.14 - - [05/Dec/2015:12:04:20 +0100] "GET http://zc.qq.com/cgi-bin/common/attr?id=260714&r=0.8460177591983152 HTTP/1.1" 404 320 "-" "Mozilla/5.0 (compatible; MSIE 9.0; Windows NT 6.1; Trident/5.0; 360SE)"
103.246.38.196 - - [05/Dec/2015:12:44:25 +0100] "GET / HTTP/1.1" 200 1229 "-" "Wget/1.11.4"
193.111.140.106 - - [05/Dec/2015:13:06:13 +0100] "GET /robots.txt HTTP/1.0" 404 327 "-" "Mozilla/5.0 (compatible; MJ12bot/v1.4.5; http://www.majestic12.co.uk/bot.php?+)"
193.111.140.106 - - [05/Dec/2015:13:06:14 +0100] "GET /news.php?cs_go=archiv&cs_id=4395&cs_search= HTTP/1.0" 404 325 "-" "Mozilla/5.0 (compatible; MJ12bot/v1.4.5; http://www.majestic12.co.uk/bot.php?+)"
193.111.140.106 - - [05/Dec/2015:13:06:15 +0100] "GET /news.php?cs_go=archiv&cs_id=4611&cs_search= HTTP/1.0" 404 325 "-" "Mozilla/5.0 (compatible; MJ12bot/v1.4.5; http://www.majestic12.co.uk/bot.php?+)"
193.111.140.106 - - [05/Dec/2015:13:06:17 +0100] "GET /news.php?cs_go=archiv&cs_id=4612 HTTP/1.0" 404 325 "-" "Mozilla/5.0 (compatible; MJ12bot/v1.4.5; http://www.majestic12.co.uk/bot.php?+)"
193.111.140.106 - - [05/Dec/2015:13:06:18 +0100] "GET /news.php?cs_go=archiv&cs_id=4613 HTTP/1.0" 404 325 "-" "Mozilla/5.0 (compatible; MJ12bot/v1.4.5; http://www.majestic12.co.uk/bot.php?+)"
54.153.33.152 - - [05/Dec/2015:13:26:17 +0100] "GET / HTTP/1.1" 200 1229 "-" "Mozilla/5.0 (Windows NT 6.1) AppleWebKit/537.36 (KHTML, like Gecko) Chrome/41.0.2228.0 Safari/537.36"
80.82.64.59 - - [05/Dec/2015:13:46:17 +0100] "GET //wp-login.php HTTP/1.1" 404 317 "-" "Mozilla/5.0 (X11; U; Linux i686; pt-BR; rv:1.9.0.15) Gecko/2009102815 Ubuntu/9.04 (jaunty) Firefox/3.0.15"
80.82.64.59 - - [05/Dec/2015:13:46:17 +0100] "GET /blog//wp-login.php HTTP/1.1" 404 323 "-" "Mozilla/5.0 (X11; U; Linux i686; pt-BR; rv:1.9.0.15) Gecko/2009102815 Ubuntu/9.04 (jaunty) Firefox/3.0.15"
80.82.64.59 - - [05/Dec/2015:13:46:17 +0100] "GET /wordpress//wp-login.php HTTP/1.1" 404 328 "-" "Mozilla/5.0 (X11; U; Linux i686; pt-BR; rv:1.9.0.15) Gecko/2009102815 Ubuntu/9.04 (jaunty) Firefox/3.0.15"
80.82.64.59 - - [05/Dec/2015:13:46:17 +0100] "GET //wp-login.php HTTP/1.1" 404 317 "-" "Mozilla/5.0 (X11; U; Linux i686; pt-BR; rv:1.9.0.15) Gecko/2009102815 Ubuntu/9.04 (jaunty) Firefox/3.0.15"
80.82.64.59 - - [05/Dec/2015:13:46:17 +0100] "GET /wp//wp-login.php HTTP/1.1" 404 321 "-" "Mozilla/5.0 (X11; U; Linux i686; pt-BR; rv:1.9.0.15) Gecko/2009102815 Ubuntu/9.04 (jaunty) Firefox/3.0.15"
80.82.64.59 - - [05/Dec/2015:13:46:17 +0100] "GET /blog//wp-login.php HTTP/1.1" 404 323 "-" "Mozilla/5.0 (X11; U; Linux i686; pt-BR; rv:1.9.0.15) Gecko/2009102815 Ubuntu/9.04 (jaunty) Firefox/3.0.15"
80.82.64.59 - - [05/Dec/2015:13:46:17 +0100] "GET /wordpress//wp-login.php HTTP/1.1" 404 328 "-" "Mozilla/5.0 (X11; U; Linux i686; pt-BR; rv:1.9.0.15) Gecko/2009102815 Ubuntu/9.04 (jaunty) Firefox/3.0.15"
80.82.64.59 - - [05/Dec/2015:13:46:17 +0100] "GET //wp-login.php HTTP/1.1" 404 317 "-" "Mozilla/5.0 (X11; U; Linux i686; pt-BR; rv:1.9.0.15) Gecko/2009102815 Ubuntu/9.04 (jaunty) Firefox/3.0.15"
80.82.64.59 - - [05/Dec/2015:13:46:17 +0100] "GET /wp//wp-login.php HTTP/1.1" 404 321 "-" "Mozilla/5.0 (X11; U; Linux i686; pt-BR; rv:1.9.0.15) Gecko/2009102815 Ubuntu/9.04 (jaunty) Firefox/3.0.15"
80.82.64.59 - - [05/Dec/2015:13:46:17 +0100] "GET /blog//wp-login.php HTTP/1.1" 404 323 "-" "Mozilla/5.0 (X11; U; Linux i686; pt-BR; rv:1.9.0.15) Gecko/2009102815 Ubuntu/9.04 (jaunty) Firefox/3.0.15"
80.82.64.59 - - [05/Dec/2015:13:46:17 +0100] "GET /wordpress//wp-login.php HTTP/1.1" 404 328 "-" "Mozilla/5.0 (X11; U; Linux i686; pt-BR; rv:1.9.0.15) Gecko/2009102815 Ubuntu/9.04 (jaunty) Firefox/3.0.15"
80.82.64.59 - - [05/Dec/2015:13:46:17 +0100] "GET //wp-login.php HTTP/1.1" 404 317 "-" "Mozilla/5.0 (X11; U; Linux i686; pt-BR; rv:1.9.0.15) Gecko/2009102815 Ubuntu/9.04 (jaunty) Firefox/3.0.15"
80.82.64.59 - - [05/Dec/2015:13:46:17 +0100] "GET /wp//wp-login.php HTTP/1.1" 404 321 "-" "Mozilla/5.0 (X11; U; Linux i686; pt-BR; rv:1.9.0.15) Gecko/2009102815 Ubuntu/9.04 (jaunty) Firefox/3.0.15"
80.82.64.59 - - [05/Dec/2015:13:46:17 +0100] "GET /blog//wp-login.php HTTP/1.1" 404 323 "-" "Mozilla/5.0 (X11; U; Linux i686; pt-BR; rv:1.9.0.15) Gecko/2009102815 Ubuntu/9.04 (jaunty) Firefox/3.0.15"
80.82.64.59 - - [05/Dec/2015:13:46:17 +0100] "GET /wordpress//wp-login.php HTTP/1.1" 404 328 "-" "Mozilla/5.0 (X11; U; Linux i686; pt-BR; rv:1.9.0.15) Gecko/2009102815 Ubuntu/9.04 (jaunty) Firefox/3.0.15"
80.82.64.59 - - [05/Dec/2015:13:46:18 +0100] "GET //wp-login.php HTTP/1.1" 404 317 "-" "Mozilla/5.0 (X11; U; Linux i686; pt-BR; rv:1.9.0.15) Gecko/2009102815 Ubuntu/9.04 (jaunty) Firefox/3.0.15"
80.82.64.59 - - [05/Dec/2015:13:46:18 +0100] "GET /wp//wp-login.php HTTP/1.1" 404 321 "-" "Mozilla/5.0 (X11; U; Linux i686; pt-BR; rv:1.9.0.15) Gecko/2009102815 Ubuntu/9.04 (jaunty) Firefox/3.0.15"
80.82.64.59 - - [05/Dec/2015:13:46:18 +0100] "GET /blog//wp-login.php HTTP/1.1" 404 323 "-" "Mozilla/5.0 (X11; U; Linux i686; pt-BR; rv:1.9.0.15) Gecko/2009102815 Ubuntu/9.04 (jaunty) Firefox/3.0.15"
80.82.64.59 - - [05/Dec/2015:13:46:18 +0100] "GET /wordpress//wp-login.php HTTP/1.1" 404 328 "-" "Mozilla/5.0 (X11; U; Linux i686; pt-BR; rv:1.9.0.15) Gecko/2009102815 Ubuntu/9.04 (jaunty) Firefox/3.0.15"
80.82.64.59 - - [05/Dec/2015:13:46:18 +0100] "GET //wp-login.php HTTP/1.1" 404 317 "-" "Mozilla/5.0 (X11; U; Linux i686; pt-BR; rv:1.9.0.15) Gecko/2009102815 Ubuntu/9.04 (jaunty) Firefox/3.0.15"
80.82.64.59 - - [05/Dec/2015:13:46:18 +0100] "GET /wp//wp-login.php HTTP/1.1" 404 321 "-" "Mozilla/5.0 (X11; U; Linux i686; pt-BR; rv:1.9.0.15) Gecko/2009102815 Ubuntu/9.04 (jaunty) Firefox/3.0.15"
80.82.64.59 - - [05/Dec/2015:13:46:18 +0100] "GET /blog//wp-login.php HTTP/1.1" 404 323 "-" "Mozilla/5.0 (X11; U; Linux i686; pt-BR; rv:1.9.0.15) Gecko/2009102815 Ubuntu/9.04 (jaunty) Firefox/3.0.15"
80.82.64.59 - - [05/Dec/2015:13:46:18 +0100] "GET /wordpress//wp-login.php HTTP/1.1" 404 328 "-" "Mozilla/5.0 (X11; U; Linux i686; pt-BR; rv:1.9.0.15) Gecko/2009102815 Ubuntu/9.04 (jaunty) Firefox/3.0.15"
80.82.64.59 - - [05/Dec/2015:13:46:18 +0100] "GET //wp-login.php HTTP/1.1" 404 317 "-" "Mozilla/5.0 (X11; U; Linux i686; pt-BR; rv:1.9.0.15) Gecko/2009102815 Ubuntu/9.04 (jaunty) Firefox/3.0.15"
80.82.64.59 - - [05/Dec/2015:13:46:18 +0100] "GET /wp//wp-login.php HTTP/1.1" 404 321 "-" "Mozilla/5.0 (X11; U; Linux i686; pt-BR; rv:1.9.0.15) Gecko/2009102815 Ubuntu/9.04 (jaunty) Firefox/3.0.15"
80.82.64.59 - - [05/Dec/2015:13:46:18 +0100] "GET /blog//wp-login.php HTTP/1.1" 404 323 "-" "Mozilla/5.0 (X11; U; Linux i686; pt-BR; rv:1.9.0.15) Gecko/2009102815 Ubuntu/9.04 (jaunty) Firefox/3.0.15"
80.82.64.59 - - [05/Dec/2015:13:46:18 +0100] "GET /wordpress//wp-login.php HTTP/1.1" 404 328 "-" "Mozilla/5.0 (X11; U; Linux i686; pt-BR; rv:1.9.0.15) Gecko/2009102815 Ubuntu/9.04 (jaunty) Firefox/3.0.15"
80.82.64.59 - - [05/Dec/2015:13:46:18 +0100] "GET //wp-login.php HTTP/1.1" 404 317 "-" "Mozilla/5.0 (X11; U; Linux i686; pt-BR; rv:1.9.0.15) Gecko/2009102815 Ubuntu/9.04 (jaunty) Firefox/3.0.15"
80.82.64.59 - - [05/Dec/2015:13:46:18 +0100] "GET /wp//wp-login.php HTTP/1.1" 404 321 "-" "Mozilla/5.0 (X11; U; Linux i686; pt-BR; rv:1.9.0.15) Gecko/2009102815 Ubuntu/9.04 (jaunty) Firefox/3.0.15"
80.82.64.59 - - [05/Dec/2015:13:46:18 +0100] "GET /blog//wp-login.php HTTP/1.1" 404 323 "-" "Mozilla/5.0 (X11; U; Linux i686; pt-BR; rv:1.9.0.15) Gecko/2009102815 Ubuntu/9.04 (jaunty) Firefox/3.0.15"
80.82.64.59 - - [05/Dec/2015:13:46:18 +0100] "GET /wordpress//wp-login.php HTTP/1.1" 404 328 "-" "Mozilla/5.0 (X11; U; Linux i686; pt-BR; rv:1.9.0.15) Gecko/2009102815 Ubuntu/9.04 (jaunty) Firefox/3.0.15"
80.82.64.59 - - [05/Dec/2015:13:46:18 +0100] "GET //wp-login.php HTTP/1.1" 404 317 "-" "Mozilla/5.0 (X11; U; Linux i686; pt-BR; rv:1.9.0.15) Gecko/2009102815 Ubuntu/9.04 (jaunty) Firefox/3.0.15"
80.82.64.59 - - [05/Dec/2015:13:46:18 +0100] "GET /wp//wp-login.php HTTP/1.1" 404 321 "-" "Mozilla/5.0 (X11; U; Linux i686; pt-BR; rv:1.9.0.15) Gecko/2009102815 Ubuntu/9.04 (jaunty) Firefox/3.0.15"
80.82.64.59 - - [05/Dec/2015:13:46:18 +0100] "GET /blog//wp-login.php HTTP/1.1" 404 323 "-" "Mozilla/5.0 (X11; U; Linux i686; pt-BR; rv:1.9.0.15) Gecko/2009102815 Ubuntu/9.04 (jaunty) Firefox/3.0.15"
80.82.64.59 - - [05/Dec/2015:13:46:18 +0100] "GET /wordpress//wp-login.php HTTP/1.1" 404 328 "-" "Mozilla/5.0 (X11; U; Linux i686; pt-BR; rv:1.9.0.15) Gecko/2009102815 Ubuntu/9.04 (jaunty) Firefox/3.0.15"
80.82.64.59 - - [05/Dec/2015:13:46:18 +0100] "GET //wp-login.php HTTP/1.1" 404 317 "-" "Mozilla/5.0 (X11; U; Linux i686; pt-BR; rv:1.9.0.15) Gecko/2009102815 Ubuntu/9.04 (jaunty) Firefox/3.0.15"
80.82.64.59 - - [05/Dec/2015:13:46:18 +0100] "GET /wp//wp-login.php HTTP/1.1" 404 321 "-" "Mozilla/5.0 (X11; U; Linux i686; pt-BR; rv:1.9.0.15) Gecko/2009102815 Ubuntu/9.04 (jaunty) Firefox/3.0.15"
80.82.64.59 - - [05/Dec/2015:13:46:18 +0100] "GET /blog//wp-login.php HTTP/1.1" 404 323 "-" "Mozilla/5.0 (X11; U; Linux i686; pt-BR; rv:1.9.0.15) Gecko/2009102815 Ubuntu/9.04 (jaunty) Firefox/3.0.15"
80.82.64.59 - - [05/Dec/2015:13:46:18 +0100] "GET /wordpress//wp-login.php HTTP/1.1" 404 328 "-" "Mozilla/5.0 (X11; U; Linux i686; pt-BR; rv:1.9.0.15) Gecko/2009102815 Ubuntu/9.04 (jaunty) Firefox/3.0.15"
80.82.64.59 - - [05/Dec/2015:13:46:18 +0100] "GET /wp//wp-login.php HTTP/1.1" 404 321 "-" "Mozilla/5.0 (X11; U; Linux i686; pt-BR; rv:1.9.0.15) Gecko/2009102815 Ubuntu/9.04 (jaunty) Firefox/3.0.15"
115.231.222.14 - - [05/Dec/2015:14:23:45 +0100] "GET http://zc.qq.com/cgi-bin/common/attr?id=260714&r=0.2826855795211068 HTTP/1.1" 404 320 "-" "Mozilla/5.0 (compatible; MSIE 9.0; Windows NT 6.1; Trident/5.0; 360SE)"
115.231.222.14 - - [05/Dec/2015:14:23:46 +0100] "GET http://zc.qq.com/cgi-bin/common/attr?id=260714&r=0.5003848826280087 HTTP/1.1" 404 320 "-" "Mozilla/5.0 (compatible; MSIE 9.0; Windows NT 6.1; Trident/5.0; 360SE)"
115.231.222.14 - - [05/Dec/2015:14:23:49 +0100] "GET http://zc.qq.com/cgi-bin/common/attr?id=260714&r=0.8811995961674980 HTTP/1.1" 404 320 "-" "Mozilla/5.0 (compatible; MSIE 9.0; Windows NT 6.1; Trident/5.0; 360SE)"
87.250.244.26 - - [05/Dec/2015:15:48:31 +0100] "GET /robots.txt HTTP/1.1" 404 328 "-" "Mozilla/5.0 (compatible; YandexBot/3.0; +http://yandex.com/bots)"
87.250.244.36 - - [05/Dec/2015:15:48:35 +0100] "GET /images/adblue_tankzug.jpg HTTP/1.1" 404 343 "-" "Mozilla/5.0 (compatible; YandexImages/3.0; +http://yandex.com/bots)"
61.228.93.225 - - [05/Dec/2015:16:44:20 +0100] "CONNECT vip163mx01.mxmail.netease.com:25 HTTP/1.0" 405 358 "-" "-"
115.231.222.14 - - [05/Dec/2015:16:44:25 +0100] "GET http://zc.qq.com/cgi-bin/common/attr?id=260714&r=0.9911169969182903 HTTP/1.1" 404 320 "-" "Mozilla/5.0 (compatible; MSIE 9.0; Windows NT 6.1; Trident/5.0; 360SE)"
115.231.222.14 - - [05/Dec/2015:16:44:31 +0100] "GET http://zc.qq.com/cgi-bin/common/attr?id=260714&r=0.9077713686006325 HTTP/1.1" 404 320 "-" "Mozilla/5.0 (compatible; MSIE 9.0; Windows NT 6.1; Trident/5.0; 360SE)"
63.142.161.6 - - [05/Dec/2015:17:01:56 +0100] "GET / HTTP/1.0" 200 1229 "-" "-"
63.142.161.6 - - [05/Dec/2015:17:01:57 +0100] "GET / HTTP/1.0" 200 1229 "-" "-"
63.142.161.6 - - [05/Dec/2015:17:01:58 +0100] "GET / HTTP/1.1" 200 1229 "-" "-"
146.185.239.100 - - [05/Dec/2015:17:02:43 +0100] "GET http://24x7-allrequestsallowed.com/?PHPSESSID=aab45f4f00143SSQJ_W_EFBF%5CO HTTP/1.1" 200 1229 "-" "-"
36.229.246.136 - - [05/Dec/2015:17:49:09 +0100] "CONNECT vip163mx01.mxmail.netease.com:25 HTTP/1.0" 405 358 "-" "-"
87.145.214.149 - - [05/Dec/2015:18:47:11 +0100] "GET / HTTP/1.1" 200 1229 "http://www.bigfinder.de/?c=ws&q=start&v=1" "T-Online Browser (Windows NT 6.1; de)"
222.84.0.128 - - [05/Dec/2015:18:48:39 +0100] "GET /wp-content/plugins/Login-wall-YsqOw/login_wall.php?login=cmd HTTP/1.1" 404 367 "-" "Mozilla/4.0 (compatible; Win32; WinHttp.WinHttpRequest.5)"
187.147.41.78 - - [05/Dec/2015:20:40:51 +0100] "GET /phpMyAdmin/scripts/setup.php HTTP/1.1" 404 333 "-" "-"
187.147.41.78 - - [05/Dec/2015:20:42:12 +0100] "GET /pma/scripts/setup.php HTTP/1.1" 404 326 "-" "-"
187.147.41.78 - - [05/Dec/2015:20:43:34 +0100] "GET /myadmin/scripts/setup.php HTTP/1.1" 404 330 "-" "-"
208.115.113.93 - - [05/Dec/2015:20:52:32 +0100] "GET /robots.txt HTTP/1.1" 404 327 "-" "Mozilla/5.0 (compatible; DotBot/1.1; http://www.opensiteexplorer.org/dotbot, help@moz.com)"
115.231.222.14 - - [05/Dec/2015:21:25:56 +0100] "GET http://zc.qq.com/cgi-bin/common/attr?id=260714&r=0.9441271539200912 HTTP/1.1" 404 320 "-" "Mozilla/5.0 (compatible; MSIE 9.0; Windows NT 6.1; Trident/5.0; 360SE)"
115.231.222.14 - - [05/Dec/2015:21:25:56 +0100] "GET http://zc.qq.com/cgi-bin/common/attr?id=260714&r=0.2490846600118121 HTTP/1.1" 404 320 "-" "Mozilla/5.0 (compatible; MSIE 9.0; Windows NT 6.1; Trident/5.0; 360SE)"
115.231.222.14 - - [05/Dec/2015:21:25:56 +0100] "GET http://zc.qq.com/cgi-bin/common/attr?id=260714&r=0.1234256638710900 HTTP/1.1" 404 320 "-" "Mozilla/5.0 (compatible; MSIE 9.0; Windows NT 6.1; Trident/5.0; 360SE)"
207.46.13.117 - - [05/Dec/2015:22:27:24 +0100] "GET /robots.txt HTTP/1.1" 404 323 "-" "Mozilla/5.0 (compatible; bingbot/2.0; +http://www.bing.com/bingbot.htm)"
87.145.214.149 - - [05/Dec/2015:22:41:06 +0100] "GET / HTTP/1.1" 200 1229 "http://www.bigfinder.de/?c=ws&q=online&v=1" "Mozilla/5.0 (Windows NT 6.1; WOW64; Trident/7.0; rv:11.0) like Gecko"
