94.102.53.195 - - [01/Jun/2015:00:20:39 +0200] "GET /e7/theme/failed.png HTTP/1.1" 404 324 "-" "Mozilla/5.0 (Windows NT 6.1; WOW64; rv:8.0) Gecko/20100101 Firefox/8.0"
89.248.172.27 - - [01/Jun/2015:00:30:11 +0200] "POST /moadmin.php HTTP/1.1" 404 316 "-" "Mozilla/5.0 (Windows NT 5.1; rv:31.0) Gecko/20100101 Firefox/31.0"
89.248.172.27 - - [01/Jun/2015:00:30:11 +0200] "POST /phpMoAdmin/moadmin.php HTTP/1.1" 404 327 "-" "Mozilla/5.0 (Windows NT 5.1; rv:31.0) Gecko/20100101 Firefox/31.0"
89.248.172.27 - - [01/Jun/2015:00:30:15 +0200] "POST /moadmin.php HTTP/1.1" 404 316 "-" "Mozilla/5.0 (Windows NT 5.1; rv:31.0) Gecko/20100101 Firefox/31.0"
89.248.172.27 - - [01/Jun/2015:00:30:15 +0200] "POST /phpMoAdmin/moadmin.php HTTP/1.1" 404 327 "-" "Mozilla/5.0 (Windows NT 5.1; rv:31.0) Gecko/20100101 Firefox/31.0"
89.248.172.27 - - [01/Jun/2015:00:30:20 +0200] "POST /moadmin.php HTTP/1.1" 404 316 "-" "Mozilla/5.0 (Windows NT 5.1; rv:31.0) Gecko/20100101 Firefox/31.0"
89.248.172.27 - - [01/Jun/2015:00:30:20 +0200] "POST /phpMoAdmin/moadmin.php HTTP/1.1" 404 327 "-" "Mozilla/5.0 (Windows NT 5.1; rv:31.0) Gecko/20100101 Firefox/31.0"
89.248.172.27 - - [01/Jun/2015:00:30:39 +0200] "POST /moadmin.php HTTP/1.1" 404 316 "-" "Mozilla/5.0 (Windows NT 5.1; rv:31.0) Gecko/20100101 Firefox/31.0"
89.248.172.27 - - [01/Jun/2015:00:30:39 +0200] "POST /phpMoAdmin/moadmin.php HTTP/1.1" 404 327 "-" "Mozilla/5.0 (Windows NT 5.1; rv:31.0) Gecko/20100101 Firefox/31.0"
89.248.172.27 - - [01/Jun/2015:00:30:41 +0200] "POST /moadmin.php HTTP/1.1" 404 316 "-" "Mozilla/5.0 (Windows NT 5.1; rv:31.0) Gecko/20100101 Firefox/31.0"
89.248.172.27 - - [01/Jun/2015:00:30:41 +0200] "POST /phpMoAdmin/moadmin.php HTTP/1.1" 404 327 "-" "Mozilla/5.0 (Windows NT 5.1; rv:31.0) Gecko/20100101 Firefox/31.0"
89.248.172.27 - - [01/Jun/2015:00:31:33 +0200] "POST /moadmin.php HTTP/1.1" 404 316 "-" "Mozilla/5.0 (Windows NT 5.1; rv:31.0) Gecko/20100101 Firefox/31.0"
89.248.172.27 - - [01/Jun/2015:00:31:33 +0200] "POST /phpMoAdmin/moadmin.php HTTP/1.1" 404 327 "-" "Mozilla/5.0 (Windows NT 5.1; rv:31.0) Gecko/20100101 Firefox/31.0"
89.248.172.27 - - [01/Jun/2015:00:32:57 +0200] "POST /moadmin.php HTTP/1.1" 404 316 "-" "Mozilla/5.0 (Windows NT 5.1; rv:31.0) Gecko/20100101 Firefox/31.0"
89.248.172.27 - - [01/Jun/2015:00:32:57 +0200] "POST /phpMoAdmin/moadmin.php HTTP/1.1" 404 327 "-" "Mozilla/5.0 (Windows NT 5.1; rv:31.0) Gecko/20100101 Firefox/31.0"
190.206.119.147 - - [01/Jun/2015:01:12:53 +0200] "GET /phpMyAdmin/scripts/setup.php HTTP/1.1" 404 333 "-" "-"
190.206.119.147 - - [01/Jun/2015:01:12:57 +0200] "GET /pma/scripts/setup.php HTTP/1.1" 404 326 "-" "-"
190.206.119.147 - - [01/Jun/2015:01:13:00 +0200] "GET /myadmin/scripts/setup.php HTTP/1.1" 404 330 "-" "-"
207.46.13.97 - - [01/Jun/2015:01:44:20 +0200] "GET /robots.txt HTTP/1.1" 404 322 "-" "Mozilla/5.0 (compatible; bingbot/2.0; +http://www.bing.com/bingbot.htm)"
207.46.13.97 - - [01/Jun/2015:01:44:29 +0200] "GET / HTTP/1.1" 200 1229 "-" "Mozilla/5.0 (compatible; bingbot/2.0; +http://www.bing.com/bingbot.htm)"
1.171.249.38 - - [01/Jun/2015:01:44:36 +0200] "CONNECT vip163mx00.mxmail.netease.com:25 HTTP/1.0" 405 358 "-" "-"
207.46.13.75 - - [01/Jun/2015:01:44:36 +0200] "GET /robots.txt HTTP/1.1" 404 322 "-" "Mozilla/5.0 (compatible; bingbot/2.0; +http://www.bing.com/bingbot.htm)"
41.250.231.99 - - [01/Jun/2015:02:56:04 +0200] "GET / HTTP/1.0" 200 1229 "-" "-"
41.250.231.99 - - [01/Jun/2015:02:56:52 +0200] "GET / HTTP/1.0" 200 1229 "-" "-"
41.250.231.99 - - [01/Jun/2015:02:57:01 +0200] "GET / HTTP/1.0" 200 1229 "-" "-"
41.250.231.99 - - [01/Jun/2015:03:00:14 +0200] "GET / HTTP/1.0" 200 1229 "-" "-"
94.102.53.195 - - [01/Jun/2015:03:03:34 +0200] "GET /e7/theme/failed.png HTTP/1.1" 404 324 "-" "Mozilla/5.0 (Windows NT 6.1; WOW64; rv:8.0) Gecko/20100101 Firefox/8.0"
41.250.231.99 - - [01/Jun/2015:03:04:54 +0200] "GET / HTTP/1.0" 200 1229 "-" "-"
41.250.231.99 - - [01/Jun/2015:03:06:11 +0200] "GET / HTTP/1.0" 200 1229 "-" "-"
41.250.231.99 - - [01/Jun/2015:03:08:46 +0200] "GET / HTTP/1.0" 200 1229 "-" "-"
41.250.231.99 - - [01/Jun/2015:03:10:59 +0200] "GET / HTTP/1.0" 200 1229 "-" "-"
199.48.147.141 - - [01/Jun/2015:03:18:03 +0200] "GET /root/back.css HTTP/1.1" 404 318 "-" "Mozilla/5.0 (Windows NT 6.1; WOW64; rv:8.0) Gecko/20100101 Firefox/8.0"
178.137.81.145 - - [01/Jun/2015:03:44:32 +0200] "GET /blog/robots.txt HTTP/1.1" 400 410 "-" "Mozilla/5.0 (Windows NT 6.3; WOW64; rv:36.0) Gecko/20100101 Firefox/36.0"
61.228.92.72 - - [01/Jun/2015:03:57:55 +0200] "CONNECT vip163mx01.mxmail.netease.com:25 HTTP/1.0" 405 358 "-" "-"
41.250.231.99 - - [01/Jun/2015:04:05:41 +0200] "GET / HTTP/1.0" 200 1229 "-" "-"
78.111.75.28 - - [01/Jun/2015:04:16:27 +0200] "GET /phpMyAdmin/scripts/setup.php HTTP/1.1" 404 333 "-" "-"
78.111.75.28 - - [01/Jun/2015:04:16:30 +0200] "GET /pma/scripts/setup.php HTTP/1.1" 404 326 "-" "-"
78.111.75.28 - - [01/Jun/2015:04:16:33 +0200] "GET /myadmin/scripts/setup.php HTTP/1.1" 404 330 "-" "-"
178.137.81.145 - - [01/Jun/2015:04:24:49 +0200] "GET /blog/robots.txt HTTP/1.1" 400 410 "-" "Mozilla/5.0 (Windows NT 6.3; WOW64; rv:36.0) Gecko/20100101 Firefox/36.0"
41.250.231.99 - - [01/Jun/2015:04:36:39 +0200] "GET / HTTP/1.0" 200 1229 "-" "-"
111.248.113.178 - - [01/Jun/2015:05:56:27 +0200] "CONNECT 126mx00.mxmail.netease.com:25 HTTP/1.0" 405 355 "-" "-"
89.248.172.27 - - [01/Jun/2015:06:03:44 +0200] "POST /moadmin.php HTTP/1.1" 404 316 "-" "Mozilla/5.0 (Windows NT 5.1; rv:31.0) Gecko/20100101 Firefox/31.0"
89.248.172.27 - - [01/Jun/2015:06:03:44 +0200] "POST /phpMoAdmin/moadmin.php HTTP/1.1" 404 327 "-" "Mozilla/5.0 (Windows NT 5.1; rv:31.0) Gecko/20100101 Firefox/31.0"
89.248.172.27 - - [01/Jun/2015:06:04:32 +0200] "POST /moadmin.php HTTP/1.1" 404 316 "-" "Mozilla/5.0 (Windows NT 5.1; rv:31.0) Gecko/20100101 Firefox/31.0"
89.248.172.27 - - [01/Jun/2015:06:04:32 +0200] "POST /phpMoAdmin/moadmin.php HTTP/1.1" 404 327 "-" "Mozilla/5.0 (Windows NT 5.1; rv:31.0) Gecko/20100101 Firefox/31.0"
89.248.172.27 - - [01/Jun/2015:06:05:13 +0200] "POST /moadmin.php HTTP/1.1" 404 316 "-" "Mozilla/5.0 (Windows NT 5.1; rv:31.0) Gecko/20100101 Firefox/31.0"
89.248.172.27 - - [01/Jun/2015:06:05:13 +0200] "POST /phpMoAdmin/moadmin.php HTTP/1.1" 404 327 "-" "Mozilla/5.0 (Windows NT 5.1; rv:31.0) Gecko/20100101 Firefox/31.0"
111.248.63.158 - - [01/Jun/2015:06:10:36 +0200] "CONNECT vip163mx01.mxmail.netease.com:25 HTTP/1.0" 405 358 "-" "-"
119.59.122.169 - - [01/Jun/2015:06:11:59 +0200] "GET /phpMyAdmin/scripts/setup.php HTTP/1.1" 404 333 "-" "-"
119.59.122.169 - - [01/Jun/2015:06:12:03 +0200] "GET /pma/scripts/setup.php HTTP/1.1" 404 326 "-" "-"
119.59.122.169 - - [01/Jun/2015:06:12:06 +0200] "GET /myadmin/scripts/setup.php HTTP/1.1" 404 330 "-" "-"
94.102.53.195 - - [01/Jun/2015:06:29:46 +0200] "GET /e7/theme/failed.png HTTP/1.1" 404 324 "-" "Mozilla/5.0 (Windows NT 6.1; WOW64; rv:8.0) Gecko/20100101 Firefox/8.0"
78.111.75.28 - - [01/Jun/2015:08:40:52 +0200] "GET /phpMyAdmin/scripts/setup.php HTTP/1.1" 404 333 "-" "-"
78.111.75.28 - - [01/Jun/2015:08:40:56 +0200] "GET /pma/scripts/setup.php HTTP/1.1" 404 326 "-" "-"
78.111.75.28 - - [01/Jun/2015:08:40:59 +0200] "GET /myadmin/scripts/setup.php HTTP/1.1" 404 330 "-" "-"
59.124.24.253 - - [01/Jun/2015:08:42:35 +0200] "GET /phpMyAdmin/scripts/setup.php HTTP/1.1" 404 333 "-" "-"
59.124.20.253 - - [01/Jun/2015:08:42:39 +0200] "GET /pma/scripts/setup.php HTTP/1.1" 404 326 "-" "-"
59.124.20.253 - - [01/Jun/2015:08:42:43 +0200] "GET /myadmin/scripts/setup.php HTTP/1.1" 404 330 "-" "-"
111.248.115.195 - - [01/Jun/2015:08:57:50 +0200] "CONNECT 163mx02.mxmail.netease.com:25 HTTP/1.0" 405 355 "-" "-"
95.213.177.126 - - [01/Jun/2015:10:01:47 +0200] "CONNECT check.proxyradar.com:80 HTTP/1.1" 400 340 "-" "-"
82.80.249.158 - - [01/Jun/2015:12:16:39 +0200] "GET / HTTP/1.1" 200 1229 "-" "Mozilla/5.0 (Windows NT 6.1) AppleWebKit/537.36 (KHTML, like Gecko) Chrome/32.0.1700.72 Safari/537.36"
199.48.147.141 - - [01/Jun/2015:12:29:55 +0200] "GET /root/back.css HTTP/1.1" 404 318 "-" "Mozilla/5.0 (Windows NT 6.1; WOW64; rv:8.0) Gecko/20100101 Firefox/8.0"
63.141.251.236 - - [01/Jun/2015:14:07:02 +0200] "GET / HTTP/1.1" 200 1229 "-" "Mozilla/5.0 (Windows NT 6.1; WOW64) AppleWebKit/537.36 (KHTML, like Gecko) Chrome/36.0.1985.67 Safari/537.36"
63.141.251.234 - - [01/Jun/2015:14:07:21 +0200] "GET / HTTP/1.1" 200 1229 "-" "Mozilla/5.0 (Windows NT 6.1; WOW64) AppleWebKit/537.36 (KHTML, like Gecko) Chrome/36.0.1985.67 Safari/537.36"
199.48.147.141 - - [01/Jun/2015:14:10:19 +0200] "GET /root/back.css HTTP/1.1" 404 318 "-" "Mozilla/5.0 (Windows NT 6.1; WOW64; rv:8.0) Gecko/20100101 Firefox/8.0"
142.54.182.250 - - [01/Jun/2015:14:17:56 +0200] "GET / HTTP/1.1" 200 1229 "-" "Mozilla/5.0 (Windows NT 6.1; WOW64) AppleWebKit/537.36 (KHTML, like Gecko) Chrome/36.0.1985.67 Safari/537.36"
199.48.147.141 - - [01/Jun/2015:14:18:33 +0200] "GET /root/back.css HTTP/1.1" 404 318 "-" "Mozilla/5.0 (Windows NT 6.1; WOW64; rv:8.0) Gecko/20100101 Firefox/8.0"
88.198.1.77 - - [01/Jun/2015:14:33:26 +0200] "GET /robots.txt HTTP/1.1" 404 333 "http://www.sitedomain.de/" "Sitedomain-Bot(Sitedomain-Bot 1.0, http://www.sitedomain.de/sitedomain-bot/)"
178.137.81.145 - - [01/Jun/2015:14:45:17 +0200] "GET /blog/robots.txt HTTP/1.1" 400 410 "-" "Mozilla/5.0 (Windows NT 6.3; WOW64; rv:36.0) Gecko/20100101 Firefox/36.0"
142.0.36.117 - - [01/Jun/2015:15:28:44 +0200] "GET //phpMyAdmin/scripts/setup.php HTTP/1.1" 404 333 "-" "-"
142.0.36.117 - - [01/Jun/2015:15:28:45 +0200] "GET //phpmyadmin/scripts/setup.php HTTP/1.1" 404 333 "-" "-"
142.0.36.117 - - [01/Jun/2015:15:28:45 +0200] "GET //pma/scripts/setup.php HTTP/1.1" 404 326 "-" "-"
142.0.36.117 - - [01/Jun/2015:15:28:48 +0200] "GET //myadmin/scripts/setup.php HTTP/1.1" 404 330 "-" "-"
58.11.48.81 - - [01/Jun/2015:15:30:23 +0200] "GET /phpMyAdmin/scripts/setup.php HTTP/1.1" 404 333 "-" "-"
58.11.48.81 - - [01/Jun/2015:15:30:26 +0200] "GET /pma/scripts/setup.php HTTP/1.1" 404 326 "-" "-"
58.11.48.81 - - [01/Jun/2015:15:30:30 +0200] "GET /myadmin/scripts/setup.php HTTP/1.1" 404 330 "-" "-"
123.51.211.205 - - [01/Jun/2015:15:43:37 +0200] "GET /phpMyAdmin/scripts/setup.php HTTP/1.1" 404 333 "-" "-"
123.51.211.205 - - [01/Jun/2015:15:43:41 +0200] "GET /pma/scripts/setup.php HTTP/1.1" 404 326 "-" "-"
123.51.211.205 - - [01/Jun/2015:15:43:44 +0200] "GET /myadmin/scripts/setup.php HTTP/1.1" 404 330 "-" "-"
94.102.53.195 - - [01/Jun/2015:15:54:08 +0200] "GET /e7/theme/failed.png HTTP/1.1" 404 324 "-" "Mozilla/5.0 (Windows NT 6.1; WOW64; rv:8.0) Gecko/20100101 Firefox/8.0"
199.48.147.141 - - [01/Jun/2015:16:01:16 +0200] "GET /root/back.css HTTP/1.1" 404 318 "-" "Mozilla/5.0 (Windows NT 6.1; WOW64; rv:8.0) Gecko/20100101 Firefox/8.0"
199.48.147.141 - - [01/Jun/2015:17:23:11 +0200] "GET /Panel/back.css HTTP/1.1" 404 319 "-" "Mozilla/5.0 (Windows NT 6.1; WOW64; rv:8.0) Gecko/20100101 Firefox/8.0"
115.78.162.3 - - [01/Jun/2015:17:34:47 +0200] "GET /phpMyAdmin/scripts/setup.php HTTP/1.1" 404 333 "-" "-"
115.78.162.3 - - [01/Jun/2015:17:34:51 +0200] "GET /pma/scripts/setup.php HTTP/1.1" 404 326 "-" "-"
115.78.162.3 - - [01/Jun/2015:17:34:55 +0200] "GET /myadmin/scripts/setup.php HTTP/1.1" 404 330 "-" "-"
94.102.53.195 - - [01/Jun/2015:17:36:20 +0200] "GET /e7/theme/failed.png HTTP/1.1" 404 324 "-" "Mozilla/5.0 (Windows NT 6.1; WOW64; rv:8.0) Gecko/20100101 Firefox/8.0"
94.102.53.195 - - [01/Jun/2015:17:44:41 +0200] "GET /e7/theme/failed.png HTTP/1.1" 404 324 "-" "Mozilla/5.0 (Windows NT 6.1; WOW64; rv:8.0) Gecko/20100101 Firefox/8.0"
114.44.63.8 - - [01/Jun/2015:17:55:00 +0200] "CONNECT 163mx03.mxmail.netease.com:25 HTTP/1.0" 405 355 "-" "-"
185.35.62.11 - - [01/Jun/2015:19:18:33 +0200] "HEAD / HTTP/1.1" 200 - "-" "-"
185.35.62.11 - - [01/Jun/2015:19:27:17 +0200] "HEAD / HTTP/1.1" 200 - "-" "-"
94.102.53.195 - - [01/Jun/2015:19:29:19 +0200] "GET /e7/theme/failed.png HTTP/1.1" 404 324 "-" "Mozilla/5.0 (Windows NT 6.1; WOW64; rv:8.0) Gecko/20100101 Firefox/8.0"
185.35.62.11 - - [01/Jun/2015:19:37:38 +0200] "HEAD / HTTP/1.1" 200 - "-" "-"
66.249.78.234 - - [01/Jun/2015:19:41:18 +0200] "GET /robots.txt HTTP/1.1" 404 332 "-" "Mozilla/5.0 (compatible; Googlebot/2.1; +http://www.google.com/bot.html)"
66.249.78.240 - - [01/Jun/2015:19:41:19 +0200] "GET / HTTP/1.1" 200 1229 "-" "Mozilla/5.0 (compatible; Googlebot/2.1; +http://www.google.com/bot.html)"
185.35.62.11 - - [01/Jun/2015:19:45:59 +0200] "HEAD / HTTP/1.1" 200 - "-" "-"
185.35.62.11 - - [01/Jun/2015:19:52:45 +0200] "HEAD / HTTP/1.1" 200 - "-" "-"
185.35.62.11 - - [01/Jun/2015:19:53:23 +0200] "HEAD / HTTP/1.1" 200 - "-" "-"
89.248.172.27 - - [01/Jun/2015:20:01:33 +0200] "GET /rom-0 HTTP/1.1" 404 310 "-" "-"
89.248.172.27 - - [01/Jun/2015:20:01:33 +0200] "GET / HTTP/1.1" 200 1229 "-" "-"
89.248.172.27 - - [01/Jun/2015:20:01:34 +0200] "GET /tmUnblock.cgi HTTP/1.1" 404 318 "-" "-"
89.248.172.27 - - [01/Jun/2015:20:01:34 +0200] "GET /hndUnblock.cgi HTTP/1.1" 404 319 "-" "-"
89.248.172.27 - - [01/Jun/2015:20:01:34 +0200] "POST /moadmin.php HTTP/1.1" 404 316 "-" "Mozilla/5.0 (Windows NT 5.1; rv:31.0) Gecko/20100101 Firefox/31.0"
89.248.172.27 - - [01/Jun/2015:20:01:34 +0200] "POST /phpMoAdmin/moadmin.php HTTP/1.1" 404 327 "-" "Mozilla/5.0 (Windows NT 5.1; rv:31.0) Gecko/20100101 Firefox/31.0"
89.248.172.27 - - [01/Jun/2015:20:01:49 +0200] "GET /rom-0 HTTP/1.1" 404 310 "-" "-"
89.248.172.27 - - [01/Jun/2015:20:01:49 +0200] "GET / HTTP/1.1" 200 1229 "-" "-"
89.248.172.27 - - [01/Jun/2015:20:01:50 +0200] "GET /tmUnblock.cgi HTTP/1.1" 404 318 "-" "-"
89.248.172.27 - - [01/Jun/2015:20:01:50 +0200] "GET /hndUnblock.cgi HTTP/1.1" 404 319 "-" "-"
89.248.172.27 - - [01/Jun/2015:20:01:50 +0200] "POST /moadmin.php HTTP/1.1" 404 316 "-" "Mozilla/5.0 (Windows NT 5.1; rv:31.0) Gecko/20100101 Firefox/31.0"
89.248.172.27 - - [01/Jun/2015:20:01:50 +0200] "POST /phpMoAdmin/moadmin.php HTTP/1.1" 404 327 "-" "Mozilla/5.0 (Windows NT 5.1; rv:31.0) Gecko/20100101 Firefox/31.0"
89.248.172.27 - - [01/Jun/2015:20:02:09 +0200] "GET /rom-0 HTTP/1.1" 404 310 "-" "-"
89.248.172.27 - - [01/Jun/2015:20:02:09 +0200] "GET / HTTP/1.1" 200 1229 "-" "-"
89.248.172.27 - - [01/Jun/2015:20:02:10 +0200] "GET /tmUnblock.cgi HTTP/1.1" 404 318 "-" "-"
89.248.172.27 - - [01/Jun/2015:20:02:10 +0200] "GET /hndUnblock.cgi HTTP/1.1" 404 319 "-" "-"
89.248.172.27 - - [01/Jun/2015:20:02:11 +0200] "POST /moadmin.php HTTP/1.1" 404 316 "-" "Mozilla/5.0 (Windows NT 5.1; rv:31.0) Gecko/20100101 Firefox/31.0"
89.248.172.27 - - [01/Jun/2015:20:02:11 +0200] "POST /phpMoAdmin/moadmin.php HTTP/1.1" 404 327 "-" "Mozilla/5.0 (Windows NT 5.1; rv:31.0) Gecko/20100101 Firefox/31.0"
89.248.172.27 - - [01/Jun/2015:20:03:29 +0200] "GET /rom-0 HTTP/1.1" 404 310 "-" "-"
89.248.172.27 - - [01/Jun/2015:20:03:29 +0200] "GET / HTTP/1.1" 200 1229 "-" "-"
89.248.172.27 - - [01/Jun/2015:20:03:30 +0200] "GET /tmUnblock.cgi HTTP/1.1" 404 318 "-" "-"
89.248.172.27 - - [01/Jun/2015:20:03:30 +0200] "GET /hndUnblock.cgi HTTP/1.1" 404 319 "-" "-"
89.248.172.27 - - [01/Jun/2015:20:03:30 +0200] "POST /moadmin.php HTTP/1.1" 404 316 "-" "Mozilla/5.0 (Windows NT 5.1; rv:31.0) Gecko/20100101 Firefox/31.0"
89.248.172.27 - - [01/Jun/2015:20:03:30 +0200] "POST /phpMoAdmin/moadmin.php HTTP/1.1" 404 327 "-" "Mozilla/5.0 (Windows NT 5.1; rv:31.0) Gecko/20100101 Firefox/31.0"
89.248.172.27 - - [01/Jun/2015:20:03:39 +0200] "GET /rom-0 HTTP/1.1" 404 310 "-" "-"
89.248.172.27 - - [01/Jun/2015:20:03:39 +0200] "GET / HTTP/1.1" 200 1229 "-" "-"
89.248.172.27 - - [01/Jun/2015:20:03:41 +0200] "GET /tmUnblock.cgi HTTP/1.1" 404 318 "-" "-"
89.248.172.27 - - [01/Jun/2015:20:03:41 +0200] "GET /hndUnblock.cgi HTTP/1.1" 404 319 "-" "-"
89.248.172.27 - - [01/Jun/2015:20:03:41 +0200] "POST /moadmin.php HTTP/1.1" 404 316 "-" "Mozilla/5.0 (Windows NT 5.1; rv:31.0) Gecko/20100101 Firefox/31.0"
89.248.172.27 - - [01/Jun/2015:20:03:41 +0200] "POST /phpMoAdmin/moadmin.php HTTP/1.1" 404 327 "-" "Mozilla/5.0 (Windows NT 5.1; rv:31.0) Gecko/20100101 Firefox/31.0"
185.35.62.11 - - [01/Jun/2015:20:04:29 +0200] "HEAD / HTTP/1.1" 200 - "-" "-"
192.99.107.51 - - [01/Jun/2015:20:05:55 +0200] "GET /robots.txt HTTP/1.1" 404 322 "-" "Mozilla/5.0 (compatible; meanpathbot/1.0; +http://www.meanpath.com/meanpathbot.html)"
192.99.107.51 - - [01/Jun/2015:20:05:55 +0200] "GET / HTTP/1.1" 200 1229 "-" "Mozilla/5.0 (compatible; meanpathbot/1.0; +http://www.meanpath.com/meanpathbot.html)"
89.248.172.27 - - [01/Jun/2015:20:07:18 +0200] "GET /rom-0 HTTP/1.1" 404 310 "-" "-"
89.248.172.27 - - [01/Jun/2015:20:07:18 +0200] "GET / HTTP/1.1" 200 1229 "-" "-"
89.248.172.27 - - [01/Jun/2015:20:07:19 +0200] "GET /tmUnblock.cgi HTTP/1.1" 404 318 "-" "-"
89.248.172.27 - - [01/Jun/2015:20:07:19 +0200] "GET /hndUnblock.cgi HTTP/1.1" 404 319 "-" "-"
89.248.172.27 - - [01/Jun/2015:20:07:19 +0200] "POST /moadmin.php HTTP/1.1" 404 316 "-" "Mozilla/5.0 (Windows NT 5.1; rv:31.0) Gecko/20100101 Firefox/31.0"
89.248.172.27 - - [01/Jun/2015:20:07:19 +0200] "POST /phpMoAdmin/moadmin.php HTTP/1.1" 404 327 "-" "Mozilla/5.0 (Windows NT 5.1; rv:31.0) Gecko/20100101 Firefox/31.0"
185.35.62.11 - - [01/Jun/2015:20:09:27 +0200] "HEAD / HTTP/1.1" 200 - "-" "-"
89.248.172.27 - - [01/Jun/2015:20:13:02 +0200] "GET /rom-0 HTTP/1.1" 404 310 "-" "-"
89.248.172.27 - - [01/Jun/2015:20:13:02 +0200] "GET / HTTP/1.1" 200 1229 "-" "-"
89.248.172.27 - - [01/Jun/2015:20:13:03 +0200] "GET /tmUnblock.cgi HTTP/1.1" 404 318 "-" "-"
89.248.172.27 - - [01/Jun/2015:20:13:03 +0200] "GET /hndUnblock.cgi HTTP/1.1" 404 319 "-" "-"
89.248.172.27 - - [01/Jun/2015:20:13:03 +0200] "POST /moadmin.php HTTP/1.1" 404 316 "-" "Mozilla/5.0 (Windows NT 5.1; rv:31.0) Gecko/20100101 Firefox/31.0"
89.248.172.27 - - [01/Jun/2015:20:13:03 +0200] "POST /phpMoAdmin/moadmin.php HTTP/1.1" 404 327 "-" "Mozilla/5.0 (Windows NT 5.1; rv:31.0) Gecko/20100101 Firefox/31.0"
185.35.62.11 - - [01/Jun/2015:20:19:48 +0200] "HEAD / HTTP/1.1" 200 - "-" "-"
185.35.62.11 - - [01/Jun/2015:20:38:09 +0200] "HEAD / HTTP/1.1" 200 - "-" "-"
94.102.53.195 - - [01/Jun/2015:20:52:38 +0200] "GET /server/theme/failed.png HTTP/1.1" 404 328 "-" "Mozilla/5.0 (Windows NT 6.1; WOW64; rv:8.0) Gecko/20100101 Firefox/8.0"
37.187.229.98 - - [01/Jun/2015:20:58:50 +0200] "GET /w00tw00t.at.blackhats.romanian.anti-sec:) HTTP/1.1" 404 346 "-" "ZmEu"
37.187.229.98 - - [01/Jun/2015:20:58:53 +0200] "GET /mysqladmin/scripts/setup.php HTTP/1.1" 404 333 "-" "ZmEu"
37.187.229.98 - - [01/Jun/2015:20:58:53 +0200] "GET /PMA/scripts/setup.php HTTP/1.1" 404 326 "-" "ZmEu"
37.187.229.98 - - [01/Jun/2015:20:58:54 +0200] "GET /phpmyadmin/scripts/setup.php HTTP/1.1" 404 333 "-" "ZmEu"
36.229.81.229 - - [01/Jun/2015:21:14:28 +0200] "CONNECT vip163mx00.mxmail.netease.com:25 HTTP/1.0" 405 358 "-" "-"
109.206.186.162 - - [01/Jun/2015:21:39:44 +0200] "GET / HTTP/1.1" 200 1229 "-" "-"
109.206.186.162 - - [01/Jun/2015:21:39:58 +0200] "GET / HTTP/1.1" 200 1229 "-" "-"
109.206.186.162 - - [01/Jun/2015:21:40:15 +0200] "GET / HTTP/1.1" 200 1229 "-" "-"
109.206.186.162 - - [01/Jun/2015:21:41:21 +0200] "GET / HTTP/1.1" 200 1229 "-" "-"
109.206.186.162 - - [01/Jun/2015:21:41:30 +0200] "GET / HTTP/1.1" 200 1229 "-" "-"
109.206.186.162 - - [01/Jun/2015:21:54:07 +0200] "GET / HTTP/1.1" 200 1229 "-" "-"
109.206.186.162 - - [01/Jun/2015:21:59:08 +0200] "GET / HTTP/1.1" 200 1229 "-" "-"
199.48.147.141 - - [01/Jun/2015:22:10:03 +0200] "GET /Panel/back.css HTTP/1.1" 404 319 "-" "Mozilla/5.0 (Windows NT 6.1; WOW64; rv:8.0) Gecko/20100101 Firefox/8.0"
61.228.94.29 - - [01/Jun/2015:22:18:33 +0200] "CONNECT 163mx00.mxmail.netease.com:25 HTTP/1.0" 405 355 "-" "-"
109.206.186.162 - - [01/Jun/2015:22:20:59 +0200] "GET /HNAP1/ HTTP/1.1" 404 311 "-" "-"
109.206.186.162 - - [01/Jun/2015:22:25:51 +0200] "GET /HNAP1/ HTTP/1.1" 404 311 "-" "-"
89.248.172.78 - - [01/Jun/2015:22:32:37 +0200] "GET / HTTP/1.0" 200 1229 "-" "Mozilla/5.0 (Windows NT 6.1; rv:31.0) Gecko/20100101 Firefox/31.0"
89.248.172.78 - - [01/Jun/2015:22:32:42 +0200] "GET / HTTP/1.0" 200 1229 "-" "Mozilla/5.0 (Windows NT 6.1; rv:31.0) Gecko/20100101 Firefox/31.0"
89.248.172.78 - - [01/Jun/2015:22:32:43 +0200] "GET / HTTP/1.0" 200 1229 "-" "Mozilla/5.0 (Windows NT 6.1; rv:31.0) Gecko/20100101 Firefox/31.0"
89.248.172.78 - - [01/Jun/2015:22:32:45 +0200] "GET / HTTP/1.0" 200 1229 "-" "Mozilla/5.0 (Windows NT 6.1; rv:31.0) Gecko/20100101 Firefox/31.0"
89.248.172.78 - - [01/Jun/2015:22:36:17 +0200] "GET / HTTP/1.0" 200 1229 "-" "Mozilla/5.0 (Windows NT 6.1; rv:31.0) Gecko/20100101 Firefox/31.0"
89.248.172.78 - - [01/Jun/2015:22:36:26 +0200] "GET / HTTP/1.0" 200 1229 "-" "Mozilla/5.0 (Windows NT 6.1; rv:31.0) Gecko/20100101 Firefox/31.0"
89.248.172.78 - - [01/Jun/2015:22:36:31 +0200] "GET / HTTP/1.0" 200 1229 "-" "Mozilla/5.0 (Windows NT 6.1; rv:31.0) Gecko/20100101 Firefox/31.0"
89.248.172.78 - - [01/Jun/2015:22:36:33 +0200] "GET / HTTP/1.0" 200 1229 "-" "Mozilla/5.0 (Windows NT 6.1; rv:31.0) Gecko/20100101 Firefox/31.0"
89.248.172.78 - - [01/Jun/2015:22:36:36 +0200] "GET / HTTP/1.0" 200 1229 "-" "Mozilla/5.0 (Windows NT 6.1; rv:31.0) Gecko/20100101 Firefox/31.0"
89.248.172.78 - - [01/Jun/2015:22:36:48 +0200] "GET / HTTP/1.0" 200 1229 "-" "Mozilla/5.0 (Windows NT 6.1; rv:31.0) Gecko/20100101 Firefox/31.0"
222.198.126.217 - - [01/Jun/2015:22:43:22 +0200] "GET /phph/php/ph.php HTTP/1.1" 404 320 "-" "-"
222.198.126.217 - - [01/Jun/2015:22:43:23 +0200] "GET /phpMyAdmin/scripts/setup.php HTTP/1.1" 404 333 "-" "-"
222.198.126.217 - - [01/Jun/2015:22:43:24 +0200] "GET /pma/scripts/setup.php HTTP/1.1" 404 326 "-" "-"
222.198.126.217 - - [01/Jun/2015:22:43:24 +0200] "GET /myadmin/scripts/setup.php HTTP/1.1" 404 330 "-" "-"
63.141.251.187 - - [01/Jun/2015:22:57:16 +0200] "GET / HTTP/1.1" 200 1229 "-" "Mozilla/5.0 (Windows NT 6.1; WOW64) AppleWebKit/537.36 (KHTML, like Gecko) Chrome/36.0.1985.67 Safari/537.36"
63.141.253.227 - - [01/Jun/2015:22:58:17 +0200] "GET / HTTP/1.1" 200 1229 "-" "Mozilla/5.0 (Windows NT 6.1; WOW64) AppleWebKit/537.36 (KHTML, like Gecko) Chrome/36.0.1985.67 Safari/537.36"
63.141.251.189 - - [01/Jun/2015:22:58:40 +0200] "GET / HTTP/1.1" 200 1229 "-" "Mozilla/5.0 (Windows NT 6.1; WOW64) AppleWebKit/537.36 (KHTML, like Gecko) Chrome/36.0.1985.67 Safari/537.36"
142.54.182.251 - - [01/Jun/2015:22:59:34 +0200] "GET / HTTP/1.1" 200 1229 "-" "Mozilla/5.0 (Windows NT 6.1; WOW64) AppleWebKit/537.36 (KHTML, like Gecko) Chrome/36.0.1985.67 Safari/537.36"
63.141.251.234 - - [01/Jun/2015:23:01:40 +0200] "GET / HTTP/1.1" 200 1229 "-" "Mozilla/5.0 (Windows NT 6.1; WOW64) AppleWebKit/537.36 (KHTML, like Gecko) Chrome/36.0.1985.67 Safari/537.36"
61.240.144.67 - - [01/Jun/2015:23:02:55 +0200] "GET / HTTP/1.0" 200 1229 "-" "masscan/1.0 (https://github.com/robertdavidgraham/masscan)"
61.240.144.67 - - [01/Jun/2015:23:03:06 +0200] "GET / HTTP/1.0" 200 1229 "-" "masscan/1.0 (https://github.com/robertdavidgraham/masscan)"
63.141.251.190 - - [01/Jun/2015:23:03:22 +0200] "GET / HTTP/1.1" 200 1229 "-" "Mozilla/5.0 (Windows NT 6.1; WOW64) AppleWebKit/537.36 (KHTML, like Gecko) Chrome/36.0.1985.67 Safari/537.36"
142.54.182.250 - - [01/Jun/2015:23:03:30 +0200] "GET / HTTP/1.1" 200 1229 "-" "Mozilla/5.0 (Windows NT 6.1; WOW64) AppleWebKit/537.36 (KHTML, like Gecko) Chrome/36.0.1985.67 Safari/537.36"
63.141.251.188 - - [01/Jun/2015:23:05:38 +0200] "GET / HTTP/1.1" 200 1229 "-" "Mozilla/5.0 (Windows NT 6.1; WOW64) AppleWebKit/537.36 (KHTML, like Gecko) Chrome/36.0.1985.67 Safari/537.36"
63.141.253.229 - - [01/Jun/2015:23:05:41 +0200] "GET / HTTP/1.1" 200 1229 "-" "Mozilla/5.0 (Windows NT 6.1; WOW64) AppleWebKit/537.36 (KHTML, like Gecko) Chrome/36.0.1985.67 Safari/537.36"
142.54.182.252 - - [01/Jun/2015:23:05:55 +0200] "GET / HTTP/1.1" 200 1229 "-" "Mozilla/5.0 (Windows NT 6.1; WOW64) AppleWebKit/537.36 (KHTML, like Gecko) Chrome/36.0.1985.67 Safari/537.36"
64.246.165.160 - - [01/Jun/2015:23:16:34 +0200] "GET /robots.txt HTTP/1.0" 404 334 "-" "Mozilla/5.0 (Windows; U; Windows NT 5.1; en; rv:1.9.0.13) Gecko/2009073022 Firefox/3.5.2 (.NET CLR 3.5.30729) SurveyBot/2.3 (DomainTools)"
64.246.165.160 - - [01/Jun/2015:23:16:34 +0200] "GET / HTTP/1.1" 200 1229 "http://whois.domaintools.com/schraeg-senkrechtaufzuege.de" "Mozilla/5.0 (Windows; U; Windows NT 5.1; en; rv:1.9.0.13) Gecko/2009073022 Firefox/3.5.2 (.NET CLR 3.5.30729) SurveyBot/2.3 (DomainTools)"
66.249.78.234 - - [01/Jun/2015:23:23:19 +0200] "GET / HTTP/1.1" 200 1229 "-" "Mozilla/5.0 (compatible; Googlebot/2.1; +http://www.google.com/bot.html)"
36.229.235.139 - - [02/Jun/2015:00:32:52 +0200] "CONNECT 163mx00.mxmail.netease.com:25 HTTP/1.0" 405 355 "-" "-"
146.185.239.100 - - [02/Jun/2015:00:36:32 +0200] "GET http://24x7-allrequestsallowed.com/?PHPSESSID=a45ad01b00143SSQJ_W_EFBF%5CO HTTP/1.1" 200 1229 "-" "-"
61.240.144.67 - - [02/Jun/2015:00:48:29 +0200] "GET / HTTP/1.0" 200 1229 "-" "masscan/1.0 (https://github.com/robertdavidgraham/masscan)"
94.102.53.195 - - [02/Jun/2015:01:44:32 +0200] "GET /server/theme/failed.png HTTP/1.1" 404 328 "-" "Mozilla/5.0 (Windows NT 6.1; WOW64; rv:8.0) Gecko/20100101 Firefox/8.0"
146.185.239.100 - - [02/Jun/2015:02:16:40 +0200] "GET http://24x7-allrequestsallowed.com/?PHPSESSID=a45ad01b00143SSQJ_W_EFBF%5CC HTTP/1.1" 200 1229 "-" "-"
176.9.156.171 - - [02/Jun/2015:03:34:53 +0200] "GET /robots.txt HTTP/1.1" 404 322 "-" "Mozilla/5.0 (compatible; SearchmetricsBot; http://www.searchmetrics.com/en/searchmetrics-bot/)"
176.9.156.171 - - [02/Jun/2015:03:34:53 +0200] "GET / HTTP/1.1" 200 1229 "-" "Mozilla/5.0 (compatible; SearchmetricsBot; http://www.searchmetrics.com/en/searchmetrics-bot/)"
61.228.90.89 - - [02/Jun/2015:04:53:16 +0200] "CONNECT 126mx01.mxmail.netease.com:25 HTTP/1.0" 405 355 "-" "-"
201.153.134.242 - - [02/Jun/2015:05:08:50 +0200] "GET /phpMyAdmin/scripts/setup.php HTTP/1.1" 404 333 "-" "-"
201.153.134.242 - - [02/Jun/2015:05:08:54 +0200] "GET /pma/scripts/setup.php HTTP/1.1" 404 326 "-" "-"
201.153.134.242 - - [02/Jun/2015:05:08:57 +0200] "GET /myadmin/scripts/setup.php HTTP/1.1" 404 330 "-" "-"
120.24.81.235 - - [02/Jun/2015:05:08:58 +0200] "GET /okok/oko/ok.php HTTP/1.1" 404 320 "-" "-"
120.24.81.235 - - [02/Jun/2015:05:08:58 +0200] "GET /phpMyAdmin/scripts/setup.php HTTP/1.1" 404 333 "-" "-"
120.24.81.235 - - [02/Jun/2015:05:08:59 +0200] "GET /pma/scripts/setup.php HTTP/1.1" 404 326 "-" "-"
120.24.81.235 - - [02/Jun/2015:05:08:59 +0200] "GET /myadmin/scripts/setup.php HTTP/1.1" 404 330 "-" "-"
66.249.78.228 - - [02/Jun/2015:06:22:24 +0200] "GET / HTTP/1.1" 200 1229 "-" "Mozilla/5.0 (compatible; Googlebot/2.1; +http://www.google.com/bot.html)"
188.138.1.218 - - [02/Jun/2015:06:34:55 +0200] "GET / HTTP/1.1" 200 1229 "-" "-"
188.138.1.218 - - [02/Jun/2015:06:34:55 +0200] "GET /robots.txt HTTP/1.1" 404 315 "-" "-"
111.248.56.133 - - [02/Jun/2015:07:09:05 +0200] "CONNECT 163mx03.mxmail.netease.com:25 HTTP/1.0" 405 355 "-" "-"
115.28.47.144 - - [02/Jun/2015:08:00:34 +0200] "GET /phpMyAdmin/scripts/setup.php HTTP/1.1" 404 333 "-" "-"
115.28.47.144 - - [02/Jun/2015:08:00:37 +0200] "GET /pma/scripts/setup.php HTTP/1.1" 404 326 "-" "-"
115.28.47.144 - - [02/Jun/2015:08:00:41 +0200] "GET /myadmin/scripts/setup.php HTTP/1.1" 404 330 "-" "-"
94.46.187.208 - - [02/Jun/2015:08:58:08 +0200] "GET /phpMyAdmin/scripts/setup.php HTTP/1.1" 404 333 "-" "-"
94.46.187.208 - - [02/Jun/2015:08:58:12 +0200] "GET /pma/scripts/setup.php HTTP/1.1" 404 326 "-" "-"
94.46.187.208 - - [02/Jun/2015:08:58:15 +0200] "GET /myadmin/scripts/setup.php HTTP/1.1" 404 330 "-" "-"
211.141.109.83 - - [02/Jun/2015:09:37:39 +0200] "GET /phph/php/ph.php HTTP/1.1" 404 320 "-" "-"
211.141.109.83 - - [02/Jun/2015:09:37:40 +0200] "GET /phpMyAdmin/scripts/setup.php HTTP/1.1" 404 333 "-" "-"
211.141.109.83 - - [02/Jun/2015:09:37:41 +0200] "GET /pma/scripts/setup.php HTTP/1.1" 404 326 "-" "-"
211.141.109.83 - - [02/Jun/2015:09:37:41 +0200] "GET /myadmin/scripts/setup.php HTTP/1.1" 404 330 "-" "-"
66.249.78.228 - - [02/Jun/2015:10:18:12 +0200] "GET /robots.txt HTTP/1.1" 404 332 "-" "Mozilla/5.0 (compatible; Googlebot/2.1; +http://www.google.com/bot.html)"
66.249.78.240 - - [02/Jun/2015:10:18:12 +0200] "GET / HTTP/1.1" 200 1229 "-" "Mozilla/5.0 (compatible; Googlebot/2.1; +http://www.google.com/bot.html)"
111.248.118.79 - - [02/Jun/2015:13:28:52 +0200] "CONNECT 163mx01.mxmail.netease.com:25 HTTP/1.0" 405 355 "-" "-"
199.48.147.141 - - [02/Jun/2015:13:29:56 +0200] "GET /Panel/back.css HTTP/1.1" 404 319 "-" "Mozilla/5.0 (Windows NT 6.1; WOW64; rv:8.0) Gecko/20100101 Firefox/8.0"
157.55.39.102 - - [02/Jun/2015:13:38:25 +0200] "GET /robots.txt HTTP/1.1" 404 337 "-" "Mozilla/5.0 (compatible; bingbot/2.0; +http://www.bing.com/bingbot.htm)"
157.55.39.102 - - [02/Jun/2015:13:38:39 +0200] "GET / HTTP/1.1" 304 - "-" "Mozilla/5.0 (compatible; bingbot/2.0; +http://www.bing.com/bingbot.htm)"
204.93.58.226 - - [02/Jun/2015:14:34:05 +0200] "GET /phpMyAdmin/scripts/setup.php HTTP/1.1" 404 333 "-" "-"
204.93.58.226 - - [02/Jun/2015:14:34:08 +0200] "GET /pma/scripts/setup.php HTTP/1.1" 404 326 "-" "-"
204.93.58.226 - - [02/Jun/2015:14:34:12 +0200] "GET /myadmin/scripts/setup.php HTTP/1.1" 404 330 "-" "-"
161.246.59.145 - - [02/Jun/2015:14:34:22 +0200] "GET /phpMyAdmin/scripts/setup.php HTTP/1.1" 404 333 "-" "-"
161.246.59.145 - - [02/Jun/2015:14:34:25 +0200] "GET /pma/scripts/setup.php HTTP/1.1" 404 326 "-" "-"
161.246.59.145 - - [02/Jun/2015:14:34:29 +0200] "GET /myadmin/scripts/setup.php HTTP/1.1" 404 330 "-" "-"
190.122.107.99 - - [02/Jun/2015:16:18:08 +0200] "GET /phpMyAdmin/scripts/setup.php HTTP/1.1" 404 333 "-" "-"
190.122.107.99 - - [02/Jun/2015:16:18:11 +0200] "GET /pma/scripts/setup.php HTTP/1.1" 404 326 "-" "-"
190.122.107.99 - - [02/Jun/2015:16:18:15 +0200] "GET /myadmin/scripts/setup.php HTTP/1.1" 404 330 "-" "-"
199.48.147.141 - - [02/Jun/2015:16:39:05 +0200] "GET /Panel/back.css HTTP/1.1" 404 319 "-" "Mozilla/5.0 (Windows NT 6.1; WOW64; rv:8.0) Gecko/20100101 Firefox/8.0"
202.29.179.105 - - [02/Jun/2015:17:11:31 +0200] "GET /phpMyAdmin/scripts/setup.php HTTP/1.1" 404 333 "-" "-"
202.29.179.105 - - [02/Jun/2015:17:11:34 +0200] "GET /pma/scripts/setup.php HTTP/1.1" 404 326 "-" "-"
202.29.179.105 - - [02/Jun/2015:17:11:38 +0200] "GET /myadmin/scripts/setup.php HTTP/1.1" 404 330 "-" "-"
94.102.53.195 - - [02/Jun/2015:17:20:06 +0200] "GET /server/theme/failed.png HTTP/1.1" 404 328 "-" "Mozilla/5.0 (Windows NT 6.1; WOW64; rv:8.0) Gecko/20100101 Firefox/8.0"
182.118.60.106 - - [02/Jun/2015:18:30:23 +0200] "GET / HTTP/1.1" 200 1229 "-" "Mozilla/5.0 (Macintosh; Intel Mac OS X 10_10_1) AppleWebKit/537.36 (KHTML, like Gecko) Chrome/41.0.2251.0 Safari/537.36"
199.48.147.141 - - [02/Jun/2015:19:15:53 +0200] "GET /Panel/back.css HTTP/1.1" 404 319 "-" "Mozilla/5.0 (Windows NT 6.1; WOW64; rv:8.0) Gecko/20100101 Firefox/8.0"
61.231.3.170 - - [02/Jun/2015:19:28:47 +0200] "CONNECT vip163mx00.mxmail.netease.com:25 HTTP/1.0" 405 358 "-" "-"
89.248.172.27 - - [02/Jun/2015:19:40:34 +0200] "GET /rom-0 HTTP/1.1" 404 310 "-" "-"
89.248.172.27 - - [02/Jun/2015:19:40:34 +0200] "GET / HTTP/1.1" 200 1229 "-" "-"
89.248.172.27 - - [02/Jun/2015:19:40:35 +0200] "GET /tmUnblock.cgi HTTP/1.1" 404 318 "-" "-"
89.248.172.27 - - [02/Jun/2015:19:40:35 +0200] "GET /hndUnblock.cgi HTTP/1.1" 404 319 "-" "-"
89.248.172.27 - - [02/Jun/2015:19:40:35 +0200] "POST /moadmin.php HTTP/1.1" 404 316 "-" "Mozilla/5.0 (Windows NT 5.1; rv:31.0) Gecko/20100101 Firefox/31.0"
89.248.172.27 - - [02/Jun/2015:19:40:35 +0200] "POST /phpMoAdmin/moadmin.php HTTP/1.1" 404 327 "-" "Mozilla/5.0 (Windows NT 5.1; rv:31.0) Gecko/20100101 Firefox/31.0"
89.248.172.27 - - [02/Jun/2015:19:45:42 +0200] "GET /rom-0 HTTP/1.1" 404 310 "-" "-"
89.248.172.27 - - [02/Jun/2015:19:45:42 +0200] "GET / HTTP/1.1" 200 1229 "-" "-"
89.248.172.27 - - [02/Jun/2015:19:45:45 +0200] "GET /tmUnblock.cgi HTTP/1.1" 404 318 "-" "-"
89.248.172.27 - - [02/Jun/2015:19:45:45 +0200] "GET /hndUnblock.cgi HTTP/1.1" 404 319 "-" "-"
89.248.172.27 - - [02/Jun/2015:19:45:45 +0200] "POST /moadmin.php HTTP/1.1" 404 316 "-" "Mozilla/5.0 (Windows NT 5.1; rv:31.0) Gecko/20100101 Firefox/31.0"
89.248.172.27 - - [02/Jun/2015:19:45:45 +0200] "POST /phpMoAdmin/moadmin.php HTTP/1.1" 404 327 "-" "Mozilla/5.0 (Windows NT 5.1; rv:31.0) Gecko/20100101 Firefox/31.0"
89.248.172.27 - - [02/Jun/2015:19:50:48 +0200] "GET /rom-0 HTTP/1.1" 404 310 "-" "-"
89.248.172.27 - - [02/Jun/2015:19:50:48 +0200] "GET / HTTP/1.1" 200 1229 "-" "-"
89.248.172.27 - - [02/Jun/2015:19:50:49 +0200] "GET /tmUnblock.cgi HTTP/1.1" 404 318 "-" "-"
89.248.172.27 - - [02/Jun/2015:19:50:49 +0200] "GET /hndUnblock.cgi HTTP/1.1" 404 319 "-" "-"
89.248.172.27 - - [02/Jun/2015:19:50:49 +0200] "POST /moadmin.php HTTP/1.1" 404 316 "-" "Mozilla/5.0 (Windows NT 5.1; rv:31.0) Gecko/20100101 Firefox/31.0"
89.248.172.27 - - [02/Jun/2015:19:50:49 +0200] "POST /phpMoAdmin/moadmin.php HTTP/1.1" 404 327 "-" "Mozilla/5.0 (Windows NT 5.1; rv:31.0) Gecko/20100101 Firefox/31.0"
94.102.53.195 - - [02/Jun/2015:20:33:27 +0200] "GET /server/theme/failed.png HTTP/1.1" 404 328 "-" "Mozilla/5.0 (Windows NT 6.1; WOW64; rv:8.0) Gecko/20100101 Firefox/8.0"
36.229.234.4 - - [02/Jun/2015:21:34:21 +0200] "CONNECT vip163mx01.mxmail.netease.com:25 HTTP/1.0" 405 358 "-" "-"
199.48.147.141 - - [02/Jun/2015:22:35:00 +0200] "GET /Panel/back.css HTTP/1.1" 404 319 "-" "Mozilla/5.0 (Windows NT 6.1; WOW64; rv:8.0) Gecko/20100101 Firefox/8.0"
94.102.53.195 - - [02/Jun/2015:23:14:16 +0200] "GET /server/theme/failed.png HTTP/1.1" 404 328 "-" "Mozilla/5.0 (Windows NT 6.1; WOW64; rv:8.0) Gecko/20100101 Firefox/8.0"
182.118.60.108 - - [02/Jun/2015:23:51:02 +0200] "GET / HTTP/1.1" 200 1229 "-" "Mozilla/5.0 (Macintosh; Intel Mac OS X 10_10_1) AppleWebKit/537.36 (KHTML, like Gecko) Chrome/41.0.2251.0 Safari/537.36"
182.118.60.41 - - [03/Jun/2015:00:00:18 +0200] "GET / HTTP/1.1" 200 1229 "-" "Mozilla/5.0 (Macintosh; Intel Mac OS X 10_10_1) AppleWebKit/537.36 (KHTML, like Gecko) Chrome/41.0.2251.0 Safari/537.36"
182.118.55.182 - - [03/Jun/2015:00:21:56 +0200] "GET / HTTP/1.1" 200 1229 "-" "Mozilla/5.0 (Macintosh; Intel Mac OS X 10_10_1) AppleWebKit/537.36 (KHTML, like Gecko) Chrome/41.0.2251.0 Safari/537.36"
182.118.53.84 - - [03/Jun/2015:00:25:36 +0200] "GET / HTTP/1.1" 200 1229 "-" "Mozilla/5.0 (Macintosh; Intel Mac OS X 10_10_1) AppleWebKit/537.36 (KHTML, like Gecko) Chrome/41.0.2251.0 Safari/537.36"
61.228.88.127 - - [03/Jun/2015:00:43:21 +0200] "CONNECT 163mx02.mxmail.netease.com:25 HTTP/1.0" 405 355 "-" "-"
182.118.53.240 - - [03/Jun/2015:01:09:11 +0200] "GET / HTTP/1.1" 200 1229 "-" "Mozilla/5.0 (Macintosh; Intel Mac OS X 10_10_1) AppleWebKit/537.36 (KHTML, like Gecko) Chrome/41.0.2251.0 Safari/537.36"
182.118.54.25 - - [03/Jun/2015:01:51:59 +0200] "GET / HTTP/1.1" 200 1229 "-" "Mozilla/5.0 (Macintosh; Intel Mac OS X 10_10_1) AppleWebKit/537.36 (KHTML, like Gecko) Chrome/41.0.2251.0 Safari/537.36"
182.118.60.106 - - [03/Jun/2015:02:15:14 +0200] "GET / HTTP/1.1" 200 1229 "-" "Mozilla/5.0 (Macintosh; Intel Mac OS X 10_10_1) AppleWebKit/537.36 (KHTML, like Gecko) Chrome/41.0.2251.0 Safari/537.36"
94.102.53.195 - - [03/Jun/2015:02:38:01 +0200] "GET /server/theme/failed.png HTTP/1.1" 404 328 "-" "Mozilla/5.0 (Windows NT 6.1; WOW64; rv:8.0) Gecko/20100101 Firefox/8.0"
182.118.55.249 - - [03/Jun/2015:02:48:42 +0200] "GET / HTTP/1.1" 200 1229 "-" "Mozilla/5.0 (Macintosh; Intel Mac OS X 10_10_1) AppleWebKit/537.36 (KHTML, like Gecko) Chrome/41.0.2251.0 Safari/537.36"
111.248.60.38 - - [03/Jun/2015:03:49:50 +0200] "CONNECT vip163mx01.mxmail.netease.com:25 HTTP/1.0" 405 358 "-" "-"
146.185.239.100 - - [03/Jun/2015:04:34:48 +0200] "GET http://24x7-allrequestsallowed.com/?PHPSESSID=a45ad01b00143SSQJ_W_EFBF%5CB HTTP/1.1" 200 1229 "-" "-"
101.231.74.207 - - [03/Jun/2015:05:02:18 +0200] "GET /phpMyAdmin/scripts/setup.php HTTP/1.1" 404 333 "-" "-"
101.231.74.207 - - [03/Jun/2015:05:02:21 +0200] "GET /pma/scripts/setup.php HTTP/1.1" 404 326 "-" "-"
101.231.74.207 - - [03/Jun/2015:05:02:23 +0200] "GET /myadmin/scripts/setup.php HTTP/1.1" 404 330 "-" "-"
66.249.79.36 - - [03/Jun/2015:05:06:31 +0200] "GET /robots.txt HTTP/1.1" 404 315 "-" "Mozilla/5.0 (compatible; Googlebot/2.1; +http://www.google.com/bot.html)"
66.249.79.36 - - [03/Jun/2015:05:06:32 +0200] "GET / HTTP/1.1" 200 1229 "-" "Mozilla/5.0 (iPhone; CPU iPhone OS 6_0 like Mac OS X) AppleWebKit/536.26 (KHTML, like Gecko) Version/6.0 Mobile/10A5376e Safari/8536.25 (compatible; Googlebot/2.1; +http://www.google.com/bot.html)"
66.249.79.5 - - [03/Jun/2015:06:05:45 +0200] "GET /robots.txt HTTP/1.1" 404 328 "-" "Mozilla/5.0 (compatible; Googlebot/2.1; +http://www.google.com/bot.html)"
66.249.79.5 - - [03/Jun/2015:06:05:45 +0200] "GET / HTTP/1.1" 200 1229 "-" "Mozilla/5.0 (iPhone; CPU iPhone OS 6_0 like Mac OS X) AppleWebKit/536.26 (KHTML, like Gecko) Version/6.0 Mobile/10A5376e Safari/8536.25 (compatible; Googlebot/2.1; +http://www.google.com/bot.html)"
146.185.239.100 - - [03/Jun/2015:06:14:49 +0200] "GET http://24x7-allrequestsallowed.com/?PHPSESSID=a45ad01b00143SSQJ_W_EFBF%5CF HTTP/1.1" 200 1229 "-" "-"
213.230.22.180 - - [03/Jun/2015:06:48:47 +0200] "GET /phph/php/ph.php HTTP/1.1" 404 320 "-" "-"
213.230.22.180 - - [03/Jun/2015:06:48:48 +0200] "GET /phpMyAdmin/scripts/setup.php HTTP/1.1" 404 333 "-" "-"
213.230.22.180 - - [03/Jun/2015:06:48:48 +0200] "GET /pma/scripts/setup.php HTTP/1.1" 404 326 "-" "-"
213.230.22.180 - - [03/Jun/2015:06:48:48 +0200] "GET /myadmin/scripts/setup.php HTTP/1.1" 404 330 "-" "-"
188.138.1.218 - - [03/Jun/2015:07:02:31 +0200] "GET / HTTP/1.1" 200 1229 "-" "-"
188.138.1.218 - - [03/Jun/2015:07:02:31 +0200] "GET /robots.txt HTTP/1.1" 404 315 "-" "-"
111.248.58.133 - - [03/Jun/2015:07:14:29 +0200] "CONNECT 163mx02.mxmail.netease.com:25 HTTP/1.0" 405 355 "-" "-"
199.48.147.141 - - [03/Jun/2015:07:41:55 +0200] "GET /Panel/back.css HTTP/1.1" 404 319 "-" "Mozilla/5.0 (Windows NT 6.1; WOW64; rv:8.0) Gecko/20100101 Firefox/8.0"
111.248.63.228 - - [03/Jun/2015:09:17:17 +0200] "CONNECT vip163mx00.mxmail.netease.com:25 HTTP/1.0" 405 358 "-" "-"
199.48.147.141 - - [03/Jun/2015:09:21:41 +0200] "GET /Panel/back.css HTTP/1.1" 404 319 "-" "Mozilla/5.0 (Windows NT 6.1; WOW64; rv:8.0) Gecko/20100101 Firefox/8.0"
199.48.147.141 - - [03/Jun/2015:09:29:52 +0200] "GET /Panel/back.css HTTP/1.1" 404 319 "-" "Mozilla/5.0 (Windows NT 6.1; WOW64; rv:8.0) Gecko/20100101 Firefox/8.0"
178.19.104.138 - - [03/Jun/2015:09:56:03 +0200] "GET / HTTP/1.1" 200 1229 "-" "-"
178.19.104.138 - - [03/Jun/2015:09:56:03 +0200] "GET /robots.txt HTTP/1.1" 404 315 "-" "-"
199.48.147.141 - - [03/Jun/2015:11:12:27 +0200] "GET /Panel/back.css HTTP/1.1" 404 319 "-" "Mozilla/5.0 (Windows NT 6.1; WOW64; rv:8.0) Gecko/20100101 Firefox/8.0"
110.164.191.120 - - [03/Jun/2015:11:18:36 +0200] "GET /phpMyAdmin/scripts/setup.php HTTP/1.1" 404 333 "-" "-"
110.164.191.120 - - [03/Jun/2015:11:18:39 +0200] "GET /pma/scripts/setup.php HTTP/1.1" 404 326 "-" "-"
110.164.191.120 - - [03/Jun/2015:11:18:43 +0200] "GET /myadmin/scripts/setup.php HTTP/1.1" 404 330 "-" "-"
94.102.53.195 - - [03/Jun/2015:11:59:32 +0200] "GET /server/theme/failed.png HTTP/1.1" 404 328 "-" "Mozilla/5.0 (Windows NT 6.1; WOW64; rv:8.0) Gecko/20100101 Firefox/8.0"
199.48.147.141 - - [03/Jun/2015:12:33:58 +0200] "GET /panel/back.css HTTP/1.1" 404 319 "-" "Mozilla/5.0 (Windows NT 6.1; WOW64; rv:8.0) Gecko/20100101 Firefox/8.0"
66.249.79.85 - - [03/Jun/2015:13:03:01 +0200] "GET /robots.txt HTTP/1.1" 404 332 "-" "Mozilla/5.0 (compatible; Googlebot/2.1; +http://www.google.com/bot.html)"
66.249.79.72 - - [03/Jun/2015:13:03:02 +0200] "GET / HTTP/1.1" 200 1229 "-" "Mozilla/5.0 (compatible; Googlebot/2.1; +http://www.google.com/bot.html)"
94.102.53.195 - - [03/Jun/2015:13:42:18 +0200] "GET /server/theme/failed.png HTTP/1.1" 404 328 "-" "Mozilla/5.0 (Windows NT 6.1; WOW64; rv:8.0) Gecko/20100101 Firefox/8.0"
157.55.39.196 - - [03/Jun/2015:13:43:13 +0200] "GET /robots.txt HTTP/1.1" 404 328 "-" "Mozilla/5.0 (compatible; bingbot/2.0; +http://www.bing.com/bingbot.htm)"
157.55.39.196 - - [03/Jun/2015:13:43:19 +0200] "GET / HTTP/1.1" 200 1229 "-" "Mozilla/5.0 (compatible; bingbot/2.0; +http://www.bing.com/bingbot.htm)"
94.102.53.195 - - [03/Jun/2015:13:50:39 +0200] "GET /server/theme/failed.png HTTP/1.1" 404 328 "-" "Mozilla/5.0 (Windows NT 6.1; WOW64; rv:8.0) Gecko/20100101 Firefox/8.0"
198.20.69.98 - - [03/Jun/2015:15:01:45 +0200] "GET / HTTP/1.1" 200 1229 "-" "-"
198.20.69.98 - - [03/Jun/2015:15:01:45 +0200] "GET /robots.txt HTTP/1.1" 404 315 "-" "-"
94.102.53.195 - - [03/Jun/2015:15:37:09 +0200] "GET /server/theme/failed.png HTTP/1.1" 404 328 "-" "Mozilla/5.0 (Windows NT 6.1; WOW64; rv:8.0) Gecko/20100101 Firefox/8.0"
111.248.117.78 - - [03/Jun/2015:16:16:11 +0200] "CONNECT 163mx01.mxmail.netease.com:25 HTTP/1.0" 405 355 "-" "-"
94.102.53.195 - - [03/Jun/2015:17:00:48 +0200] "GET /panel/theme/failed.png HTTP/1.1" 404 327 "-" "Mozilla/5.0 (Windows NT 6.1; WOW64; rv:8.0) Gecko/20100101 Firefox/8.0"
199.48.147.141 - - [03/Jun/2015:17:16:38 +0200] "GET /panel/back.css HTTP/1.1" 404 319 "-" "Mozilla/5.0 (Windows NT 6.1; WOW64; rv:8.0) Gecko/20100101 Firefox/8.0"
66.249.79.54 - - [03/Jun/2015:17:58:24 +0200] "GET /robots.txt HTTP/1.1" 404 328 "-" "Mozilla/5.0 (compatible; Googlebot/2.1; +http://www.google.com/bot.html)"
66.249.79.28 - - [03/Jun/2015:17:58:24 +0200] "GET /ESSO-Berlin-2.html HTTP/1.1" 404 336 "-" "Mozilla/5.0 (compatible; Googlebot/2.1; +http://www.google.com/bot.html)"
66.249.65.29 - - [03/Jun/2015:18:44:05 +0200] "GET /robots.txt HTTP/1.1" 404 332 "-" "Mozilla/5.0 (compatible; Googlebot/2.1; +http://www.google.com/bot.html)"
66.249.65.29 - - [03/Jun/2015:18:44:05 +0200] "GET / HTTP/1.1" 200 1229 "-" "Mozilla/5.0 (compatible; Googlebot/2.1; +http://www.google.com/bot.html)"
220.132.189.75 - - [03/Jun/2015:20:29:43 +0200] "GET /phpMyAdmin/scripts/setup.php HTTP/1.1" 404 333 "-" "-"
220.132.189.75 - - [03/Jun/2015:20:29:47 +0200] "GET /pma/scripts/setup.php HTTP/1.1" 404 326 "-" "-"
220.132.189.75 - - [03/Jun/2015:20:29:50 +0200] "GET /myadmin/scripts/setup.php HTTP/1.1" 404 330 "-" "-"
94.102.53.195 - - [03/Jun/2015:21:52:42 +0200] "GET /panel/theme/failed.png HTTP/1.1" 404 327 "-" "Mozilla/5.0 (Windows NT 6.1; WOW64; rv:8.0) Gecko/20100101 Firefox/8.0"
118.163.194.193 - - [03/Jun/2015:22:41:26 +0200] "GET /phpMyAdmin/scripts/setup.php HTTP/1.1" 404 333 "-" "-"
118.163.194.193 - - [03/Jun/2015:22:41:30 +0200] "GET /pma/scripts/setup.php HTTP/1.1" 404 326 "-" "-"
118.163.194.193 - - [03/Jun/2015:22:41:34 +0200] "GET /myadmin/scripts/setup.php HTTP/1.1" 404 330 "-" "-"
203.158.188.10 - - [03/Jun/2015:23:50:51 +0200] "GET /CHANGELOG.txt HTTP/1.1" 404 318 "-" "Mozilla/4.0 (compatible; MSIE 6.0; MSIE 5.5; Windows NT 5.1) Opera 7.01 [en]"
203.158.188.10 - - [03/Jun/2015:23:50:51 +0200] "GET /CHANGELOG.txt HTTP/1.1" 404 318 "-" "Mozilla/4.0 (compatible; MSIE 6.0; MSIE 5.5; Windows NT 5.1) Opera 7.01 [en]"
203.158.188.10 - - [03/Jun/2015:23:50:51 +0200] "GET /CHANGELOG.txt HTTP/1.1" 404 318 "-" "Mozilla/4.0 (compatible; MSIE 6.0; MSIE 5.5; Windows NT 5.1) Opera 7.01 [en]"
203.158.188.10 - - [03/Jun/2015:23:50:52 +0200] "GET /CHANGELOG.txt HTTP/1.1" 404 318 "-" "Mozilla/4.0 (compatible; MSIE 6.0; MSIE 5.5; Windows NT 5.1) Opera 7.01 [en]"
203.158.188.10 - - [03/Jun/2015:23:50:52 +0200] "GET /CHANGELOG.txt HTTP/1.1" 404 318 "-" "Mozilla/4.0 (compatible; MSIE 6.0; MSIE 5.5; Windows NT 5.1) Opera 7.01 [en]"
203.158.188.10 - - [03/Jun/2015:23:50:52 +0200] "GET /CHANGELOG.txt HTTP/1.1" 404 318 "-" "Mozilla/4.0 (compatible; MSIE 6.0; MSIE 5.5; Windows NT 5.1) Opera 7.01 [en]"
203.158.188.10 - - [03/Jun/2015:23:50:52 +0200] "GET /CHANGELOG.txt HTTP/1.1" 404 318 "-" "Mozilla/4.0 (compatible; MSIE 6.0; MSIE 5.5; Windows NT 5.1) Opera 7.01 [en]"
203.158.188.10 - - [03/Jun/2015:23:50:52 +0200] "GET /drupal/CHANGELOG.txt HTTP/1.1" 404 325 "-" "Mozilla/4.0 (compatible; MSIE 6.0; MSIE 5.5; Windows NT 5.1) Opera 7.01 [en]"
203.158.188.10 - - [03/Jun/2015:23:50:52 +0200] "GET /drupal/CHANGELOG.txt HTTP/1.1" 404 325 "-" "Mozilla/4.0 (compatible; MSIE 6.0; MSIE 5.5; Windows NT 5.1) Opera 7.01 [en]"
203.158.188.10 - - [03/Jun/2015:23:50:52 +0200] "GET /CHANGELOG.txt HTTP/1.1" 404 318 "-" "Mozilla/4.0 (compatible; MSIE 6.0; MSIE 5.5; Windows NT 5.1) Opera 7.01 [en]"
203.158.188.10 - - [03/Jun/2015:23:50:52 +0200] "GET /CHANGELOG.txt HTTP/1.1" 404 318 "-" "Mozilla/4.0 (compatible; MSIE 6.0; MSIE 5.5; Windows NT 5.1) Opera 7.01 [en]"
203.158.188.10 - - [03/Jun/2015:23:50:52 +0200] "GET /CHANGELOG.txt HTTP/1.1" 404 318 "-" "Mozilla/4.0 (compatible; MSIE 6.0; MSIE 5.5; Windows NT 5.1) Opera 7.01 [en]"
203.158.188.10 - - [03/Jun/2015:23:50:52 +0200] "GET /drupal/CHANGELOG.txt HTTP/1.1" 404 325 "-" "Mozilla/4.0 (compatible; MSIE 6.0; MSIE 5.5; Windows NT 5.1) Opera 7.01 [en]"
203.158.188.10 - - [03/Jun/2015:23:50:52 +0200] "GET /drupal/CHANGELOG.txt HTTP/1.1" 404 325 "-" "Mozilla/4.0 (compatible; MSIE 6.0; MSIE 5.5; Windows NT 5.1) Opera 7.01 [en]"
203.158.188.10 - - [03/Jun/2015:23:50:52 +0200] "GET /drupal/CHANGELOG.txt HTTP/1.1" 404 325 "-" "Mozilla/4.0 (compatible; MSIE 6.0; MSIE 5.5; Windows NT 5.1) Opera 7.01 [en]"
203.158.188.10 - - [03/Jun/2015:23:50:52 +0200] "GET /drupal/CHANGELOG.txt HTTP/1.1" 404 325 "-" "Mozilla/4.0 (compatible; MSIE 6.0; MSIE 5.5; Windows NT 5.1) Opera 7.01 [en]"
203.158.188.10 - - [03/Jun/2015:23:50:52 +0200] "GET /site/CHANGELOG.txt HTTP/1.1" 404 323 "-" "Mozilla/4.0 (compatible; MSIE 6.0; MSIE 5.5; Windows NT 5.1) Opera 7.01 [en]"
203.158.188.10 - - [03/Jun/2015:23:50:52 +0200] "GET /drupal/CHANGELOG.txt HTTP/1.1" 404 325 "-" "Mozilla/4.0 (compatible; MSIE 6.0; MSIE 5.5; Windows NT 5.1) Opera 7.01 [en]"
203.158.188.10 - - [03/Jun/2015:23:50:52 +0200] "GET /site/CHANGELOG.txt HTTP/1.1" 404 323 "-" "Mozilla/4.0 (compatible; MSIE 6.0; MSIE 5.5; Windows NT 5.1) Opera 7.01 [en]"
203.158.188.10 - - [03/Jun/2015:23:50:52 +0200] "GET /drupal/CHANGELOG.txt HTTP/1.1" 404 325 "-" "Mozilla/4.0 (compatible; MSIE 6.0; MSIE 5.5; Windows NT 5.1) Opera 7.01 [en]"
203.158.188.10 - - [03/Jun/2015:23:50:53 +0200] "GET /drupal/CHANGELOG.txt HTTP/1.1" 404 325 "-" "Mozilla/4.0 (compatible; MSIE 6.0; MSIE 5.5; Windows NT 5.1) Opera 7.01 [en]"
203.158.188.10 - - [03/Jun/2015:23:50:53 +0200] "GET /site/CHANGELOG.txt HTTP/1.1" 404 323 "-" "Mozilla/4.0 (compatible; MSIE 6.0; MSIE 5.5; Windows NT 5.1) Opera 7.01 [en]"
203.158.188.10 - - [03/Jun/2015:23:50:53 +0200] "GET /drupal/CHANGELOG.txt HTTP/1.1" 404 325 "-" "Mozilla/4.0 (compatible; MSIE 6.0; MSIE 5.5; Windows NT 5.1) Opera 7.01 [en]"
203.158.188.10 - - [03/Jun/2015:23:50:53 +0200] "GET /site/CHANGELOG.txt HTTP/1.1" 404 323 "-" "Mozilla/4.0 (compatible; MSIE 6.0; MSIE 5.5; Windows NT 5.1) Opera 7.01 [en]"
203.158.188.10 - - [03/Jun/2015:23:50:53 +0200] "GET /site/CHANGELOG.txt HTTP/1.1" 404 323 "-" "Mozilla/4.0 (compatible; MSIE 6.0; MSIE 5.5; Windows NT 5.1) Opera 7.01 [en]"
203.158.188.10 - - [03/Jun/2015:23:50:53 +0200] "GET /site/CHANGELOG.txt HTTP/1.1" 404 323 "-" "Mozilla/4.0 (compatible; MSIE 6.0; MSIE 5.5; Windows NT 5.1) Opera 7.01 [en]"
203.158.188.10 - - [03/Jun/2015:23:50:53 +0200] "GET /store/CHANGELOG.txt HTTP/1.1" 404 324 "-" "Mozilla/4.0 (compatible; MSIE 6.0; MSIE 5.5; Windows NT 5.1) Opera 7.01 [en]"
203.158.188.10 - - [03/Jun/2015:23:50:53 +0200] "GET /site/CHANGELOG.txt HTTP/1.1" 404 323 "-" "Mozilla/4.0 (compatible; MSIE 6.0; MSIE 5.5; Windows NT 5.1) Opera 7.01 [en]"
203.158.188.10 - - [03/Jun/2015:23:50:53 +0200] "GET /store/CHANGELOG.txt HTTP/1.1" 404 324 "-" "Mozilla/4.0 (compatible; MSIE 6.0; MSIE 5.5; Windows NT 5.1) Opera 7.01 [en]"
203.158.188.10 - - [03/Jun/2015:23:50:53 +0200] "GET /site/CHANGELOG.txt HTTP/1.1" 404 323 "-" "Mozilla/4.0 (compatible; MSIE 6.0; MSIE 5.5; Windows NT 5.1) Opera 7.01 [en]"
203.158.188.10 - - [03/Jun/2015:23:50:53 +0200] "GET /store/CHANGELOG.txt HTTP/1.1" 404 324 "-" "Mozilla/4.0 (compatible; MSIE 6.0; MSIE 5.5; Windows NT 5.1) Opera 7.01 [en]"
203.158.188.10 - - [03/Jun/2015:23:50:53 +0200] "GET /site/CHANGELOG.txt HTTP/1.1" 404 323 "-" "Mozilla/4.0 (compatible; MSIE 6.0; MSIE 5.5; Windows NT 5.1) Opera 7.01 [en]"
203.158.188.10 - - [03/Jun/2015:23:50:53 +0200] "GET /site/CHANGELOG.txt HTTP/1.1" 404 323 "-" "Mozilla/4.0 (compatible; MSIE 6.0; MSIE 5.5; Windows NT 5.1) Opera 7.01 [en]"
203.158.188.10 - - [03/Jun/2015:23:50:54 +0200] "GET /store/CHANGELOG.txt HTTP/1.1" 404 324 "-" "Mozilla/4.0 (compatible; MSIE 6.0; MSIE 5.5; Windows NT 5.1) Opera 7.01 [en]"
203.158.188.10 - - [03/Jun/2015:23:50:54 +0200] "GET /store/CHANGELOG.txt HTTP/1.1" 404 324 "-" "Mozilla/4.0 (compatible; MSIE 6.0; MSIE 5.5; Windows NT 5.1) Opera 7.01 [en]"
203.158.188.10 - - [03/Jun/2015:23:50:54 +0200] "GET /store/CHANGELOG.txt HTTP/1.1" 404 324 "-" "Mozilla/4.0 (compatible; MSIE 6.0; MSIE 5.5; Windows NT 5.1) Opera 7.01 [en]"
203.158.188.10 - - [03/Jun/2015:23:50:54 +0200] "GET /test/CHANGELOG.txt HTTP/1.1" 404 323 "-" "Mozilla/4.0 (compatible; MSIE 6.0; MSIE 5.5; Windows NT 5.1) Opera 7.01 [en]"
203.158.188.10 - - [03/Jun/2015:23:50:54 +0200] "GET /store/CHANGELOG.txt HTTP/1.1" 404 324 "-" "Mozilla/4.0 (compatible; MSIE 6.0; MSIE 5.5; Windows NT 5.1) Opera 7.01 [en]"
203.158.188.10 - - [03/Jun/2015:23:50:54 +0200] "GET /store/CHANGELOG.txt HTTP/1.1" 404 324 "-" "Mozilla/4.0 (compatible; MSIE 6.0; MSIE 5.5; Windows NT 5.1) Opera 7.01 [en]"
203.158.188.10 - - [03/Jun/2015:23:50:54 +0200] "GET /test/CHANGELOG.txt HTTP/1.1" 404 323 "-" "Mozilla/4.0 (compatible; MSIE 6.0; MSIE 5.5; Windows NT 5.1) Opera 7.01 [en]"
203.158.188.10 - - [03/Jun/2015:23:50:54 +0200] "GET /test/CHANGELOG.txt HTTP/1.1" 404 323 "-" "Mozilla/4.0 (compatible; MSIE 6.0; MSIE 5.5; Windows NT 5.1) Opera 7.01 [en]"
203.158.188.10 - - [03/Jun/2015:23:50:54 +0200] "GET /store/CHANGELOG.txt HTTP/1.1" 404 324 "-" "Mozilla/4.0 (compatible; MSIE 6.0; MSIE 5.5; Windows NT 5.1) Opera 7.01 [en]"
203.158.188.10 - - [03/Jun/2015:23:50:54 +0200] "GET /store/CHANGELOG.txt HTTP/1.1" 404 324 "-" "Mozilla/4.0 (compatible; MSIE 6.0; MSIE 5.5; Windows NT 5.1) Opera 7.01 [en]"
