79.209.73.165 - - [01/Dec/2009:07:55:07 +0100] "POST /livezilla/server.php HTTP/1.1" 200 212 "http://chat.f-m-shop.de/livezilla/livezilla.php?&reset=true" "Mozilla/4.0 (compatible; MSIE 8.0; Windows NT 5.1; Trident/4.0; GTB6.3; .NET CLR 2.0.50727; .NET CLR 3.0.04506.30; .NET CLR 3.0.4506.2152; .NET CLR 3.5.30729)"
192.168.10.10 - - [01/Dec/2009:07:54:58 +0100] "POST /livezilla/server.php?acid=92207 HTTP/1.1" 200 - "-" "LiveZilla 3.1.7.7 [http://www.livezilla.net]"
192.168.10.10 - - [01/Dec/2009:07:55:47 +0100] "POST /livezilla/server.php?acid=47e41 HTTP/1.1" 200 - "-" "LiveZilla 3.1.7.7 [http://www.livezilla.net]"
192.168.10.10 - - [01/Dec/2009:07:56:35 +0100] "POST /livezilla/server.php?acid=8b64d HTTP/1.1" 200 - "-" "LiveZilla 3.1.7.7 [http://www.livezilla.net]"
192.168.10.10 - - [01/Dec/2009:07:57:23 +0100] "POST /livezilla/server.php?acid=a92ab HTTP/1.1" 200 - "-" "LiveZilla 3.1.7.7 [http://www.livezilla.net]"
79.209.73.165 - - [01/Dec/2009:07:58:15 +0100] "GET /livezilla/image.php?id=04 HTTP/1.1" 200 7276 "http://www.f-m-shop.de/seiten/prod_detail_neuer.cfm?kat=MONT24&nav=2&artnr=A 25023" "Mozilla/4.0 (compatible; MSIE 8.0; Windows NT 5.1; Trident/4.0; GTB6.3; .NET CLR 2.0.50727; .NET CLR 3.0.04506.30; .NET CLR 3.0.4506.2152; .NET CLR 3.5.30729)"
79.209.73.165 - - [01/Dec/2009:07:58:40 +0100] "GET /livezilla/image.php?id=04 HTTP/1.1" 200 7276 "http://www.f-m-shop.de/seiten/prod_detail_neuer.cfm?kat=MONT24&nav=2&artnr=A 25023" "Mozilla/4.0 (compatible; MSIE 8.0; Windows NT 5.1; Trident/4.0; GTB6.3; .NET CLR 2.0.50727; .NET CLR 3.0.04506.30; .NET CLR 3.0.4506.2152; .NET CLR 3.5.30729)"
212.62.66.50 - - [01/Dec/2009:07:58:41 +0100] "GET /livezilla/image.php?id=04 HTTP/1.0" 200 7276 "http://www.f-m-shop.de/seiten/prod_detail_neuer.cfm?kat=SCANA3&nav=2&artnr=A 23188" "Mozilla/4.0 (compatible; MSIE 7.0; Windows NT 5.1; Trident/4.0; .NET CLR 1.1.4322; .NET CLR 2.0.50727; .NET CLR 3.0.4506.2152; .NET CLR 3.5.30729; InfoPath.1)"
192.168.10.10 - - [01/Dec/2009:07:58:12 +0100] "POST /livezilla/server.php?acid=352a3 HTTP/1.1" 200 - "-" "LiveZilla 3.1.7.7 [http://www.livezilla.net]"
79.209.73.165 - - [01/Dec/2009:07:59:32 +0100] "GET /livezilla/image.php?id=04 HTTP/1.1" 200 7276 "http://www.f-m-shop.de/seiten/prod_detail_neuer.cfm?kat=MONT24&nav=2&artnr=A 25023" "Mozilla/4.0 (compatible; MSIE 8.0; Windows NT 5.1; Trident/4.0; GTB6.3; .NET CLR 2.0.50727; .NET CLR 3.0.04506.30; .NET CLR 3.0.4506.2152; .NET CLR 3.5.30729)"
192.168.10.10 - - [01/Dec/2009:07:59:00 +0100] "POST /livezilla/server.php?acid=a0cef HTTP/1.1" 200 - "-" "LiveZilla 3.1.7.7 [http://www.livezilla.net]"
80.141.184.172 - - [01/Dec/2009:08:00:13 +0100] "GET /livezilla/image.php?id=04 HTTP/1.1" 200 7276 "http://www.f-m-shop.de/seiten/prod_detail_neuer.cfm?kat=NAVMOD&nav=2&artnr=A 29480" "Mozilla/4.0 (compatible; MSIE 7.0; Windows NT 6.0; WOW64; SLCC1; .NET CLR 2.0.50727; Media Center PC 5.0; eSobiSubscriber 2.0.4.16; .NET CLR 3.5.30729; .NET CLR 3.0.30618)"
192.168.10.10 - - [01/Dec/2009:07:59:48 +0100] "POST /livezilla/server.php?acid=8d765 HTTP/1.1" 200 - "-" "LiveZilla 3.1.7.7 [http://www.livezilla.net]"
192.168.10.10 - - [01/Dec/2009:08:00:37 +0100] "POST /livezilla/server.php?acid=3f654 HTTP/1.1" 200 - "-" "LiveZilla 3.1.7.7 [http://www.livezilla.net]"
192.168.10.10 - - [01/Dec/2009:08:01:25 +0100] "POST /livezilla/server.php?acid=7bba4 HTTP/1.1" 200 - "-" "LiveZilla 3.1.7.7 [http://www.livezilla.net]"
192.168.10.10 - - [01/Dec/2009:08:02:13 +0100] "POST /livezilla/server.php?acid=1798b HTTP/1.1" 200 - "-" "LiveZilla 3.1.7.7 [http://www.livezilla.net]"
87.176.117.83 - - [01/Dec/2009:08:03:16 +0100] "GET /livezilla/image.php?id=04 HTTP/1.1" 200 7276 "http://www.f-m-shop.de/seiten/prod_detail_neuer.cfm?name=HDD%20EXT%20BUFFALO%20TS-OPHD-H1.0T%207200rpm&artnr=A%20%2025228&nav=2&kat=HDDE35&kat_her=BUFFALO&p_sort=&b_sort=ASC" "Mozilla/5.0 (Windows; U; Windows NT 6.0; de; rv:1.9.1.5) Gecko/20091102 Firefox/3.5.5 (.NET CLR 3.5.30729)"
192.168.10.10 - - [01/Dec/2009:08:03:02 +0100] "POST /livezilla/server.php?acid=325b5 HTTP/1.1" 200 - "-" "LiveZilla 3.1.7.7 [http://www.livezilla.net]"
79.209.73.165 - - [01/Dec/2009:08:04:20 +0100] "GET /livezilla/image.php?id=04 HTTP/1.1" 200 7276 "http://www.f-m-shop.de/seiten/prod_detail_neuer.cfm?kat=MONT24&nav=2&artnr=A 25023" "Mozilla/4.0 (compatible; MSIE 8.0; Windows NT 5.1; Trident/4.0; GTB6.3; .NET CLR 2.0.50727; .NET CLR 3.0.04506.30; .NET CLR 3.0.4506.2152; .NET CLR 3.5.30729)"
192.168.10.10 - - [01/Dec/2009:08:03:50 +0100] "POST /livezilla/server.php?acid=9b521 HTTP/1.1" 200 - "-" "LiveZilla 3.1.7.7 [http://www.livezilla.net]"
192.168.10.10 - - [01/Dec/2009:08:04:38 +0100] "POST /livezilla/server.php?acid=0d96f HTTP/1.1" 200 - "-" "LiveZilla 3.1.7.7 [http://www.livezilla.net]"
195.37.166.254 - - [01/Dec/2009:08:05:26 +0100] "GET /livezilla/image.php?id=04 HTTP/1.1" 200 7276 "http://www.f-m-shop.de/seiten/prod_detail_neuer.cfm?kat=LFWBRR&nav=2&artnr=A 30552" "Mozilla/4.0 (compatible; MSIE 7.0; Windows NT 5.2; Trident/4.0; .NET CLR 1.1.4322; .NET CLR 2.0.50727; .NET CLR 3.0.4506.2152; .NET CLR 3.5.30729)"
195.37.166.254 - - [01/Dec/2009:08:06:06 +0100] "GET /livezilla/image.php?id=04 HTTP/1.1" 200 7276 "http://www.f-m-shop.de/seiten/prod_detail_neuer.cfm?kat=LFWBRR&nav=2&artnr=A 30552" "Mozilla/4.0 (compatible; MSIE 7.0; Windows NT 5.2; Trident/4.0; .NET CLR 1.1.4322; .NET CLR 2.0.50727; .NET CLR 3.0.4506.2152; .NET CLR 3.5.30729)"
192.168.10.10 - - [01/Dec/2009:08:05:27 +0100] "POST /livezilla/server.php?acid=8c911 HTTP/1.1" 200 - "-" "LiveZilla 3.1.7.7 [http://www.livezilla.net]"
192.168.10.10 - - [01/Dec/2009:08:06:15 +0100] "POST /livezilla/server.php?acid=cb10d HTTP/1.1" 200 - "-" "LiveZilla 3.1.7.7 [http://www.livezilla.net]"
192.168.10.10 - - [01/Dec/2009:08:07:03 +0100] "POST /livezilla/server.php?acid=25bf9 HTTP/1.1" 200 - "-" "LiveZilla 3.1.7.7 [http://www.livezilla.net]"
192.168.10.10 - - [01/Dec/2009:08:07:52 +0100] "POST /livezilla/server.php?acid=1ab1d HTTP/1.1" 200 - "-" "LiveZilla 3.1.7.7 [http://www.livezilla.net]"
192.168.10.10 - - [01/Dec/2009:08:08:40 +0100] "POST /livezilla/server.php?acid=66dd6 HTTP/1.1" 200 - "-" "LiveZilla 3.1.7.7 [http://www.livezilla.net]"
195.37.166.254 - - [01/Dec/2009:08:09:50 +0100] "GET /livezilla/image.php?id=04 HTTP/1.1" 200 7276 "http://www.f-m-shop.de/seiten/prod_detail_neuer.cfm?kat=LFWBRR&nav=2&artnr=A 30552" "Mozilla/4.0 (compatible; MSIE 7.0; Windows NT 5.2; Trident/4.0; .NET CLR 1.1.4322; .NET CLR 2.0.50727; .NET CLR 3.0.4506.2152; .NET CLR 3.5.30729)"
195.37.166.254 - - [01/Dec/2009:08:09:54 +0100] "GET /livezilla/image.php?id=04 HTTP/1.1" 200 7276 "http://www.f-m-shop.de/seiten/prod_detail_neuer.cfm?kat=LFWBRR&nav=2&artnr=A%20%2030552" "Mozilla/4.0 (compatible; MSIE 7.0; Windows NT 5.2; Trident/4.0; .NET CLR 1.1.4322; .NET CLR 2.0.50727; .NET CLR 3.0.4506.2152; .NET CLR 3.5.30729)"
192.168.10.10 - - [01/Dec/2009:08:09:29 +0100] "POST /livezilla/server.php?acid=956de HTTP/1.1" 200 - "-" "LiveZilla 3.1.7.7 [http://www.livezilla.net]"
192.168.10.10 - - [01/Dec/2009:08:10:17 +0100] "POST /livezilla/server.php?acid=063b1 HTTP/1.1" 200 - "-" "LiveZilla 3.1.7.7 [http://www.livezilla.net]"
192.168.10.10 - - [01/Dec/2009:08:11:05 +0100] "POST /livezilla/server.php?acid=c3cce HTTP/1.1" 200 - "-" "LiveZilla 3.1.7.7 [http://www.livezilla.net]"
192.168.10.10 - - [01/Dec/2009:08:11:54 +0100] "POST /livezilla/server.php?acid=7c041 HTTP/1.1" 200 - "-" "LiveZilla 3.1.7.7 [http://www.livezilla.net]"
79.209.73.165 - - [01/Dec/2009:08:13:23 +0100] "GET /livezilla/image.php?id=04 HTTP/1.1" 200 7276 "http://www.f-m-shop.de/seiten/prod_detail_neuer.cfm?kat=MONT24&nav=2&artnr=A 25023" "Mozilla/4.0 (compatible; MSIE 8.0; Windows NT 5.1; Trident/4.0; GTB6.3; .NET CLR 2.0.50727; .NET CLR 3.0.04506.30; .NET CLR 3.0.4506.2152; .NET CLR 3.5.30729)"
192.168.10.10 - - [01/Dec/2009:08:12:42 +0100] "POST /livezilla/server.php?acid=ea7f3 HTTP/1.1" 200 - "-" "LiveZilla 3.1.7.7 [http://www.livezilla.net]"
192.168.10.10 - - [01/Dec/2009:08:13:30 +0100] "POST /livezilla/server.php?acid=712d5 HTTP/1.1" 200 - "-" "LiveZilla 3.1.7.7 [http://www.livezilla.net]"
84.56.134.215 - - [01/Dec/2009:08:14:51 +0100] "GET /livezilla/image.php?id=04 HTTP/1.1" 200 7276 "http://www.f-m-shop.de/seiten/prod_detail_neuer.cfm?kat=MONT24&nav=2&artnr=A 21711" "Mozilla/4.0 (compatible; MSIE 8.0; Windows NT 6.1; Trident/4.0; GTB6; SLCC2; .NET CLR 2.0.50727; .NET CLR 3.5.30729; .NET CLR 3.0.30729; Media Center PC 6.0; SLCC1)"
192.168.10.10 - - [01/Dec/2009:08:14:19 +0100] "POST /livezilla/server.php?acid=4fdca HTTP/1.1" 200 - "-" "LiveZilla 3.1.7.7 [http://www.livezilla.net]"
192.168.10.10 - - [01/Dec/2009:08:15:07 +0100] "POST /livezilla/server.php?acid=3563a HTTP/1.1" 200 - "-" "LiveZilla 3.1.7.7 [http://www.livezilla.net]"
79.209.73.165 - - [01/Dec/2009:08:16:02 +0100] "GET /livezilla/image.php?id=04 HTTP/1.1" 200 7276 "http://www.f-m-shop.de/seiten/prod_detail_neuer.cfm?kat=MONT24&nav=2&artnr=A 25023" "Mozilla/4.0 (compatible; MSIE 8.0; Windows NT 5.1; Trident/4.0; GTB6.3; .NET CLR 2.0.50727; .NET CLR 3.0.04506.30; .NET CLR 3.0.4506.2152; .NET CLR 3.5.30729)"
217.87.77.244 - - [01/Dec/2009:08:16:30 +0100] "GET /livezilla/image.php?id=04 HTTP/1.1" 200 7276 "http://www.f-m-shop.de/seiten/prod_detail_neuer.cfm?kat=HIFMEDIA&nav=2&artnr=A 30403" "Mozilla/4.0 (compatible; MSIE 8.0; Windows NT 5.1; Trident/4.0; GTB6.3; .NET CLR 2.0.50727)"
192.168.10.10 - - [01/Dec/2009:08:15:56 +0100] "POST /livezilla/server.php?acid=a6a51 HTTP/1.1" 200 - "-" "LiveZilla 3.1.7.7 [http://www.livezilla.net]"
79.209.73.165 - - [01/Dec/2009:08:16:50 +0100] "GET /livezilla/image.php?id=04 HTTP/1.1" 200 7276 "http://www.f-m-shop.de/seiten/prod_detail_neuer.cfm?kat=MONT24&nav=2&artnr=A 25023" "Mozilla/4.0 (compatible; MSIE 8.0; Windows NT 5.1; Trident/4.0; GTB6.3; .NET CLR 2.0.50727; .NET CLR 3.0.04506.30; .NET CLR 3.0.4506.2152; .NET CLR 3.5.30729)"
217.87.77.244 - - [01/Dec/2009:08:16:58 +0100] "GET /livezilla/image.php?id=04 HTTP/1.1" 200 7276 "http://www.f-m-shop.de/seiten/prod_detail_neuer.cfm?kat=HIFMEDIA&nav=2&artnr=A%20%2030403" "Mozilla/4.0 (compatible; MSIE 8.0; Windows NT 5.1; Trident/4.0; GTB6.3; .NET CLR 2.0.50727)"
192.168.10.10 - - [01/Dec/2009:08:16:44 +0100] "POST /livezilla/server.php?acid=1594c HTTP/1.1" 200 - "-" "LiveZilla 3.1.7.7 [http://www.livezilla.net]"
192.168.10.10 - - [01/Dec/2009:08:17:32 +0100] "POST /livezilla/server.php?acid=0b65c HTTP/1.1" 200 - "-" "LiveZilla 3.1.7.7 [http://www.livezilla.net]"
192.168.10.10 - - [01/Dec/2009:08:18:21 +0100] "POST /livezilla/server.php?acid=380bd HTTP/1.1" 200 - "-" "LiveZilla 3.1.7.7 [http://www.livezilla.net]"
192.168.10.10 - - [01/Dec/2009:08:19:09 +0100] "POST /livezilla/server.php?acid=acc96 HTTP/1.1" 200 - "-" "LiveZilla 3.1.7.7 [http://www.livezilla.net]"
192.168.10.10 - - [01/Dec/2009:08:19:57 +0100] "POST /livezilla/server.php?acid=35378 HTTP/1.1" 200 - "-" "LiveZilla 3.1.7.7 [http://www.livezilla.net]"
192.168.10.10 - - [01/Dec/2009:08:20:46 +0100] "POST /livezilla/server.php?acid=b3c49 HTTP/1.1" 200 - "-" "LiveZilla 3.1.7.7 [http://www.livezilla.net]"
192.168.10.34 - - [01/Dec/2009:08:22:04 +0100] "GET /livezilla/image.php?id=03 HTTP/1.1" 200 237 "http://www.f-m-shop.de/seiten/start_advent.cfm" "Mozilla/5.0 (Windows; U; Windows NT 5.1; de; rv:1.9.1.5) Gecko/20091102 Firefox/3.5.5 (.NET CLR 3.5.30729)"
192.168.10.34 - - [01/Dec/2009:08:22:04 +0100] "GET /livezilla/server.php?request=track&output=jscript&nse=0.6226531943930761 HTTP/1.1" 200 18877 "http://www.f-m-shop.de/seiten/start_advent.cfm" "Mozilla/5.0 (Windows; U; Windows NT 5.1; de; rv:1.9.1.5) Gecko/20091102 Firefox/3.5.5 (.NET CLR 3.5.30729)"
192.168.10.34 - - [01/Dec/2009:08:22:05 +0100] "GET /livezilla//templates/style.css?cache=0.44031754467477513 HTTP/1.1" 200 8998 "http://www.f-m-shop.de/seiten/start_advent.cfm" "Mozilla/5.0 (Windows; U; Windows NT 5.1; de; rv:1.9.1.5) Gecko/20091102 Firefox/3.5.5 (.NET CLR 3.5.30729)"
192.168.10.34 - - [01/Dec/2009:08:22:10 +0100] "GET /livezilla/server.php?request=track&start=1259652130447&browid=cd7905a&url=http%3A%2F%2Fwww.f-m-shop.de%2Fseiten%2Fstart_advent.cfm&livezilla=7cde111&cd=32&rh=1200&rw=1920&rf=http%3A%2F%2Fwww.f-m-shop.de%2Fseiten%2Fframe_advent.cfm&tzo=1&code=&geo_lat=NTIuNTE2OTk4MjkxMDE2&geo_long=MTMuMzk5OTk5NjE4NTM=&geo_region=QmVybGlu&geo_city=QmVybGlu&geo_tz=KzAxOjAw&geo_ctryiso=REU= HTTP/1.1" 200 85 "http://www.f-m-shop.de/seiten/start_advent.cfm" "Mozilla/5.0 (Windows; U; Windows NT 5.1; de; rv:1.9.1.5) Gecko/20091102 Firefox/3.5.5 (.NET CLR 3.5.30729)"
192.168.10.10 - - [01/Dec/2009:08:21:34 +0100] "POST /livezilla/server.php?acid=595ca HTTP/1.1" 200 - "-" "LiveZilla 3.1.7.7 [http://www.livezilla.net]"
192.168.10.34 - - [01/Dec/2009:08:22:40 +0100] "GET /livezilla/server.php?request=track&start=1259652160529&browid=cd7905a&url=http%3A%2F%2Fwww.f-m-shop.de%2Fseiten%2Fstart_advent.cfm&livezilla=7cde111&cd=32&rh=1200&rw=1920&rf=http%3A%2F%2Fwww.f-m-shop.de%2Fseiten%2Fframe_advent.cfm&tzo=1&code=&geo_lat=NTIuNTE2OTk4MjkxMDE2&geo_long=MTMuMzk5OTk5NjE4NTM=&geo_region=QmVybGlu&geo_city=QmVybGlu&geo_tz=KzAxOjAw&geo_ctryiso=REU= HTTP/1.1" 200 85 "http://www.f-m-shop.de/seiten/start_advent.cfm" "Mozilla/5.0 (Windows; U; Windows NT 5.1; de; rv:1.9.1.5) Gecko/20091102 Firefox/3.5.5 (.NET CLR 3.5.30729)"
87.122.219.43 - - [01/Dec/2009:08:22:58 +0100] "GET /livezilla/image.php?id=04 HTTP/1.1" 200 7276 "http://www.f-m-shop.de/seiten/prod_detail_neuer.cfm?kat=HDDE35&nav=2&artnr=A%20%2027823" "Mozilla/5.0 (Windows; U; Windows NT 6.1; de; rv:1.9.1.5) Gecko/20091102 Firefox/3.5.5"
192.168.10.10 - - [01/Dec/2009:08:22:22 +0100] "POST /livezilla/server.php?acid=9a231 HTTP/1.1" 200 - "-" "LiveZilla 3.1.7.7 [http://www.livezilla.net]"
192.168.10.34 - - [01/Dec/2009:08:23:10 +0100] "GET /livezilla/server.php?request=track&start=1259652190524&browid=cd7905a&url=http%3A%2F%2Fwww.f-m-shop.de%2Fseiten%2Fstart_advent.cfm&livezilla=7cde111&cd=32&rh=1200&rw=1920&rf=http%3A%2F%2Fwww.f-m-shop.de%2Fseiten%2Fframe_advent.cfm&tzo=1&code=&geo_lat=NTIuNTE2OTk4MjkxMDE2&geo_long=MTMuMzk5OTk5NjE4NTM=&geo_region=QmVybGlu&geo_city=QmVybGlu&geo_tz=KzAxOjAw&geo_ctryiso=REU= HTTP/1.1" 200 85 "http://www.f-m-shop.de/seiten/start_advent.cfm" "Mozilla/5.0 (Windows; U; Windows NT 5.1; de; rv:1.9.1.5) Gecko/20091102 Firefox/3.5.5 (.NET CLR 3.5.30729)"
192.168.10.34 - - [01/Dec/2009:08:23:40 +0100] "GET /livezilla/server.php?request=track&start=1259652220609&browid=cd7905a&url=http%3A%2F%2Fwww.f-m-shop.de%2Fseiten%2Fstart_advent.cfm&livezilla=7cde111&cd=32&rh=1200&rw=1920&rf=http%3A%2F%2Fwww.f-m-shop.de%2Fseiten%2Fframe_advent.cfm&tzo=1&code=&geo_lat=NTIuNTE2OTk4MjkxMDE2&geo_long=MTMuMzk5OTk5NjE4NTM=&geo_region=QmVybGlu&geo_city=QmVybGlu&geo_tz=KzAxOjAw&geo_ctryiso=REU= HTTP/1.1" 200 85 "http://www.f-m-shop.de/seiten/start_advent.cfm" "Mozilla/5.0 (Windows; U; Windows NT 5.1; de; rv:1.9.1.5) Gecko/20091102 Firefox/3.5.5 (.NET CLR 3.5.30729)"
192.168.10.10 - - [01/Dec/2009:08:23:11 +0100] "POST /livezilla/server.php?acid=dde09 HTTP/1.1" 200 - "-" "LiveZilla 3.1.7.7 [http://www.livezilla.net]"
192.168.10.34 - - [01/Dec/2009:08:24:03 +0100] "GET /livezilla/image.php?id=03 HTTP/1.1" 200 237 "http://www.f-m-shop.de/seiten/start_advent.cfm" "Mozilla/5.0 (Windows; U; Windows NT 5.1; de; rv:1.9.1.5) Gecko/20091102 Firefox/3.5.5 (.NET CLR 3.5.30729)"
192.168.10.34 - - [01/Dec/2009:08:24:03 +0100] "GET /livezilla/server.php?request=track&output=jscript&nse=0.8442599592202796 HTTP/1.1" 200 18878 "http://www.f-m-shop.de/seiten/start_advent.cfm" "Mozilla/5.0 (Windows; U; Windows NT 5.1; de; rv:1.9.1.5) Gecko/20091102 Firefox/3.5.5 (.NET CLR 3.5.30729)"
192.168.10.34 - - [01/Dec/2009:08:24:04 +0100] "GET /livezilla//templates/style.css?cache=0.4674440793074792 HTTP/1.1" 200 8998 "http://www.f-m-shop.de/seiten/start_advent.cfm" "Mozilla/5.0 (Windows; U; Windows NT 5.1; de; rv:1.9.1.5) Gecko/20091102 Firefox/3.5.5 (.NET CLR 3.5.30729)"
192.168.10.34 - - [01/Dec/2009:08:24:04 +0100] "GET /livezilla/server.php?request=track&start=1259652244217&browid=6057f1d&url=http%3A%2F%2Fwww.f-m-shop.de%2Fseiten%2Fstart_advent.cfm&livezilla=7cde111&cd=32&rh=1200&rw=1920&rf=http%3A%2F%2Fwww.f-m-shop.de%2Fseiten%2Fframe_advent.cfm&tzo=1&code= HTTP/1.1" 200 85 "http://www.f-m-shop.de/seiten/start_advent.cfm" "Mozilla/5.0 (Windows; U; Windows NT 5.1; de; rv:1.9.1.5) Gecko/20091102 Firefox/3.5.5 (.NET CLR 3.5.30729)"
192.168.10.34 - - [01/Dec/2009:08:24:17 +0100] "GET /livezilla/livezilla.php HTTP/1.1" 200 72008 "http://www.f-m-shop.de/seiten/start_advent.cfm" "Mozilla/5.0 (Windows; U; Windows NT 5.1; de; rv:1.9.1.5) Gecko/20091102 Firefox/3.5.5 (.NET CLR 3.5.30729)"
192.168.10.34 - - [01/Dec/2009:08:24:18 +0100] "GET /livezilla/images/favicon.ico HTTP/1.1" 200 43302 "-" "Mozilla/5.0 (Windows; U; Windows NT 5.1; de; rv:1.9.1.5) Gecko/20091102 Firefox/3.5.5 (.NET CLR 3.5.30729)"
192.168.10.34 - - [01/Dec/2009:08:24:18 +0100] "GET /livezilla/templates/style.css HTTP/1.1" 200 8998 "http://chat.f-m-shop.de/livezilla/livezilla.php" "Mozilla/5.0 (Windows; U; Windows NT 5.1; de; rv:1.9.1.5) Gecko/20091102 Firefox/3.5.5 (.NET CLR 3.5.30729)"
192.168.10.34 - - [01/Dec/2009:08:24:18 +0100] "GET /livezilla/livezilla.php?template=lz_chat_frame.0.0 HTTP/1.1" 200 259 "http://chat.f-m-shop.de/livezilla/livezilla.php" "Mozilla/5.0 (Windows; U; Windows NT 5.1; de; rv:1.9.1.5) Gecko/20091102 Firefox/3.5.5 (.NET CLR 3.5.30729)"
192.168.10.34 - - [01/Dec/2009:08:24:18 +0100] "GET /livezilla/livezilla.php?template=lz_chat_frame.2.0 HTTP/1.1" 200 263 "http://chat.f-m-shop.de/livezilla/livezilla.php" "Mozilla/5.0 (Windows; U; Windows NT 5.1; de; rv:1.9.1.5) Gecko/20091102 Firefox/3.5.5 (.NET CLR 3.5.30729)"
192.168.10.34 - - [01/Dec/2009:08:24:18 +0100] "GET /livezilla/livezilla.php?template=lz_chat_frame.4.1 HTTP/1.1" 200 455 "http://chat.f-m-shop.de/livezilla/livezilla.php" "Mozilla/5.0 (Windows; U; Windows NT 5.1; de; rv:1.9.1.5) Gecko/20091102 Firefox/3.5.5 (.NET CLR 3.5.30729)"
192.168.10.34 - - [01/Dec/2009:08:24:18 +0100] "GET /livezilla/livezilla.php?template=lz_chat_frame.0.1 HTTP/1.1" 200 277 "http://chat.f-m-shop.de/livezilla/livezilla.php" "Mozilla/5.0 (Windows; U; Windows NT 5.1; de; rv:1.9.1.5) Gecko/20091102 Firefox/3.5.5 (.NET CLR 3.5.30729)"
192.168.10.34 - - [01/Dec/2009:08:24:19 +0100] "GET /livezilla/livezilla.php?template=lz_chat_frame.1.2 HTTP/1.1" 200 264 "http://chat.f-m-shop.de/livezilla/livezilla.php" "Mozilla/5.0 (Windows; U; Windows NT 5.1; de; rv:1.9.1.5) Gecko/20091102 Firefox/3.5.5 (.NET CLR 3.5.30729)"
192.168.10.34 - - [01/Dec/2009:08:24:18 +0100] "GET /livezilla/livezilla.php?template=lz_chat_frame.3.2.login& HTTP/1.1" 200 1019 "http://chat.f-m-shop.de/livezilla/livezilla.php" "Mozilla/5.0 (Windows; U; Windows NT 5.1; de; rv:1.9.1.5) Gecko/20091102 Firefox/3.5.5 (.NET CLR 3.5.30729)"
192.168.10.34 - - [01/Dec/2009:08:24:18 +0100] "GET /livezilla/livezilla.php?template=lz_chat_frame.0.2 HTTP/1.1" 200 254 "http://chat.f-m-shop.de/livezilla/livezilla.php" "Mozilla/5.0 (Windows; U; Windows NT 5.1; de; rv:1.9.1.5) Gecko/20091102 Firefox/3.5.5 (.NET CLR 3.5.30729)"
192.168.10.34 - - [01/Dec/2009:08:24:19 +0100] "GET /livezilla/livezilla.php?template=lz_chat_frame.3.3 HTTP/1.1" 200 239 "http://chat.f-m-shop.de/livezilla/livezilla.php" "Mozilla/5.0 (Windows; U; Windows NT 5.1; de; rv:1.9.1.5) Gecko/20091102 Firefox/3.5.5 (.NET CLR 3.5.30729)"
192.168.10.34 - - [01/Dec/2009:08:24:19 +0100] "GET /livezilla/livezilla.php?template=lz_chat_frame.5.1 HTTP/1.1" 200 265 "http://chat.f-m-shop.de/livezilla/livezilla.php" "Mozilla/5.0 (Windows; U; Windows NT 5.1; de; rv:1.9.1.5) Gecko/20091102 Firefox/3.5.5 (.NET CLR 3.5.30729)"
192.168.10.34 - - [01/Dec/2009:08:24:19 +0100] "GET /livezilla/livezilla.php?template=lz_chat_frame.3.2.login.0.0 HTTP/1.1" 200 1563 "http://chat.f-m-shop.de/livezilla/livezilla.php?template=lz_chat_frame.3.2.login&" "Mozilla/5.0 (Windows; U; Windows NT 5.1; de; rv:1.9.1.5) Gecko/20091102 Firefox/3.5.5 (.NET CLR 3.5.30729)"
192.168.10.34 - - [01/Dec/2009:08:24:19 +0100] "GET /livezilla/livezilla.php?template=lz_chat_frame.3.2.login.1.0& HTTP/1.1" 200 2939 "http://chat.f-m-shop.de/livezilla/livezilla.php?template=lz_chat_frame.3.2.login&" "Mozilla/5.0 (Windows; U; Windows NT 5.1; de; rv:1.9.1.5) Gecko/20091102 Firefox/3.5.5 (.NET CLR 3.5.30729)"
192.168.10.34 - - [01/Dec/2009:08:24:18 +0100] "GET /livezilla/livezilla.php?template=lz_chat_frame.1.0 HTTP/1.1" 200 279 "http://chat.f-m-shop.de/livezilla/livezilla.php" "Mozilla/5.0 (Windows; U; Windows NT 5.1; de; rv:1.9.1.5) Gecko/20091102 Firefox/3.5.5 (.NET CLR 3.5.30729)"
192.168.10.34 - - [01/Dec/2009:08:24:20 +0100] "GET /livezilla/images/chat_bg_navigation_left.gif HTTP/1.1" 200 1078 "http://chat.f-m-shop.de/livezilla/livezilla.php?template=lz_chat_frame.3.2.login.0.0" "Mozilla/5.0 (Windows; U; Windows NT 5.1; de; rv:1.9.1.5) Gecko/20091102 Firefox/3.5.5 (.NET CLR 3.5.30729)"
192.168.10.34 - - [01/Dec/2009:08:24:20 +0100] "GET /livezilla/images/chat_bg_navigation_dev.gif HTTP/1.1" 200 367 "http://chat.f-m-shop.de/livezilla/livezilla.php?template=lz_chat_frame.3.2.login.0.0" "Mozilla/5.0 (Windows; U; Windows NT 5.1; de; rv:1.9.1.5) Gecko/20091102 Firefox/3.5.5 (.NET CLR 3.5.30729)"
192.168.10.34 - - [01/Dec/2009:08:24:20 +0100] "GET /livezilla/images/chat_bg_navigation_right.gif HTTP/1.1" 200 675 "http://chat.f-m-shop.de/livezilla/livezilla.php?template=lz_chat_frame.3.2.login.0.0" "Mozilla/5.0 (Windows; U; Windows NT 5.1; de; rv:1.9.1.5) Gecko/20091102 Firefox/3.5.5 (.NET CLR 3.5.30729)"
192.168.10.34 - - [01/Dec/2009:08:24:20 +0100] "GET /livezilla/images/chat_bg_footer.gif HTTP/1.1" 200 194 "http://chat.f-m-shop.de/livezilla/templates/style.css" "Mozilla/5.0 (Windows; U; Windows NT 5.1; de; rv:1.9.1.5) Gecko/20091102 Firefox/3.5.5 (.NET CLR 3.5.30729)"
192.168.10.34 - - [01/Dec/2009:08:24:20 +0100] "GET /livezilla/images/button_mail.gif HTTP/1.1" 200 1348 "http://chat.f-m-shop.de/livezilla/livezilla.php?template=lz_chat_frame.3.2.login.0.0" "Mozilla/5.0 (Windows; U; Windows NT 5.1; de; rv:1.9.1.5) Gecko/20091102 Firefox/3.5.5 (.NET CLR 3.5.30729)"
192.168.10.34 - - [01/Dec/2009:08:24:20 +0100] "GET /livezilla/images/button_fav.gif HTTP/1.1" 200 1344 "http://chat.f-m-shop.de/livezilla/livezilla.php?template=lz_chat_frame.3.2.login.0.0" "Mozilla/5.0 (Windows; U; Windows NT 5.1; de; rv:1.9.1.5) Gecko/20091102 Firefox/3.5.5 (.NET CLR 3.5.30729)"
192.168.10.34 - - [01/Dec/2009:08:24:20 +0100] "GET /livezilla/images/button_close.gif HTTP/1.1" 200 1239 "http://chat.f-m-shop.de/livezilla/livezilla.php?template=lz_chat_frame.3.2.login.0.0" "Mozilla/5.0 (Windows; U; Windows NT 5.1; de; rv:1.9.1.5) Gecko/20091102 Firefox/3.5.5 (.NET CLR 3.5.30729)"
192.168.10.34 - - [01/Dec/2009:08:24:20 +0100] "GET /livezilla/images/icon_info.gif HTTP/1.1" 200 1703 "http://chat.f-m-shop.de/livezilla/livezilla.php?template=lz_chat_frame.3.2.login.1.0&" "Mozilla/5.0 (Windows; U; Windows NT 5.1; de; rv:1.9.1.5) Gecko/20091102 Firefox/3.5.5 (.NET CLR 3.5.30729)"
192.168.10.34 - - [01/Dec/2009:08:24:20 +0100] "GET /livezilla/images/chat_bg_navigation.gif HTTP/1.1" 200 258 "http://chat.f-m-shop.de/livezilla/templates/style.css" "Mozilla/5.0 (Windows; U; Windows NT 5.1; de; rv:1.9.1.5) Gecko/20091102 Firefox/3.5.5 (.NET CLR 3.5.30729)"
192.168.10.34 - - [01/Dec/2009:08:24:19 +0100] "GET /livezilla/livezilla.php?template=lz_chat_frame.2.2 HTTP/1.1" 200 264 "http://chat.f-m-shop.de/livezilla/livezilla.php" "Mozilla/5.0 (Windows; U; Windows NT 5.1; de; rv:1.9.1.5) Gecko/20091102 Firefox/3.5.5 (.NET CLR 3.5.30729)"
192.168.10.34 - - [01/Dec/2009:08:24:20 +0100] "GET /livezilla/images/icon_network.gif HTTP/1.1" 200 354 "http://chat.f-m-shop.de/livezilla/livezilla.php?template=lz_chat_frame.3.2.login.1.0&" "Mozilla/5.0 (Windows; U; Windows NT 5.1; de; rv:1.9.1.5) Gecko/20091102 Firefox/3.5.5 (.NET CLR 3.5.30729)"
192.168.10.34 - - [01/Dec/2009:08:24:20 +0100] "GET /livezilla/images/lz_button.gif HTTP/1.1" 200 838 "http://chat.f-m-shop.de/livezilla/templates/style.css" "Mozilla/5.0 (Windows; U; Windows NT 5.1; de; rv:1.9.1.5) Gecko/20091102 Firefox/3.5.5 (.NET CLR 3.5.30729)"
192.168.10.34 - - [01/Dec/2009:08:24:20 +0100] "GET /livezilla/images/chat_bg_navigation_sub.gif HTTP/1.1" 200 76 "http://chat.f-m-shop.de/livezilla/templates/style.css" "Mozilla/5.0 (Windows; U; Windows NT 5.1; de; rv:1.9.1.5) Gecko/20091102 Firefox/3.5.5 (.NET CLR 3.5.30729)"
192.168.10.34 - - [01/Dec/2009:08:24:20 +0100] "GET /livezilla/images/chat_bg_field.gif HTTP/1.1" 200 121 "http://chat.f-m-shop.de/livezilla/templates/style.css" "Mozilla/5.0 (Windows; U; Windows NT 5.1; de; rv:1.9.1.5) Gecko/20091102 Firefox/3.5.5 (.NET CLR 3.5.30729)"
192.168.10.34 - - [01/Dec/2009:08:24:19 +0100] "GET /livezilla/livezilla.php?template=lz_chat_frame.3.0 HTTP/1.1" 200 240 "http://chat.f-m-shop.de/livezilla/livezilla.php" "Mozilla/5.0 (Windows; U; Windows NT 5.1; de; rv:1.9.1.5) Gecko/20091102 Firefox/3.5.5 (.NET CLR 3.5.30729)"
192.168.10.34 - - [01/Dec/2009:08:24:20 +0100] "GET /livezilla/images/lz_button_extra.gif HTTP/1.1" 200 948 "http://chat.f-m-shop.de/livezilla/templates/style.css" "Mozilla/5.0 (Windows; U; Windows NT 5.1; de; rv:1.9.1.5) Gecko/20091102 Firefox/3.5.5 (.NET CLR 3.5.30729)"
192.168.10.34 - - [01/Dec/2009:08:24:20 +0100] "GET /livezilla/livezilla.php?template=lz_chat_frame.3.2.login.2.0 HTTP/1.1" 200 277 "http://chat.f-m-shop.de/livezilla/livezilla.php?template=lz_chat_frame.3.2.login&" "Mozilla/5.0 (Windows; U; Windows NT 5.1; de; rv:1.9.1.5) Gecko/20091102 Firefox/3.5.5 (.NET CLR 3.5.30729)"
192.168.10.34 - - [01/Dec/2009:08:24:18 +0100] "GET /livezilla/livezilla.php?template=lz_chat_frame.1.1 HTTP/1.1" 200 2257 "http://chat.f-m-shop.de/livezilla/livezilla.php" "Mozilla/5.0 (Windows; U; Windows NT 5.1; de; rv:1.9.1.5) Gecko/20091102 Firefox/3.5.5 (.NET CLR 3.5.30729)"
192.168.10.34 - - [01/Dec/2009:08:24:20 +0100] "GET /livezilla/images/carrier_logo.gif HTTP/1.1" 200 6003 "http://chat.f-m-shop.de/livezilla/livezilla.php?template=lz_chat_frame.1.1" "Mozilla/5.0 (Windows; U; Windows NT 5.1; de; rv:1.9.1.5) Gecko/20091102 Firefox/3.5.5 (.NET CLR 3.5.30729)"
192.168.10.34 - - [01/Dec/2009:08:24:20 +0100] "GET /livezilla/images/icon_vcard.gif HTTP/1.1" 200 559 "http://chat.f-m-shop.de/livezilla/livezilla.php?template=lz_chat_frame.1.1" "Mozilla/5.0 (Windows; U; Windows NT 5.1; de; rv:1.9.1.5) Gecko/20091102 Firefox/3.5.5 (.NET CLR 3.5.30729)"
192.168.10.34 - - [01/Dec/2009:08:24:20 +0100] "GET /livezilla/images/icon_typing.gif HTTP/1.1" 200 1106 "http://chat.f-m-shop.de/livezilla/livezilla.php?template=lz_chat_frame.1.1" "Mozilla/5.0 (Windows; U; Windows NT 5.1; de; rv:1.9.1.5) Gecko/20091102 Firefox/3.5.5 (.NET CLR 3.5.30729)"
192.168.10.34 - - [01/Dec/2009:08:24:20 +0100] "GET /livezilla/images/lz_header.gif HTTP/1.1" 200 7285 "http://chat.f-m-shop.de/livezilla/livezilla.php?template=lz_chat_frame.1.1" "Mozilla/5.0 (Windows; U; Windows NT 5.1; de; rv:1.9.1.5) Gecko/20091102 Firefox/3.5.5 (.NET CLR 3.5.30729)"
192.168.10.34 - - [01/Dec/2009:08:24:20 +0100] "GET /livezilla/intern_images/nopic.jpg HTTP/1.1" 200 3599 "http://chat.f-m-shop.de/livezilla/livezilla.php?template=lz_chat_frame.1.1" "Mozilla/5.0 (Windows; U; Windows NT 5.1; de; rv:1.9.1.5) Gecko/20091102 Firefox/3.5.5 (.NET CLR 3.5.30729)"
192.168.10.34 - - [01/Dec/2009:08:24:21 +0100] "GET /livezilla/images/chat_bg_footer_top.gif HTTP/1.1" 200 858 "http://chat.f-m-shop.de/livezilla/templates/style.css" "Mozilla/5.0 (Windows; U; Windows NT 5.1; de; rv:1.9.1.5) Gecko/20091102 Firefox/3.5.5 (.NET CLR 3.5.30729)"
192.168.10.34 - - [01/Dec/2009:08:24:21 +0100] "GET /livezilla/images/lz_rep_bg.gif HTTP/1.1" 200 320 "http://chat.f-m-shop.de/livezilla/livezilla.php?template=lz_chat_frame.1.1" "Mozilla/5.0 (Windows; U; Windows NT 5.1; de; rv:1.9.1.5) Gecko/20091102 Firefox/3.5.5 (.NET CLR 3.5.30729)"
192.168.10.34 - - [01/Dec/2009:08:24:21 +0100] "GET /livezilla/images/lz_rep_bg_left.gif HTTP/1.1" 200 593 "http://chat.f-m-shop.de/livezilla/livezilla.php?template=lz_chat_frame.1.1" "Mozilla/5.0 (Windows; U; Windows NT 5.1; de; rv:1.9.1.5) Gecko/20091102 Firefox/3.5.5 (.NET CLR 3.5.30729)"
192.168.10.34 - - [01/Dec/2009:08:24:21 +0100] "GET /livezilla/images/lz_rep_bg_right.gif HTTP/1.1" 200 590 "http://chat.f-m-shop.de/livezilla/livezilla.php?template=lz_chat_frame.1.1" "Mozilla/5.0 (Windows; U; Windows NT 5.1; de; rv:1.9.1.5) Gecko/20091102 Firefox/3.5.5 (.NET CLR 3.5.30729)"
192.168.10.34 - - [01/Dec/2009:08:24:21 +0100] "POST /livezilla/server.php HTTP/1.1" 200 212 "http://chat.f-m-shop.de/livezilla/livezilla.php" "Mozilla/5.0 (Windows; U; Windows NT 5.1; de; rv:1.9.1.5) Gecko/20091102 Firefox/3.5.5 (.NET CLR 3.5.30729)"
192.168.10.34 - - [01/Dec/2009:08:24:22 +0100] "POST /livezilla/livezilla.php?template=lz_chat_frame.3.2.mail HTTP/1.1" 200 4002 "http://chat.f-m-shop.de/livezilla/livezilla.php?template=lz_chat_frame.3.2.login.1.0&" "Mozilla/5.0 (Windows; U; Windows NT 5.1; de; rv:1.9.1.5) Gecko/20091102 Firefox/3.5.5 (.NET CLR 3.5.30729)"
192.168.10.34 - - [01/Dec/2009:08:24:22 +0100] "GET /livezilla/livezilla.php?template=lz_chat_frame.3.2.mail HTTP/1.1" 200 3993 "http://chat.f-m-shop.de/livezilla/livezilla.php" "Mozilla/5.0 (Windows; U; Windows NT 5.1; de; rv:1.9.1.5) Gecko/20091102 Firefox/3.5.5 (.NET CLR 3.5.30729)"
192.168.10.34 - - [01/Dec/2009:08:24:22 +0100] "GET /livezilla/images/button_chat.gif HTTP/1.1" 200 1218 "http://chat.f-m-shop.de/livezilla/livezilla.php?template=lz_chat_frame.3.2.mail" "Mozilla/5.0 (Windows; U; Windows NT 5.1; de; rv:1.9.1.5) Gecko/20091102 Firefox/3.5.5 (.NET CLR 3.5.30729)"
192.168.10.34 - - [01/Dec/2009:08:24:22 +0100] "GET /livezilla/images/button_print.gif HTTP/1.1" 200 1183 "http://chat.f-m-shop.de/livezilla/livezilla.php?template=lz_chat_frame.3.2.mail" "Mozilla/5.0 (Windows; U; Windows NT 5.1; de; rv:1.9.1.5) Gecko/20091102 Firefox/3.5.5 (.NET CLR 3.5.30729)"
192.168.10.34 - - [01/Dec/2009:08:24:34 +0100] "GET /livezilla/server.php?request=track&start=1259652274250&browid=6057f1d&url=http%3A%2F%2Fwww.f-m-shop.de%2Fseiten%2Fstart_advent.cfm&livezilla=7cde111&cd=32&rh=1200&rw=1920&rf=http%3A%2F%2Fwww.f-m-shop.de%2Fseiten%2Fframe_advent.cfm&tzo=1&code= HTTP/1.1" 200 85 "http://www.f-m-shop.de/seiten/start_advent.cfm" "Mozilla/5.0 (Windows; U; Windows NT 5.1; de; rv:1.9.1.5) Gecko/20091102 Firefox/3.5.5 (.NET CLR 3.5.30729)"
192.168.10.10 - - [01/Dec/2009:08:23:59 +0100] "POST /livezilla/server.php?acid=c5e12 HTTP/1.1" 200 - "-" "LiveZilla 3.1.7.7 [http://www.livezilla.net]"
192.168.10.34 - - [01/Dec/2009:08:25:04 +0100] "GET /livezilla/server.php?request=track&start=1259652304249&browid=6057f1d&url=http%3A%2F%2Fwww.f-m-shop.de%2Fseiten%2Fstart_advent.cfm&livezilla=7cde111&cd=32&rh=1200&rw=1920&rf=http%3A%2F%2Fwww.f-m-shop.de%2Fseiten%2Fframe_advent.cfm&tzo=1&code= HTTP/1.1" 200 85 "http://www.f-m-shop.de/seiten/start_advent.cfm" "Mozilla/5.0 (Windows; U; Windows NT 5.1; de; rv:1.9.1.5) Gecko/20091102 Firefox/3.5.5 (.NET CLR 3.5.30729)"
78.43.83.124 - - [01/Dec/2009:08:25:08 +0100] "GET /livezilla/image.php?id=04 HTTP/1.1" 200 7276 "http://www.f-m-shop.de/seiten/prod_detail_neuer.cfm?kat=MONT22&nav=2&artnr=A 23132" "Mozilla/4.0 (compatible; MSIE 8.0; Windows NT 5.1; Trident/4.0; .NET CLR 2.0.50727; .NET CLR 3.0.4506.2152; .NET CLR 3.5.30729; InfoPath.2; OfficeLiveConnector.1.4; OfficeLivePatch.1.3)"
192.168.10.10 - - [01/Dec/2009:08:24:47 +0100] "POST /livezilla/server.php?acid=b8bb5 HTTP/1.1" 200 - "-" "LiveZilla 3.1.7.7 [http://www.livezilla.net]"
192.168.10.34 - - [01/Dec/2009:08:25:34 +0100] "GET /livezilla/server.php?request=track&start=1259652334290&browid=6057f1d&url=http%3A%2F%2Fwww.f-m-shop.de%2Fseiten%2Fstart_advent.cfm&livezilla=7cde111&cd=32&rh=1200&rw=1920&rf=http%3A%2F%2Fwww.f-m-shop.de%2Fseiten%2Fframe_advent.cfm&tzo=1&code= HTTP/1.1" 200 85 "http://www.f-m-shop.de/seiten/start_advent.cfm" "Mozilla/5.0 (Windows; U; Windows NT 5.1; de; rv:1.9.1.5) Gecko/20091102 Firefox/3.5.5 (.NET CLR 3.5.30729)"
195.14.249.145 - - [01/Dec/2009:08:25:53 +0100] "GET /livezilla/image.php?id=04 HTTP/1.0" 200 7276 "http://www.f-m-shop.de/seiten/prod_detail_neuer.cfm?kat=MULHEA&nav=2&artnr=A 24355" "Mozilla/4.0 (compatible; MSIE 7.0; Windows NT 5.1; .NET CLR 1.1.4322; .NET CLR 2.0.50727; .NET CLR 3.0.4506.2152; .NET CLR 3.5.30729)"
192.168.10.34 - - [01/Dec/2009:08:26:01 +0100] "GET /livezilla/image.php?id=04 HTTP/1.1" 200 7276 "http://www.f-m-shop.de/seiten/prod_detail_neuer.cfm?artnr=A%20%2029593&nav=2" "Mozilla/5.0 (Windows; U; Windows NT 5.1; de; rv:1.9.1.5) Gecko/20091102 Firefox/3.5.5 (.NET CLR 3.5.30729)"
192.168.10.34 - - [01/Dec/2009:08:26:04 +0100] "GET /livezilla/server.php?request=track&start=1259652364316&browid=6057f1d&url=http%3A%2F%2Fwww.f-m-shop.de%2Fseiten%2Fstart_advent.cfm&livezilla=7cde111&cd=32&rh=1200&rw=1920&rf=http%3A%2F%2Fwww.f-m-shop.de%2Fseiten%2Fframe_advent.cfm&tzo=1&code= HTTP/1.1" 200 85 "http://www.f-m-shop.de/seiten/start_advent.cfm" "Mozilla/5.0 (Windows; U; Windows NT 5.1; de; rv:1.9.1.5) Gecko/20091102 Firefox/3.5.5 (.NET CLR 3.5.30729)"
192.168.10.34 - - [01/Dec/2009:08:26:05 +0100] "GET /livezilla/livezilla.php HTTP/1.1" 200 72008 "http://www.f-m-shop.de/seiten/prod_detail_neuer.cfm?artnr=A%20%2029593&nav=2" "Mozilla/5.0 (Windows; U; Windows NT 5.1; de; rv:1.9.1.5) Gecko/20091102 Firefox/3.5.5 (.NET CLR 3.5.30729)"
192.168.10.34 - - [01/Dec/2009:08:26:05 +0100] "GET /livezilla/livezilla.php?template=lz_chat_frame.0.0 HTTP/1.1" 200 259 "http://chat.f-m-shop.de/livezilla/livezilla.php" "Mozilla/5.0 (Windows; U; Windows NT 5.1; de; rv:1.9.1.5) Gecko/20091102 Firefox/3.5.5 (.NET CLR 3.5.30729)"
192.168.10.34 - - [01/Dec/2009:08:26:05 +0100] "GET /livezilla/livezilla.php?template=lz_chat_frame.2.0 HTTP/1.1" 200 263 "http://chat.f-m-shop.de/livezilla/livezilla.php" "Mozilla/5.0 (Windows; U; Windows NT 5.1; de; rv:1.9.1.5) Gecko/20091102 Firefox/3.5.5 (.NET CLR 3.5.30729)"
192.168.10.34 - - [01/Dec/2009:08:26:05 +0100] "GET /livezilla/livezilla.php?template=lz_chat_frame.0.1 HTTP/1.1" 200 277 "http://chat.f-m-shop.de/livezilla/livezilla.php" "Mozilla/5.0 (Windows; U; Windows NT 5.1; de; rv:1.9.1.5) Gecko/20091102 Firefox/3.5.5 (.NET CLR 3.5.30729)"
192.168.10.34 - - [01/Dec/2009:08:26:06 +0100] "GET /livezilla/livezilla.php?template=lz_chat_frame.1.2 HTTP/1.1" 200 264 "http://chat.f-m-shop.de/livezilla/livezilla.php" "Mozilla/5.0 (Windows; U; Windows NT 5.1; de; rv:1.9.1.5) Gecko/20091102 Firefox/3.5.5 (.NET CLR 3.5.30729)"
192.168.10.34 - - [01/Dec/2009:08:26:06 +0100] "GET /livezilla/livezilla.php?template=lz_chat_frame.1.1 HTTP/1.1" 200 2257 "http://chat.f-m-shop.de/livezilla/livezilla.php" "Mozilla/5.0 (Windows; U; Windows NT 5.1; de; rv:1.9.1.5) Gecko/20091102 Firefox/3.5.5 (.NET CLR 3.5.30729)"
192.168.10.34 - - [01/Dec/2009:08:26:06 +0100] "GET /livezilla/livezilla.php?template=lz_chat_frame.4.1 HTTP/1.1" 200 455 "http://chat.f-m-shop.de/livezilla/livezilla.php" "Mozilla/5.0 (Windows; U; Windows NT 5.1; de; rv:1.9.1.5) Gecko/20091102 Firefox/3.5.5 (.NET CLR 3.5.30729)"
192.168.10.34 - - [01/Dec/2009:08:26:06 +0100] "GET /livezilla/livezilla.php?template=lz_chat_frame.3.2.login& HTTP/1.1" 200 1019 "http://chat.f-m-shop.de/livezilla/livezilla.php" "Mozilla/5.0 (Windows; U; Windows NT 5.1; de; rv:1.9.1.5) Gecko/20091102 Firefox/3.5.5 (.NET CLR 3.5.30729)"
192.168.10.34 - - [01/Dec/2009:08:26:06 +0100] "GET /livezilla/livezilla.php?template=lz_chat_frame.2.2 HTTP/1.1" 200 264 "http://chat.f-m-shop.de/livezilla/livezilla.php" "Mozilla/5.0 (Windows; U; Windows NT 5.1; de; rv:1.9.1.5) Gecko/20091102 Firefox/3.5.5 (.NET CLR 3.5.30729)"
192.168.10.34 - - [01/Dec/2009:08:26:06 +0100] "GET /livezilla/livezilla.php?template=lz_chat_frame.3.2.login.0.0 HTTP/1.1" 200 1563 "http://chat.f-m-shop.de/livezilla/livezilla.php?template=lz_chat_frame.3.2.login&" "Mozilla/5.0 (Windows; U; Windows NT 5.1; de; rv:1.9.1.5) Gecko/20091102 Firefox/3.5.5 (.NET CLR 3.5.30729)"
192.168.10.34 - - [01/Dec/2009:08:26:06 +0100] "GET /livezilla/livezilla.php?template=lz_chat_frame.3.3 HTTP/1.1" 200 239 "http://chat.f-m-shop.de/livezilla/livezilla.php" "Mozilla/5.0 (Windows; U; Windows NT 5.1; de; rv:1.9.1.5) Gecko/20091102 Firefox/3.5.5 (.NET CLR 3.5.30729)"
192.168.10.34 - - [01/Dec/2009:08:26:06 +0100] "GET /livezilla/livezilla.php?template=lz_chat_frame.5.1 HTTP/1.1" 200 265 "http://chat.f-m-shop.de/livezilla/livezilla.php" "Mozilla/5.0 (Windows; U; Windows NT 5.1; de; rv:1.9.1.5) Gecko/20091102 Firefox/3.5.5 (.NET CLR 3.5.30729)"
192.168.10.34 - - [01/Dec/2009:08:26:06 +0100] "GET /livezilla/livezilla.php?template=lz_chat_frame.3.0 HTTP/1.1" 200 240 "http://chat.f-m-shop.de/livezilla/livezilla.php" "Mozilla/5.0 (Windows; U; Windows NT 5.1; de; rv:1.9.1.5) Gecko/20091102 Firefox/3.5.5 (.NET CLR 3.5.30729)"
192.168.10.34 - - [01/Dec/2009:08:26:07 +0100] "GET /livezilla/livezilla.php?template=lz_chat_frame.3.2.login.1.0& HTTP/1.1" 200 2939 "http://chat.f-m-shop.de/livezilla/livezilla.php?template=lz_chat_frame.3.2.login&" "Mozilla/5.0 (Windows; U; Windows NT 5.1; de; rv:1.9.1.5) Gecko/20091102 Firefox/3.5.5 (.NET CLR 3.5.30729)"
192.168.10.34 - - [01/Dec/2009:08:26:07 +0100] "GET /livezilla/livezilla.php?template=lz_chat_frame.3.2.login.2.0 HTTP/1.1" 200 277 "http://chat.f-m-shop.de/livezilla/livezilla.php?template=lz_chat_frame.3.2.login&" "Mozilla/5.0 (Windows; U; Windows NT 5.1; de; rv:1.9.1.5) Gecko/20091102 Firefox/3.5.5 (.NET CLR 3.5.30729)"
192.168.10.34 - - [01/Dec/2009:08:26:06 +0100] "GET /livezilla/livezilla.php?template=lz_chat_frame.1.0 HTTP/1.1" 200 279 "http://chat.f-m-shop.de/livezilla/livezilla.php" "Mozilla/5.0 (Windows; U; Windows NT 5.1; de; rv:1.9.1.5) Gecko/20091102 Firefox/3.5.5 (.NET CLR 3.5.30729)"
192.168.10.34 - - [01/Dec/2009:08:26:06 +0100] "GET /livezilla/livezilla.php?template=lz_chat_frame.0.2 HTTP/1.1" 200 254 "http://chat.f-m-shop.de/livezilla/livezilla.php" "Mozilla/5.0 (Windows; U; Windows NT 5.1; de; rv:1.9.1.5) Gecko/20091102 Firefox/3.5.5 (.NET CLR 3.5.30729)"
192.168.10.10 - - [01/Dec/2009:08:25:36 +0100] "POST /livezilla/server.php?acid=5b57d HTTP/1.1" 200 - "-" "LiveZilla 3.1.7.7 [http://www.livezilla.net]"
192.168.10.34 - - [01/Dec/2009:08:26:34 +0100] "GET /livezilla/server.php?request=track&start=1259652394347&browid=6057f1d&url=http%3A%2F%2Fwww.f-m-shop.de%2Fseiten%2Fstart_advent.cfm&livezilla=7cde111&cd=32&rh=1200&rw=1920&rf=http%3A%2F%2Fwww.f-m-shop.de%2Fseiten%2Fframe_advent.cfm&tzo=1&code= HTTP/1.1" 200 85 "http://www.f-m-shop.de/seiten/start_advent.cfm" "Mozilla/5.0 (Windows; U; Windows NT 5.1; de; rv:1.9.1.5) Gecko/20091102 Firefox/3.5.5 (.NET CLR 3.5.30729)"
192.168.10.34 - - [01/Dec/2009:08:27:04 +0100] "GET /livezilla/server.php?request=track&start=1259652424380&browid=6057f1d&url=http%3A%2F%2Fwww.f-m-shop.de%2Fseiten%2Fstart_advent.cfm&livezilla=7cde111&cd=32&rh=1200&rw=1920&rf=http%3A%2F%2Fwww.f-m-shop.de%2Fseiten%2Fframe_advent.cfm&tzo=1&code= HTTP/1.1" 200 85 "http://www.f-m-shop.de/seiten/start_advent.cfm" "Mozilla/5.0 (Windows; U; Windows NT 5.1; de; rv:1.9.1.5) Gecko/20091102 Firefox/3.5.5 (.NET CLR 3.5.30729)"
192.168.10.10 - - [01/Dec/2009:08:26:24 +0100] "POST /livezilla/server.php?acid=10107 HTTP/1.1" 200 - "-" "LiveZilla 3.1.7.7 [http://www.livezilla.net]"
192.168.10.34 - - [01/Dec/2009:08:27:30 +0100] "GET /livezilla/image.php?id=03 HTTP/1.1" 200 237 "http://www.f-m-shop.de/seiten/start_advent.cfm" "Mozilla/5.0 (Windows; U; Windows NT 5.1; de; rv:1.9.1.5) Gecko/20091102 Firefox/3.5.5 (.NET CLR 3.5.30729)"
192.168.10.34 - - [01/Dec/2009:08:27:30 +0100] "GET /livezilla/server.php?request=track&output=jscript&nse=0.30702735815264803 HTTP/1.1" 200 18878 "http://www.f-m-shop.de/seiten/start_advent.cfm" "Mozilla/5.0 (Windows; U; Windows NT 5.1; de; rv:1.9.1.5) Gecko/20091102 Firefox/3.5.5 (.NET CLR 3.5.30729)"
192.168.10.34 - - [01/Dec/2009:08:27:30 +0100] "GET /livezilla//templates/style.css?cache=0.7855796171921821 HTTP/1.1" 200 8998 "http://www.f-m-shop.de/seiten/start_advent.cfm" "Mozilla/5.0 (Windows; U; Windows NT 5.1; de; rv:1.9.1.5) Gecko/20091102 Firefox/3.5.5 (.NET CLR 3.5.30729)"
192.168.10.34 - - [01/Dec/2009:08:27:30 +0100] "GET /livezilla/server.php?request=track&start=1259652451140&browid=011de80&url=http%3A%2F%2Fwww.f-m-shop.de%2Fseiten%2Fstart_advent.cfm&livezilla=7cde111&cd=32&rh=1200&rw=1920&rf=http%3A%2F%2Fwww.f-m-shop.de%2Fseiten%2Fframe_advent.cfm&tzo=1&code= HTTP/1.1" 200 85 "http://www.f-m-shop.de/seiten/start_advent.cfm" "Mozilla/5.0 (Windows; U; Windows NT 5.1; de; rv:1.9.1.5) Gecko/20091102 Firefox/3.5.5 (.NET CLR 3.5.30729)"
192.168.10.34 - - [01/Dec/2009:08:27:36 +0100] "GET /livezilla/image.php?id=03 HTTP/1.1" 200 237 "http://www.f-m-shop.de/seiten/start_advent.cfm" "Mozilla/5.0 (Windows; U; Windows NT 5.1; de; rv:1.9.1.5) Gecko/20091102 Firefox/3.5.5 (.NET CLR 3.5.30729)"
192.168.10.34 - - [01/Dec/2009:08:27:36 +0100] "GET /livezilla/server.php?request=track&output=jscript&nse=0.00200961039845049 HTTP/1.1" 200 18878 "http://www.f-m-shop.de/seiten/start_advent.cfm" "Mozilla/5.0 (Windows; U; Windows NT 5.1; de; rv:1.9.1.5) Gecko/20091102 Firefox/3.5.5 (.NET CLR 3.5.30729)"
192.168.10.34 - - [01/Dec/2009:08:27:37 +0100] "GET /livezilla//templates/style.css?cache=0.25600288769372803 HTTP/1.1" 200 8998 "http://www.f-m-shop.de/seiten/start_advent.cfm" "Mozilla/5.0 (Windows; U; Windows NT 5.1; de; rv:1.9.1.5) Gecko/20091102 Firefox/3.5.5 (.NET CLR 3.5.30729)"
192.168.10.34 - - [01/Dec/2009:08:27:37 +0100] "GET /livezilla/server.php?request=track&start=1259652457285&browid=5b8565d&url=http%3A%2F%2Fwww.f-m-shop.de%2Fseiten%2Fstart_advent.cfm&livezilla=7cde111&cd=32&rh=1200&rw=1920&rf=http%3A%2F%2Fwww.f-m-shop.de%2Fseiten%2Fframe_advent.cfm&tzo=1&code= HTTP/1.1" 200 85 "http://www.f-m-shop.de/seiten/start_advent.cfm" "Mozilla/5.0 (Windows; U; Windows NT 5.1; de; rv:1.9.1.5) Gecko/20091102 Firefox/3.5.5 (.NET CLR 3.5.30729)"
192.168.10.10 - - [01/Dec/2009:08:27:13 +0100] "POST /livezilla/server.php?acid=60a35 HTTP/1.1" 200 - "-" "LiveZilla 3.1.7.7 [http://www.livezilla.net]"
192.168.10.34 - - [01/Dec/2009:08:28:07 +0100] "GET /livezilla/server.php?request=track&start=1259652487311&browid=5b8565d&url=http%3A%2F%2Fwww.f-m-shop.de%2Fseiten%2Fstart_advent.cfm&livezilla=7cde111&cd=32&rh=1200&rw=1920&rf=http%3A%2F%2Fwww.f-m-shop.de%2Fseiten%2Fframe_advent.cfm&tzo=1&code= HTTP/1.1" 200 85 "http://www.f-m-shop.de/seiten/start_advent.cfm" "Mozilla/5.0 (Windows; U; Windows NT 5.1; de; rv:1.9.1.5) Gecko/20091102 Firefox/3.5.5 (.NET CLR 3.5.30729)"
192.168.10.34 - - [01/Dec/2009:08:28:37 +0100] "GET /livezilla/server.php?request=track&start=1259652517310&browid=5b8565d&url=http%3A%2F%2Fwww.f-m-shop.de%2Fseiten%2Fstart_advent.cfm&livezilla=7cde111&cd=32&rh=1200&rw=1920&rf=http%3A%2F%2Fwww.f-m-shop.de%2Fseiten%2Fframe_advent.cfm&tzo=1&code= HTTP/1.1" 200 85 "http://www.f-m-shop.de/seiten/start_advent.cfm" "Mozilla/5.0 (Windows; U; Windows NT 5.1; de; rv:1.9.1.5) Gecko/20091102 Firefox/3.5.5 (.NET CLR 3.5.30729)"
192.168.10.10 - - [01/Dec/2009:08:28:01 +0100] "POST /livezilla/server.php?acid=34bef HTTP/1.1" 200 - "-" "LiveZilla 3.1.7.7 [http://www.livezilla.net]"
192.168.10.34 - - [01/Dec/2009:08:29:07 +0100] "GET /livezilla/server.php?request=track&start=1259652547349&browid=5b8565d&url=http%3A%2F%2Fwww.f-m-shop.de%2Fseiten%2Fstart_advent.cfm&livezilla=7cde111&cd=32&rh=1200&rw=1920&rf=http%3A%2F%2Fwww.f-m-shop.de%2Fseiten%2Fframe_advent.cfm&tzo=1&code= HTTP/1.1" 200 85 "http://www.f-m-shop.de/seiten/start_advent.cfm" "Mozilla/5.0 (Windows; U; Windows NT 5.1; de; rv:1.9.1.5) Gecko/20091102 Firefox/3.5.5 (.NET CLR 3.5.30729)"
192.168.10.10 - - [01/Dec/2009:08:28:49 +0100] "POST /livezilla/server.php?acid=a05a9 HTTP/1.1" 200 - "-" "LiveZilla 3.1.7.7 [http://www.livezilla.net]"
192.168.10.34 - - [01/Dec/2009:08:29:37 +0100] "GET /livezilla/server.php?request=track&start=1259652577357&browid=5b8565d&url=http%3A%2F%2Fwww.f-m-shop.de%2Fseiten%2Fstart_advent.cfm&livezilla=7cde111&cd=32&rh=1200&rw=1920&rf=http%3A%2F%2Fwww.f-m-shop.de%2Fseiten%2Fframe_advent.cfm&tzo=1&code= HTTP/1.1" 200 85 "http://www.f-m-shop.de/seiten/start_advent.cfm" "Mozilla/5.0 (Windows; U; Windows NT 5.1; de; rv:1.9.1.5) Gecko/20091102 Firefox/3.5.5 (.NET CLR 3.5.30729)"
192.168.10.34 - - [01/Dec/2009:08:30:07 +0100] "GET /livezilla/server.php?request=track&start=1259652607389&browid=5b8565d&url=http%3A%2F%2Fwww.f-m-shop.de%2Fseiten%2Fstart_advent.cfm&livezilla=7cde111&cd=32&rh=1200&rw=1920&rf=http%3A%2F%2Fwww.f-m-shop.de%2Fseiten%2Fframe_advent.cfm&tzo=1&code= HTTP/1.1" 200 85 "http://www.f-m-shop.de/seiten/start_advent.cfm" "Mozilla/5.0 (Windows; U; Windows NT 5.1; de; rv:1.9.1.5) Gecko/20091102 Firefox/3.5.5 (.NET CLR 3.5.30729)"
192.168.10.34 - - [01/Dec/2009:08:30:17 +0100] "GET /livezilla/image.php?id=03 HTTP/1.1" 200 237 "http://www.f-m-shop.de/seiten/start_advent.cfm" "Mozilla/5.0 (Windows; U; Windows NT 5.1; de; rv:1.9.1.5) Gecko/20091102 Firefox/3.5.5 (.NET CLR 3.5.30729)"
192.168.10.34 - - [01/Dec/2009:08:30:17 +0100] "GET /livezilla/server.php?request=track&output=jscript&nse=0.07022598794142676 HTTP/1.1" 200 18878 "http://www.f-m-shop.de/seiten/start_advent.cfm" "Mozilla/5.0 (Windows; U; Windows NT 5.1; de; rv:1.9.1.5) Gecko/20091102 Firefox/3.5.5 (.NET CLR 3.5.30729)"
192.168.10.34 - - [01/Dec/2009:08:30:17 +0100] "GET /livezilla//templates/style.css?cache=0.1493029875356111 HTTP/1.1" 200 8998 "http://www.f-m-shop.de/seiten/start_advent.cfm" "Mozilla/5.0 (Windows; U; Windows NT 5.1; de; rv:1.9.1.5) Gecko/20091102 Firefox/3.5.5 (.NET CLR 3.5.30729)"
192.168.10.34 - - [01/Dec/2009:08:30:18 +0100] "GET /livezilla/server.php?request=track&start=1259652618262&browid=cd49052&url=http%3A%2F%2Fwww.f-m-shop.de%2Fseiten%2Fstart_advent.cfm&livezilla=7cde111&cd=32&rh=1200&rw=1920&rf=http%3A%2F%2Fwww.f-m-shop.de%2Fseiten%2Fframe_advent.cfm&tzo=1&code= HTTP/1.1" 200 85 "http://www.f-m-shop.de/seiten/start_advent.cfm" "Mozilla/5.0 (Windows; U; Windows NT 5.1; de; rv:1.9.1.5) Gecko/20091102 Firefox/3.5.5 (.NET CLR 3.5.30729)"
192.168.10.10 - - [01/Dec/2009:08:29:38 +0100] "POST /livezilla/server.php?acid=46f76 HTTP/1.1" 200 - "-" "LiveZilla 3.1.7.7 [http://www.livezilla.net]"
192.168.10.34 - - [01/Dec/2009:08:30:47 +0100] "GET /livezilla/server.php?request=track&start=1259652648262&browid=cd49052&url=http%3A%2F%2Fwww.f-m-shop.de%2Fseiten%2Fstart_advent.cfm&livezilla=7cde111&cd=32&rh=1200&rw=1920&rf=http%3A%2F%2Fwww.f-m-shop.de%2Fseiten%2Fframe_advent.cfm&tzo=1&code= HTTP/1.1" 200 85 "http://www.f-m-shop.de/seiten/start_advent.cfm" "Mozilla/5.0 (Windows; U; Windows NT 5.1; de; rv:1.9.1.5) Gecko/20091102 Firefox/3.5.5 (.NET CLR 3.5.30729)"
192.168.10.34 - - [01/Dec/2009:08:31:02 +0100] "GET /livezilla/server.php?request=track&output=jscript&nse=0.21442646390020448 HTTP/1.1" 200 18878 "http://www.f-m-shop.de/seiten/start_advent.cfm" "Mozilla/5.0 (Windows; U; Windows NT 5.1; de; rv:1.9.1.5) Gecko/20091102 Firefox/3.5.5 (.NET CLR 3.5.30729)"
192.168.10.34 - - [01/Dec/2009:08:31:01 +0100] "GET /livezilla/image.php?id=03 HTTP/1.1" 200 237 "http://www.f-m-shop.de/seiten/start_advent.cfm" "Mozilla/5.0 (Windows; U; Windows NT 5.1; de; rv:1.9.1.5) Gecko/20091102 Firefox/3.5.5 (.NET CLR 3.5.30729)"
192.168.10.34 - - [01/Dec/2009:08:31:02 +0100] "GET /livezilla//templates/style.css?cache=0.09081055174413988 HTTP/1.1" 200 8998 "http://www.f-m-shop.de/seiten/start_advent.cfm" "Mozilla/5.0 (Windows; U; Windows NT 5.1; de; rv:1.9.1.5) Gecko/20091102 Firefox/3.5.5 (.NET CLR 3.5.30729)"
192.168.10.34 - - [01/Dec/2009:08:31:02 +0100] "GET /livezilla/server.php?request=track&start=1259652662819&browid=2e7ce58&url=http%3A%2F%2Fwww.f-m-shop.de%2Fseiten%2Fstart_advent.cfm&livezilla=7cde111&cd=32&rh=1200&rw=1920&rf=http%3A%2F%2Fwww.f-m-shop.de%2Fseiten%2Fframe_advent.cfm&tzo=1&code= HTTP/1.1" 200 85 "http://www.f-m-shop.de/seiten/start_advent.cfm" "Mozilla/5.0 (Windows; U; Windows NT 5.1; de; rv:1.9.1.5) Gecko/20091102 Firefox/3.5.5 (.NET CLR 3.5.30729)"
192.168.10.10 - - [01/Dec/2009:08:30:26 +0100] "POST /livezilla/server.php?acid=cd1a7 HTTP/1.1" 200 - "-" "LiveZilla 3.1.7.7 [http://www.livezilla.net]"
192.168.10.34 - - [01/Dec/2009:08:31:32 +0100] "GET /livezilla/server.php?request=track&start=1259652692800&browid=2e7ce58&url=http%3A%2F%2Fwww.f-m-shop.de%2Fseiten%2Fstart_advent.cfm&livezilla=7cde111&cd=32&rh=1200&rw=1920&rf=http%3A%2F%2Fwww.f-m-shop.de%2Fseiten%2Fframe_advent.cfm&tzo=1&code= HTTP/1.1" 200 85 "http://www.f-m-shop.de/seiten/start_advent.cfm" "Mozilla/5.0 (Windows; U; Windows NT 5.1; de; rv:1.9.1.5) Gecko/20091102 Firefox/3.5.5 (.NET CLR 3.5.30729)"
92.78.74.197 - - [01/Dec/2009:08:31:43 +0100] "GET /livezilla/image.php?id=04 HTTP/1.1" 200 7276 "http://www.f-m-shop.de/seiten/prod_detail_neuer.cfm?name=LCD 24,1\" EIZO FlexScan FX2431 schwarz&artnr=A%20%2028980&nav=2&kat=MONT24&kat_her=&p_sort=&b_sort=ASC" "Mozilla/4.0 (compatible; MSIE 8.0; Windows NT 6.1; WOW64; Trident/4.0; SLCC2; .NET CLR 2.0.50727; .NET CLR 3.5.30729; .NET CLR 3.0.30729; Media Center PC 6.0)"
192.168.10.10 - - [01/Dec/2009:08:31:14 +0100] "POST /livezilla/server.php?acid=adfd7 HTTP/1.1" 200 - "-" "LiveZilla 3.1.7.7 [http://www.livezilla.net]"
192.168.10.34 - - [01/Dec/2009:08:32:02 +0100] "GET /livezilla/server.php?request=track&start=1259652722918&browid=2e7ce58&url=http%3A%2F%2Fwww.f-m-shop.de%2Fseiten%2Fstart_advent.cfm&livezilla=7cde111&cd=32&rh=1200&rw=1920&rf=http%3A%2F%2Fwww.f-m-shop.de%2Fseiten%2Fframe_advent.cfm&tzo=1&code= HTTP/1.1" 200 85 "http://www.f-m-shop.de/seiten/start_advent.cfm" "Mozilla/5.0 (Windows; U; Windows NT 5.1; de; rv:1.9.1.5) Gecko/20091102 Firefox/3.5.5 (.NET CLR 3.5.30729)"
