84.146.189.87 - - [02/Dec/2009:11:28:42 +0100] "GET /livezilla/images/icon_typing.gif HTTP/1.1" 304 - "http://chat.f-m-shop.de/livezilla/livezilla.php?template=lz_chat_frame.1.1" "Mozilla/4.0 (compatible; MSIE 8.0; Windows NT 5.1; Trident/4.0; .NET CLR 2.0.50727; .NET CLR 3.0.04506.30; .NET CLR 3.0.04506.648; .NET CLR 1.1.4322; .NET CLR 3.0.4506.2152; .NET CLR 3.5.30729; OfficeLiveConnector.1.4; OfficeLivePatch.1.3)"
84.146.189.87 - - [02/Dec/2009:11:28:42 +0100] "GET /livezilla/intern_images/nopic.jpg HTTP/1.1" 304 - "http://chat.f-m-shop.de/livezilla/livezilla.php?template=lz_chat_frame.1.1" "Mozilla/4.0 (compatible; MSIE 8.0; Windows NT 5.1; Trident/4.0; .NET CLR 2.0.50727; .NET CLR 3.0.04506.30; .NET CLR 3.0.04506.648; .NET CLR 1.1.4322; .NET CLR 3.0.4506.2152; .NET CLR 3.5.30729; OfficeLiveConnector.1.4; OfficeLivePatch.1.3)"
84.146.189.87 - - [02/Dec/2009:11:28:42 +0100] "GET /livezilla/images/lz_header.gif HTTP/1.1" 304 - "http://chat.f-m-shop.de/livezilla/livezilla.php?template=lz_chat_frame.1.1" "Mozilla/4.0 (compatible; MSIE 8.0; Windows NT 5.1; Trident/4.0; .NET CLR 2.0.50727; .NET CLR 3.0.04506.30; .NET CLR 3.0.04506.648; .NET CLR 1.1.4322; .NET CLR 3.0.4506.2152; .NET CLR 3.5.30729; OfficeLiveConnector.1.4; OfficeLivePatch.1.3)"
84.146.189.87 - - [02/Dec/2009:11:28:42 +0100] "GET /livezilla/images/lz_rep_bg_left.gif HTTP/1.1" 304 - "http://chat.f-m-shop.de/livezilla/livezilla.php?template=lz_chat_frame.1.1" "Mozilla/4.0 (compatible; MSIE 8.0; Windows NT 5.1; Trident/4.0; .NET CLR 2.0.50727; .NET CLR 3.0.04506.30; .NET CLR 3.0.04506.648; .NET CLR 1.1.4322; .NET CLR 3.0.4506.2152; .NET CLR 3.5.30729; OfficeLiveConnector.1.4; OfficeLivePatch.1.3)"
84.146.189.87 - - [02/Dec/2009:11:28:42 +0100] "GET /livezilla/images/lz_rep_bg.gif HTTP/1.1" 304 - "http://chat.f-m-shop.de/livezilla/livezilla.php?template=lz_chat_frame.1.1" "Mozilla/4.0 (compatible; MSIE 8.0; Windows NT 5.1; Trident/4.0; .NET CLR 2.0.50727; .NET CLR 3.0.04506.30; .NET CLR 3.0.04506.648; .NET CLR 1.1.4322; .NET CLR 3.0.4506.2152; .NET CLR 3.5.30729; OfficeLiveConnector.1.4; OfficeLivePatch.1.3)"
84.146.189.87 - - [02/Dec/2009:11:28:42 +0100] "GET /livezilla/images/lz_rep_bg_right.gif HTTP/1.1" 304 - "http://chat.f-m-shop.de/livezilla/livezilla.php?template=lz_chat_frame.1.1" "Mozilla/4.0 (compatible; MSIE 8.0; Windows NT 5.1; Trident/4.0; .NET CLR 2.0.50727; .NET CLR 3.0.04506.30; .NET CLR 3.0.04506.648; .NET CLR 1.1.4322; .NET CLR 3.0.4506.2152; .NET CLR 3.5.30729; OfficeLiveConnector.1.4; OfficeLivePatch.1.3)"
84.146.189.87 - - [02/Dec/2009:11:28:43 +0100] "POST /livezilla/server.php HTTP/1.1" 200 212 "http://chat.f-m-shop.de/livezilla/livezilla.php" "Mozilla/4.0 (compatible; MSIE 8.0; Windows NT 5.1; Trident/4.0; .NET CLR 2.0.50727; .NET CLR 3.0.04506.30; .NET CLR 3.0.04506.648; .NET CLR 1.1.4322; .NET CLR 3.0.4506.2152; .NET CLR 3.5.30729; OfficeLiveConnector.1.4; OfficeLivePatch.1.3)"
84.146.189.87 - - [02/Dec/2009:11:28:43 +0100] "POST /livezilla/livezilla.php?template=lz_chat_frame.3.2.mail HTTP/1.1" 200 4002 "http://chat.f-m-shop.de/livezilla/livezilla.php?template=lz_chat_frame.3.2.login.1.0&" "Mozilla/4.0 (compatible; MSIE 8.0; Windows NT 5.1; Trident/4.0; .NET CLR 2.0.50727; .NET CLR 3.0.04506.30; .NET CLR 3.0.04506.648; .NET CLR 1.1.4322; .NET CLR 3.0.4506.2152; .NET CLR 3.5.30729; OfficeLiveConnector.1.4; OfficeLivePatch.1.3)"
84.146.189.87 - - [02/Dec/2009:11:28:43 +0100] "GET /livezilla/images/button_chat.gif HTTP/1.1" 304 - "http://chat.f-m-shop.de/livezilla/livezilla.php?template=lz_chat_frame.3.2.mail" "Mozilla/4.0 (compatible; MSIE 8.0; Windows NT 5.1; Trident/4.0; .NET CLR 2.0.50727; .NET CLR 3.0.04506.30; .NET CLR 3.0.04506.648; .NET CLR 1.1.4322; .NET CLR 3.0.4506.2152; .NET CLR 3.5.30729; OfficeLiveConnector.1.4; OfficeLivePatch.1.3)"
84.146.189.87 - - [02/Dec/2009:11:28:43 +0100] "GET /livezilla/images/button_print.gif HTTP/1.1" 304 - "http://chat.f-m-shop.de/livezilla/livezilla.php?template=lz_chat_frame.3.2.mail" "Mozilla/4.0 (compatible; MSIE 8.0; Windows NT 5.1; Trident/4.0; .NET CLR 2.0.50727; .NET CLR 3.0.04506.30; .NET CLR 3.0.04506.648; .NET CLR 1.1.4322; .NET CLR 3.0.4506.2152; .NET CLR 3.5.30729; OfficeLiveConnector.1.4; OfficeLivePatch.1.3)"
192.168.10.13 - - [02/Dec/2009:11:28:05 +0100] "POST /livezilla/server.php?acid=16342 HTTP/1.1" 200 - "-" "LiveZilla 3.1.7.7 [http://www.livezilla.net]"
84.188.136.18 - - [02/Dec/2009:11:28:53 +0100] "GET /livezilla/image.php?id=04 HTTP/1.1" 200 7276 "-" "Mozilla/5.0 (Windows; U; Windows NT 5.1; de; rv:1.9.1.5) Gecko/20091102 Firefox/3.5.5"
192.168.10.10 - - [02/Dec/2009:11:28:32 +0100] "POST /livezilla/server.php?acid=c3419 HTTP/1.1" 200 - "-" "LiveZilla 3.1.7.7 [http://www.livezilla.net]"
213.196.222.130 - - [02/Dec/2009:11:29:25 +0100] "GET /livezilla/image.php?id=04 HTTP/1.1" 200 7276 "http://www.f-m-shop.de/seiten/prod_detail_neuer.cfm?kat=PRODLP&nav=2&artnr=A 30041" "Mozilla/4.0 (compatible; MSIE 8.0; Windows NT 5.1; Trident/4.0)"
156.133.48.70 - - [02/Dec/2009:11:29:34 +0100] "GET /livezilla/image.php?id=04 HTTP/1.1" 200 7276 "http://www.f-m-shop.de/seiten/prod_detail_neuer.cfm?name=HDD%20SATA-1.5TB%20SEAGATE%207200rpm%2032MB&artnr=A%20%2024274&nav=2&kat=HDDSATA&kat_her=&p_sort=&b_sort=ASC" "Mozilla/5.0 (Macintosh; U; Intel Mac OS X 10.5; fr; rv:1.9.1.5) Gecko/20091102 Firefox/3.5.5"
192.168.10.13 - - [02/Dec/2009:11:28:54 +0100] "POST /livezilla/server.php?acid=fd316 HTTP/1.1" 200 - "-" "LiveZilla 3.1.7.7 [http://www.livezilla.net]"
192.168.10.10 - - [02/Dec/2009:11:29:20 +0100] "POST /livezilla/server.php?acid=9c396 HTTP/1.1" 200 - "-" "LiveZilla 3.1.7.7 [http://www.livezilla.net]"
192.168.10.13 - - [02/Dec/2009:11:29:42 +0100] "POST /livezilla/server.php?acid=d7247 HTTP/1.1" 200 - "-" "LiveZilla 3.1.7.7 [http://www.livezilla.net]"
80.137.223.113 - - [02/Dec/2009:11:30:29 +0100] "GET /livezilla/image.php?id=04 HTTP/1.1" 200 7276 "http://www.f-m-shop.de/seiten/prod_detail_neuer.cfm?kat=NOTB16&nav=2&artnr=A%20%2030061" "Mozilla/5.0 (Windows; U; Windows NT 5.1; de; rv:1.9.1.5) Gecko/20091102 Firefox/3.5.5 (.NET CLR 3.5.30729)"
192.168.10.10 - - [02/Dec/2009:11:30:08 +0100] "POST /livezilla/server.php?acid=a9b03 HTTP/1.1" 200 - "-" "LiveZilla 3.1.7.7 [http://www.livezilla.net]"
141.48.3.24 - - [02/Dec/2009:11:31:00 +0100] "GET /livezilla/image.php?id=04 HTTP/1.0" 200 7276 "http://www.f-m-shop.de/seiten/prod_detail_neuer.cfm?kat=MONT22&nav=2&artnr=A 28887" "Mozilla/4.0 (compatible; MSIE 6.0; Windows NT 5.1; SV1; .NET CLR 1.1.4322; .NET CLR 2.0.50727)"
192.168.10.13 - - [02/Dec/2009:11:30:30 +0100] "POST /livezilla/server.php?acid=af1cb HTTP/1.1" 200 - "-" "LiveZilla 3.1.7.7 [http://www.livezilla.net]"
141.48.3.24 - - [02/Dec/2009:11:31:34 +0100] "GET /livezilla/image.php?id=04 HTTP/1.0" 200 7276 "http://www.f-m-shop.de/seiten/prod_detail_neuer.cfm?name=LCD 22\" EIZO FlexScan S2202WH schwarz&artnr=A%20%2024835&nav=2&kat=MONT22&kat_her=&p_sort=&b_sort=ASC" "Mozilla/4.0 (compatible; MSIE 6.0; Windows NT 5.1; SV1; .NET CLR 1.1.4322; .NET CLR 2.0.50727)"
93.199.203.104 - - [02/Dec/2009:11:31:36 +0100] "GET /livezilla/image.php?id=04 HTTP/1.1" 200 7276 "http://www.f-m-shop.de/seiten/prod_detail_neuer.cfm?kat=CAMBILD&nav=2&artnr=A 29593" "Mozilla/4.0 (compatible; MSIE 8.0; Windows NT 5.1; Trident/4.0; GTB6; .NET CLR 1.1.4322; .NET CLR 2.0.50727; .NET CLR 3.0.04506.648; .NET CLR 3.5.21022; InfoPath.2; .NET CLR 3.0.4506.2152; .NET CLR 3.5.30729)"
192.168.10.10 - - [02/Dec/2009:11:30:57 +0100] "POST /livezilla/server.php?acid=005df HTTP/1.1" 200 - "-" "LiveZilla 3.1.7.7 [http://www.livezilla.net]"
192.168.10.13 - - [02/Dec/2009:11:31:19 +0100] "POST /livezilla/server.php?acid=4b812 HTTP/1.1" 200 - "-" "LiveZilla 3.1.7.7 [http://www.livezilla.net]"
192.168.10.10 - - [02/Dec/2009:11:31:45 +0100] "POST /livezilla/server.php?acid=c02d3 HTTP/1.1" 200 - "-" "LiveZilla 3.1.7.7 [http://www.livezilla.net]"
192.168.10.13 - - [02/Dec/2009:11:32:07 +0100] "POST /livezilla/server.php?acid=e1d32 HTTP/1.1" 200 - "-" "LiveZilla 3.1.7.7 [http://www.livezilla.net]"
192.168.10.10 - - [02/Dec/2009:11:32:33 +0100] "POST /livezilla/server.php?acid=cd8b1 HTTP/1.1" 200 - "-" "LiveZilla 3.1.7.7 [http://www.livezilla.net]"
192.168.10.13 - - [02/Dec/2009:11:32:55 +0100] "POST /livezilla/server.php?acid=49fd0 HTTP/1.1" 200 - "-" "LiveZilla 3.1.7.7 [http://www.livezilla.net]"
141.43.75.8 - - [02/Dec/2009:11:33:56 +0100] "GET /livezilla/image.php?id=04 HTTP/1.1" 200 7276 "http://www.f-m-shop.de/seiten/prod_detail_neuer.cfm?kat=NOTB13&nav=2&artnr=A%20%2030113" "Mozilla/5.0 (X11; U; Linux i686; en-US; rv:1.8.1.6) Gecko/20080404 (Debian-1.8.1.14-3) Epiphany/2.14"
151.56.163.217 - - [02/Dec/2009:11:34:00 +0100] "GET /livezilla/image.php?id=04 HTTP/1.1" 200 7276 "http://www.f-m-shop.de/seiten/prod_detail_neuer.cfm?kat=MONT24&nav=2&artnr=A%20%2029702" "Mozilla/5.0 (X11; U; Linux i686; it; rv:1.9.1.5) Gecko/20091109 Ubuntu/9.10 (karmic) Firefox/3.5.5"
192.168.10.10 - - [02/Dec/2009:11:33:22 +0100] "POST /livezilla/server.php?acid=9cab0 HTTP/1.1" 200 - "-" "LiveZilla 3.1.7.7 [http://www.livezilla.net]"
156.133.48.70 - - [02/Dec/2009:11:34:19 +0100] "GET /livezilla/image.php?id=04 HTTP/1.1" 200 7276 "http://www.f-m-shop.de/seiten/prod_detail_neuer.cfm?name=HDD%20SATA-1.5TB%20SEAGATE%207200rpm%2032MB&artnr=A%20%2026525&nav=2&kat=HDDSATA&kat_her=&p_sort=&b_sort=ASC" "Mozilla/5.0 (Macintosh; U; Intel Mac OS X 10.5; fr; rv:1.9.1.5) Gecko/20091102 Firefox/3.5.5"
212.38.25.30 - - [02/Dec/2009:11:34:27 +0100] "GET /livezilla/image.php?id=04 HTTP/1.1" 200 7276 "http://www.f-m-shop.de/seiten/prod_detail_neuer.cfm?kat=NOTB15&nav=2&artnr=A 30077" "Mozilla/4.0 (compatible; MSIE 7.0; Windows NT 5.1; .NET CLR 1.1.4322; .NET CLR 2.0.50727; .NET CLR 3.0.04506.30; .NET CLR 3.0.04506.648; .NET CLR 3.0.4506.2152; .NET CLR 3.5.30729; InfoPath.2)"
192.168.10.13 - - [02/Dec/2009:11:33:44 +0100] "POST /livezilla/server.php?acid=5f769 HTTP/1.1" 200 - "-" "LiveZilla 3.1.7.7 [http://www.livezilla.net]"
141.43.75.10 - - [02/Dec/2009:11:34:29 +0100] "GET /livezilla/image.php?id=04 HTTP/1.1" 200 7276 "http://www.f-m-shop.de/seiten/prod_detail_neuer.cfm?kat=NOTB13&nav=2&artnr=A%20%2030113" "Mozilla/5.0 (Windows; U; Windows NT 5.1; de; rv:1.8.1.14) Gecko/20080404 Firefox/2.0.0.14"
156.133.48.70 - - [02/Dec/2009:11:34:31 +0100] "GET /livezilla/image.php?id=04 HTTP/1.1" 200 7276 "http://www.f-m-shop.de/seiten/prod_detail_neuer.cfm?name=HDD%20SATA-1.5TB%20SEAGATE%207200rpm%2032MB&artnr=A%20%2024274&nav=2&kat=HDDSATA&kat_her=&p_sort=&b_sort=ASC" "Mozilla/5.0 (Macintosh; U; Intel Mac OS X 10.5; fr; rv:1.9.1.5) Gecko/20091102 Firefox/3.5.5"
192.168.10.10 - - [02/Dec/2009:11:34:10 +0100] "POST /livezilla/server.php?acid=20b7a HTTP/1.1" 200 - "-" "LiveZilla 3.1.7.7 [http://www.livezilla.net]"
151.56.163.217 - - [02/Dec/2009:11:35:06 +0100] "GET /livezilla/image.php?id=04 HTTP/1.1" 200 7276 "http://www.f-m-shop.de/seiten/prod_detail_neuer.cfm?name=LCD%2024%22%20NEC%202490WUXi2%20Schwarz&artnr=A%20%2029987&nav=2&kat=MONT24&kat_her=&p_sort=ASC&b_sort=ASC" "Mozilla/5.0 (X11; U; Linux i686; it; rv:1.9.1.5) Gecko/20091109 Ubuntu/9.10 (karmic) Firefox/3.5.5"
192.168.10.13 - - [02/Dec/2009:11:34:32 +0100] "POST /livezilla/server.php?acid=2a3a3 HTTP/1.1" 200 - "-" "LiveZilla 3.1.7.7 [http://www.livezilla.net]"
141.90.9.62 - - [02/Dec/2009:11:35:19 +0100] "GET /livezilla/image.php?id=04 HTTP/1.1" 200 7276 "http://www.f-m-shop.de/seiten/prod_detail_neuer.cfm?kat=SOFBETR&nav=2&artnr=A%20%2029335" "Mozilla/5.0 (Windows; U; Windows NT 5.1; de; rv:1.9.1.2) Gecko/20090729 Firefox/3.5.2"
192.168.10.10 - - [02/Dec/2009:11:34:58 +0100] "POST /livezilla/server.php?acid=0d2c0 HTTP/1.1" 200 - "-" "LiveZilla 3.1.7.7 [http://www.livezilla.net]"
91.53.201.172 - - [02/Dec/2009:11:36:00 +0100] "GET /livezilla/image.php?id=04 HTTP/1.1" 200 7276 "http://www.f-m-shop.de/seiten/prod_detail_neuer.cfm?kat=MONT22&nav=2&artnr=A%20%2029262" "Mozilla/5.0 (Windows; U; Windows NT 6.1; de; rv:1.9.1.5) Gecko/20091102 Firefox/3.5.5 (.NET CLR 3.5.30729)"
192.168.10.13 - - [02/Dec/2009:11:35:20 +0100] "POST /livezilla/server.php?acid=20027 HTTP/1.1" 200 - "-" "LiveZilla 3.1.7.7 [http://www.livezilla.net]"
192.168.10.10 - - [02/Dec/2009:11:35:47 +0100] "POST /livezilla/server.php?acid=53683 HTTP/1.1" 200 - "-" "LiveZilla 3.1.7.7 [http://www.livezilla.net]"
192.168.10.13 - - [02/Dec/2009:11:36:09 +0100] "POST /livezilla/server.php?acid=35be2 HTTP/1.1" 200 - "-" "LiveZilla 3.1.7.7 [http://www.livezilla.net]"
84.153.80.31 - - [02/Dec/2009:11:37:17 +0100] "GET /livezilla/image.php?id=04 HTTP/1.1" 200 7276 "http://www.f-m-shop.de/seiten/prod_detail_neuer.cfm?kat=MONT24&nav=2&artnr=A%20%2029702" "Mozilla/5.0 (Macintosh; U; Intel Mac OS X 10.6; de; rv:1.9.1.5) Gecko/20091102 Firefox/3.5.5"
192.168.10.10 - - [02/Dec/2009:11:36:35 +0100] "POST /livezilla/server.php?acid=ce9e1 HTTP/1.1" 200 - "-" "LiveZilla 3.1.7.7 [http://www.livezilla.net]"
192.168.10.13 - - [02/Dec/2009:11:36:57 +0100] "POST /livezilla/server.php?acid=8478e HTTP/1.1" 200 - "-" "LiveZilla 3.1.7.7 [http://www.livezilla.net]"
192.168.10.10 - - [02/Dec/2009:11:37:23 +0100] "POST /livezilla/server.php?acid=091bf HTTP/1.1" 200 - "-" "LiveZilla 3.1.7.7 [http://www.livezilla.net]"
192.168.10.13 - - [02/Dec/2009:11:37:45 +0100] "POST /livezilla/server.php?acid=cea70 HTTP/1.1" 200 - "-" "LiveZilla 3.1.7.7 [http://www.livezilla.net]"
194.149.247.24 - - [02/Dec/2009:11:38:49 +0100] "GET /livezilla/image.php?id=04 HTTP/1.0" 200 7276 "http://www.f-m-shop.de/seiten/prod_detail_neuer.cfm?kat=XPOSTEN&nav=2&artnr=A%20%2029101" "Mozilla/5.0 (Windows; U; Windows NT 5.1; de; rv:1.9.1.5) Gecko/20091102 Firefox/3.5.5"
192.168.10.10 - - [02/Dec/2009:11:38:12 +0100] "POST /livezilla/server.php?acid=f2272 HTTP/1.1" 200 - "-" "LiveZilla 3.1.7.7 [http://www.livezilla.net]"
192.168.10.13 - - [02/Dec/2009:11:38:34 +0100] "POST /livezilla/server.php?acid=2ad46 HTTP/1.1" 200 - "-" "LiveZilla 3.1.7.7 [http://www.livezilla.net]"
192.168.10.10 - - [02/Dec/2009:11:39:00 +0100] "POST /livezilla/server.php?acid=07f6d HTTP/1.1" 200 - "-" "LiveZilla 3.1.7.7 [http://www.livezilla.net]"
192.168.10.13 - - [02/Dec/2009:11:39:22 +0100] "POST /livezilla/server.php?acid=ab3b1 HTTP/1.1" 200 - "-" "LiveZilla 3.1.7.7 [http://www.livezilla.net]"
192.168.10.10 - - [02/Dec/2009:11:39:48 +0100] "POST /livezilla/server.php?acid=8d06c HTTP/1.1" 200 - "-" "LiveZilla 3.1.7.7 [http://www.livezilla.net]"
217.235.65.237 - - [02/Dec/2009:11:40:46 +0100] "GET /livezilla/image.php?id=04 HTTP/1.1" 200 7276 "http://www.f-m-shop.de/seiten/prod_detail_neuer.cfm?name=LCD%2019%22%20%20%20EIZO%20FlexScan%20S1901SE%20%20schwarz&artnr=A%20%2024844&nav=2&kat=MONT19&kat_her=&p_sort=&b_sort=ASC" "Mozilla/5.0 (Windows; U; Windows NT 5.1; de; rv:1.9.1.5) Gecko/20091102 Firefox/3.5.5 (.NET CLR 3.5.30729)"
192.168.10.13 - - [02/Dec/2009:11:40:10 +0100] "POST /livezilla/server.php?acid=5fb68 HTTP/1.1" 200 - "-" "LiveZilla 3.1.7.7 [http://www.livezilla.net]"
192.168.10.10 - - [02/Dec/2009:11:40:37 +0100] "POST /livezilla/server.php?acid=c7b06 HTTP/1.1" 200 - "-" "LiveZilla 3.1.7.7 [http://www.livezilla.net]"
192.168.10.13 - - [02/Dec/2009:11:40:59 +0100] "POST /livezilla/server.php?acid=cecd8 HTTP/1.1" 200 - "-" "LiveZilla 3.1.7.7 [http://www.livezilla.net]"
192.168.10.10 - - [02/Dec/2009:11:41:25 +0100] "POST /livezilla/server.php?acid=daa5d HTTP/1.1" 200 - "-" "LiveZilla 3.1.7.7 [http://www.livezilla.net]"
192.168.10.13 - - [02/Dec/2009:11:41:47 +0100] "POST /livezilla/server.php?acid=e6c28 HTTP/1.1" 200 - "-" "LiveZilla 3.1.7.7 [http://www.livezilla.net]"
192.168.10.10 - - [02/Dec/2009:11:42:13 +0100] "POST /livezilla/server.php?acid=262bb HTTP/1.1" 200 - "-" "LiveZilla 3.1.7.7 [http://www.livezilla.net]"
217.235.65.237 - - [02/Dec/2009:11:43:07 +0100] "GET /livezilla/image.php?id=04 HTTP/1.1" 200 7276 "http://www.f-m-shop.de/seiten/prod_detail_neuer.cfm?name=LCD%2019%22%20%20%20EIZO%20FlexScan%20S1901SH%20%20schwarz&artnr=A%20%2019201&nav=2&kat=MONT19&kat_her=&p_sort=&b_sort=ASC" "Mozilla/5.0 (Windows; U; Windows NT 5.1; de; rv:1.9.1.5) Gecko/20091102 Firefox/3.5.5 (.NET CLR 3.5.30729)"
192.168.10.13 - - [02/Dec/2009:11:42:35 +0100] "POST /livezilla/server.php?acid=df423 HTTP/1.1" 200 - "-" "LiveZilla 3.1.7.7 [http://www.livezilla.net]"
192.168.10.10 - - [02/Dec/2009:11:43:02 +0100] "POST /livezilla/server.php?acid=31c95 HTTP/1.1" 200 - "-" "LiveZilla 3.1.7.7 [http://www.livezilla.net]"
192.168.10.13 - - [02/Dec/2009:11:43:24 +0100] "POST /livezilla/server.php?acid=994d3 HTTP/1.1" 200 - "-" "LiveZilla 3.1.7.7 [http://www.livezilla.net]"
217.235.65.237 - - [02/Dec/2009:11:44:31 +0100] "GET /livezilla/image.php?id=04 HTTP/1.1" 200 7276 "http://www.f-m-shop.de/seiten/prod_detail_neuer.cfm?name=LCD%2019%22%20%20%20EIZO%20FlexScan%20S1901SH%20%20schwarz&artnr=A%20%2019201&nav=2&kat=MONT19&kat_her=&p_sort=&b_sort=ASC" "Mozilla/5.0 (Windows; U; Windows NT 5.1; de; rv:1.9.1.5) Gecko/20091102 Firefox/3.5.5 (.NET CLR 3.5.30729)"
192.168.10.10 - - [02/Dec/2009:11:43:50 +0100] "POST /livezilla/server.php?acid=66aee HTTP/1.1" 200 - "-" "LiveZilla 3.1.7.7 [http://www.livezilla.net]"
92.72.139.216 - - [02/Dec/2009:11:44:53 +0100] "GET /livezilla/image.php?id=04 HTTP/1.1" 200 7276 "http://www.f-m-shop.de/seiten/prod_detail_neuer.cfm?kat=NOTNAV&nav=2&artnr=A%20%2027771" "Mozilla/5.0 (Windows; U; Windows NT 5.1; de; rv:1.9.1.5) Gecko/20091102 Firefox/3.5.5 (.NET CLR 3.5.30729)"
192.168.10.13 - - [02/Dec/2009:11:44:12 +0100] "POST /livezilla/server.php?acid=f8bca HTTP/1.1" 200 - "-" "LiveZilla 3.1.7.7 [http://www.livezilla.net]"
192.168.10.10 - - [02/Dec/2009:11:44:38 +0100] "POST /livezilla/server.php?acid=6513e HTTP/1.1" 200 - "-" "LiveZilla 3.1.7.7 [http://www.livezilla.net]"
192.168.10.13 - - [02/Dec/2009:11:45:00 +0100] "POST /livezilla/server.php?acid=f6ce1 HTTP/1.1" 200 - "-" "LiveZilla 3.1.7.7 [http://www.livezilla.net]"
192.168.10.10 - - [02/Dec/2009:11:45:27 +0100] "POST /livezilla/server.php?acid=5eed0 HTTP/1.1" 200 - "-" "LiveZilla 3.1.7.7 [http://www.livezilla.net]"
192.168.10.13 - - [02/Dec/2009:11:45:49 +0100] "POST /livezilla/server.php?acid=3ccd7 HTTP/1.1" 200 - "-" "LiveZilla 3.1.7.7 [http://www.livezilla.net]"
192.168.10.10 - - [02/Dec/2009:11:46:15 +0100] "POST /livezilla/server.php?acid=4ef7b HTTP/1.1" 200 - "-" "LiveZilla 3.1.7.7 [http://www.livezilla.net]"
192.168.10.13 - - [02/Dec/2009:11:46:37 +0100] "POST /livezilla/server.php?acid=aecd5 HTTP/1.1" 200 - "-" "LiveZilla 3.1.7.7 [http://www.livezilla.net]"
213.23.255.197 - - [02/Dec/2009:11:47:26 +0100] "GET /livezilla/image.php?id=04 HTTP/1.1" 200 7276 "http://www.f-m-shop.de/seiten/prod_detail_neuer.cfm?kat=MEDMEMO&nav=2&artnr=A%20%2027908" "Mozilla/5.0 (X11; U; Linux i686; de; rv:1.9.0.15) Gecko/2009102814 Ubuntu/8.04 (hardy) Firefox/3.0.15"
192.168.10.10 - - [02/Dec/2009:11:47:03 +0100] "POST /livezilla/server.php?acid=95794 HTTP/1.1" 200 - "-" "LiveZilla 3.1.7.7 [http://www.livezilla.net]"
213.23.255.197 - - [02/Dec/2009:11:48:08 +0100] "GET /livezilla/image.php?id=04 HTTP/1.1" 200 7276 "http://www.f-m-shop.de/seiten/prod_detail_neuer.cfm?kat=MEDMEMO&nav=2&artnr=A%20%2027908" "Mozilla/5.0 (X11; U; Linux i686; de; rv:1.9.0.15) Gecko/2009102814 Ubuntu/8.04 (hardy) Firefox/3.0.15"
192.168.10.13 - - [02/Dec/2009:11:47:25 +0100] "POST /livezilla/server.php?acid=5d864 HTTP/1.1" 200 - "-" "LiveZilla 3.1.7.7 [http://www.livezilla.net]"
192.168.10.10 - - [02/Dec/2009:11:47:52 +0100] "POST /livezilla/server.php?acid=cce35 HTTP/1.1" 200 - "-" "LiveZilla 3.1.7.7 [http://www.livezilla.net]"
194.25.15.12 - - [02/Dec/2009:11:48:45 +0100] "GET /livezilla/image.php?id=04 HTTP/1.0" 200 7276 "http://www.f-m-shop.de/seiten/prod_detail_neuer.cfm?kat=HIFMEDIA&nav=2&artnr=A%20%2029933" "Mozilla/5.0 (Windows; U; Windows NT 5.1; de; rv:1.9.1.5) Gecko/20091102 Firefox/3.5.5 GTB5 (.NET CLR 3.5.30729)"
192.168.10.13 - - [02/Dec/2009:11:48:14 +0100] "POST /livezilla/server.php?acid=f59c3 HTTP/1.1" 200 - "-" "LiveZilla 3.1.7.7 [http://www.livezilla.net]"
194.113.254.15 - - [02/Dec/2009:11:49:08 +0100] "GET /livezilla/image.php?id=04 HTTP/1.0" 200 7276 "http://www.f-m-shop.de/seiten/prod_detail_neuer.cfm?name=NB%20MEMORY%201024MB%20333MHz%20TRANSCEND&artnr=A%20%2020107&nav=2&kat=NOTMEM&kat_her=&p_sort=&b_sort=ASC" "Mozilla/5.0 (Windows; U; Windows NT 5.1; de; rv:1.9.1.5) Gecko/20091102 Firefox/3.5.5 (.NET CLR 3.5.30729)"
192.168.10.10 - - [02/Dec/2009:11:48:40 +0100] "POST /livezilla/server.php?acid=3478a HTTP/1.1" 200 - "-" "LiveZilla 3.1.7.7 [http://www.livezilla.net]"
192.168.10.13 - - [02/Dec/2009:11:49:04 +0100] "POST /livezilla/server.php?acid=cf121 HTTP/1.1" 200 - "-" "LiveZilla 3.1.7.7 [http://www.livezilla.net]"
192.168.10.10 - - [02/Dec/2009:11:49:28 +0100] "POST /livezilla/server.php?acid=86b6e HTTP/1.1" 200 - "-" "LiveZilla 3.1.7.7 [http://www.livezilla.net]"
93.207.47.69 - - [02/Dec/2009:11:50:26 +0100] "GET /livezilla/image.php?id=04 HTTP/1.1" 200 7276 "http://www.f-m-shop.de/seiten/prod_detail_neuer.cfm?kat=RAMDDR2&nav=2&artnr=A%20%2017104" "Mozilla/5.0 (Windows; U; Windows NT 5.1; de; rv:1.9.1.5) Gecko/20091102 Firefox/3.5.5"
192.168.10.13 - - [02/Dec/2009:11:49:52 +0100] "POST /livezilla/server.php?acid=6a5e6 HTTP/1.1" 200 - "-" "LiveZilla 3.1.7.7 [http://www.livezilla.net]"
192.168.10.10 - - [02/Dec/2009:11:50:17 +0100] "POST /livezilla/server.php?acid=47fd1 HTTP/1.1" 200 - "-" "LiveZilla 3.1.7.7 [http://www.livezilla.net]"
212.64.228.98 - - [02/Dec/2009:11:51:23 +0100] "GET /livezilla/image.php?id=04 HTTP/1.1" 200 7276 "http://www.f-m-shop.de/seiten/prod_detail_neuer.cfm?kat=HDDGEH&nav=2&artnr=A%20%2030323" "Mozilla/5.0 (Windows; U; Windows NT 5.1; en-US; rv:1.9.1.5) Gecko/20091102 Firefox/3.5.5"
192.168.10.13 - - [02/Dec/2009:11:50:40 +0100] "POST /livezilla/server.php?acid=653a7 HTTP/1.1" 200 - "-" "LiveZilla 3.1.7.7 [http://www.livezilla.net]"
87.176.115.104 - - [02/Dec/2009:11:51:30 +0100] "GET /livezilla/image.php?id=04 HTTP/1.1" 200 7276 "http://www.f-m-shop.de/seiten/prod_detail_neuer.cfm?kat=MONT23&nav=2&artnr=A%20%2029046" "Mozilla/5.0 (Windows; U; Windows NT 6.0; de; rv:1.9.1.5) Gecko/20091102 Firefox/3.5.5 (.NET CLR 3.5.30729)"
192.168.10.10 - - [02/Dec/2009:11:51:05 +0100] "POST /livezilla/server.php?acid=8983f HTTP/1.1" 200 - "-" "LiveZilla 3.1.7.7 [http://www.livezilla.net]"
192.168.10.13 - - [02/Dec/2009:11:51:29 +0100] "POST /livezilla/server.php?acid=f1fa9 HTTP/1.1" 200 - "-" "LiveZilla 3.1.7.7 [http://www.livezilla.net]"
88.208.129.225 - - [02/Dec/2009:11:52:28 +0100] "GET /livezilla/image.php?id=04 HTTP/1.1" 200 7276 "http://www.f-m-shop.de/seiten/prod_detail_neuer.cfm?name=LCD 19\" SAMSUNG Syncmaster 943SN&artnr=A%20%2028419&nav=2&kat=MONT19&kat_her=&p_sort=&b_sort=ASC" "Mozilla/4.0 (compatible; MSIE 8.0; Windows NT 5.1; Trident/4.0; .NET CLR 1.0.3705; .NET CLR 1.1.4322; Media Center PC 4.0; Media Center PC 3.0; .NET CLR 2.0.50727; .NET CLR 3.0.4506.2152; .NET CLR 3.5.30729)"
192.168.10.10 - - [02/Dec/2009:11:51:53 +0100] "POST /livezilla/server.php?acid=29a1b HTTP/1.1" 200 - "-" "LiveZilla 3.1.7.7 [http://www.livezilla.net]"
77.4.240.13 - - [02/Dec/2009:11:52:40 +0100] "GET /livezilla/image.php?id=04 HTTP/1.1" 200 7276 "http://www.f-m-shop.de/seiten/prod_detail_neuer.cfm?name=LCD%2022%22%20NEC%20Multisync%20P221W%20silber&artnr=A%20%2026048&nav=2&kat=MONT22&kat_her=NEC&p_sort=&b_sort=ASC" "Mozilla/5.0 (Windows; U; Windows NT 5.1; de; rv:1.9.1.5) Gecko/20091102 Firefox/3.5.5"
192.168.10.13 - - [02/Dec/2009:11:52:17 +0100] "POST /livezilla/server.php?acid=0170e HTTP/1.1" 200 - "-" "LiveZilla 3.1.7.7 [http://www.livezilla.net]"
134.30.5.8 - - [02/Dec/2009:11:53:17 +0100] "GET /livezilla/image.php?id=04 HTTP/1.1" 200 7276 "http://www.f-m-shop.de/seiten/prod_detail_neuer.cfm?name=LCD%2024,1%22%20EIZO%20FlexScan%20FX2431%20%20%20schwarz&artnr=A%20%2028980&nav=2&kat=MONT24&kat_her=EIZO&p_sort=&b_sort=ASC" "Mozilla/5.0 (Windows; U; Windows NT 5.2; de; rv:1.9.0.15) Gecko/2009101601 Firefox/3.0.15"
192.168.10.10 - - [02/Dec/2009:11:52:42 +0100] "POST /livezilla/server.php?acid=5b218 HTTP/1.1" 200 - "-" "LiveZilla 3.1.7.7 [http://www.livezilla.net]"
87.238.84.64 - - [02/Dec/2009:11:53:30 +0100] "GET /livezilla/image.php?id=04 HTTP/1.1" 200 7276 "http://www.f-m-shop.de/seiten/prod_detail_neuer.cfm?artnr=A%20%2029593&nav=2" "Mozilla/5.0 (Windows; U; Windows NT 5.1; en-US; rv:1.9.0.15) Gecko/2009101601 Firefox/3.0.15"
212.66.85.210 - - [02/Dec/2009:11:53:32 +0100] "GET /livezilla/image.php?id=04 HTTP/1.1" 200 7276 "http://www.f-m-shop.de/seiten/prod_detail_neuer.cfm?kat=MULHEA&nav=2&artnr=A%20%2026957" "Mozilla/5.0 (Windows; U; Windows NT 6.1; en-US; rv:1.9.1.5) Gecko/20091102 Firefox/3.5.5"
134.30.5.8 - - [02/Dec/2009:11:53:35 +0100] "GET /livezilla/templates/style.css HTTP/1.1" 200 8998 "http://chat.f-m-shop.de/livezilla/livezilla.php" "Mozilla/5.0 (Windows; U; Windows NT 5.2; de; rv:1.9.0.15) Gecko/2009101601 Firefox/3.0.15"
134.30.5.8 - - [02/Dec/2009:11:53:35 +0100] "GET /livezilla/livezilla.php HTTP/1.1" 200 72007 "http://www.f-m-shop.de/seiten/prod_detail_neuer.cfm?name=LCD%2024,1%22%20EIZO%20FlexScan%20FX2431%20%20%20schwarz&artnr=A%20%2028980&nav=2&kat=MONT24&kat_her=EIZO&p_sort=&b_sort=ASC" "Mozilla/5.0 (Windows; U; Windows NT 5.2; de; rv:1.9.0.15) Gecko/2009101601 Firefox/3.0.15"
134.30.5.8 - - [02/Dec/2009:11:53:35 +0100] "GET /livezilla/images/favicon.ico HTTP/1.1" 200 43302 "-" "Mozilla/5.0 (Windows; U; Windows NT 5.2; de; rv:1.9.0.15) Gecko/2009101601 Firefox/3.0.15"
134.30.5.8 - - [02/Dec/2009:11:53:36 +0100] "GET /livezilla/livezilla.php?template=lz_chat_frame.1.0 HTTP/1.1" 200 279 "http://chat.f-m-shop.de/livezilla/livezilla.php" "Mozilla/5.0 (Windows; U; Windows NT 5.2; de; rv:1.9.0.15) Gecko/2009101601 Firefox/3.0.15"
134.30.5.8 - - [02/Dec/2009:11:53:36 +0100] "GET /livezilla/livezilla.php?template=lz_chat_frame.0.1 HTTP/1.1" 200 277 "http://chat.f-m-shop.de/livezilla/livezilla.php" "Mozilla/5.0 (Windows; U; Windows NT 5.2; de; rv:1.9.0.15) Gecko/2009101601 Firefox/3.0.15"
134.30.5.8 - - [02/Dec/2009:11:53:36 +0100] "GET /livezilla/livezilla.php?template=lz_chat_frame.4.1 HTTP/1.1" 200 455 "http://chat.f-m-shop.de/livezilla/livezilla.php" "Mozilla/5.0 (Windows; U; Windows NT 5.2; de; rv:1.9.0.15) Gecko/2009101601 Firefox/3.0.15"
134.30.5.8 - - [02/Dec/2009:11:53:36 +0100] "GET /livezilla/livezilla.php?template=lz_chat_frame.3.2.login& HTTP/1.1" 200 1019 "http://chat.f-m-shop.de/livezilla/livezilla.php" "Mozilla/5.0 (Windows; U; Windows NT 5.2; de; rv:1.9.0.15) Gecko/2009101601 Firefox/3.0.15"
134.30.5.8 - - [02/Dec/2009:11:53:36 +0100] "GET /livezilla/livezilla.php?template=lz_chat_frame.0.0 HTTP/1.1" 200 259 "http://chat.f-m-shop.de/livezilla/livezilla.php" "Mozilla/5.0 (Windows; U; Windows NT 5.2; de; rv:1.9.0.15) Gecko/2009101601 Firefox/3.0.15"
134.30.5.8 - - [02/Dec/2009:11:53:36 +0100] "GET /livezilla/livezilla.php?template=lz_chat_frame.1.1 HTTP/1.1" 200 2257 "http://chat.f-m-shop.de/livezilla/livezilla.php" "Mozilla/5.0 (Windows; U; Windows NT 5.2; de; rv:1.9.0.15) Gecko/2009101601 Firefox/3.0.15"
134.30.5.8 - - [02/Dec/2009:11:53:36 +0100] "GET /livezilla/livezilla.php?template=lz_chat_frame.0.2 HTTP/1.1" 200 254 "http://chat.f-m-shop.de/livezilla/livezilla.php" "Mozilla/5.0 (Windows; U; Windows NT 5.2; de; rv:1.9.0.15) Gecko/2009101601 Firefox/3.0.15"
134.30.5.8 - - [02/Dec/2009:11:53:36 +0100] "GET /livezilla/livezilla.php?template=lz_chat_frame.1.2 HTTP/1.1" 200 264 "http://chat.f-m-shop.de/livezilla/livezilla.php" "Mozilla/5.0 (Windows; U; Windows NT 5.2; de; rv:1.9.0.15) Gecko/2009101601 Firefox/3.0.15"
134.30.5.8 - - [02/Dec/2009:11:53:36 +0100] "GET /livezilla/livezilla.php?template=lz_chat_frame.2.2 HTTP/1.1" 200 264 "http://chat.f-m-shop.de/livezilla/livezilla.php" "Mozilla/5.0 (Windows; U; Windows NT 5.2; de; rv:1.9.0.15) Gecko/2009101601 Firefox/3.0.15"
134.30.5.8 - - [02/Dec/2009:11:53:37 +0100] "GET /livezilla/livezilla.php?template=lz_chat_frame.3.0 HTTP/1.1" 200 240 "http://chat.f-m-shop.de/livezilla/livezilla.php" "Mozilla/5.0 (Windows; U; Windows NT 5.2; de; rv:1.9.0.15) Gecko/2009101601 Firefox/3.0.15"
134.30.5.8 - - [02/Dec/2009:11:53:37 +0100] "GET /livezilla/livezilla.php?template=lz_chat_frame.5.1 HTTP/1.1" 200 265 "http://chat.f-m-shop.de/livezilla/livezilla.php" "Mozilla/5.0 (Windows; U; Windows NT 5.2; de; rv:1.9.0.15) Gecko/2009101601 Firefox/3.0.15"
134.30.5.8 - - [02/Dec/2009:11:53:37 +0100] "GET /livezilla/images/icon_vcard.gif HTTP/1.1" 200 559 "http://chat.f-m-shop.de/livezilla/livezilla.php?template=lz_chat_frame.1.1" "Mozilla/5.0 (Windows; U; Windows NT 5.2; de; rv:1.9.0.15) Gecko/2009101601 Firefox/3.0.15"
134.30.5.8 - - [02/Dec/2009:11:53:37 +0100] "GET /livezilla/images/icon_typing.gif HTTP/1.1" 200 1106 "http://chat.f-m-shop.de/livezilla/livezilla.php?template=lz_chat_frame.1.1" "Mozilla/5.0 (Windows; U; Windows NT 5.2; de; rv:1.9.0.15) Gecko/2009101601 Firefox/3.0.15"
134.30.5.8 - - [02/Dec/2009:11:53:37 +0100] "GET /livezilla/intern_images/nopic.jpg HTTP/1.1" 200 3599 "http://chat.f-m-shop.de/livezilla/livezilla.php?template=lz_chat_frame.1.1" "Mozilla/5.0 (Windows; U; Windows NT 5.2; de; rv:1.9.0.15) Gecko/2009101601 Firefox/3.0.15"
134.30.5.8 - - [02/Dec/2009:11:53:37 +0100] "GET /livezilla/images/lz_header.gif HTTP/1.1" 200 7285 "http://chat.f-m-shop.de/livezilla/livezilla.php?template=lz_chat_frame.1.1" "Mozilla/5.0 (Windows; U; Windows NT 5.2; de; rv:1.9.0.15) Gecko/2009101601 Firefox/3.0.15"
134.30.5.8 - - [02/Dec/2009:11:53:37 +0100] "GET /livezilla/images/chat_bg_footer.gif HTTP/1.1" 200 194 "http://chat.f-m-shop.de/livezilla/templates/style.css" "Mozilla/5.0 (Windows; U; Windows NT 5.2; de; rv:1.9.0.15) Gecko/2009101601 Firefox/3.0.15"
134.30.5.8 - - [02/Dec/2009:11:53:37 +0100] "GET /livezilla/images/carrier_logo.gif HTTP/1.1" 200 6003 "http://chat.f-m-shop.de/livezilla/livezilla.php?template=lz_chat_frame.1.1" "Mozilla/5.0 (Windows; U; Windows NT 5.2; de; rv:1.9.0.15) Gecko/2009101601 Firefox/3.0.15"
134.30.5.8 - - [02/Dec/2009:11:53:37 +0100] "GET /livezilla/images/lz_rep_bg_left.gif HTTP/1.1" 200 593 "http://chat.f-m-shop.de/livezilla/livezilla.php?template=lz_chat_frame.1.1" "Mozilla/5.0 (Windows; U; Windows NT 5.2; de; rv:1.9.0.15) Gecko/2009101601 Firefox/3.0.15"
134.30.5.8 - - [02/Dec/2009:11:53:37 +0100] "GET /livezilla/images/lz_rep_bg.gif HTTP/1.1" 200 320 "http://chat.f-m-shop.de/livezilla/livezilla.php?template=lz_chat_frame.1.1" "Mozilla/5.0 (Windows; U; Windows NT 5.2; de; rv:1.9.0.15) Gecko/2009101601 Firefox/3.0.15"
134.30.5.8 - - [02/Dec/2009:11:53:37 +0100] "GET /livezilla/images/lz_rep_bg_right.gif HTTP/1.1" 200 590 "http://chat.f-m-shop.de/livezilla/livezilla.php?template=lz_chat_frame.1.1" "Mozilla/5.0 (Windows; U; Windows NT 5.2; de; rv:1.9.0.15) Gecko/2009101601 Firefox/3.0.15"
134.30.5.8 - - [02/Dec/2009:11:53:37 +0100] "GET /livezilla/images/chat_bg_navigation_left.gif HTTP/1.1" 200 1078 "http://chat.f-m-shop.de/livezilla/livezilla.php?template=lz_chat_frame.3.2.login.0.0" "Mozilla/5.0 (Windows; U; Windows NT 5.2; de; rv:1.9.0.15) Gecko/2009101601 Firefox/3.0.15"
134.30.5.8 - - [02/Dec/2009:11:53:37 +0100] "GET /livezilla/images/chat_bg_navigation_dev.gif HTTP/1.1" 200 367 "http://chat.f-m-shop.de/livezilla/livezilla.php?template=lz_chat_frame.3.2.login.0.0" "Mozilla/5.0 (Windows; U; Windows NT 5.2; de; rv:1.9.0.15) Gecko/2009101601 Firefox/3.0.15"
134.30.5.8 - - [02/Dec/2009:11:53:37 +0100] "GET /livezilla/images/chat_bg_navigation_right.gif HTTP/1.1" 200 675 "http://chat.f-m-shop.de/livezilla/livezilla.php?template=lz_chat_frame.3.2.login.0.0" "Mozilla/5.0 (Windows; U; Windows NT 5.2; de; rv:1.9.0.15) Gecko/2009101601 Firefox/3.0.15"
134.30.5.8 - - [02/Dec/2009:11:53:37 +0100] "GET /livezilla/images/button_mail.gif HTTP/1.1" 200 1348 "http://chat.f-m-shop.de/livezilla/livezilla.php?template=lz_chat_frame.3.2.login.0.0" "Mozilla/5.0 (Windows; U; Windows NT 5.2; de; rv:1.9.0.15) Gecko/2009101601 Firefox/3.0.15"
134.30.5.8 - - [02/Dec/2009:11:53:37 +0100] "GET /livezilla/images/button_fav.gif HTTP/1.1" 200 1344 "http://chat.f-m-shop.de/livezilla/livezilla.php?template=lz_chat_frame.3.2.login.0.0" "Mozilla/5.0 (Windows; U; Windows NT 5.2; de; rv:1.9.0.15) Gecko/2009101601 Firefox/3.0.15"
134.30.5.8 - - [02/Dec/2009:11:53:37 +0100] "GET /livezilla/images/button_close.gif HTTP/1.1" 200 1239 "http://chat.f-m-shop.de/livezilla/livezilla.php?template=lz_chat_frame.3.2.login.0.0" "Mozilla/5.0 (Windows; U; Windows NT 5.2; de; rv:1.9.0.15) Gecko/2009101601 Firefox/3.0.15"
134.30.5.8 - - [02/Dec/2009:11:53:37 +0100] "GET /livezilla/images/chat_bg_navigation.gif HTTP/1.1" 200 258 "http://chat.f-m-shop.de/livezilla/templates/style.css" "Mozilla/5.0 (Windows; U; Windows NT 5.2; de; rv:1.9.0.15) Gecko/2009101601 Firefox/3.0.15"
134.30.5.8 - - [02/Dec/2009:11:53:37 +0100] "GET /livezilla/images/icon_info.gif HTTP/1.1" 200 1703 "http://chat.f-m-shop.de/livezilla/livezilla.php?template=lz_chat_frame.3.2.login.1.0&" "Mozilla/5.0 (Windows; U; Windows NT 5.2; de; rv:1.9.0.15) Gecko/2009101601 Firefox/3.0.15"
134.30.5.8 - - [02/Dec/2009:11:53:37 +0100] "GET /livezilla/images/icon_network.gif HTTP/1.1" 200 354 "http://chat.f-m-shop.de/livezilla/livezilla.php?template=lz_chat_frame.3.2.login.1.0&" "Mozilla/5.0 (Windows; U; Windows NT 5.2; de; rv:1.9.0.15) Gecko/2009101601 Firefox/3.0.15"
134.30.5.8 - - [02/Dec/2009:11:53:37 +0100] "GET /livezilla/images/lz_button.gif HTTP/1.1" 200 838 "http://chat.f-m-shop.de/livezilla/templates/style.css" "Mozilla/5.0 (Windows; U; Windows NT 5.2; de; rv:1.9.0.15) Gecko/2009101601 Firefox/3.0.15"
134.30.5.8 - - [02/Dec/2009:11:53:37 +0100] "GET /livezilla/images/chat_bg_navigation_sub.gif HTTP/1.1" 200 76 "http://chat.f-m-shop.de/livezilla/templates/style.css" "Mozilla/5.0 (Windows; U; Windows NT 5.2; de; rv:1.9.0.15) Gecko/2009101601 Firefox/3.0.15"
134.30.5.8 - - [02/Dec/2009:11:53:37 +0100] "GET /livezilla/images/chat_bg_field.gif HTTP/1.1" 200 121 "http://chat.f-m-shop.de/livezilla/templates/style.css" "Mozilla/5.0 (Windows; U; Windows NT 5.2; de; rv:1.9.0.15) Gecko/2009101601 Firefox/3.0.15"
134.30.5.8 - - [02/Dec/2009:11:53:37 +0100] "GET /livezilla/images/lz_button_extra.gif HTTP/1.1" 200 948 "http://chat.f-m-shop.de/livezilla/templates/style.css" "Mozilla/5.0 (Windows; U; Windows NT 5.2; de; rv:1.9.0.15) Gecko/2009101601 Firefox/3.0.15"
134.30.5.8 - - [02/Dec/2009:11:53:38 +0100] "GET /livezilla/images/chat_bg_footer_top.gif HTTP/1.1" 200 858 "http://chat.f-m-shop.de/livezilla/templates/style.css" "Mozilla/5.0 (Windows; U; Windows NT 5.2; de; rv:1.9.0.15) Gecko/2009101601 Firefox/3.0.15"
134.30.5.8 - - [02/Dec/2009:11:53:37 +0100] "GET /livezilla/livezilla.php?template=lz_chat_frame.3.3 HTTP/1.1" 200 239 "http://chat.f-m-shop.de/livezilla/livezilla.php" "Mozilla/5.0 (Windows; U; Windows NT 5.2; de; rv:1.9.0.15) Gecko/2009101601 Firefox/3.0.15"
134.30.5.8 - - [02/Dec/2009:11:53:37 +0100] "GET /livezilla/livezilla.php?template=lz_chat_frame.3.2.login.0.0 HTTP/1.1" 200 1563 "http://chat.f-m-shop.de/livezilla/livezilla.php?template=lz_chat_frame.3.2.login&" "Mozilla/5.0 (Windows; U; Windows NT 5.2; de; rv:1.9.0.15) Gecko/2009101601 Firefox/3.0.15"
134.30.5.8 - - [02/Dec/2009:11:53:37 +0100] "GET /livezilla/livezilla.php?template=lz_chat_frame.3.2.login.1.0& HTTP/1.1" 200 2939 "http://chat.f-m-shop.de/livezilla/livezilla.php?template=lz_chat_frame.3.2.login&" "Mozilla/5.0 (Windows; U; Windows NT 5.2; de; rv:1.9.0.15) Gecko/2009101601 Firefox/3.0.15"
134.30.5.8 - - [02/Dec/2009:11:53:37 +0100] "GET /livezilla/livezilla.php?template=lz_chat_frame.3.2.login.2.0 HTTP/1.1" 200 277 "http://chat.f-m-shop.de/livezilla/livezilla.php?template=lz_chat_frame.3.2.login&" "Mozilla/5.0 (Windows; U; Windows NT 5.2; de; rv:1.9.0.15) Gecko/2009101601 Firefox/3.0.15"
134.30.5.8 - - [02/Dec/2009:11:53:36 +0100] "GET /livezilla/livezilla.php?template=lz_chat_frame.2.0 HTTP/1.1" 200 263 "http://chat.f-m-shop.de/livezilla/livezilla.php" "Mozilla/5.0 (Windows; U; Windows NT 5.2; de; rv:1.9.0.15) Gecko/2009101601 Firefox/3.0.15"
134.30.5.8 - - [02/Dec/2009:11:53:39 +0100] "POST /livezilla/server.php HTTP/1.1" 200 212 "http://chat.f-m-shop.de/livezilla/livezilla.php" "Mozilla/5.0 (Windows; U; Windows NT 5.2; de; rv:1.9.0.15) Gecko/2009101601 Firefox/3.0.15"
134.30.5.8 - - [02/Dec/2009:11:53:39 +0100] "POST /livezilla/livezilla.php?template=lz_chat_frame.3.2.mail HTTP/1.1" 200 4002 "http://chat.f-m-shop.de/livezilla/livezilla.php?template=lz_chat_frame.3.2.login.1.0&" "Mozilla/5.0 (Windows; U; Windows NT 5.2; de; rv:1.9.0.15) Gecko/2009101601 Firefox/3.0.15"
134.30.5.8 - - [02/Dec/2009:11:53:39 +0100] "GET /livezilla/images/button_chat.gif HTTP/1.1" 200 1218 "http://chat.f-m-shop.de/livezilla/livezilla.php?template=lz_chat_frame.3.2.mail" "Mozilla/5.0 (Windows; U; Windows NT 5.2; de; rv:1.9.0.15) Gecko/2009101601 Firefox/3.0.15"
134.30.5.8 - - [02/Dec/2009:11:53:39 +0100] "GET /livezilla/images/button_print.gif HTTP/1.1" 200 1183 "http://chat.f-m-shop.de/livezilla/livezilla.php?template=lz_chat_frame.3.2.mail" "Mozilla/5.0 (Windows; U; Windows NT 5.2; de; rv:1.9.0.15) Gecko/2009101601 Firefox/3.0.15"
134.30.5.8 - - [02/Dec/2009:11:53:39 +0100] "GET /livezilla/livezilla.php?template=lz_chat_frame.3.2.mail HTTP/1.1" 200 3993 "http://chat.f-m-shop.de/livezilla/livezilla.php" "Mozilla/5.0 (Windows; U; Windows NT 5.2; de; rv:1.9.0.15) Gecko/2009101601 Firefox/3.0.15"
88.208.129.225 - - [02/Dec/2009:11:53:43 +0100] "GET /livezilla/image.php?id=04 HTTP/1.1" 200 7276 "http://www.f-m-shop.de/seiten/prod_detail_neuer.cfm?name=LCD%2019\"%20SAMSUNG%20Syncmaster%20943SN&artnr=A%20%2028419&nav=2&kat=MONT19&kat_her=&p_sort=&b_sort=ASC" "Mozilla/4.0 (compatible; MSIE 8.0; Windows NT 5.1; Trident/4.0; .NET CLR 1.0.3705; .NET CLR 1.1.4322; Media Center PC 4.0; Media Center PC 3.0; .NET CLR 2.0.50727; .NET CLR 3.0.4506.2152; .NET CLR 3.5.30729)"
192.168.10.13 - - [02/Dec/2009:11:53:05 +0100] "POST /livezilla/server.php?acid=aaa93 HTTP/1.1" 200 - "-" "LiveZilla 3.1.7.7 [http://www.livezilla.net]"
87.238.84.64 - - [02/Dec/2009:11:54:06 +0100] "GET /livezilla/image.php?id=04 HTTP/1.1" 200 7276 "http://www.f-m-shop.de/seiten/prod_detail_neuer.cfm?artnr=A%20%2029593&nav=2" "Mozilla/5.0 (Windows; U; Windows NT 5.1; en-US; rv:1.9.0.15) Gecko/2009101601 Firefox/3.0.15"
192.168.10.10 - - [02/Dec/2009:11:53:30 +0100] "POST /livezilla/server.php?acid=c88f5 HTTP/1.1" 200 - "-" "LiveZilla 3.1.7.7 [http://www.livezilla.net]"
93.104.154.19 - - [02/Dec/2009:11:54:15 +0100] "GET /livezilla/image.php?id=04 HTTP/1.1" 200 7276 "http://www.f-m-shop.de/seiten/prod_detail_neuer.cfm?kat=SCANA4&nav=2&artnr=A 23959" "Mozilla/4.0 (compatible; MSIE 8.0; Windows NT 6.1; WOW64; Trident/4.0; SLCC2; .NET CLR 2.0.50727; .NET CLR 3.5.30729; .NET CLR 3.0.30729; Media Center PC 6.0)"
88.208.129.225 - - [02/Dec/2009:11:54:20 +0100] "GET /livezilla/image.php?id=04 HTTP/1.1" 200 7276 "http://www.f-m-shop.de/seiten/prod_detail_neuer.cfm?name=LCD%2019\"%20SAMSUNG%20Syncmaster%20943SN&artnr=A%20%2028419&nav=2&kat=MONT19&kat_her=&p_sort=&b_sort=ASC" "Mozilla/4.0 (compatible; MSIE 8.0; Windows NT 5.1; Trident/4.0; .NET CLR 1.0.3705; .NET CLR 1.1.4322; Media Center PC 4.0; Media Center PC 3.0; .NET CLR 2.0.50727; .NET CLR 3.0.4506.2152; .NET CLR 3.5.30729)"
213.61.187.98 - - [02/Dec/2009:11:54:30 +0100] "GET /livezilla/image.php?id=04 HTTP/1.0" 200 7276 "http://www.f-m-shop.de/seiten/prod_detail_neuer.cfm?kat=DRULASCO&nav=2&artnr=A 27015" "Mozilla/4.0 (compatible; MSIE 6.0; Windows NT 5.1; SV1)"
78.49.147.42 - - [02/Dec/2009:11:54:37 +0100] "GET /livezilla/image.php?id=04 HTTP/1.1" 200 7276 "http://www.f-m-shop.de/seiten/prod_detail_neuer.cfm?kat=LFWBRR&nav=2&artnr=A%20%2030552" "Mozilla/5.0 (Windows; U; Windows NT 5.1; de; rv:1.9.0.15) Gecko/2009101601 Firefox/3.0.15 (.NET CLR 3.5.30729)"
192.168.10.13 - - [02/Dec/2009:11:53:54 +0100] "POST /livezilla/server.php?acid=4de17 HTTP/1.1" 200 - "-" "LiveZilla 3.1.7.7 [http://www.livezilla.net]"
192.168.10.10 - - [02/Dec/2009:11:54:18 +0100] "POST /livezilla/server.php?acid=49503 HTTP/1.1" 200 - "-" "LiveZilla 3.1.7.7 [http://www.livezilla.net]"
192.168.10.13 - - [02/Dec/2009:11:54:42 +0100] "POST /livezilla/server.php?acid=34e35 HTTP/1.1" 200 - "-" "LiveZilla 3.1.7.7 [http://www.livezilla.net]"
89.27.239.96 - - [02/Dec/2009:11:55:35 +0100] "GET /livezilla/image.php?id=04 HTTP/1.1" 200 7276 "http://www.f-m-shop.de/seiten/prod_detail_neuer.cfm?kat=KOMINT&nav=2&artnr=A%20%2030294" "Mozilla/5.0 (Windows; U; Windows NT 5.1; de; rv:1.9.1.5) Gecko/20091102 Firefox/3.5.5 (.NET CLR 3.5.30729)"
192.168.10.10 - - [02/Dec/2009:11:55:07 +0100] "POST /livezilla/server.php?acid=12c0a HTTP/1.1" 200 - "-" "LiveZilla 3.1.7.7 [http://www.livezilla.net]"
217.235.65.237 - - [02/Dec/2009:11:56:11 +0100] "GET /livezilla/image.php?id=04 HTTP/1.1" 200 7276 "http://www.f-m-shop.de/seiten/prod_detail_neuer.cfm?name=LCD%2019%22%20%20%20EIZO%20FlexScan%20S1901SH%20%20schwarz&artnr=A%20%2019201&nav=2&kat=MONT19&kat_her=&p_sort=&b_sort=ASC" "Mozilla/5.0 (Windows; U; Windows NT 5.1; de; rv:1.9.1.5) Gecko/20091102 Firefox/3.5.5 (.NET CLR 3.5.30729)"
192.168.10.13 - - [02/Dec/2009:11:55:30 +0100] "POST /livezilla/server.php?acid=04821 HTTP/1.1" 200 - "-" "LiveZilla 3.1.7.7 [http://www.livezilla.net]"
134.96.19.20 - - [02/Dec/2009:11:56:15 +0100] "GET /livezilla/image.php?id=04 HTTP/1.1" 200 7276 "http://www.f-m-shop.de/seiten/prod_detail_neuer.cfm?kat=MONT22&nav=2&artnr=A%20%2029269" "Mozilla/5.0 (Macintosh; U; Intel Mac OS X 10_6_2; de-de) AppleWebKit/531.21.8 (KHTML, like Gecko) Version/4.0.4 Safari/531.21.10"
192.168.10.10 - - [02/Dec/2009:11:55:55 +0100] "POST /livezilla/server.php?acid=07485 HTTP/1.1" 200 - "-" "LiveZilla 3.1.7.7 [http://www.livezilla.net]"
192.168.10.13 - - [02/Dec/2009:11:56:19 +0100] "POST /livezilla/server.php?acid=4d4ab HTTP/1.1" 200 - "-" "LiveZilla 3.1.7.7 [http://www.livezilla.net]"
192.168.10.10 - - [02/Dec/2009:11:56:43 +0100] "POST /livezilla/server.php?acid=efe2c HTTP/1.1" 200 - "-" "LiveZilla 3.1.7.7 [http://www.livezilla.net]"
192.168.10.13 - - [02/Dec/2009:11:57:07 +0100] "POST /livezilla/server.php?acid=5c285 HTTP/1.1" 200 - "-" "LiveZilla 3.1.7.7 [http://www.livezilla.net]"
192.168.10.10 - - [02/Dec/2009:11:57:32 +0100] "POST /livezilla/server.php?acid=b7c23 HTTP/1.1" 200 - "-" "LiveZilla 3.1.7.7 [http://www.livezilla.net]"
192.168.10.13 - - [02/Dec/2009:11:57:55 +0100] "POST /livezilla/server.php?acid=fab01 HTTP/1.1" 200 - "-" "LiveZilla 3.1.7.7 [http://www.livezilla.net]"
192.168.10.10 - - [02/Dec/2009:11:58:20 +0100] "POST /livezilla/server.php?acid=0d18d HTTP/1.1" 200 - "-" "LiveZilla 3.1.7.7 [http://www.livezilla.net]"
192.168.10.13 - - [02/Dec/2009:11:58:44 +0100] "POST /livezilla/server.php?acid=4dd00 HTTP/1.1" 200 - "-" "LiveZilla 3.1.7.7 [http://www.livezilla.net]"
192.168.10.10 - - [02/Dec/2009:11:59:08 +0100] "POST /livezilla/server.php?acid=970ab HTTP/1.1" 200 - "-" "LiveZilla 3.1.7.7 [http://www.livezilla.net]"
192.168.10.13 - - [02/Dec/2009:11:59:33 +0100] "POST /livezilla/server.php?acid=d7cba HTTP/1.1" 200 - "-" "LiveZilla 3.1.7.7 [http://www.livezilla.net]"
192.168.10.10 - - [02/Dec/2009:11:59:57 +0100] "POST /livezilla/server.php?acid=917f8 HTTP/1.1" 200 - "-" "LiveZilla 3.1.7.7 [http://www.livezilla.net]"
192.168.10.13 - - [02/Dec/2009:12:00:21 +0100] "POST /livezilla/server.php?acid=49b7e HTTP/1.1" 200 - "-" "LiveZilla 3.1.7.7 [http://www.livezilla.net]"
192.168.10.10 - - [02/Dec/2009:12:00:45 +0100] "POST /livezilla/server.php?acid=1246b HTTP/1.1" 200 - "-" "LiveZilla 3.1.7.7 [http://www.livezilla.net]"
217.10.60.85 - - [02/Dec/2009:12:01:33 +0100] "GET /livezilla/image.php?id=04 HTTP/1.1" 200 7276 "http://www.f-m-shop.de/seiten/prod_detail_neuer.cfm?kat=MONT23&nav=2&artnr=A 30070" "Mozilla/4.0 (compatible; MSIE 6.0; Windows NT 5.0; iOpus-I-M; .NET CLR 1.0.3705; .NET CLR 1.1.4322; InfoPath.1; .NET CLR 2.0.50727; MS-RTC LM 8)"
192.168.10.13 - - [02/Dec/2009:12:01:09 +0100] "POST /livezilla/server.php?acid=5be05 HTTP/1.1" 200 - "-" "LiveZilla 3.1.7.7 [http://www.livezilla.net]"
192.168.10.10 - - [02/Dec/2009:12:01:34 +0100] "POST /livezilla/server.php?acid=2d29c HTTP/1.1" 200 - "-" "LiveZilla 3.1.7.7 [http://www.livezilla.net]"
192.168.10.13 - - [02/Dec/2009:12:01:58 +0100] "POST /livezilla/server.php?acid=7254a HTTP/1.1" 200 - "-" "LiveZilla 3.1.7.7 [http://www.livezilla.net]"
93.215.154.166 - - [02/Dec/2009:12:02:56 +0100] "GET /livezilla/image.php?id=04 HTTP/1.1" 200 7276 "http://www.f-m-shop.de/seiten/prod_detail_neuer.cfm?kat=EINDIG&nav=2&artnr=A%20%2029803" "Mozilla/5.0 (Windows; U; Windows NT 5.1; de; rv:1.9.1.5) Gecko/20091102 Firefox/3.5.5"
192.168.10.10 - - [02/Dec/2009:12:02:22 +0100] "POST /livezilla/server.php?acid=79729 HTTP/1.1" 200 - "-" "LiveZilla 3.1.7.7 [http://www.livezilla.net]"
217.10.60.85 - - [02/Dec/2009:12:03:10 +0100] "GET /livezilla/image.php?id=04 HTTP/1.1" 200 7276 "http://www.f-m-shop.de/seiten/prod_detail_neuer.cfm?kat=MONT23&nav=2&artnr=A%20%2030070" "Mozilla/4.0 (compatible; MSIE 6.0; Windows NT 5.0; iOpus-I-M; .NET CLR 1.0.3705; .NET CLR 1.1.4322; InfoPath.1; .NET CLR 2.0.50727; MS-RTC LM 8)"
192.168.10.13 - - [02/Dec/2009:12:02:46 +0100] "POST /livezilla/server.php?acid=b76e2 HTTP/1.1" 200 - "-" "LiveZilla 3.1.7.7 [http://www.livezilla.net]"
192.168.10.10 - - [02/Dec/2009:12:03:11 +0100] "POST /livezilla/server.php?acid=8d892 HTTP/1.1" 200 - "-" "LiveZilla 3.1.7.7 [http://www.livezilla.net]"
192.168.10.13 - - [02/Dec/2009:12:03:34 +0100] "POST /livezilla/server.php?acid=1db19 HTTP/1.1" 200 - "-" "LiveZilla 3.1.7.7 [http://www.livezilla.net]"
91.49.4.202 - - [02/Dec/2009:12:04:43 +0100] "GET /livezilla/image.php?id=04 HTTP/1.1" 200 7276 "http://www.f-m-shop.de/seiten/prod_detail_neuer.cfm?kat=HDDGEH&nav=2&artnr=A 30323" "Mozilla/4.0 (compatible; MSIE 8.0; Windows NT 5.1; Trident/4.0; GTB6; yie8; AskTB5.4)"
192.168.10.10 - - [02/Dec/2009:12:04:00 +0100] "POST /livezilla/server.php?acid=5f8ec HTTP/1.1" 200 - "-" "LiveZilla 3.1.7.7 [http://www.livezilla.net]"
80.143.200.171 - - [02/Dec/2009:12:05:06 +0100] "GET /livezilla/image.php?id=04 HTTP/1.1" 200 7276 "http://www.f-m-shop.de/seiten/prod_detail_neuer.cfm?name=LCD%2024%22%20SAMSUNG%20Syncmaster%202443FW&artnr=A%20%2028400&nav=2&kat=MONT24&kat_her=&p_sort=&b_sort=ASC" "Mozilla/5.0 (Windows; U; Windows NT 5.1; de; rv:1.9.1.5) Gecko/20091102 Firefox/3.5.5"
192.168.10.13 - - [02/Dec/2009:12:04:22 +0100] "POST /livezilla/server.php?acid=90c9f HTTP/1.1" 200 - "-" "LiveZilla 3.1.7.7 [http://www.livezilla.net]"
192.168.10.10 - - [02/Dec/2009:12:04:48 +0100] "POST /livezilla/server.php?acid=39c32 HTTP/1.1" 200 - "-" "LiveZilla 3.1.7.7 [http://www.livezilla.net]"
80.143.200.171 - - [02/Dec/2009:12:05:45 +0100] "GET /livezilla/image.php?id=04 HTTP/1.1" 200 7276 "http://www.f-m-shop.de/seiten/prod_detail_neuer.cfm?name=LCD%2024%22%20SAMSUNG%20SyncMaster%20T240&artnr=A%20%2028335&nav=2&kat=MONT24&kat_her=SAMSUNG&p_sort=&b_sort=ASC" "Mozilla/5.0 (Windows; U; Windows NT 5.1; de; rv:1.9.1.5) Gecko/20091102 Firefox/3.5.5"
149.226.255.199 - - [02/Dec/2009:12:05:50 +0100] "GET /livezilla/image.php?id=04 HTTP/1.0" 200 7276 "http://www.f-m-shop.de/seiten/prod_detail_neuer.cfm?name=LCD 22\" EIZO CG222W schwarz&artnr=A%20%2023132&nav=2&kat=MONT22&kat_her=&p_sort=&b_sort=ASC" "Mozilla/4.0 (compatible; MSIE 7.0; Windows NT 5.1; .NET CLR 1.1.4322; .NET CLR 2.0.50727; .NET CLR 3.0.04506.30; .NET CLR 3.0.4506.2152; .NET CLR 3.5.30729)"
192.168.10.13 - - [02/Dec/2009:12:05:11 +0100] "POST /livezilla/server.php?acid=cc31c HTTP/1.1" 200 - "-" "LiveZilla 3.1.7.7 [http://www.livezilla.net]"
62.159.253.194 - - [02/Dec/2009:12:06:17 +0100] "GET /livezilla/image.php?id=04 HTTP/1.1" 200 7276 "http://www.f-m-shop.de/seiten/prod_detail_neuer.cfm?kat=VOITEL&nav=2&artnr=A 20897" "Mozilla/4.0 (compatible; MSIE 6.0; Windows NT 5.0)"
192.168.10.10 - - [02/Dec/2009:12:05:36 +0100] "POST /livezilla/server.php?acid=74a19 HTTP/1.1" 200 - "-" "LiveZilla 3.1.7.7 [http://www.livezilla.net]"
91.96.79.121 - - [02/Dec/2009:12:06:24 +0100] "GET /livezilla/image.php?id=04 HTTP/1.1" 200 7276 "http://www.f-m-shop.de/seiten/prod_detail_neuer.cfm?kat=MONT22&nav=2&artnr=A%20%2024835" "Mozilla/5.0 (Windows; U; Windows NT 6.1; de; rv:1.9.1.5) Gecko/20091102 Firefox/3.5.5"
192.168.10.13 - - [02/Dec/2009:12:05:59 +0100] "POST /livezilla/server.php?acid=31d9a HTTP/1.1" 200 - "-" "LiveZilla 3.1.7.7 [http://www.livezilla.net]"
192.168.10.10 - - [02/Dec/2009:12:06:25 +0100] "POST /livezilla/server.php?acid=3a24a HTTP/1.1" 200 - "-" "LiveZilla 3.1.7.7 [http://www.livezilla.net]"
80.139.113.134 - - [02/Dec/2009:12:07:12 +0100] "GET /livezilla/image.php?id=04 HTTP/1.1" 200 7276 "http://www.f-m-shop.de/seiten/prod_detail_neuer.cfm?kat=NOTB17&nav=2&artnr=A 30518" "Mozilla/4.0 (compatible; MSIE 8.0; Windows NT 5.1; Trident/4.0; GTB6; .NET CLR 2.0.50727; .NET CLR 3.0.04506.648; .NET CLR 3.5.21022; .NET CLR 3.0.4506.2152; .NET CLR 3.5.30729; AskTB5.4)"
192.168.10.13 - - [02/Dec/2009:12:06:47 +0100] "POST /livezilla/server.php?acid=06c88 HTTP/1.1" 200 - "-" "LiveZilla 3.1.7.7 [http://www.livezilla.net]"
192.168.10.10 - - [02/Dec/2009:12:07:13 +0100] "POST /livezilla/server.php?acid=76360 HTTP/1.1" 200 - "-" "LiveZilla 3.1.7.7 [http://www.livezilla.net]"
85.181.140.25 - - [02/Dec/2009:12:07:58 +0100] "GET /livezilla/image.php?id=04 HTTP/1.1" 200 7276 "http://www.f-m-shop.de/seiten/prod_detail_neuer.cfm?kat=MONT24&nav=2&artnr=A%20%2029040" "Mozilla/5.0 (Macintosh; U; Intel Mac OS X 10_5_8; de-de) AppleWebKit/531.9 (KHTML, like Gecko) Version/4.0.3 Safari/531.9"
153.100.131.14 - - [02/Dec/2009:12:08:01 +0100] "GET /livezilla/image.php?id=04 HTTP/1.1" 200 7276 "-" "Mozilla/4.0 (compatible;)"
153.100.131.14 - - [02/Dec/2009:12:08:02 +0100] "GET /livezilla/image.php?id=04 HTTP/1.1" 200 7276 "http://www.f-m-shop.de/seiten/prod_detail_neuer.cfm?kat=MONT22&nav=2&artnr=A 29269" "Mozilla/4.0 (compatible; MSIE 7.0; Windows NT 5.1; .NET CLR 1.1.4322; .NET CLR 2.0.50727; .NET CLR 3.0.4506.2152; .NET CLR 3.5.30729)"
