80.122.13.182 - - [01/Dec/2009:13:11:44 +0100] "POST /livezilla/livezilla.php?template=lz_chat_frame.3.2.mail HTTP/1.1" 200 4002 "http://chat.f-m-shop.de/livezilla/livezilla.php?template=lz_chat_frame.3.2.login.1.0&" "Mozilla/5.0 (Windows; U; Windows NT 5.1; de; rv:1.9.1.5) Gecko/20091102 YFF35 Firefox/3.5.5 (.NET CLR 3.5.30729)"
93.16.84.226 - - [01/Dec/2009:13:11:44 +0100] "GET /livezilla/image.php?id=04 HTTP/1.1" 200 7276 "http://www.f-m-shop.de/seiten/prod_detail_neuer.cfm?name=LCD%2022%22%20%20%20EIZO%20FlexScan%20S2243WE%20%20schwarz&artnr=A%20%2029269&nav=2&kat=MONT22&kat_her=&p_sort=&b_sort=ASC" "Mozilla/5.0 (Macintosh; U; Intel Mac OS X 10_4_11; fr) AppleWebKit/531.21.8 (KHTML, like Gecko) Version/4.0.4 Safari/531.21.10"
80.122.13.182 - - [01/Dec/2009:13:11:44 +0100] "GET /livezilla/images/button_chat.gif HTTP/1.1" 200 1218 "http://chat.f-m-shop.de/livezilla/livezilla.php?template=lz_chat_frame.3.2.mail" "Mozilla/5.0 (Windows; U; Windows NT 5.1; de; rv:1.9.1.5) Gecko/20091102 YFF35 Firefox/3.5.5 (.NET CLR 3.5.30729)"
80.122.13.182 - - [01/Dec/2009:13:11:44 +0100] "GET /livezilla/images/button_print.gif HTTP/1.1" 200 1183 "http://chat.f-m-shop.de/livezilla/livezilla.php?template=lz_chat_frame.3.2.mail" "Mozilla/5.0 (Windows; U; Windows NT 5.1; de; rv:1.9.1.5) Gecko/20091102 YFF35 Firefox/3.5.5 (.NET CLR 3.5.30729)"
192.168.10.13 - - [01/Dec/2009:13:11:07 +0100] "POST /livezilla/server.php?acid=51626 HTTP/1.1" 200 - "-" "LiveZilla 3.1.7.7 [http://www.livezilla.net]"
93.16.84.226 - - [01/Dec/2009:13:11:54 +0100] "GET /livezilla/image.php?id=04 HTTP/1.1" 200 7276 "http://www.f-m-shop.de/seiten/prod_detail_neuer.cfm?name=LCD%2022%22%20%20%20EIZO%20FlexScan%20S2243WE%20%20schwarz&artnr=A%20%2029269&nav=2&kat=MONT22&kat_her=&p_sort=&b_sort=ASC" "Mozilla/5.0 (Macintosh; U; Intel Mac OS X 10_4_11; fr) AppleWebKit/531.21.8 (KHTML, like Gecko) Version/4.0.4 Safari/531.21.10"
85.216.79.252 - - [01/Dec/2009:13:11:57 +0100] "GET /livezilla/image.php?id=04 HTTP/1.1" 200 7276 "http://www.f-m-shop.de/seiten/prod_detail_neuer.cfm?kat=EINDIG&nav=2&artnr=A%20%2029708" "Mozilla/5.0 (Windows; U; Windows NT 5.1; de; rv:1.9.0.15) Gecko/2009101601 Firefox/3.0.15 GTB5"
192.168.10.10 - - [01/Dec/2009:13:11:39 +0100] "POST /livezilla/server.php?acid=cac02 HTTP/1.1" 200 - "-" "LiveZilla 3.1.7.7 [http://www.livezilla.net]"
84.175.110.87 - - [01/Dec/2009:13:12:30 +0100] "GET /livezilla/image.php?id=04 HTTP/1.1" 200 7276 "http://www.f-m-shop.de/seiten/prod_detail_neuer.cfm?kat=HDDSATA&nav=2&artnr=A%20%2019014" "Mozilla/5.0 (Windows; U; Windows NT 5.1; en-US) AppleWebKit/532.0 (KHTML, like Gecko) Chrome/3.0.195.33 Safari/532.0"
80.122.13.182 - - [01/Dec/2009:13:12:34 +0100] "POST /livezilla/server.php HTTP/1.1" 200 108 "http://chat.f-m-shop.de/livezilla/livezilla.php" "Mozilla/5.0 (Windows; U; Windows NT 5.1; de; rv:1.9.1.5) Gecko/20091102 YFF35 Firefox/3.5.5 (.NET CLR 3.5.30729)"
80.122.13.182 - - [01/Dec/2009:13:12:36 +0100] "GET /livezilla/livezilla.php?&reset=true HTTP/1.1" 200 72028 "http://chat.f-m-shop.de/livezilla/livezilla.php" "Mozilla/5.0 (Windows; U; Windows NT 5.1; de; rv:1.9.1.5) Gecko/20091102 YFF35 Firefox/3.5.5 (.NET CLR 3.5.30729)"
80.122.13.182 - - [01/Dec/2009:13:12:37 +0100] "GET /livezilla/livezilla.php?template=lz_chat_frame.1.0 HTTP/1.1" 200 279 "http://chat.f-m-shop.de/livezilla/livezilla.php?&reset=true" "Mozilla/5.0 (Windows; U; Windows NT 5.1; de; rv:1.9.1.5) Gecko/20091102 YFF35 Firefox/3.5.5 (.NET CLR 3.5.30729)"
80.122.13.182 - - [01/Dec/2009:13:12:37 +0100] "GET /livezilla/livezilla.php?template=lz_chat_frame.0.1 HTTP/1.1" 200 277 "http://chat.f-m-shop.de/livezilla/livezilla.php?&reset=true" "Mozilla/5.0 (Windows; U; Windows NT 5.1; de; rv:1.9.1.5) Gecko/20091102 YFF35 Firefox/3.5.5 (.NET CLR 3.5.30729)"
80.122.13.182 - - [01/Dec/2009:13:12:37 +0100] "GET /livezilla/livezilla.php?template=lz_chat_frame.1.1 HTTP/1.1" 200 2257 "http://chat.f-m-shop.de/livezilla/livezilla.php?&reset=true" "Mozilla/5.0 (Windows; U; Windows NT 5.1; de; rv:1.9.1.5) Gecko/20091102 YFF35 Firefox/3.5.5 (.NET CLR 3.5.30729)"
80.122.13.182 - - [01/Dec/2009:13:12:37 +0100] "GET /livezilla/livezilla.php?template=lz_chat_frame.0.2 HTTP/1.1" 200 254 "http://chat.f-m-shop.de/livezilla/livezilla.php?&reset=true" "Mozilla/5.0 (Windows; U; Windows NT 5.1; de; rv:1.9.1.5) Gecko/20091102 YFF35 Firefox/3.5.5 (.NET CLR 3.5.30729)"
80.122.13.182 - - [01/Dec/2009:13:12:37 +0100] "GET /livezilla/livezilla.php?template=lz_chat_frame.2.0 HTTP/1.1" 200 263 "http://chat.f-m-shop.de/livezilla/livezilla.php?&reset=true" "Mozilla/5.0 (Windows; U; Windows NT 5.1; de; rv:1.9.1.5) Gecko/20091102 YFF35 Firefox/3.5.5 (.NET CLR 3.5.30729)"
80.122.13.182 - - [01/Dec/2009:13:12:38 +0100] "GET /livezilla/livezilla.php?template=lz_chat_frame.1.2 HTTP/1.1" 200 264 "http://chat.f-m-shop.de/livezilla/livezilla.php?&reset=true" "Mozilla/5.0 (Windows; U; Windows NT 5.1; de; rv:1.9.1.5) Gecko/20091102 YFF35 Firefox/3.5.5 (.NET CLR 3.5.30729)"
80.122.13.182 - - [01/Dec/2009:13:12:38 +0100] "GET /livezilla/livezilla.php?template=lz_chat_frame.2.2 HTTP/1.1" 200 264 "http://chat.f-m-shop.de/livezilla/livezilla.php?&reset=true" "Mozilla/5.0 (Windows; U; Windows NT 5.1; de; rv:1.9.1.5) Gecko/20091102 YFF35 Firefox/3.5.5 (.NET CLR 3.5.30729)"
80.122.13.182 - - [01/Dec/2009:13:12:37 +0100] "GET /livezilla/livezilla.php?template=lz_chat_frame.4.1 HTTP/1.1" 200 455 "http://chat.f-m-shop.de/livezilla/livezilla.php?&reset=true" "Mozilla/5.0 (Windows; U; Windows NT 5.1; de; rv:1.9.1.5) Gecko/20091102 YFF35 Firefox/3.5.5 (.NET CLR 3.5.30729)"
80.122.13.182 - - [01/Dec/2009:13:12:38 +0100] "GET /livezilla/livezilla.php?template=lz_chat_frame.5.1 HTTP/1.1" 200 265 "http://chat.f-m-shop.de/livezilla/livezilla.php?&reset=true" "Mozilla/5.0 (Windows; U; Windows NT 5.1; de; rv:1.9.1.5) Gecko/20091102 YFF35 Firefox/3.5.5 (.NET CLR 3.5.30729)"
80.122.13.182 - - [01/Dec/2009:13:12:38 +0100] "GET /livezilla/livezilla.php?template=lz_chat_frame.3.3 HTTP/1.1" 200 239 "http://chat.f-m-shop.de/livezilla/livezilla.php?&reset=true" "Mozilla/5.0 (Windows; U; Windows NT 5.1; de; rv:1.9.1.5) Gecko/20091102 YFF35 Firefox/3.5.5 (.NET CLR 3.5.30729)"
80.122.13.182 - - [01/Dec/2009:13:12:37 +0100] "GET /livezilla/livezilla.php?template=lz_chat_frame.3.2.login&reset=true HTTP/1.1" 200 1029 "http://chat.f-m-shop.de/livezilla/livezilla.php?&reset=true" "Mozilla/5.0 (Windows; U; Windows NT 5.1; de; rv:1.9.1.5) Gecko/20091102 YFF35 Firefox/3.5.5 (.NET CLR 3.5.30729)"
80.122.13.182 - - [01/Dec/2009:13:12:38 +0100] "GET /livezilla/livezilla.php?template=lz_chat_frame.3.0 HTTP/1.1" 200 240 "http://chat.f-m-shop.de/livezilla/livezilla.php?&reset=true" "Mozilla/5.0 (Windows; U; Windows NT 5.1; de; rv:1.9.1.5) Gecko/20091102 YFF35 Firefox/3.5.5 (.NET CLR 3.5.30729)"
80.122.13.182 - - [01/Dec/2009:13:12:39 +0100] "GET /livezilla/livezilla.php?template=lz_chat_frame.3.2.login.1.0&reset=true HTTP/1.1" 200 2984 "http://chat.f-m-shop.de/livezilla/livezilla.php?template=lz_chat_frame.3.2.login&reset=true" "Mozilla/5.0 (Windows; U; Windows NT 5.1; de; rv:1.9.1.5) Gecko/20091102 YFF35 Firefox/3.5.5 (.NET CLR 3.5.30729)"
80.122.13.182 - - [01/Dec/2009:13:12:38 +0100] "GET /livezilla/livezilla.php?template=lz_chat_frame.3.2.login.0.0 HTTP/1.1" 200 1563 "http://chat.f-m-shop.de/livezilla/livezilla.php?template=lz_chat_frame.3.2.login&reset=true" "Mozilla/5.0 (Windows; U; Windows NT 5.1; de; rv:1.9.1.5) Gecko/20091102 YFF35 Firefox/3.5.5 (.NET CLR 3.5.30729)"
80.122.13.182 - - [01/Dec/2009:13:12:39 +0100] "GET /livezilla/livezilla.php?template=lz_chat_frame.3.2.login.2.0 HTTP/1.1" 200 277 "http://chat.f-m-shop.de/livezilla/livezilla.php?template=lz_chat_frame.3.2.login&reset=true" "Mozilla/5.0 (Windows; U; Windows NT 5.1; de; rv:1.9.1.5) Gecko/20091102 YFF35 Firefox/3.5.5 (.NET CLR 3.5.30729)"
80.122.13.182 - - [01/Dec/2009:13:12:37 +0100] "GET /livezilla/livezilla.php?template=lz_chat_frame.0.0 HTTP/1.1" 200 259 "http://chat.f-m-shop.de/livezilla/livezilla.php?&reset=true" "Mozilla/5.0 (Windows; U; Windows NT 5.1; de; rv:1.9.1.5) Gecko/20091102 YFF35 Firefox/3.5.5 (.NET CLR 3.5.30729)"
80.122.13.182 - - [01/Dec/2009:13:12:40 +0100] "POST /livezilla/server.php HTTP/1.1" 200 212 "http://chat.f-m-shop.de/livezilla/livezilla.php?&reset=true" "Mozilla/5.0 (Windows; U; Windows NT 5.1; de; rv:1.9.1.5) Gecko/20091102 YFF35 Firefox/3.5.5 (.NET CLR 3.5.30729)"
192.168.10.13 - - [01/Dec/2009:13:11:55 +0100] "POST /livezilla/server.php?acid=bd7f3 HTTP/1.1" 200 - "-" "LiveZilla 3.1.7.7 [http://www.livezilla.net]"
91.66.84.17 - - [01/Dec/2009:13:12:41 +0100] "GET /livezilla/image.php?id=04 HTTP/1.1" 200 7276 "http://www.f-m-shop.de/seiten/prod_detail_neuer.cfm?kat=HDDSATA&nav=2&artnr=A%20%2028204" "Mozilla/5.0 (Windows; U; Windows NT 6.1; en-US) AppleWebKit/532.0 (KHTML, like Gecko) Chrome/3.0.195.33 Safari/532.0"
80.122.13.182 - - [01/Dec/2009:13:12:43 +0100] "GET /livezilla/livezilla.php?template=lz_chat_frame.3.2.mail HTTP/1.1" 200 4038 "http://chat.f-m-shop.de/livezilla/livezilla.php?&reset=true" "Mozilla/5.0 (Windows; U; Windows NT 5.1; de; rv:1.9.1.5) Gecko/20091102 YFF35 Firefox/3.5.5 (.NET CLR 3.5.30729)"
80.122.13.182 - - [01/Dec/2009:13:12:43 +0100] "POST /livezilla/livezilla.php?template=lz_chat_frame.3.2.mail HTTP/1.1" 200 4047 "http://chat.f-m-shop.de/livezilla/livezilla.php?template=lz_chat_frame.3.2.login.1.0&reset=true" "Mozilla/5.0 (Windows; U; Windows NT 5.1; de; rv:1.9.1.5) Gecko/20091102 YFF35 Firefox/3.5.5 (.NET CLR 3.5.30729)"
91.15.71.164 - - [01/Dec/2009:13:12:52 +0100] "GET /livezilla/image.php?id=04 HTTP/1.1" 200 7276 "http://www.f-m-shop.de/seiten/prod_detail_neuer.cfm?kat=HDDETH&nav=2&artnr=A 23381" "Mozilla/4.0 (compatible; MSIE 7.0; Windows NT 6.0; SLCC1; .NET CLR 2.0.50727; Media Center PC 5.0; .NET CLR 1.1.4322; .NET CLR 3.5.30729; .NET CLR 3.0.30618)"
91.66.84.17 - - [01/Dec/2009:13:13:09 +0100] "GET /livezilla/image.php?id=04 HTTP/1.1" 200 7276 "http://www.f-m-shop.de/seiten/prod_detail_neuer.cfm?kat=HDDSATA&nav=2&artnr=A%20%2028204" "Mozilla/5.0 (Windows; U; Windows NT 6.1; en-US) AppleWebKit/532.0 (KHTML, like Gecko) Chrome/3.0.195.33 Safari/532.0"
192.168.10.10 - - [01/Dec/2009:13:12:27 +0100] "POST /livezilla/server.php?acid=4f4f6 HTTP/1.1" 200 - "-" "LiveZilla 3.1.7.7 [http://www.livezilla.net]"
192.168.10.13 - - [01/Dec/2009:13:12:44 +0100] "POST /livezilla/server.php?acid=a00af HTTP/1.1" 200 - "-" "LiveZilla 3.1.7.7 [http://www.livezilla.net]"
80.122.13.182 - - [01/Dec/2009:13:13:44 +0100] "GET /livezilla/image.php?id=04 HTTP/1.1" 200 7276 "http://www.f-m-shop.de/seiten/prod_detail_neuer.cfm?kat=XPOSTEN&nav=2&artnr=A%20%2029101" "Mozilla/5.0 (Windows; U; Windows NT 5.1; de; rv:1.9.1.5) Gecko/20091102 YFF35 Firefox/3.5.5 (.NET CLR 3.5.30729)"
192.168.10.10 - - [01/Dec/2009:13:13:15 +0100] "POST /livezilla/server.php?acid=967c6 HTTP/1.1" 200 - "-" "LiveZilla 3.1.7.7 [http://www.livezilla.net]"
192.168.10.13 - - [01/Dec/2009:13:13:32 +0100] "POST /livezilla/server.php?acid=79caf HTTP/1.1" 200 - "-" "LiveZilla 3.1.7.7 [http://www.livezilla.net]"
80.122.13.182 - - [01/Dec/2009:13:14:21 +0100] "GET /livezilla/image.php?id=04 HTTP/1.1" 200 7276 "http://www.f-m-shop.de/seiten/prod_detail_neuer.cfm?name=KS%20SONY%20Vaio%20VGC-JS4EF/Q%20schwarz&artnr=A%20%2030293&nav=2&kat=KOMINT&kat_her=&p_sort=&b_sort=ASC" "Mozilla/5.0 (Windows; U; Windows NT 5.1; de; rv:1.9.1.5) Gecko/20091102 YFF35 Firefox/3.5.5 (.NET CLR 3.5.30729)"
192.168.10.10 - - [01/Dec/2009:13:14:04 +0100] "POST /livezilla/server.php?acid=e6add HTTP/1.1" 200 - "-" "LiveZilla 3.1.7.7 [http://www.livezilla.net]"
192.168.10.13 - - [01/Dec/2009:13:14:21 +0100] "POST /livezilla/server.php?acid=509b8 HTTP/1.1" 200 - "-" "LiveZilla 3.1.7.7 [http://www.livezilla.net]"
91.5.236.24 - - [01/Dec/2009:13:15:34 +0100] "GET /livezilla/image.php?id=04 HTTP/1.1" 200 7276 "-" "Opera/9.80 (Windows NT 5.1; U; de) Presto/2.2.15 Version/10.10"
193.0.254.40 - - [01/Dec/2009:13:15:35 +0100] "GET /livezilla/image.php?id=04 HTTP/1.0" 200 7276 "http://www.f-m-shop.de/seiten/prod_detail_neuer.cfm?kat=VOITEL&nav=2&artnr=A 20897" "Mozilla/4.0 (compatible; MSIE 7.0; Windows NT 5.1; .NET CLR 2.0.50727; .NET CLR 1.1.4322; .NET CLR 3.0.4506.2152; .NET CLR 3.5.30729)"
192.168.10.10 - - [01/Dec/2009:13:14:52 +0100] "POST /livezilla/server.php?acid=98718 HTTP/1.1" 200 - "-" "LiveZilla 3.1.7.7 [http://www.livezilla.net]"
192.168.10.13 - - [01/Dec/2009:13:15:09 +0100] "POST /livezilla/server.php?acid=06e7b HTTP/1.1" 200 - "-" "LiveZilla 3.1.7.7 [http://www.livezilla.net]"
192.168.10.10 - - [01/Dec/2009:13:15:40 +0100] "POST /livezilla/server.php?acid=f1e3c HTTP/1.1" 200 - "-" "LiveZilla 3.1.7.7 [http://www.livezilla.net]"
87.245.15.107 - - [01/Dec/2009:13:16:27 +0100] "GET /livezilla/image.php?id=04 HTTP/1.1" 200 7276 "http://www.f-m-shop.de/seiten/prod_detail_neuer.cfm?kat=NETLROU&nav=2&artnr=A%20%2026669" "Mozilla/4.0 (compatible; MSIE 6.0; Windows NT 5.0)"
217.6.95.33 - - [01/Dec/2009:13:16:36 +0100] "GET /livezilla/image.php?id=04 HTTP/1.1" 200 7276 "http://www.f-m-shop.de/seiten/prod_detail_neuer.cfm?kat=HDDE35&nav=2&artnr=A%20%2027823" "Mozilla/5.0 (Windows; U; Windows NT 5.1; de; rv:1.9.1) Gecko/20090624 Firefox/3.5"
192.168.10.13 - - [01/Dec/2009:13:15:57 +0100] "POST /livezilla/server.php?acid=5a2d2 HTTP/1.1" 200 - "-" "LiveZilla 3.1.7.7 [http://www.livezilla.net]"
192.168.10.10 - - [01/Dec/2009:13:16:29 +0100] "POST /livezilla/server.php?acid=7eec1 HTTP/1.1" 200 - "-" "LiveZilla 3.1.7.7 [http://www.livezilla.net]"
192.168.10.13 - - [01/Dec/2009:13:16:46 +0100] "POST /livezilla/server.php?acid=364a2 HTTP/1.1" 200 - "-" "LiveZilla 3.1.7.7 [http://www.livezilla.net]"
78.43.77.114 - - [01/Dec/2009:13:17:46 +0100] "GET /livezilla/image.php?id=04 HTTP/1.1" 200 7276 "http://www.f-m-shop.de/seiten/prod_detail_neuer.cfm?kat=MONT22&nav=2&artnr=A 23132" "Mozilla/4.0 (compatible; MSIE 8.0; Windows NT 5.1; Trident/4.0; .NET CLR 2.0.50727; .NET CLR 3.0.4506.2152; .NET CLR 3.5.30729; InfoPath.2; OfficeLiveConnector.1.4; OfficeLivePatch.1.3)"
192.168.10.10 - - [01/Dec/2009:13:17:17 +0100] "POST /livezilla/server.php?acid=ffae6 HTTP/1.1" 200 - "-" "LiveZilla 3.1.7.7 [http://www.livezilla.net]"
192.168.10.13 - - [01/Dec/2009:13:17:34 +0100] "POST /livezilla/server.php?acid=016c0 HTTP/1.1" 200 - "-" "LiveZilla 3.1.7.7 [http://www.livezilla.net]"
192.168.10.10 - - [01/Dec/2009:13:18:05 +0100] "POST /livezilla/server.php?acid=353c2 HTTP/1.1" 200 - "-" "LiveZilla 3.1.7.7 [http://www.livezilla.net]"
192.168.10.13 - - [01/Dec/2009:13:18:22 +0100] "POST /livezilla/server.php?acid=5db54 HTTP/1.1" 200 - "-" "LiveZilla 3.1.7.7 [http://www.livezilla.net]"
84.175.110.87 - - [01/Dec/2009:13:19:25 +0100] "GET /livezilla/image.php?id=04 HTTP/1.1" 200 7276 "http://www.f-m-shop.de/seiten/prod_detail_neuer.cfm?kat=HDDSATA&nav=2&artnr=A%20%2024484" "Mozilla/5.0 (Windows; U; Windows NT 5.1; en-US) AppleWebKit/532.0 (KHTML, like Gecko) Chrome/3.0.195.33 Safari/532.0"
192.168.10.10 - - [01/Dec/2009:13:18:54 +0100] "POST /livezilla/server.php?acid=01561 HTTP/1.1" 200 - "-" "LiveZilla 3.1.7.7 [http://www.livezilla.net]"
192.168.10.13 - - [01/Dec/2009:13:19:11 +0100] "POST /livezilla/server.php?acid=5e18c HTTP/1.1" 200 - "-" "LiveZilla 3.1.7.7 [http://www.livezilla.net]"
193.28.101.179 - - [01/Dec/2009:13:20:22 +0100] "GET /livezilla/image.php?id=04 HTTP/1.0" 200 7276 "http://www.f-m-shop.de/seiten/prod_detail_neuer.cfm?name=NB%20MEMORY%20DDR2%20TRANSCEND%20%20512MB%20PC2%2D5300&artnr=A%20%2015334&nav=2&kat=NOTMEM" "Mozilla/5.0 (Windows; U; Windows NT 5.1; de; rv:1.9.0.15) Gecko/2009101601 Firefox/3.0.15 (.NET CLR 3.5.30729)"
192.168.10.10 - - [01/Dec/2009:13:19:42 +0100] "POST /livezilla/server.php?acid=8ab62 HTTP/1.1" 200 - "-" "LiveZilla 3.1.7.7 [http://www.livezilla.net]"
84.175.110.87 - - [01/Dec/2009:13:20:29 +0100] "GET /livezilla/image.php?id=04 HTTP/1.1" 200 7276 "http://www.f-m-shop.de/seiten/prod_detail_neuer.cfm?kat=HDDSATA&nav=2&artnr=A%20%2024484" "Mozilla/5.0 (Windows; U; Windows NT 5.1; en-US) AppleWebKit/532.0 (KHTML, like Gecko) Chrome/3.0.195.33 Safari/532.0"
77.7.35.154 - - [01/Dec/2009:13:20:31 +0100] "GET /livezilla/image.php?id=04 HTTP/1.1" 200 7276 "http://www.f-m-shop.de/seiten/prod_detail_neuer.cfm?kat=MONT24&nav=2&artnr=A%20%2028335" "Mozilla/5.0 (Windows; U; Windows NT 5.1; de; rv:1.9.1.5) Gecko/20091102 Firefox/3.5.5 (.NET CLR 3.5.30729)"
84.175.110.87 - - [01/Dec/2009:13:20:34 +0100] "GET /livezilla/image.php?id=04 HTTP/1.1" 200 7276 "http://www.f-m-shop.de/seiten/prod_detail_neuer.cfm?kat=HDDSATA&nav=2&artnr=A%20%2024484" "Mozilla/5.0 (Windows; U; Windows NT 5.1; en-US) AppleWebKit/532.0 (KHTML, like Gecko) Chrome/3.0.195.33 Safari/532.0"
84.175.110.87 - - [01/Dec/2009:13:20:37 +0100] "GET /livezilla/image.php?id=04 HTTP/1.1" 200 7276 "http://www.f-m-shop.de/seiten/prod_detail_neuer.cfm?kat=HDDSATA&nav=2&artnr=A%20%2024484" "Mozilla/5.0 (Windows; U; Windows NT 5.1; en-US) AppleWebKit/532.0 (KHTML, like Gecko) Chrome/3.0.195.33 Safari/532.0"
192.168.10.13 - - [01/Dec/2009:13:19:59 +0100] "POST /livezilla/server.php?acid=49b6c HTTP/1.1" 200 - "-" "LiveZilla 3.1.7.7 [http://www.livezilla.net]"
192.168.10.10 - - [01/Dec/2009:13:20:30 +0100] "POST /livezilla/server.php?acid=51256 HTTP/1.1" 200 - "-" "LiveZilla 3.1.7.7 [http://www.livezilla.net]"
192.168.10.13 - - [01/Dec/2009:13:20:47 +0100] "POST /livezilla/server.php?acid=6f622 HTTP/1.1" 200 - "-" "LiveZilla 3.1.7.7 [http://www.livezilla.net]"
192.168.10.10 - - [01/Dec/2009:13:21:19 +0100] "POST /livezilla/server.php?acid=d4d70 HTTP/1.1" 200 - "-" "LiveZilla 3.1.7.7 [http://www.livezilla.net]"
192.168.10.13 - - [01/Dec/2009:13:21:36 +0100] "POST /livezilla/server.php?acid=3126c HTTP/1.1" 200 - "-" "LiveZilla 3.1.7.7 [http://www.livezilla.net]"
87.173.222.217 - - [01/Dec/2009:13:22:36 +0100] "GET /livezilla/image.php?id=04 HTTP/1.1" 200 7276 "http://www.f-m-shop.de/seiten/prod_detail_neuer.cfm?kat=HDDE35&nav=2&artnr=A%20%2027823" "Mozilla/5.0 (Windows; U; Windows NT 6.0; de; rv:1.9.1.5) Gecko/20091102 Firefox/3.5.5 (.NET CLR 3.5.30729)"
192.168.10.10 - - [01/Dec/2009:13:22:07 +0100] "POST /livezilla/server.php?acid=ef3f8 HTTP/1.1" 200 - "-" "LiveZilla 3.1.7.7 [http://www.livezilla.net]"
213.168.74.125 - - [01/Dec/2009:13:23:06 +0100] "GET /livezilla/image.php?id=04 HTTP/1.0" 200 7276 "http://www.f-m-shop.de/seiten/prod_detail_neuer.cfm?name=NB LG S510-K.CBCAG 15,4Zoll Core2Duo T9&artnr=A%20%2028595&nav=2&kat=NOTB15&kat_her=&p_sort=&b_sort=ASC" "Mozilla/4.0 (compatible; MSIE 8.0; Windows NT 6.1; Trident/4.0; SLCC2; .NET CLR 2.0.50727; .NET CLR 3.5.30729; .NET CLR 3.0.30729; Media Center PC 6.0; .NET CLR 1.1.4322; .NET CLR 3.0.30618; .NET CLR 3.5.21022; .NET CLR 3.5.30428; InfoPath.2; SLCC1)"
192.168.10.13 - - [01/Dec/2009:13:22:24 +0100] "POST /livezilla/server.php?acid=0e7ea HTTP/1.1" 200 - "-" "LiveZilla 3.1.7.7 [http://www.livezilla.net]"
192.168.10.10 - - [01/Dec/2009:13:22:55 +0100] "POST /livezilla/server.php?acid=ea2e8 HTTP/1.1" 200 - "-" "LiveZilla 3.1.7.7 [http://www.livezilla.net]"
192.168.10.13 - - [01/Dec/2009:13:23:12 +0100] "POST /livezilla/server.php?acid=7ae2b HTTP/1.1" 200 - "-" "LiveZilla 3.1.7.7 [http://www.livezilla.net]"
84.148.150.75 - - [01/Dec/2009:13:24:17 +0100] "GET /livezilla/image.php?id=04 HTTP/1.1" 200 7276 "http://www.f-m-shop.de/seiten/prod_detail_neuer.cfm?kat=MONT24&nav=2&artnr=A 28980" "Mozilla/4.0 (compatible; MSIE 6.0; Windows NT 5.1; SV1; .NET CLR 1.1.4322)"
192.168.10.10 - - [01/Dec/2009:13:23:44 +0100] "POST /livezilla/server.php?acid=65bc8 HTTP/1.1" 200 - "-" "LiveZilla 3.1.7.7 [http://www.livezilla.net]"
192.168.10.13 - - [01/Dec/2009:13:24:01 +0100] "POST /livezilla/server.php?acid=4774c HTTP/1.1" 200 - "-" "LiveZilla 3.1.7.7 [http://www.livezilla.net]"
213.168.74.125 - - [01/Dec/2009:13:25:00 +0100] "GET /livezilla/image.php?id=04 HTTP/1.0" 200 7276 "http://www.f-m-shop.de/seiten/prod_detail_neuer.cfm?name=SOF MS Windows 7 HOME PREMIUM 32BIT DE&artnr=A%20%2029336&nav=2&kat=SOFBETR&kat_her=&p_sort=&b_sort=ASC" "Mozilla/4.0 (compatible; MSIE 8.0; Windows NT 6.1; Trident/4.0; SLCC2; .NET CLR 2.0.50727; .NET CLR 3.5.30729; .NET CLR 3.0.30729; Media Center PC 6.0; .NET CLR 1.1.4322; .NET CLR 3.0.30618; .NET CLR 3.5.21022; .NET CLR 3.5.30428; InfoPath.2; SLCC1)"
79.193.212.160 - - [01/Dec/2009:13:25:07 +0100] "GET /livezilla/image.php?id=04 HTTP/1.1" 200 7276 "http://www.f-m-shop.de/seiten/prod_detail_neuer.cfm?kat=MONT22&nav=2&artnr=A 26301" "Mozilla/4.0 (compatible; MSIE 8.0; Windows NT 5.1; Trident/4.0; .NET CLR 2.0.50727; .NET CLR 3.0.04307.00; .NET CLR 3.0.04506.30; .NET CLR 1.1.4322; .NET CLR 3.0.4506.2152; .NET CLR 3.5.30729; InfoPath.2; Creative AutoUpdate v1.40.01)"
192.168.10.10 - - [01/Dec/2009:13:24:32 +0100] "POST /livezilla/server.php?acid=1495f HTTP/1.1" 200 - "-" "LiveZilla 3.1.7.7 [http://www.livezilla.net]"
213.168.74.125 - - [01/Dec/2009:13:25:24 +0100] "GET /livezilla/livezilla.php HTTP/1.0" 200 72005 "-" "Mozilla/4.0 (compatible; MSIE 8.0; Windows NT 6.1; Trident/4.0; SLCC2; .NET CLR 2.0.50727; .NET CLR 3.5.30729; .NET CLR 3.0.30729; Media Center PC 6.0; .NET CLR 1.1.4322; .NET CLR 3.0.30618; .NET CLR 3.5.21022; .NET CLR 3.5.30428; InfoPath.2; SLCC1)"
213.168.74.125 - - [01/Dec/2009:13:25:24 +0100] "GET /livezilla/templates/style.css HTTP/1.0" 200 8998 "http://chat.f-m-shop.de/livezilla/livezilla.php" "Mozilla/4.0 (compatible; MSIE 8.0; Windows NT 6.1; Trident/4.0; SLCC2; .NET CLR 2.0.50727; .NET CLR 3.5.30729; .NET CLR 3.0.30729; Media Center PC 6.0; .NET CLR 1.1.4322; .NET CLR 3.0.30618; .NET CLR 3.5.21022; .NET CLR 3.5.30428; InfoPath.2; SLCC1)"
213.168.74.125 - - [01/Dec/2009:13:25:24 +0100] "GET /livezilla/livezilla.php?template=lz_chat_frame.0.1 HTTP/1.0" 200 277 "http://chat.f-m-shop.de/livezilla/livezilla.php" "Mozilla/4.0 (compatible; MSIE 8.0; Windows NT 6.1; Trident/4.0; SLCC2; .NET CLR 2.0.50727; .NET CLR 3.5.30729; .NET CLR 3.0.30729; Media Center PC 6.0; .NET CLR 1.1.4322; .NET CLR 3.0.30618; .NET CLR 3.5.21022; .NET CLR 3.5.30428; InfoPath.2; SLCC1)"
213.168.74.125 - - [01/Dec/2009:13:25:24 +0100] "GET /livezilla/livezilla.php?template=lz_chat_frame.0.2 HTTP/1.0" 200 254 "http://chat.f-m-shop.de/livezilla/livezilla.php" "Mozilla/4.0 (compatible; MSIE 8.0; Windows NT 6.1; Trident/4.0; SLCC2; .NET CLR 2.0.50727; .NET CLR 3.5.30729; .NET CLR 3.0.30729; Media Center PC 6.0; .NET CLR 1.1.4322; .NET CLR 3.0.30618; .NET CLR 3.5.21022; .NET CLR 3.5.30428; InfoPath.2; SLCC1)"
213.168.74.125 - - [01/Dec/2009:13:25:24 +0100] "GET /livezilla/livezilla.php?template=lz_chat_frame.0.0 HTTP/1.0" 200 259 "http://chat.f-m-shop.de/livezilla/livezilla.php" "Mozilla/4.0 (compatible; MSIE 8.0; Windows NT 6.1; Trident/4.0; SLCC2; .NET CLR 2.0.50727; .NET CLR 3.5.30729; .NET CLR 3.0.30729; Media Center PC 6.0; .NET CLR 1.1.4322; .NET CLR 3.0.30618; .NET CLR 3.5.21022; .NET CLR 3.5.30428; InfoPath.2; SLCC1)"
213.168.74.125 - - [01/Dec/2009:13:25:25 +0100] "GET /livezilla/livezilla.php?template=lz_chat_frame.3.2.login& HTTP/1.0" 200 1019 "http://chat.f-m-shop.de/livezilla/livezilla.php" "Mozilla/4.0 (compatible; MSIE 8.0; Windows NT 6.1; Trident/4.0; SLCC2; .NET CLR 2.0.50727; .NET CLR 3.5.30729; .NET CLR 3.0.30729; Media Center PC 6.0; .NET CLR 1.1.4322; .NET CLR 3.0.30618; .NET CLR 3.5.21022; .NET CLR 3.5.30428; InfoPath.2; SLCC1)"
213.168.74.125 - - [01/Dec/2009:13:25:25 +0100] "GET /livezilla/livezilla.php?template=lz_chat_frame.1.1 HTTP/1.0" 200 2257 "http://chat.f-m-shop.de/livezilla/livezilla.php" "Mozilla/4.0 (compatible; MSIE 8.0; Windows NT 6.1; Trident/4.0; SLCC2; .NET CLR 2.0.50727; .NET CLR 3.5.30729; .NET CLR 3.0.30729; Media Center PC 6.0; .NET CLR 1.1.4322; .NET CLR 3.0.30618; .NET CLR 3.5.21022; .NET CLR 3.5.30428; InfoPath.2; SLCC1)"
213.168.74.125 - - [01/Dec/2009:13:25:25 +0100] "GET /livezilla/livezilla.php?template=lz_chat_frame.2.0 HTTP/1.0" 200 263 "http://chat.f-m-shop.de/livezilla/livezilla.php" "Mozilla/4.0 (compatible; MSIE 8.0; Windows NT 6.1; Trident/4.0; SLCC2; .NET CLR 2.0.50727; .NET CLR 3.5.30729; .NET CLR 3.0.30729; Media Center PC 6.0; .NET CLR 1.1.4322; .NET CLR 3.0.30618; .NET CLR 3.5.21022; .NET CLR 3.5.30428; InfoPath.2; SLCC1)"
213.168.74.125 - - [01/Dec/2009:13:25:25 +0100] "GET /livezilla/livezilla.php?template=lz_chat_frame.1.2 HTTP/1.0" 200 264 "http://chat.f-m-shop.de/livezilla/livezilla.php" "Mozilla/4.0 (compatible; MSIE 8.0; Windows NT 6.1; Trident/4.0; SLCC2; .NET CLR 2.0.50727; .NET CLR 3.5.30729; .NET CLR 3.0.30729; Media Center PC 6.0; .NET CLR 1.1.4322; .NET CLR 3.0.30618; .NET CLR 3.5.21022; .NET CLR 3.5.30428; InfoPath.2; SLCC1)"
213.168.74.125 - - [01/Dec/2009:13:25:25 +0100] "GET /livezilla/livezilla.php?template=lz_chat_frame.3.0 HTTP/1.0" 200 240 "http://chat.f-m-shop.de/livezilla/livezilla.php" "Mozilla/4.0 (compatible; MSIE 8.0; Windows NT 6.1; Trident/4.0; SLCC2; .NET CLR 2.0.50727; .NET CLR 3.5.30729; .NET CLR 3.0.30729; Media Center PC 6.0; .NET CLR 1.1.4322; .NET CLR 3.0.30618; .NET CLR 3.5.21022; .NET CLR 3.5.30428; InfoPath.2; SLCC1)"
213.168.74.125 - - [01/Dec/2009:13:25:25 +0100] "GET /livezilla/livezilla.php?template=lz_chat_frame.3.3 HTTP/1.0" 200 239 "http://chat.f-m-shop.de/livezilla/livezilla.php" "Mozilla/4.0 (compatible; MSIE 8.0; Windows NT 6.1; Trident/4.0; SLCC2; .NET CLR 2.0.50727; .NET CLR 3.5.30729; .NET CLR 3.0.30729; Media Center PC 6.0; .NET CLR 1.1.4322; .NET CLR 3.0.30618; .NET CLR 3.5.21022; .NET CLR 3.5.30428; InfoPath.2; SLCC1)"
213.168.74.125 - - [01/Dec/2009:13:25:25 +0100] "GET /livezilla/livezilla.php?template=lz_chat_frame.2.2 HTTP/1.0" 200 264 "http://chat.f-m-shop.de/livezilla/livezilla.php" "Mozilla/4.0 (compatible; MSIE 8.0; Windows NT 6.1; Trident/4.0; SLCC2; .NET CLR 2.0.50727; .NET CLR 3.5.30729; .NET CLR 3.0.30729; Media Center PC 6.0; .NET CLR 1.1.4322; .NET CLR 3.0.30618; .NET CLR 3.5.21022; .NET CLR 3.5.30428; InfoPath.2; SLCC1)"
213.168.74.125 - - [01/Dec/2009:13:25:25 +0100] "GET /livezilla/livezilla.php?template=lz_chat_frame.5.1 HTTP/1.0" 200 265 "http://chat.f-m-shop.de/livezilla/livezilla.php" "Mozilla/4.0 (compatible; MSIE 8.0; Windows NT 6.1; Trident/4.0; SLCC2; .NET CLR 2.0.50727; .NET CLR 3.5.30729; .NET CLR 3.0.30729; Media Center PC 6.0; .NET CLR 1.1.4322; .NET CLR 3.0.30618; .NET CLR 3.5.21022; .NET CLR 3.5.30428; InfoPath.2; SLCC1)"
213.168.74.125 - - [01/Dec/2009:13:25:26 +0100] "GET /livezilla/livezilla.php?template=lz_chat_frame.3.2.login.0.0 HTTP/1.0" 200 1563 "http://chat.f-m-shop.de/livezilla/livezilla.php?template=lz_chat_frame.3.2.login&" "Mozilla/4.0 (compatible; MSIE 8.0; Windows NT 6.1; Trident/4.0; SLCC2; .NET CLR 2.0.50727; .NET CLR 3.5.30729; .NET CLR 3.0.30729; Media Center PC 6.0; .NET CLR 1.1.4322; .NET CLR 3.0.30618; .NET CLR 3.5.21022; .NET CLR 3.5.30428; InfoPath.2; SLCC1)"
213.168.74.125 - - [01/Dec/2009:13:25:26 +0100] "GET /livezilla/livezilla.php?template=lz_chat_frame.3.2.login.1.0& HTTP/1.0" 200 2939 "http://chat.f-m-shop.de/livezilla/livezilla.php?template=lz_chat_frame.3.2.login&" "Mozilla/4.0 (compatible; MSIE 8.0; Windows NT 6.1; Trident/4.0; SLCC2; .NET CLR 2.0.50727; .NET CLR 3.5.30729; .NET CLR 3.0.30729; Media Center PC 6.0; .NET CLR 1.1.4322; .NET CLR 3.0.30618; .NET CLR 3.5.21022; .NET CLR 3.5.30428; InfoPath.2; SLCC1)"
213.168.74.125 - - [01/Dec/2009:13:25:26 +0100] "GET /livezilla/livezilla.php?template=lz_chat_frame.4.1 HTTP/1.0" 200 455 "http://chat.f-m-shop.de/livezilla/livezilla.php" "Mozilla/4.0 (compatible; MSIE 8.0; Windows NT 6.1; Trident/4.0; SLCC2; .NET CLR 2.0.50727; .NET CLR 3.5.30729; .NET CLR 3.0.30729; Media Center PC 6.0; .NET CLR 1.1.4322; .NET CLR 3.0.30618; .NET CLR 3.5.21022; .NET CLR 3.5.30428; InfoPath.2; SLCC1)"
213.168.74.125 - - [01/Dec/2009:13:25:26 +0100] "GET /livezilla/images/carrier_logo.gif HTTP/1.0" 200 6003 "http://chat.f-m-shop.de/livezilla/livezilla.php?template=lz_chat_frame.1.1" "Mozilla/4.0 (compatible; MSIE 8.0; Windows NT 6.1; Trident/4.0; SLCC2; .NET CLR 2.0.50727; .NET CLR 3.5.30729; .NET CLR 3.0.30729; Media Center PC 6.0; .NET CLR 1.1.4322; .NET CLR 3.0.30618; .NET CLR 3.5.21022; .NET CLR 3.5.30428; InfoPath.2; SLCC1)"
213.168.74.125 - - [01/Dec/2009:13:25:26 +0100] "GET /livezilla/images/icon_vcard.gif HTTP/1.0" 200 559 "http://chat.f-m-shop.de/livezilla/livezilla.php?template=lz_chat_frame.1.1" "Mozilla/4.0 (compatible; MSIE 8.0; Windows NT 6.1; Trident/4.0; SLCC2; .NET CLR 2.0.50727; .NET CLR 3.5.30729; .NET CLR 3.0.30729; Media Center PC 6.0; .NET CLR 1.1.4322; .NET CLR 3.0.30618; .NET CLR 3.5.21022; .NET CLR 3.5.30428; InfoPath.2; SLCC1)"
213.168.74.125 - - [01/Dec/2009:13:25:26 +0100] "GET /livezilla/images/icon_typing.gif HTTP/1.0" 200 1106 "http://chat.f-m-shop.de/livezilla/livezilla.php?template=lz_chat_frame.1.1" "Mozilla/4.0 (compatible; MSIE 8.0; Windows NT 6.1; Trident/4.0; SLCC2; .NET CLR 2.0.50727; .NET CLR 3.5.30729; .NET CLR 3.0.30729; Media Center PC 6.0; .NET CLR 1.1.4322; .NET CLR 3.0.30618; .NET CLR 3.5.21022; .NET CLR 3.5.30428; InfoPath.2; SLCC1)"
213.168.74.125 - - [01/Dec/2009:13:25:26 +0100] "GET /livezilla/intern_images/nopic.jpg HTTP/1.0" 200 3599 "http://chat.f-m-shop.de/livezilla/livezilla.php?template=lz_chat_frame.1.1" "Mozilla/4.0 (compatible; MSIE 8.0; Windows NT 6.1; Trident/4.0; SLCC2; .NET CLR 2.0.50727; .NET CLR 3.5.30729; .NET CLR 3.0.30729; Media Center PC 6.0; .NET CLR 1.1.4322; .NET CLR 3.0.30618; .NET CLR 3.5.21022; .NET CLR 3.5.30428; InfoPath.2; SLCC1)"
213.168.74.125 - - [01/Dec/2009:13:25:26 +0100] "GET /livezilla/images/lz_header.gif HTTP/1.0" 200 7285 "http://chat.f-m-shop.de/livezilla/livezilla.php?template=lz_chat_frame.1.1" "Mozilla/4.0 (compatible; MSIE 8.0; Windows NT 6.1; Trident/4.0; SLCC2; .NET CLR 2.0.50727; .NET CLR 3.5.30729; .NET CLR 3.0.30729; Media Center PC 6.0; .NET CLR 1.1.4322; .NET CLR 3.0.30618; .NET CLR 3.5.21022; .NET CLR 3.5.30428; InfoPath.2; SLCC1)"
213.168.74.125 - - [01/Dec/2009:13:25:26 +0100] "GET /livezilla/images/lz_rep_bg_left.gif HTTP/1.0" 200 593 "http://chat.f-m-shop.de/livezilla/livezilla.php?template=lz_chat_frame.1.1" "Mozilla/4.0 (compatible; MSIE 8.0; Windows NT 6.1; Trident/4.0; SLCC2; .NET CLR 2.0.50727; .NET CLR 3.5.30729; .NET CLR 3.0.30729; Media Center PC 6.0; .NET CLR 1.1.4322; .NET CLR 3.0.30618; .NET CLR 3.5.21022; .NET CLR 3.5.30428; InfoPath.2; SLCC1)"
213.168.74.125 - - [01/Dec/2009:13:25:26 +0100] "GET /livezilla/images/lz_rep_bg.gif HTTP/1.0" 200 320 "http://chat.f-m-shop.de/livezilla/livezilla.php?template=lz_chat_frame.1.1" "Mozilla/4.0 (compatible; MSIE 8.0; Windows NT 6.1; Trident/4.0; SLCC2; .NET CLR 2.0.50727; .NET CLR 3.5.30729; .NET CLR 3.0.30729; Media Center PC 6.0; .NET CLR 1.1.4322; .NET CLR 3.0.30618; .NET CLR 3.5.21022; .NET CLR 3.5.30428; InfoPath.2; SLCC1)"
213.168.74.125 - - [01/Dec/2009:13:25:26 +0100] "GET /livezilla/images/lz_rep_bg_right.gif HTTP/1.0" 200 590 "http://chat.f-m-shop.de/livezilla/livezilla.php?template=lz_chat_frame.1.1" "Mozilla/4.0 (compatible; MSIE 8.0; Windows NT 6.1; Trident/4.0; SLCC2; .NET CLR 2.0.50727; .NET CLR 3.5.30729; .NET CLR 3.0.30729; Media Center PC 6.0; .NET CLR 1.1.4322; .NET CLR 3.0.30618; .NET CLR 3.5.21022; .NET CLR 3.5.30428; InfoPath.2; SLCC1)"
213.168.74.125 - - [01/Dec/2009:13:25:26 +0100] "GET /livezilla/images/chat_bg_navigation_left.gif HTTP/1.0" 200 1078 "http://chat.f-m-shop.de/livezilla/livezilla.php?template=lz_chat_frame.3.2.login.0.0" "Mozilla/4.0 (compatible; MSIE 8.0; Windows NT 6.1; Trident/4.0; SLCC2; .NET CLR 2.0.50727; .NET CLR 3.5.30729; .NET CLR 3.0.30729; Media Center PC 6.0; .NET CLR 1.1.4322; .NET CLR 3.0.30618; .NET CLR 3.5.21022; .NET CLR 3.5.30428; InfoPath.2; SLCC1)"
213.168.74.125 - - [01/Dec/2009:13:25:26 +0100] "GET /livezilla/images/button_mail.gif HTTP/1.0" 200 1348 "http://chat.f-m-shop.de/livezilla/livezilla.php?template=lz_chat_frame.3.2.login.0.0" "Mozilla/4.0 (compatible; MSIE 8.0; Windows NT 6.1; Trident/4.0; SLCC2; .NET CLR 2.0.50727; .NET CLR 3.5.30729; .NET CLR 3.0.30729; Media Center PC 6.0; .NET CLR 1.1.4322; .NET CLR 3.0.30618; .NET CLR 3.5.21022; .NET CLR 3.5.30428; InfoPath.2; SLCC1)"
213.168.74.125 - - [01/Dec/2009:13:25:26 +0100] "GET /livezilla/images/chat_bg_navigation_dev.gif HTTP/1.0" 200 367 "http://chat.f-m-shop.de/livezilla/livezilla.php?template=lz_chat_frame.3.2.login.0.0" "Mozilla/4.0 (compatible; MSIE 8.0; Windows NT 6.1; Trident/4.0; SLCC2; .NET CLR 2.0.50727; .NET CLR 3.5.30729; .NET CLR 3.0.30729; Media Center PC 6.0; .NET CLR 1.1.4322; .NET CLR 3.0.30618; .NET CLR 3.5.21022; .NET CLR 3.5.30428; InfoPath.2; SLCC1)"
213.168.74.125 - - [01/Dec/2009:13:25:26 +0100] "GET /livezilla/images/button_fav.gif HTTP/1.0" 200 1344 "http://chat.f-m-shop.de/livezilla/livezilla.php?template=lz_chat_frame.3.2.login.0.0" "Mozilla/4.0 (compatible; MSIE 8.0; Windows NT 6.1; Trident/4.0; SLCC2; .NET CLR 2.0.50727; .NET CLR 3.5.30729; .NET CLR 3.0.30729; Media Center PC 6.0; .NET CLR 1.1.4322; .NET CLR 3.0.30618; .NET CLR 3.5.21022; .NET CLR 3.5.30428; InfoPath.2; SLCC1)"
213.168.74.125 - - [01/Dec/2009:13:25:26 +0100] "GET /livezilla/images/button_close.gif HTTP/1.0" 200 1239 "http://chat.f-m-shop.de/livezilla/livezilla.php?template=lz_chat_frame.3.2.login.0.0" "Mozilla/4.0 (compatible; MSIE 8.0; Windows NT 6.1; Trident/4.0; SLCC2; .NET CLR 2.0.50727; .NET CLR 3.5.30729; .NET CLR 3.0.30729; Media Center PC 6.0; .NET CLR 1.1.4322; .NET CLR 3.0.30618; .NET CLR 3.5.21022; .NET CLR 3.5.30428; InfoPath.2; SLCC1)"
213.168.74.125 - - [01/Dec/2009:13:25:26 +0100] "GET /livezilla/livezilla.php?template=lz_chat_frame.3.2.login.2.0 HTTP/1.0" 200 277 "http://chat.f-m-shop.de/livezilla/livezilla.php?template=lz_chat_frame.3.2.login&" "Mozilla/4.0 (compatible; MSIE 8.0; Windows NT 6.1; Trident/4.0; SLCC2; .NET CLR 2.0.50727; .NET CLR 3.5.30729; .NET CLR 3.0.30729; Media Center PC 6.0; .NET CLR 1.1.4322; .NET CLR 3.0.30618; .NET CLR 3.5.21022; .NET CLR 3.5.30428; InfoPath.2; SLCC1)"
213.168.74.125 - - [01/Dec/2009:13:25:26 +0100] "GET /livezilla/images/chat_bg_navigation_right.gif HTTP/1.0" 200 675 "http://chat.f-m-shop.de/livezilla/livezilla.php?template=lz_chat_frame.3.2.login.0.0" "Mozilla/4.0 (compatible; MSIE 8.0; Windows NT 6.1; Trident/4.0; SLCC2; .NET CLR 2.0.50727; .NET CLR 3.5.30729; .NET CLR 3.0.30729; Media Center PC 6.0; .NET CLR 1.1.4322; .NET CLR 3.0.30618; .NET CLR 3.5.21022; .NET CLR 3.5.30428; InfoPath.2; SLCC1)"
213.168.74.125 - - [01/Dec/2009:13:25:26 +0100] "GET /livezilla/images/chat_bg_navigation.gif HTTP/1.0" 200 258 "http://chat.f-m-shop.de/livezilla/livezilla.php?template=lz_chat_frame.3.2.login.0.0" "Mozilla/4.0 (compatible; MSIE 8.0; Windows NT 6.1; Trident/4.0; SLCC2; .NET CLR 2.0.50727; .NET CLR 3.5.30729; .NET CLR 3.0.30729; Media Center PC 6.0; .NET CLR 1.1.4322; .NET CLR 3.0.30618; .NET CLR 3.5.21022; .NET CLR 3.5.30428; InfoPath.2; SLCC1)"
213.168.74.125 - - [01/Dec/2009:13:25:26 +0100] "GET /livezilla/livezilla.php?template=lz_chat_frame.1.0 HTTP/1.0" 200 279 "http://chat.f-m-shop.de/livezilla/livezilla.php" "Mozilla/4.0 (compatible; MSIE 8.0; Windows NT 6.1; Trident/4.0; SLCC2; .NET CLR 2.0.50727; .NET CLR 3.5.30729; .NET CLR 3.0.30729; Media Center PC 6.0; .NET CLR 1.1.4322; .NET CLR 3.0.30618; .NET CLR 3.5.21022; .NET CLR 3.5.30428; InfoPath.2; SLCC1)"
213.168.74.125 - - [01/Dec/2009:13:25:26 +0100] "GET /livezilla/images/icon_network.gif HTTP/1.0" 200 354 "http://chat.f-m-shop.de/livezilla/livezilla.php?template=lz_chat_frame.3.2.login.1.0&" "Mozilla/4.0 (compatible; MSIE 8.0; Windows NT 6.1; Trident/4.0; SLCC2; .NET CLR 2.0.50727; .NET CLR 3.5.30729; .NET CLR 3.0.30729; Media Center PC 6.0; .NET CLR 1.1.4322; .NET CLR 3.0.30618; .NET CLR 3.5.21022; .NET CLR 3.5.30428; InfoPath.2; SLCC1)"
213.168.74.125 - - [01/Dec/2009:13:25:26 +0100] "GET /livezilla/images/chat_bg_footer.gif HTTP/1.0" 200 194 "http://chat.f-m-shop.de/livezilla/livezilla.php?template=lz_chat_frame.3.2.login.1.0&" "Mozilla/4.0 (compatible; MSIE 8.0; Windows NT 6.1; Trident/4.0; SLCC2; .NET CLR 2.0.50727; .NET CLR 3.5.30729; .NET CLR 3.0.30729; Media Center PC 6.0; .NET CLR 1.1.4322; .NET CLR 3.0.30618; .NET CLR 3.5.21022; .NET CLR 3.5.30428; InfoPath.2; SLCC1)"
213.168.74.125 - - [01/Dec/2009:13:25:26 +0100] "GET /livezilla/images/icon_info.gif HTTP/1.0" 200 1703 "http://chat.f-m-shop.de/livezilla/livezilla.php?template=lz_chat_frame.3.2.login.1.0&" "Mozilla/4.0 (compatible; MSIE 8.0; Windows NT 6.1; Trident/4.0; SLCC2; .NET CLR 2.0.50727; .NET CLR 3.5.30729; .NET CLR 3.0.30729; Media Center PC 6.0; .NET CLR 1.1.4322; .NET CLR 3.0.30618; .NET CLR 3.5.21022; .NET CLR 3.5.30428; InfoPath.2; SLCC1)"
213.168.74.125 - - [01/Dec/2009:13:25:26 +0100] "GET /livezilla/images/chat_bg_navigation_sub.gif HTTP/1.0" 200 76 "http://chat.f-m-shop.de/livezilla/livezilla.php?template=lz_chat_frame.3.2.login.1.0&" "Mozilla/4.0 (compatible; MSIE 8.0; Windows NT 6.1; Trident/4.0; SLCC2; .NET CLR 2.0.50727; .NET CLR 3.5.30729; .NET CLR 3.0.30729; Media Center PC 6.0; .NET CLR 1.1.4322; .NET CLR 3.0.30618; .NET CLR 3.5.21022; .NET CLR 3.5.30428; InfoPath.2; SLCC1)"
213.168.74.125 - - [01/Dec/2009:13:25:26 +0100] "GET /livezilla/images/lz_button.gif HTTP/1.0" 200 838 "http://chat.f-m-shop.de/livezilla/livezilla.php?template=lz_chat_frame.3.2.login.1.0&" "Mozilla/4.0 (compatible; MSIE 8.0; Windows NT 6.1; Trident/4.0; SLCC2; .NET CLR 2.0.50727; .NET CLR 3.5.30729; .NET CLR 3.0.30729; Media Center PC 6.0; .NET CLR 1.1.4322; .NET CLR 3.0.30618; .NET CLR 3.5.21022; .NET CLR 3.5.30428; InfoPath.2; SLCC1)"
213.168.74.125 - - [01/Dec/2009:13:25:26 +0100] "GET /livezilla/images/chat_bg_field.gif HTTP/1.0" 200 121 "http://chat.f-m-shop.de/livezilla/livezilla.php?template=lz_chat_frame.3.2.login.1.0&" "Mozilla/4.0 (compatible; MSIE 8.0; Windows NT 6.1; Trident/4.0; SLCC2; .NET CLR 2.0.50727; .NET CLR 3.5.30729; .NET CLR 3.0.30729; Media Center PC 6.0; .NET CLR 1.1.4322; .NET CLR 3.0.30618; .NET CLR 3.5.21022; .NET CLR 3.5.30428; InfoPath.2; SLCC1)"
213.168.74.125 - - [01/Dec/2009:13:25:26 +0100] "GET /livezilla/images/lz_button_extra.gif HTTP/1.0" 200 948 "http://chat.f-m-shop.de/livezilla/livezilla.php?template=lz_chat_frame.3.2.login.1.0&" "Mozilla/4.0 (compatible; MSIE 8.0; Windows NT 6.1; Trident/4.0; SLCC2; .NET CLR 2.0.50727; .NET CLR 3.5.30729; .NET CLR 3.0.30729; Media Center PC 6.0; .NET CLR 1.1.4322; .NET CLR 3.0.30618; .NET CLR 3.5.21022; .NET CLR 3.5.30428; InfoPath.2; SLCC1)"
213.168.74.125 - - [01/Dec/2009:13:25:26 +0100] "GET /livezilla/images/chat_bg_footer_top.gif HTTP/1.0" 200 858 "http://chat.f-m-shop.de/livezilla/livezilla.php?template=lz_chat_frame.3.2.login.2.0" "Mozilla/4.0 (compatible; MSIE 8.0; Windows NT 6.1; Trident/4.0; SLCC2; .NET CLR 2.0.50727; .NET CLR 3.5.30729; .NET CLR 3.0.30729; Media Center PC 6.0; .NET CLR 1.1.4322; .NET CLR 3.0.30618; .NET CLR 3.5.21022; .NET CLR 3.5.30428; InfoPath.2; SLCC1)"
213.168.74.125 - - [01/Dec/2009:13:25:27 +0100] "GET /livezilla/images/favicon.ico HTTP/1.0" 200 43302 "-" "Mozilla/4.0 (compatible; MSIE 8.0; Windows NT 6.1; Trident/4.0; SLCC2; .NET CLR 2.0.50727; .NET CLR 3.5.30729; .NET CLR 3.0.30729; Media Center PC 6.0; .NET CLR 1.1.4322; .NET CLR 3.0.30618; .NET CLR 3.5.21022; .NET CLR 3.5.30428; InfoPath.2; SLCC1)"
213.168.74.125 - - [01/Dec/2009:13:25:27 +0100] "POST /livezilla/server.php HTTP/1.0" 200 212 "http://chat.f-m-shop.de/livezilla/livezilla.php" "Mozilla/4.0 (compatible; MSIE 8.0; Windows NT 6.1; Trident/4.0; SLCC2; .NET CLR 2.0.50727; .NET CLR 3.5.30729; .NET CLR 3.0.30729; Media Center PC 6.0; .NET CLR 1.1.4322; .NET CLR 3.0.30618; .NET CLR 3.5.21022; .NET CLR 3.5.30428; InfoPath.2; SLCC1)"
213.168.74.125 - - [01/Dec/2009:13:25:28 +0100] "POST /livezilla/livezilla.php?template=lz_chat_frame.3.2.mail HTTP/1.0" 200 4002 "http://chat.f-m-shop.de/livezilla/livezilla.php?template=lz_chat_frame.3.2.login.1.0&" "Mozilla/4.0 (compatible; MSIE 8.0; Windows NT 6.1; Trident/4.0; SLCC2; .NET CLR 2.0.50727; .NET CLR 3.5.30729; .NET CLR 3.0.30729; Media Center PC 6.0; .NET CLR 1.1.4322; .NET CLR 3.0.30618; .NET CLR 3.5.21022; .NET CLR 3.5.30428; InfoPath.2; SLCC1)"
213.168.74.125 - - [01/Dec/2009:13:25:27 +0100] "GET /livezilla/livezilla.php?template=lz_chat_frame.3.2.mail HTTP/1.0" 200 3993 "http://chat.f-m-shop.de/livezilla/livezilla.php" "Mozilla/4.0 (compatible; MSIE 8.0; Windows NT 6.1; Trident/4.0; SLCC2; .NET CLR 2.0.50727; .NET CLR 3.5.30729; .NET CLR 3.0.30729; Media Center PC 6.0; .NET CLR 1.1.4322; .NET CLR 3.0.30618; .NET CLR 3.5.21022; .NET CLR 3.5.30428; InfoPath.2; SLCC1)"
213.168.74.125 - - [01/Dec/2009:13:25:28 +0100] "GET /livezilla/images/chat_bg_navigation_right.gif HTTP/1.0" 304 - "http://chat.f-m-shop.de/livezilla/livezilla.php?template=lz_chat_frame.3.2.mail" "Mozilla/4.0 (compatible; MSIE 8.0; Windows NT 6.1; Trident/4.0; SLCC2; .NET CLR 2.0.50727; .NET CLR 3.5.30729; .NET CLR 3.0.30729; Media Center PC 6.0; .NET CLR 1.1.4322; .NET CLR 3.0.30618; .NET CLR 3.5.21022; .NET CLR 3.5.30428; InfoPath.2; SLCC1)"
213.168.74.125 - - [01/Dec/2009:13:25:28 +0100] "GET /livezilla/images/icon_network.gif HTTP/1.0" 304 - "http://chat.f-m-shop.de/livezilla/livezilla.php?template=lz_chat_frame.3.2.mail" "Mozilla/4.0 (compatible; MSIE 8.0; Windows NT 6.1; Trident/4.0; SLCC2; .NET CLR 2.0.50727; .NET CLR 3.5.30729; .NET CLR 3.0.30729; Media Center PC 6.0; .NET CLR 1.1.4322; .NET CLR 3.0.30618; .NET CLR 3.5.21022; .NET CLR 3.5.30428; InfoPath.2; SLCC1)"
213.168.74.125 - - [01/Dec/2009:13:25:28 +0100] "GET /livezilla/images/chat_bg_field.gif HTTP/1.0" 304 - "http://chat.f-m-shop.de/livezilla/livezilla.php?template=lz_chat_frame.3.2.mail" "Mozilla/4.0 (compatible; MSIE 8.0; Windows NT 6.1; Trident/4.0; SLCC2; .NET CLR 2.0.50727; .NET CLR 3.5.30729; .NET CLR 3.0.30729; Media Center PC 6.0; .NET CLR 1.1.4322; .NET CLR 3.0.30618; .NET CLR 3.5.21022; .NET CLR 3.5.30428; InfoPath.2; SLCC1)"
213.168.74.125 - - [01/Dec/2009:13:25:28 +0100] "GET /livezilla/images/lz_button_extra.gif HTTP/1.0" 304 - "http://chat.f-m-shop.de/livezilla/livezilla.php?template=lz_chat_frame.3.2.mail" "Mozilla/4.0 (compatible; MSIE 8.0; Windows NT 6.1; Trident/4.0; SLCC2; .NET CLR 2.0.50727; .NET CLR 3.5.30729; .NET CLR 3.0.30729; Media Center PC 6.0; .NET CLR 1.1.4322; .NET CLR 3.0.30618; .NET CLR 3.5.21022; .NET CLR 3.5.30428; InfoPath.2; SLCC1)"
213.168.74.125 - - [01/Dec/2009:13:25:28 +0100] "GET /livezilla/images/chat_bg_navigation_sub.gif HTTP/1.0" 304 - "http://chat.f-m-shop.de/livezilla/livezilla.php?template=lz_chat_frame.3.2.mail" "Mozilla/4.0 (compatible; MSIE 8.0; Windows NT 6.1; Trident/4.0; SLCC2; .NET CLR 2.0.50727; .NET CLR 3.5.30729; .NET CLR 3.0.30729; Media Center PC 6.0; .NET CLR 1.1.4322; .NET CLR 3.0.30618; .NET CLR 3.5.21022; .NET CLR 3.5.30428; InfoPath.2; SLCC1)"
213.168.74.125 - - [01/Dec/2009:13:25:28 +0100] "GET /livezilla/images/button_chat.gif HTTP/1.0" 200 1218 "http://chat.f-m-shop.de/livezilla/livezilla.php?template=lz_chat_frame.3.2.mail" "Mozilla/4.0 (compatible; MSIE 8.0; Windows NT 6.1; Trident/4.0; SLCC2; .NET CLR 2.0.50727; .NET CLR 3.5.30729; .NET CLR 3.0.30729; Media Center PC 6.0; .NET CLR 1.1.4322; .NET CLR 3.0.30618; .NET CLR 3.5.21022; .NET CLR 3.5.30428; InfoPath.2; SLCC1)"
213.168.74.125 - - [01/Dec/2009:13:25:28 +0100] "GET /livezilla/images/lz_button.gif HTTP/1.0" 304 - "http://chat.f-m-shop.de/livezilla/livezilla.php?template=lz_chat_frame.3.2.mail" "Mozilla/4.0 (compatible; MSIE 8.0; Windows NT 6.1; Trident/4.0; SLCC2; .NET CLR 2.0.50727; .NET CLR 3.5.30729; .NET CLR 3.0.30729; Media Center PC 6.0; .NET CLR 1.1.4322; .NET CLR 3.0.30618; .NET CLR 3.5.21022; .NET CLR 3.5.30428; InfoPath.2; SLCC1)"
213.168.74.125 - - [01/Dec/2009:13:25:28 +0100] "GET /livezilla/images/chat_bg_navigation.gif HTTP/1.0" 304 - "http://chat.f-m-shop.de/livezilla/livezilla.php?template=lz_chat_frame.3.2.mail" "Mozilla/4.0 (compatible; MSIE 8.0; Windows NT 6.1; Trident/4.0; SLCC2; .NET CLR 2.0.50727; .NET CLR 3.5.30729; .NET CLR 3.0.30729; Media Center PC 6.0; .NET CLR 1.1.4322; .NET CLR 3.0.30618; .NET CLR 3.5.21022; .NET CLR 3.5.30428; InfoPath.2; SLCC1)"
213.168.74.125 - - [01/Dec/2009:13:25:28 +0100] "GET /livezilla/images/button_close.gif HTTP/1.0" 304 - "http://chat.f-m-shop.de/livezilla/livezilla.php?template=lz_chat_frame.3.2.mail" "Mozilla/4.0 (compatible; MSIE 8.0; Windows NT 6.1; Trident/4.0; SLCC2; .NET CLR 2.0.50727; .NET CLR 3.5.30729; .NET CLR 3.0.30729; Media Center PC 6.0; .NET CLR 1.1.4322; .NET CLR 3.0.30618; .NET CLR 3.5.21022; .NET CLR 3.5.30428; InfoPath.2; SLCC1)"
213.168.74.125 - - [01/Dec/2009:13:25:28 +0100] "GET /livezilla/images/button_print.gif HTTP/1.0" 200 1183 "http://chat.f-m-shop.de/livezilla/livezilla.php?template=lz_chat_frame.3.2.mail" "Mozilla/4.0 (compatible; MSIE 8.0; Windows NT 6.1; Trident/4.0; SLCC2; .NET CLR 2.0.50727; .NET CLR 3.5.30729; .NET CLR 3.0.30729; Media Center PC 6.0; .NET CLR 1.1.4322; .NET CLR 3.0.30618; .NET CLR 3.5.21022; .NET CLR 3.5.30428; InfoPath.2; SLCC1)"
84.131.102.105 - - [01/Dec/2009:13:25:31 +0100] "GET /livezilla/image.php?id=04 HTTP/1.1" 200 7276 "http://www.f-m-shop.de/seiten/prod_detail_neuer.cfm?kat=MONT24&nav=2&artnr=A%20%2025025" "Mozilla/5.0 (Windows; U; Windows NT 5.1; de; rv:1.9.1.5) Gecko/20091102 Firefox/3.5.5 (.NET CLR 3.5.30729)"
192.168.10.13 - - [01/Dec/2009:13:24:49 +0100] "POST /livezilla/server.php?acid=261d1 HTTP/1.1" 200 - "-" "LiveZilla 3.1.7.7 [http://www.livezilla.net]"
192.168.10.10 - - [01/Dec/2009:13:25:20 +0100] "POST /livezilla/server.php?acid=286d5 HTTP/1.1" 200 - "-" "LiveZilla 3.1.7.7 [http://www.livezilla.net]"
192.168.10.13 - - [01/Dec/2009:13:25:38 +0100] "POST /livezilla/server.php?acid=5ae4a HTTP/1.1" 200 - "-" "LiveZilla 3.1.7.7 [http://www.livezilla.net]"
95.91.242.201 - - [01/Dec/2009:13:26:40 +0100] "GET /livezilla/image.php?id=04 HTTP/1.1" 200 7276 "http://www.f-m-shop.de/seiten/prod_detail_neuer.cfm?kat=HDDSATA&nav=2&artnr=A%20%2027752" "Mozilla/5.0 (Windows; U; Windows NT 6.0; de; rv:1.9.0.15) Gecko/2009101601 Firefox/3.0.15 (.NET CLR 3.5.30729)"
192.168.10.10 - - [01/Dec/2009:13:26:09 +0100] "POST /livezilla/server.php?acid=9ad76 HTTP/1.1" 200 - "-" "LiveZilla 3.1.7.7 [http://www.livezilla.net]"
91.207.92.112 - - [01/Dec/2009:13:27:04 +0100] "GET /livezilla/image.php?id=04 HTTP/1.1" 200 7276 "http://www.f-m-shop.de/seiten/prod_detail_neuer.cfm?kat=DRULAB&nav=2&artnr=A%20%2023843" "Mozilla/5.0 (Windows; U; Windows NT 5.1; de; rv:1.9.1.5) Gecko/20091102 Firefox/3.5.5"
91.207.92.112 - - [01/Dec/2009:13:27:05 +0100] "GET /livezilla/image.php?id=04 HTTP/1.1" 200 7276 "http://www.f-m-shop.de/seiten/prod_detail_neuer.cfm?kat=DRULAB&nav=2&artnr=A%20%2023843" "Mozilla/5.0 (Windows; U; Windows NT 5.1; de; rv:1.9.1.5) Gecko/20091102 Firefox/3.5.5"
192.168.10.13 - - [01/Dec/2009:13:26:26 +0100] "POST /livezilla/server.php?acid=bb4b3 HTTP/1.1" 200 - "-" "LiveZilla 3.1.7.7 [http://www.livezilla.net]"
95.222.42.228 - - [01/Dec/2009:13:27:19 +0100] "GET /livezilla/image.php?id=04 HTTP/1.1" 200 7276 "http://www.f-m-shop.de/seiten/prod_detail_neuer.cfm?kat=HDDSATA&nav=2&artnr=A 19011" "Mozilla/4.0 (compatible; MSIE 8.0; Windows NT 6.0; WOW64; Trident/4.0; SLCC1; .NET CLR 2.0.50727; Media Center PC 5.0; .NET CLR 3.5.30729; InfoPath.2; .NET CLR 3.0.30729)"
192.168.10.10 - - [01/Dec/2009:13:26:57 +0100] "POST /livezilla/server.php?acid=ff483 HTTP/1.1" 200 - "-" "LiveZilla 3.1.7.7 [http://www.livezilla.net]"
87.173.222.217 - - [01/Dec/2009:13:27:45 +0100] "GET /livezilla/image.php?id=04 HTTP/1.1" 200 7276 "http://www.f-m-shop.de/seiten/prod_detail_neuer.cfm?kat=HDDE35&nav=2&artnr=A%20%2027823" "Mozilla/5.0 (Windows; U; Windows NT 6.0; de; rv:1.9.1.5) Gecko/20091102 Firefox/3.5.5 (.NET CLR 3.5.30729)"
192.168.10.13 - - [01/Dec/2009:13:27:14 +0100] "POST /livezilla/server.php?acid=1bed2 HTTP/1.1" 200 - "-" "LiveZilla 3.1.7.7 [http://www.livezilla.net]"
192.168.10.10 - - [01/Dec/2009:13:27:46 +0100] "POST /livezilla/server.php?acid=6df48 HTTP/1.1" 200 - "-" "LiveZilla 3.1.7.7 [http://www.livezilla.net]"
192.168.10.13 - - [01/Dec/2009:13:28:03 +0100] "POST /livezilla/server.php?acid=9d488 HTTP/1.1" 200 - "-" "LiveZilla 3.1.7.7 [http://www.livezilla.net]"
217.86.149.113 - - [01/Dec/2009:13:29:01 +0100] "GET /livezilla/image.php?id=04 HTTP/1.1" 200 7276 "http://www.f-m-shop.de/seiten/prod_detail_neuer.cfm?name=SWITCH%2048%20Port%20LINKSYS%20SRW2048%2DEU&artnr=A%20%2019838&nav=2&kat=NETSWI" "Mozilla/4.0 (compatible; MSIE 6.0; Windows NT 5.1; SV1; .NET CLR 1.1.4322; .NET CLR 2.0.50727; .NET CLR 3.0.04506.30; .NET CLR 3.0.04506.648; .NET CLR 3.0.4506.2152; .NET CLR 3.5.30729)"
84.131.102.105 - - [01/Dec/2009:13:29:06 +0100] "GET /livezilla/image.php?id=04 HTTP/1.1" 200 7276 "http://www.f-m-shop.de/seiten/prod_detail_neuer.cfm?name=Digicam%20CANON%20Powershot%20SX20%20IS&artnr=A%20%2030335&nav=2&kat=CAMDIG&kat_her=CANON&p_sort=&b_sort=ASC" "Mozilla/5.0 (Windows; U; Windows NT 5.1; de; rv:1.9.1.5) Gecko/20091102 Firefox/3.5.5 (.NET CLR 3.5.30729)"
192.168.10.10 - - [01/Dec/2009:13:28:34 +0100] "POST /livezilla/server.php?acid=ebd44 HTTP/1.1" 200 - "-" "LiveZilla 3.1.7.7 [http://www.livezilla.net]"
192.168.10.13 - - [01/Dec/2009:13:28:51 +0100] "POST /livezilla/server.php?acid=48766 HTTP/1.1" 200 - "-" "LiveZilla 3.1.7.7 [http://www.livezilla.net]"
88.76.151.234 - - [01/Dec/2009:13:29:37 +0100] "GET /livezilla/image.php?id=04 HTTP/1.1" 200 7276 "http://www.f-m-shop.de/seiten/prod_detail_neuer.cfm?kat=MONT24&nav=2&artnr=A%20%2025023" "Mozilla/5.0 (Windows; U; Windows NT 5.1; de; rv:1.9.1.5) Gecko/20091102 Firefox/3.5.5 (.NET CLR 3.5.30729)"
84.131.102.105 - - [01/Dec/2009:13:29:49 +0100] "GET /livezilla/image.php?id=04 HTTP/1.1" 200 7276 "http://www.f-m-shop.de/seiten/prod_detail_neuer.cfm?name=Digicam%20CANON%20Powershot%20SX20%20IS&artnr=A%20%2030335&nav=2&kat=CAMDIG&kat_her=CANON&p_sort=&b_sort=ASC" "Mozilla/5.0 (Windows; U; Windows NT 5.1; de; rv:1.9.1.5) Gecko/20091102 Firefox/3.5.5 (.NET CLR 3.5.30729)"
