192.168.10.13 - - [01/Dec/2009:18:15:49 +0100] "POST /livezilla/server.php?acid=985a2 HTTP/1.1" 200 - "-" "LiveZilla 3.1.7.7 [http://www.livezilla.net]"
95.89.100.157 - - [01/Dec/2009:18:16:39 +0100] "GET /livezilla/image.php?id=04 HTTP/1.1" 200 7276 "http://www.f-m-shop.de/seiten/prod_detail_neuer.cfm?name=NETZKARTE%20PCI-E%20INTEL%20Gigabit%20CT&artnr=A%20%2026064&nav=2&kat=NETKAR&kat_her=&p_sort=ASC&b_sort=ASC" "Mozilla/5.0 (Windows; U; Windows NT 5.1; de; rv:1.9.1.5) Gecko/20091102 Firefox/3.5.5 (.NET CLR 3.5.30729)"
192.35.17.13 - - [01/Dec/2009:18:16:53 +0100] "GET /livezilla/image.php?id=04 HTTP/1.1" 200 7276 "http://www.f-m-shop.de/seiten/prod_detail_neuer.cfm?kat=MONT24&nav=2&artnr=A 28335" "Mozilla/4.0 (compatible; MSIE 6.0; Windows NT 5.1; SV1; .NET CLR 1.0.3705; .NET CLR 1.1.4322; InfoPath.1; .NET CLR 2.0.50727; .NET CLR 3.0.04506.30; .NET CLR 3.0.4506.2152; .NET CLR 3.5.30729; MS-RTC LM 8)"
77.64.192.138 - - [01/Dec/2009:18:16:54 +0100] "GET /livezilla/image.php?id=04 HTTP/1.1" 200 7276 "http://www.f-m-shop.de/seiten/prod_detail_neuer.cfm?kat=DATMON&nav=2&artnr=A%20%20%202475" "Mozilla/5.0 (Windows; U; Windows NT 5.1; de; rv:1.9.1.5) Gecko/20091102 Firefox/3.5.5 (.NET CLR 3.5.30729)"
192.168.10.10 - - [01/Dec/2009:18:16:16 +0100] "POST /livezilla/server.php?acid=0be11 HTTP/1.1" 200 - "-" "LiveZilla 3.1.7.7 [http://www.livezilla.net]"
95.89.100.157 - - [01/Dec/2009:18:17:05 +0100] "GET /livezilla/templates/style.css HTTP/1.1" 200 8998 "http://chat.f-m-shop.de/livezilla/livezilla.php" "Mozilla/5.0 (Windows; U; Windows NT 5.1; de; rv:1.9.1.5) Gecko/20091102 Firefox/3.5.5 (.NET CLR 3.5.30729)"
95.89.100.157 - - [01/Dec/2009:18:17:05 +0100] "GET /livezilla/livezilla.php HTTP/1.1" 200 72007 "http://www.f-m-shop.de/seiten/prod_detail_neuer.cfm?name=NETZKARTE%20PCI-E%20INTEL%20Gigabit%20CT&artnr=A%20%2026064&nav=2&kat=NETKAR&kat_her=&p_sort=ASC&b_sort=ASC" "Mozilla/5.0 (Windows; U; Windows NT 5.1; de; rv:1.9.1.5) Gecko/20091102 Firefox/3.5.5 (.NET CLR 3.5.30729)"
95.89.100.157 - - [01/Dec/2009:18:17:05 +0100] "GET /livezilla/images/favicon.ico HTTP/1.1" 200 43302 "-" "Mozilla/5.0 (Windows; U; Windows NT 5.1; de; rv:1.9.1.5) Gecko/20091102 Firefox/3.5.5 (.NET CLR 3.5.30729)"
95.89.100.157 - - [01/Dec/2009:18:17:05 +0100] "GET /livezilla/livezilla.php?template=lz_chat_frame.0.0 HTTP/1.1" 200 259 "http://chat.f-m-shop.de/livezilla/livezilla.php" "Mozilla/5.0 (Windows; U; Windows NT 5.1; de; rv:1.9.1.5) Gecko/20091102 Firefox/3.5.5 (.NET CLR 3.5.30729)"
95.89.100.157 - - [01/Dec/2009:18:17:05 +0100] "GET /livezilla/livezilla.php?template=lz_chat_frame.0.2 HTTP/1.1" 200 254 "http://chat.f-m-shop.de/livezilla/livezilla.php" "Mozilla/5.0 (Windows; U; Windows NT 5.1; de; rv:1.9.1.5) Gecko/20091102 Firefox/3.5.5 (.NET CLR 3.5.30729)"
95.89.100.157 - - [01/Dec/2009:18:17:06 +0100] "GET /livezilla/livezilla.php?template=lz_chat_frame.1.1 HTTP/1.1" 200 2257 "http://chat.f-m-shop.de/livezilla/livezilla.php" "Mozilla/5.0 (Windows; U; Windows NT 5.1; de; rv:1.9.1.5) Gecko/20091102 Firefox/3.5.5 (.NET CLR 3.5.30729)"
95.89.100.157 - - [01/Dec/2009:18:17:06 +0100] "GET /livezilla/livezilla.php?template=lz_chat_frame.4.1 HTTP/1.1" 200 455 "http://chat.f-m-shop.de/livezilla/livezilla.php" "Mozilla/5.0 (Windows; U; Windows NT 5.1; de; rv:1.9.1.5) Gecko/20091102 Firefox/3.5.5 (.NET CLR 3.5.30729)"
95.89.100.157 - - [01/Dec/2009:18:17:06 +0100] "GET /livezilla/livezilla.php?template=lz_chat_frame.3.2.login& HTTP/1.1" 200 1019 "http://chat.f-m-shop.de/livezilla/livezilla.php" "Mozilla/5.0 (Windows; U; Windows NT 5.1; de; rv:1.9.1.5) Gecko/20091102 Firefox/3.5.5 (.NET CLR 3.5.30729)"
95.89.100.157 - - [01/Dec/2009:18:17:06 +0100] "GET /livezilla/livezilla.php?template=lz_chat_frame.5.1 HTTP/1.1" 200 265 "http://chat.f-m-shop.de/livezilla/livezilla.php" "Mozilla/5.0 (Windows; U; Windows NT 5.1; de; rv:1.9.1.5) Gecko/20091102 Firefox/3.5.5 (.NET CLR 3.5.30729)"
95.89.100.157 - - [01/Dec/2009:18:17:06 +0100] "GET /livezilla/livezilla.php?template=lz_chat_frame.2.2 HTTP/1.1" 200 264 "http://chat.f-m-shop.de/livezilla/livezilla.php" "Mozilla/5.0 (Windows; U; Windows NT 5.1; de; rv:1.9.1.5) Gecko/20091102 Firefox/3.5.5 (.NET CLR 3.5.30729)"
95.89.100.157 - - [01/Dec/2009:18:17:06 +0100] "GET /livezilla/livezilla.php?template=lz_chat_frame.3.0 HTTP/1.1" 200 240 "http://chat.f-m-shop.de/livezilla/livezilla.php" "Mozilla/5.0 (Windows; U; Windows NT 5.1; de; rv:1.9.1.5) Gecko/20091102 Firefox/3.5.5 (.NET CLR 3.5.30729)"
95.89.100.157 - - [01/Dec/2009:18:17:06 +0100] "GET /livezilla/livezilla.php?template=lz_chat_frame.3.3 HTTP/1.1" 200 239 "http://chat.f-m-shop.de/livezilla/livezilla.php" "Mozilla/5.0 (Windows; U; Windows NT 5.1; de; rv:1.9.1.5) Gecko/20091102 Firefox/3.5.5 (.NET CLR 3.5.30729)"
95.89.100.157 - - [01/Dec/2009:18:17:07 +0100] "GET /livezilla/images/icon_vcard.gif HTTP/1.1" 200 559 "http://chat.f-m-shop.de/livezilla/livezilla.php?template=lz_chat_frame.1.1" "Mozilla/5.0 (Windows; U; Windows NT 5.1; de; rv:1.9.1.5) Gecko/20091102 Firefox/3.5.5 (.NET CLR 3.5.30729)"
95.89.100.157 - - [01/Dec/2009:18:17:06 +0100] "GET /livezilla/livezilla.php?template=lz_chat_frame.1.0 HTTP/1.1" 200 279 "http://chat.f-m-shop.de/livezilla/livezilla.php" "Mozilla/5.0 (Windows; U; Windows NT 5.1; de; rv:1.9.1.5) Gecko/20091102 Firefox/3.5.5 (.NET CLR 3.5.30729)"
95.89.100.157 - - [01/Dec/2009:18:17:07 +0100] "GET /livezilla/images/icon_typing.gif HTTP/1.1" 200 1106 "http://chat.f-m-shop.de/livezilla/livezilla.php?template=lz_chat_frame.1.1" "Mozilla/5.0 (Windows; U; Windows NT 5.1; de; rv:1.9.1.5) Gecko/20091102 Firefox/3.5.5 (.NET CLR 3.5.30729)"
95.89.100.157 - - [01/Dec/2009:18:17:07 +0100] "GET /livezilla/intern_images/nopic.jpg HTTP/1.1" 200 3599 "http://chat.f-m-shop.de/livezilla/livezilla.php?template=lz_chat_frame.1.1" "Mozilla/5.0 (Windows; U; Windows NT 5.1; de; rv:1.9.1.5) Gecko/20091102 Firefox/3.5.5 (.NET CLR 3.5.30729)"
95.89.100.157 - - [01/Dec/2009:18:17:07 +0100] "GET /livezilla/images/lz_header.gif HTTP/1.1" 200 7285 "http://chat.f-m-shop.de/livezilla/livezilla.php?template=lz_chat_frame.1.1" "Mozilla/5.0 (Windows; U; Windows NT 5.1; de; rv:1.9.1.5) Gecko/20091102 Firefox/3.5.5 (.NET CLR 3.5.30729)"
95.89.100.157 - - [01/Dec/2009:18:17:07 +0100] "GET /livezilla/images/carrier_logo.gif HTTP/1.1" 200 6003 "http://chat.f-m-shop.de/livezilla/livezilla.php?template=lz_chat_frame.1.1" "Mozilla/5.0 (Windows; U; Windows NT 5.1; de; rv:1.9.1.5) Gecko/20091102 Firefox/3.5.5 (.NET CLR 3.5.30729)"
95.89.100.157 - - [01/Dec/2009:18:17:07 +0100] "GET /livezilla/images/lz_rep_bg_left.gif HTTP/1.1" 200 593 "http://chat.f-m-shop.de/livezilla/livezilla.php?template=lz_chat_frame.1.1" "Mozilla/5.0 (Windows; U; Windows NT 5.1; de; rv:1.9.1.5) Gecko/20091102 Firefox/3.5.5 (.NET CLR 3.5.30729)"
95.89.100.157 - - [01/Dec/2009:18:17:07 +0100] "GET /livezilla/images/lz_rep_bg.gif HTTP/1.1" 200 320 "http://chat.f-m-shop.de/livezilla/livezilla.php?template=lz_chat_frame.1.1" "Mozilla/5.0 (Windows; U; Windows NT 5.1; de; rv:1.9.1.5) Gecko/20091102 Firefox/3.5.5 (.NET CLR 3.5.30729)"
95.89.100.157 - - [01/Dec/2009:18:17:07 +0100] "GET /livezilla/livezilla.php?template=lz_chat_frame.3.2.login.2.0 HTTP/1.1" 200 277 "http://chat.f-m-shop.de/livezilla/livezilla.php?template=lz_chat_frame.3.2.login&" "Mozilla/5.0 (Windows; U; Windows NT 5.1; de; rv:1.9.1.5) Gecko/20091102 Firefox/3.5.5 (.NET CLR 3.5.30729)"
95.89.100.157 - - [01/Dec/2009:18:17:07 +0100] "GET /livezilla/images/chat_bg_footer.gif HTTP/1.1" 200 194 "http://chat.f-m-shop.de/livezilla/templates/style.css" "Mozilla/5.0 (Windows; U; Windows NT 5.1; de; rv:1.9.1.5) Gecko/20091102 Firefox/3.5.5 (.NET CLR 3.5.30729)"
95.89.100.157 - - [01/Dec/2009:18:17:06 +0100] "GET /livezilla/livezilla.php?template=lz_chat_frame.0.1 HTTP/1.1" 200 277 "http://chat.f-m-shop.de/livezilla/livezilla.php" "Mozilla/5.0 (Windows; U; Windows NT 5.1; de; rv:1.9.1.5) Gecko/20091102 Firefox/3.5.5 (.NET CLR 3.5.30729)"
95.89.100.157 - - [01/Dec/2009:18:17:06 +0100] "GET /livezilla/livezilla.php?template=lz_chat_frame.1.2 HTTP/1.1" 200 264 "http://chat.f-m-shop.de/livezilla/livezilla.php" "Mozilla/5.0 (Windows; U; Windows NT 5.1; de; rv:1.9.1.5) Gecko/20091102 Firefox/3.5.5 (.NET CLR 3.5.30729)"
95.89.100.157 - - [01/Dec/2009:18:17:06 +0100] "GET /livezilla/livezilla.php?template=lz_chat_frame.2.0 HTTP/1.1" 200 263 "http://chat.f-m-shop.de/livezilla/livezilla.php" "Mozilla/5.0 (Windows; U; Windows NT 5.1; de; rv:1.9.1.5) Gecko/20091102 Firefox/3.5.5 (.NET CLR 3.5.30729)"
95.89.100.157 - - [01/Dec/2009:18:17:07 +0100] "GET /livezilla/images/lz_rep_bg_right.gif HTTP/1.1" 200 590 "http://chat.f-m-shop.de/livezilla/livezilla.php?template=lz_chat_frame.1.1" "Mozilla/5.0 (Windows; U; Windows NT 5.1; de; rv:1.9.1.5) Gecko/20091102 Firefox/3.5.5 (.NET CLR 3.5.30729)"
95.89.100.157 - - [01/Dec/2009:18:17:08 +0100] "GET /livezilla/images/chat_bg_footer_top.gif HTTP/1.1" 200 858 "http://chat.f-m-shop.de/livezilla/templates/style.css" "Mozilla/5.0 (Windows; U; Windows NT 5.1; de; rv:1.9.1.5) Gecko/20091102 Firefox/3.5.5 (.NET CLR 3.5.30729)"
95.89.100.157 - - [01/Dec/2009:18:17:07 +0100] "GET /livezilla/livezilla.php?template=lz_chat_frame.3.2.login.0.0 HTTP/1.1" 200 1563 "http://chat.f-m-shop.de/livezilla/livezilla.php?template=lz_chat_frame.3.2.login&" "Mozilla/5.0 (Windows; U; Windows NT 5.1; de; rv:1.9.1.5) Gecko/20091102 Firefox/3.5.5 (.NET CLR 3.5.30729)"
95.89.100.157 - - [01/Dec/2009:18:17:07 +0100] "GET /livezilla/livezilla.php?template=lz_chat_frame.3.2.login.1.0& HTTP/1.1" 200 2939 "http://chat.f-m-shop.de/livezilla/livezilla.php?template=lz_chat_frame.3.2.login&" "Mozilla/5.0 (Windows; U; Windows NT 5.1; de; rv:1.9.1.5) Gecko/20091102 Firefox/3.5.5 (.NET CLR 3.5.30729)"
95.89.100.157 - - [01/Dec/2009:18:17:08 +0100] "GET /livezilla/images/icon_info.gif HTTP/1.1" 200 1703 "http://chat.f-m-shop.de/livezilla/livezilla.php?template=lz_chat_frame.3.2.login.1.0&" "Mozilla/5.0 (Windows; U; Windows NT 5.1; de; rv:1.9.1.5) Gecko/20091102 Firefox/3.5.5 (.NET CLR 3.5.30729)"
95.89.100.157 - - [01/Dec/2009:18:17:08 +0100] "GET /livezilla/images/chat_bg_navigation_left.gif HTTP/1.1" 200 1078 "http://chat.f-m-shop.de/livezilla/livezilla.php?template=lz_chat_frame.3.2.login.0.0" "Mozilla/5.0 (Windows; U; Windows NT 5.1; de; rv:1.9.1.5) Gecko/20091102 Firefox/3.5.5 (.NET CLR 3.5.30729)"
95.89.100.157 - - [01/Dec/2009:18:17:08 +0100] "GET /livezilla/images/button_mail.gif HTTP/1.1" 200 1348 "http://chat.f-m-shop.de/livezilla/livezilla.php?template=lz_chat_frame.3.2.login.0.0" "Mozilla/5.0 (Windows; U; Windows NT 5.1; de; rv:1.9.1.5) Gecko/20091102 Firefox/3.5.5 (.NET CLR 3.5.30729)"
95.89.100.157 - - [01/Dec/2009:18:17:08 +0100] "GET /livezilla/images/chat_bg_navigation_dev.gif HTTP/1.1" 200 367 "http://chat.f-m-shop.de/livezilla/livezilla.php?template=lz_chat_frame.3.2.login.0.0" "Mozilla/5.0 (Windows; U; Windows NT 5.1; de; rv:1.9.1.5) Gecko/20091102 Firefox/3.5.5 (.NET CLR 3.5.30729)"
95.89.100.157 - - [01/Dec/2009:18:17:08 +0100] "GET /livezilla/images/button_fav.gif HTTP/1.1" 200 1344 "http://chat.f-m-shop.de/livezilla/livezilla.php?template=lz_chat_frame.3.2.login.0.0" "Mozilla/5.0 (Windows; U; Windows NT 5.1; de; rv:1.9.1.5) Gecko/20091102 Firefox/3.5.5 (.NET CLR 3.5.30729)"
95.89.100.157 - - [01/Dec/2009:18:17:08 +0100] "GET /livezilla/images/icon_network.gif HTTP/1.1" 200 354 "http://chat.f-m-shop.de/livezilla/livezilla.php?template=lz_chat_frame.3.2.login.1.0&" "Mozilla/5.0 (Windows; U; Windows NT 5.1; de; rv:1.9.1.5) Gecko/20091102 Firefox/3.5.5 (.NET CLR 3.5.30729)"
95.89.100.157 - - [01/Dec/2009:18:17:08 +0100] "GET /livezilla/images/chat_bg_navigation_right.gif HTTP/1.1" 200 675 "http://chat.f-m-shop.de/livezilla/livezilla.php?template=lz_chat_frame.3.2.login.0.0" "Mozilla/5.0 (Windows; U; Windows NT 5.1; de; rv:1.9.1.5) Gecko/20091102 Firefox/3.5.5 (.NET CLR 3.5.30729)"
95.89.100.157 - - [01/Dec/2009:18:17:08 +0100] "GET /livezilla/images/button_close.gif HTTP/1.1" 200 1239 "http://chat.f-m-shop.de/livezilla/livezilla.php?template=lz_chat_frame.3.2.login.0.0" "Mozilla/5.0 (Windows; U; Windows NT 5.1; de; rv:1.9.1.5) Gecko/20091102 Firefox/3.5.5 (.NET CLR 3.5.30729)"
95.89.100.157 - - [01/Dec/2009:18:17:08 +0100] "GET /livezilla/images/lz_button.gif HTTP/1.1" 200 838 "http://chat.f-m-shop.de/livezilla/templates/style.css" "Mozilla/5.0 (Windows; U; Windows NT 5.1; de; rv:1.9.1.5) Gecko/20091102 Firefox/3.5.5 (.NET CLR 3.5.30729)"
95.89.100.157 - - [01/Dec/2009:18:17:08 +0100] "GET /livezilla/images/chat_bg_navigation_sub.gif HTTP/1.1" 200 76 "http://chat.f-m-shop.de/livezilla/templates/style.css" "Mozilla/5.0 (Windows; U; Windows NT 5.1; de; rv:1.9.1.5) Gecko/20091102 Firefox/3.5.5 (.NET CLR 3.5.30729)"
95.89.100.157 - - [01/Dec/2009:18:17:08 +0100] "GET /livezilla/images/chat_bg_field.gif HTTP/1.1" 200 121 "http://chat.f-m-shop.de/livezilla/templates/style.css" "Mozilla/5.0 (Windows; U; Windows NT 5.1; de; rv:1.9.1.5) Gecko/20091102 Firefox/3.5.5 (.NET CLR 3.5.30729)"
95.89.100.157 - - [01/Dec/2009:18:17:08 +0100] "GET /livezilla/images/lz_button_extra.gif HTTP/1.1" 200 948 "http://chat.f-m-shop.de/livezilla/templates/style.css" "Mozilla/5.0 (Windows; U; Windows NT 5.1; de; rv:1.9.1.5) Gecko/20091102 Firefox/3.5.5 (.NET CLR 3.5.30729)"
95.89.100.157 - - [01/Dec/2009:18:17:08 +0100] "GET /livezilla/images/chat_bg_navigation.gif HTTP/1.1" 200 258 "http://chat.f-m-shop.de/livezilla/templates/style.css" "Mozilla/5.0 (Windows; U; Windows NT 5.1; de; rv:1.9.1.5) Gecko/20091102 Firefox/3.5.5 (.NET CLR 3.5.30729)"
95.89.100.157 - - [01/Dec/2009:18:17:09 +0100] "POST /livezilla/server.php HTTP/1.1" 200 212 "http://chat.f-m-shop.de/livezilla/livezilla.php" "Mozilla/5.0 (Windows; U; Windows NT 5.1; de; rv:1.9.1.5) Gecko/20091102 Firefox/3.5.5 (.NET CLR 3.5.30729)"
95.89.100.157 - - [01/Dec/2009:18:17:10 +0100] "POST /livezilla/livezilla.php?template=lz_chat_frame.3.2.mail HTTP/1.1" 200 4002 "http://chat.f-m-shop.de/livezilla/livezilla.php?template=lz_chat_frame.3.2.login.1.0&" "Mozilla/5.0 (Windows; U; Windows NT 5.1; de; rv:1.9.1.5) Gecko/20091102 Firefox/3.5.5 (.NET CLR 3.5.30729)"
95.89.100.157 - - [01/Dec/2009:18:17:10 +0100] "GET /livezilla/images/button_chat.gif HTTP/1.1" 200 1218 "http://chat.f-m-shop.de/livezilla/livezilla.php?template=lz_chat_frame.3.2.mail" "Mozilla/5.0 (Windows; U; Windows NT 5.1; de; rv:1.9.1.5) Gecko/20091102 Firefox/3.5.5 (.NET CLR 3.5.30729)"
95.89.100.157 - - [01/Dec/2009:18:17:10 +0100] "GET /livezilla/images/button_print.gif HTTP/1.1" 200 1183 "http://chat.f-m-shop.de/livezilla/livezilla.php?template=lz_chat_frame.3.2.mail" "Mozilla/5.0 (Windows; U; Windows NT 5.1; de; rv:1.9.1.5) Gecko/20091102 Firefox/3.5.5 (.NET CLR 3.5.30729)"
95.89.100.157 - - [01/Dec/2009:18:17:10 +0100] "GET /livezilla/livezilla.php?template=lz_chat_frame.3.2.mail HTTP/1.1" 200 3993 "http://chat.f-m-shop.de/livezilla/livezilla.php" "Mozilla/5.0 (Windows; U; Windows NT 5.1; de; rv:1.9.1.5) Gecko/20091102 Firefox/3.5.5 (.NET CLR 3.5.30729)"
95.89.100.157 - - [01/Dec/2009:18:17:18 +0100] "GET /livezilla/livezilla.php?&reset=true HTTP/1.1" 200 72028 "http://chat.f-m-shop.de/livezilla/livezilla.php" "Mozilla/5.0 (Windows; U; Windows NT 5.1; de; rv:1.9.1.5) Gecko/20091102 Firefox/3.5.5 (.NET CLR 3.5.30729)"
95.89.100.157 - - [01/Dec/2009:18:17:18 +0100] "GET /livezilla/livezilla.php?template=lz_chat_frame.0.0 HTTP/1.1" 200 259 "http://chat.f-m-shop.de/livezilla/livezilla.php?&reset=true" "Mozilla/5.0 (Windows; U; Windows NT 5.1; de; rv:1.9.1.5) Gecko/20091102 Firefox/3.5.5 (.NET CLR 3.5.30729)"
95.89.100.157 - - [01/Dec/2009:18:17:18 +0100] "GET /livezilla/livezilla.php?template=lz_chat_frame.4.1 HTTP/1.1" 200 455 "http://chat.f-m-shop.de/livezilla/livezilla.php?&reset=true" "Mozilla/5.0 (Windows; U; Windows NT 5.1; de; rv:1.9.1.5) Gecko/20091102 Firefox/3.5.5 (.NET CLR 3.5.30729)"
95.89.100.157 - - [01/Dec/2009:18:17:19 +0100] "GET /livezilla/livezilla.php?template=lz_chat_frame.1.2 HTTP/1.1" 200 264 "http://chat.f-m-shop.de/livezilla/livezilla.php?&reset=true" "Mozilla/5.0 (Windows; U; Windows NT 5.1; de; rv:1.9.1.5) Gecko/20091102 Firefox/3.5.5 (.NET CLR 3.5.30729)"
95.89.100.157 - - [01/Dec/2009:18:17:19 +0100] "GET /livezilla/livezilla.php?template=lz_chat_frame.3.0 HTTP/1.1" 200 240 "http://chat.f-m-shop.de/livezilla/livezilla.php?&reset=true" "Mozilla/5.0 (Windows; U; Windows NT 5.1; de; rv:1.9.1.5) Gecko/20091102 Firefox/3.5.5 (.NET CLR 3.5.30729)"
95.89.100.157 - - [01/Dec/2009:18:17:18 +0100] "GET /livezilla/livezilla.php?template=lz_chat_frame.3.2.login&reset=true HTTP/1.1" 200 1029 "http://chat.f-m-shop.de/livezilla/livezilla.php?&reset=true" "Mozilla/5.0 (Windows; U; Windows NT 5.1; de; rv:1.9.1.5) Gecko/20091102 Firefox/3.5.5 (.NET CLR 3.5.30729)"
95.89.100.157 - - [01/Dec/2009:18:17:19 +0100] "GET /livezilla/livezilla.php?template=lz_chat_frame.2.2 HTTP/1.1" 200 264 "http://chat.f-m-shop.de/livezilla/livezilla.php?&reset=true" "Mozilla/5.0 (Windows; U; Windows NT 5.1; de; rv:1.9.1.5) Gecko/20091102 Firefox/3.5.5 (.NET CLR 3.5.30729)"
95.89.100.157 - - [01/Dec/2009:18:17:19 +0100] "GET /livezilla/livezilla.php?template=lz_chat_frame.3.3 HTTP/1.1" 200 239 "http://chat.f-m-shop.de/livezilla/livezilla.php?&reset=true" "Mozilla/5.0 (Windows; U; Windows NT 5.1; de; rv:1.9.1.5) Gecko/20091102 Firefox/3.5.5 (.NET CLR 3.5.30729)"
95.89.100.157 - - [01/Dec/2009:18:17:19 +0100] "GET /livezilla/livezilla.php?template=lz_chat_frame.3.2.login.0.0 HTTP/1.1" 200 1563 "http://chat.f-m-shop.de/livezilla/livezilla.php?template=lz_chat_frame.3.2.login&reset=true" "Mozilla/5.0 (Windows; U; Windows NT 5.1; de; rv:1.9.1.5) Gecko/20091102 Firefox/3.5.5 (.NET CLR 3.5.30729)"
95.89.100.157 - - [01/Dec/2009:18:17:20 +0100] "GET /livezilla/livezilla.php?template=lz_chat_frame.3.2.login.1.0&reset=true HTTP/1.1" 200 2939 "http://chat.f-m-shop.de/livezilla/livezilla.php?template=lz_chat_frame.3.2.login&reset=true" "Mozilla/5.0 (Windows; U; Windows NT 5.1; de; rv:1.9.1.5) Gecko/20091102 Firefox/3.5.5 (.NET CLR 3.5.30729)"
95.89.100.157 - - [01/Dec/2009:18:17:20 +0100] "GET /livezilla/livezilla.php?template=lz_chat_frame.3.2.login.2.0 HTTP/1.1" 200 277 "http://chat.f-m-shop.de/livezilla/livezilla.php?template=lz_chat_frame.3.2.login&reset=true" "Mozilla/5.0 (Windows; U; Windows NT 5.1; de; rv:1.9.1.5) Gecko/20091102 Firefox/3.5.5 (.NET CLR 3.5.30729)"
95.89.100.157 - - [01/Dec/2009:18:17:18 +0100] "GET /livezilla/livezilla.php?template=lz_chat_frame.1.0 HTTP/1.1" 200 279 "http://chat.f-m-shop.de/livezilla/livezilla.php?&reset=true" "Mozilla/5.0 (Windows; U; Windows NT 5.1; de; rv:1.9.1.5) Gecko/20091102 Firefox/3.5.5 (.NET CLR 3.5.30729)"
95.89.100.157 - - [01/Dec/2009:18:17:18 +0100] "GET /livezilla/livezilla.php?template=lz_chat_frame.2.0 HTTP/1.1" 200 263 "http://chat.f-m-shop.de/livezilla/livezilla.php?&reset=true" "Mozilla/5.0 (Windows; U; Windows NT 5.1; de; rv:1.9.1.5) Gecko/20091102 Firefox/3.5.5 (.NET CLR 3.5.30729)"
95.89.100.157 - - [01/Dec/2009:18:17:18 +0100] "GET /livezilla/livezilla.php?template=lz_chat_frame.0.1 HTTP/1.1" 200 277 "http://chat.f-m-shop.de/livezilla/livezilla.php?&reset=true" "Mozilla/5.0 (Windows; U; Windows NT 5.1; de; rv:1.9.1.5) Gecko/20091102 Firefox/3.5.5 (.NET CLR 3.5.30729)"
95.89.100.157 - - [01/Dec/2009:18:17:18 +0100] "GET /livezilla/livezilla.php?template=lz_chat_frame.0.2 HTTP/1.1" 200 254 "http://chat.f-m-shop.de/livezilla/livezilla.php?&reset=true" "Mozilla/5.0 (Windows; U; Windows NT 5.1; de; rv:1.9.1.5) Gecko/20091102 Firefox/3.5.5 (.NET CLR 3.5.30729)"
95.89.100.157 - - [01/Dec/2009:18:17:19 +0100] "GET /livezilla/livezilla.php?template=lz_chat_frame.1.1 HTTP/1.1" 200 2257 "http://chat.f-m-shop.de/livezilla/livezilla.php?&reset=true" "Mozilla/5.0 (Windows; U; Windows NT 5.1; de; rv:1.9.1.5) Gecko/20091102 Firefox/3.5.5 (.NET CLR 3.5.30729)"
95.89.100.157 - - [01/Dec/2009:18:17:20 +0100] "GET /livezilla/livezilla.php?template=lz_chat_frame.5.1 HTTP/1.1" 200 265 "http://chat.f-m-shop.de/livezilla/livezilla.php?&reset=true" "Mozilla/5.0 (Windows; U; Windows NT 5.1; de; rv:1.9.1.5) Gecko/20091102 Firefox/3.5.5 (.NET CLR 3.5.30729)"
95.89.100.157 - - [01/Dec/2009:18:17:21 +0100] "POST /livezilla/server.php HTTP/1.1" 200 212 "http://chat.f-m-shop.de/livezilla/livezilla.php?&reset=true" "Mozilla/5.0 (Windows; U; Windows NT 5.1; de; rv:1.9.1.5) Gecko/20091102 Firefox/3.5.5 (.NET CLR 3.5.30729)"
192.168.10.13 - - [01/Dec/2009:18:16:38 +0100] "POST /livezilla/server.php?acid=95c58 HTTP/1.1" 200 - "-" "LiveZilla 3.1.7.7 [http://www.livezilla.net]"
77.117.14.86 - - [01/Dec/2009:18:17:29 +0100] "GET /livezilla/image.php?id=04 HTTP/1.1" 200 7276 "http://www.f-m-shop.de/seiten/prod_detail_neuer.cfm?kat=NETSWI&nav=2&artnr=A%20%2020019" "Mozilla/5.0 (Windows; U; Windows NT 5.1; de; rv:1.9.1.5) Gecko/20091102 Firefox/3.5.5 (.NET CLR 3.5.30729)"
95.89.100.157 - - [01/Dec/2009:18:17:35 +0100] "GET /livezilla/livezilla.php?template=lz_chat_frame.3.2.mail HTTP/1.1" 200 3993 "http://chat.f-m-shop.de/livezilla/livezilla.php?&reset=true" "Mozilla/5.0 (Windows; U; Windows NT 5.1; de; rv:1.9.1.5) Gecko/20091102 Firefox/3.5.5 (.NET CLR 3.5.30729)"
95.89.100.157 - - [01/Dec/2009:18:17:35 +0100] "POST /livezilla/livezilla.php?template=lz_chat_frame.3.2.mail HTTP/1.1" 200 4016 "http://chat.f-m-shop.de/livezilla/livezilla.php?template=lz_chat_frame.3.2.login.1.0&reset=true" "Mozilla/5.0 (Windows; U; Windows NT 5.1; de; rv:1.9.1.5) Gecko/20091102 Firefox/3.5.5 (.NET CLR 3.5.30729)"
192.168.10.10 - - [01/Dec/2009:18:17:05 +0100] "POST /livezilla/server.php?acid=0987c HTTP/1.1" 200 - "-" "LiveZilla 3.1.7.7 [http://www.livezilla.net]"
85.127.218.45 - - [01/Dec/2009:18:17:49 +0100] "GET /livezilla/image.php?id=04 HTTP/1.1" 200 7276 "http://www.f-m-shop.de/seiten/prod_detail_neuer.cfm?kat=HDDE35&nav=2&artnr=A%20%2027823" "Mozilla/5.0 (Macintosh; U; Intel Mac OS X 10.5; en-GB; rv:1.9.1.5) Gecko/20091102 Firefox/3.5.5"
192.168.10.13 - - [01/Dec/2009:18:17:27 +0100] "POST /livezilla/server.php?acid=6c2ed HTTP/1.1" 200 - "-" "LiveZilla 3.1.7.7 [http://www.livezilla.net]"
95.89.100.157 - - [01/Dec/2009:18:18:14 +0100] "POST /livezilla/server.php HTTP/1.1" 200 108 "http://chat.f-m-shop.de/livezilla/livezilla.php?&reset=true" "Mozilla/5.0 (Windows; U; Windows NT 5.1; de; rv:1.9.1.5) Gecko/20091102 Firefox/3.5.5 (.NET CLR 3.5.30729)"
93.104.101.107 - - [01/Dec/2009:18:18:15 +0100] "GET /livezilla/image.php?id=04 HTTP/1.1" 200 7276 "http://www.f-m-shop.de/seiten/prod_detail_neuer.cfm?kat=NOTB13&nav=2&artnr=A%20%2026213" "Mozilla/5.0 (Windows; U; Windows NT 5.1; de; rv:1.9.1.5) Gecko/20091102 Firefox/3.5.5 (.NET CLR 3.5.30729)"
95.89.100.157 - - [01/Dec/2009:18:18:17 +0100] "GET /livezilla/livezilla.php?reset=true HTTP/1.1" 200 72028 "http://chat.f-m-shop.de/livezilla/livezilla.php?&reset=true" "Mozilla/5.0 (Windows; U; Windows NT 5.1; de; rv:1.9.1.5) Gecko/20091102 Firefox/3.5.5 (.NET CLR 3.5.30729)"
95.89.100.157 - - [01/Dec/2009:18:18:17 +0100] "GET /livezilla/livezilla.php?template=lz_chat_frame.1.0 HTTP/1.1" 200 279 "http://chat.f-m-shop.de/livezilla/livezilla.php?reset=true" "Mozilla/5.0 (Windows; U; Windows NT 5.1; de; rv:1.9.1.5) Gecko/20091102 Firefox/3.5.5 (.NET CLR 3.5.30729)"
95.89.100.157 - - [01/Dec/2009:18:18:17 +0100] "GET /livezilla/livezilla.php?template=lz_chat_frame.0.0 HTTP/1.1" 200 259 "http://chat.f-m-shop.de/livezilla/livezilla.php?reset=true" "Mozilla/5.0 (Windows; U; Windows NT 5.1; de; rv:1.9.1.5) Gecko/20091102 Firefox/3.5.5 (.NET CLR 3.5.30729)"
95.89.100.157 - - [01/Dec/2009:18:18:17 +0100] "GET /livezilla/livezilla.php?template=lz_chat_frame.0.2 HTTP/1.1" 200 254 "http://chat.f-m-shop.de/livezilla/livezilla.php?reset=true" "Mozilla/5.0 (Windows; U; Windows NT 5.1; de; rv:1.9.1.5) Gecko/20091102 Firefox/3.5.5 (.NET CLR 3.5.30729)"
95.89.100.157 - - [01/Dec/2009:18:18:18 +0100] "GET /livezilla/livezilla.php?template=lz_chat_frame.1.2 HTTP/1.1" 200 264 "http://chat.f-m-shop.de/livezilla/livezilla.php?reset=true" "Mozilla/5.0 (Windows; U; Windows NT 5.1; de; rv:1.9.1.5) Gecko/20091102 Firefox/3.5.5 (.NET CLR 3.5.30729)"
95.89.100.157 - - [01/Dec/2009:18:18:17 +0100] "GET /livezilla/livezilla.php?template=lz_chat_frame.2.0 HTTP/1.1" 200 263 "http://chat.f-m-shop.de/livezilla/livezilla.php?reset=true" "Mozilla/5.0 (Windows; U; Windows NT 5.1; de; rv:1.9.1.5) Gecko/20091102 Firefox/3.5.5 (.NET CLR 3.5.30729)"
95.89.100.157 - - [01/Dec/2009:18:18:17 +0100] "GET /livezilla/livezilla.php?template=lz_chat_frame.0.1 HTTP/1.1" 200 277 "http://chat.f-m-shop.de/livezilla/livezilla.php?reset=true" "Mozilla/5.0 (Windows; U; Windows NT 5.1; de; rv:1.9.1.5) Gecko/20091102 Firefox/3.5.5 (.NET CLR 3.5.30729)"
95.89.100.157 - - [01/Dec/2009:18:18:18 +0100] "GET /livezilla/livezilla.php?template=lz_chat_frame.4.1 HTTP/1.1" 200 455 "http://chat.f-m-shop.de/livezilla/livezilla.php?reset=true" "Mozilla/5.0 (Windows; U; Windows NT 5.1; de; rv:1.9.1.5) Gecko/20091102 Firefox/3.5.5 (.NET CLR 3.5.30729)"
95.89.100.157 - - [01/Dec/2009:18:18:18 +0100] "GET /livezilla/livezilla.php?template=lz_chat_frame.2.2 HTTP/1.1" 200 264 "http://chat.f-m-shop.de/livezilla/livezilla.php?reset=true" "Mozilla/5.0 (Windows; U; Windows NT 5.1; de; rv:1.9.1.5) Gecko/20091102 Firefox/3.5.5 (.NET CLR 3.5.30729)"
95.89.100.157 - - [01/Dec/2009:18:18:18 +0100] "GET /livezilla/livezilla.php?template=lz_chat_frame.5.1 HTTP/1.1" 200 265 "http://chat.f-m-shop.de/livezilla/livezilla.php?reset=true" "Mozilla/5.0 (Windows; U; Windows NT 5.1; de; rv:1.9.1.5) Gecko/20091102 Firefox/3.5.5 (.NET CLR 3.5.30729)"
95.89.100.157 - - [01/Dec/2009:18:18:18 +0100] "GET /livezilla/livezilla.php?template=lz_chat_frame.3.3 HTTP/1.1" 200 239 "http://chat.f-m-shop.de/livezilla/livezilla.php?reset=true" "Mozilla/5.0 (Windows; U; Windows NT 5.1; de; rv:1.9.1.5) Gecko/20091102 Firefox/3.5.5 (.NET CLR 3.5.30729)"
95.89.100.157 - - [01/Dec/2009:18:18:18 +0100] "GET /livezilla/livezilla.php?template=lz_chat_frame.1.1 HTTP/1.1" 200 2257 "http://chat.f-m-shop.de/livezilla/livezilla.php?reset=true" "Mozilla/5.0 (Windows; U; Windows NT 5.1; de; rv:1.9.1.5) Gecko/20091102 Firefox/3.5.5 (.NET CLR 3.5.30729)"
95.89.100.157 - - [01/Dec/2009:18:18:18 +0100] "GET /livezilla/livezilla.php?template=lz_chat_frame.3.0 HTTP/1.1" 200 240 "http://chat.f-m-shop.de/livezilla/livezilla.php?reset=true" "Mozilla/5.0 (Windows; U; Windows NT 5.1; de; rv:1.9.1.5) Gecko/20091102 Firefox/3.5.5 (.NET CLR 3.5.30729)"
95.89.100.157 - - [01/Dec/2009:18:18:18 +0100] "GET /livezilla/livezilla.php?template=lz_chat_frame.3.2.login&reset=true HTTP/1.1" 200 1029 "http://chat.f-m-shop.de/livezilla/livezilla.php?reset=true" "Mozilla/5.0 (Windows; U; Windows NT 5.1; de; rv:1.9.1.5) Gecko/20091102 Firefox/3.5.5 (.NET CLR 3.5.30729)"
95.89.100.157 - - [01/Dec/2009:18:18:19 +0100] "GET /livezilla/livezilla.php?template=lz_chat_frame.3.2.login.1.0&reset=true HTTP/1.1" 200 2953 "http://chat.f-m-shop.de/livezilla/livezilla.php?template=lz_chat_frame.3.2.login&reset=true" "Mozilla/5.0 (Windows; U; Windows NT 5.1; de; rv:1.9.1.5) Gecko/20091102 Firefox/3.5.5 (.NET CLR 3.5.30729)"
95.89.100.157 - - [01/Dec/2009:18:18:19 +0100] "GET /livezilla/livezilla.php?template=lz_chat_frame.3.2.login.0.0 HTTP/1.1" 200 1563 "http://chat.f-m-shop.de/livezilla/livezilla.php?template=lz_chat_frame.3.2.login&reset=true" "Mozilla/5.0 (Windows; U; Windows NT 5.1; de; rv:1.9.1.5) Gecko/20091102 Firefox/3.5.5 (.NET CLR 3.5.30729)"
95.89.100.157 - - [01/Dec/2009:18:18:19 +0100] "GET /livezilla/livezilla.php?template=lz_chat_frame.3.2.login.2.0 HTTP/1.1" 200 277 "http://chat.f-m-shop.de/livezilla/livezilla.php?template=lz_chat_frame.3.2.login&reset=true" "Mozilla/5.0 (Windows; U; Windows NT 5.1; de; rv:1.9.1.5) Gecko/20091102 Firefox/3.5.5 (.NET CLR 3.5.30729)"
91.20.30.104 - - [01/Dec/2009:18:18:20 +0100] "GET /livezilla/image.php?id=04 HTTP/1.1" 200 7276 "http://www.f-m-shop.de/seiten/prod_detail_neuer.cfm?artnr=A%20%2029266&nav=2&kat=MONT22&kat_her=&p_sort=&b_sort=ASC" "Mozilla/5.0 (Windows; U; Windows NT 5.1; de; rv:1.9.1.5) Gecko/20091102 Firefox/3.5.5 (.NET CLR 3.5.30729)"
95.89.100.157 - - [01/Dec/2009:18:18:20 +0100] "POST /livezilla/server.php HTTP/1.1" 200 212 "http://chat.f-m-shop.de/livezilla/livezilla.php?reset=true" "Mozilla/5.0 (Windows; U; Windows NT 5.1; de; rv:1.9.1.5) Gecko/20091102 Firefox/3.5.5 (.NET CLR 3.5.30729)"
192.168.10.10 - - [01/Dec/2009:18:17:53 +0100] "POST /livezilla/server.php?acid=35cf1 HTTP/1.1" 200 - "-" "LiveZilla 3.1.7.7 [http://www.livezilla.net]"
192.168.10.13 - - [01/Dec/2009:18:18:15 +0100] "POST /livezilla/server.php?acid=76555 HTTP/1.1" 200 - "-" "LiveZilla 3.1.7.7 [http://www.livezilla.net]"
192.168.10.10 - - [01/Dec/2009:18:18:42 +0100] "POST /livezilla/server.php?acid=7d8b5 HTTP/1.1" 200 - "-" "LiveZilla 3.1.7.7 [http://www.livezilla.net]"
192.168.10.13 - - [01/Dec/2009:18:19:04 +0100] "POST /livezilla/server.php?acid=c5746 HTTP/1.1" 200 - "-" "LiveZilla 3.1.7.7 [http://www.livezilla.net]"
95.89.100.157 - - [01/Dec/2009:18:19:57 +0100] "GET /livezilla/livezilla.php HTTP/1.1" 200 72008 "http://www.f-m-shop.de/seiten/prod_detail_neuer.cfm?name=NETZKARTE%20PCI-E%20INTEL%20Gigabit%20CT&artnr=A%20%2026064&nav=2&kat=NETKAR&kat_her=&p_sort=ASC&b_sort=ASC" "Mozilla/5.0 (Windows; U; Windows NT 5.1; de; rv:1.9.1.5) Gecko/20091102 Firefox/3.5.5 (.NET CLR 3.5.30729)"
95.89.100.157 - - [01/Dec/2009:18:19:57 +0100] "GET /livezilla/livezilla.php?template=lz_chat_frame.1.1 HTTP/1.1" 200 2257 "http://chat.f-m-shop.de/livezilla/livezilla.php" "Mozilla/5.0 (Windows; U; Windows NT 5.1; de; rv:1.9.1.5) Gecko/20091102 Firefox/3.5.5 (.NET CLR 3.5.30729)"
95.89.100.157 - - [01/Dec/2009:18:19:57 +0100] "GET /livezilla/livezilla.php?template=lz_chat_frame.0.0 HTTP/1.1" 200 259 "http://chat.f-m-shop.de/livezilla/livezilla.php" "Mozilla/5.0 (Windows; U; Windows NT 5.1; de; rv:1.9.1.5) Gecko/20091102 Firefox/3.5.5 (.NET CLR 3.5.30729)"
95.89.100.157 - - [01/Dec/2009:18:19:58 +0100] "GET /livezilla/livezilla.php?template=lz_chat_frame.1.2 HTTP/1.1" 200 264 "http://chat.f-m-shop.de/livezilla/livezilla.php" "Mozilla/5.0 (Windows; U; Windows NT 5.1; de; rv:1.9.1.5) Gecko/20091102 Firefox/3.5.5 (.NET CLR 3.5.30729)"
95.89.100.157 - - [01/Dec/2009:18:19:57 +0100] "GET /livezilla/livezilla.php?template=lz_chat_frame.3.2.login& HTTP/1.1" 200 1019 "http://chat.f-m-shop.de/livezilla/livezilla.php" "Mozilla/5.0 (Windows; U; Windows NT 5.1; de; rv:1.9.1.5) Gecko/20091102 Firefox/3.5.5 (.NET CLR 3.5.30729)"
95.89.100.157 - - [01/Dec/2009:18:19:58 +0100] "GET /livezilla/livezilla.php?template=lz_chat_frame.3.0 HTTP/1.1" 200 240 "http://chat.f-m-shop.de/livezilla/livezilla.php" "Mozilla/5.0 (Windows; U; Windows NT 5.1; de; rv:1.9.1.5) Gecko/20091102 Firefox/3.5.5 (.NET CLR 3.5.30729)"
95.89.100.157 - - [01/Dec/2009:18:19:58 +0100] "GET /livezilla/livezilla.php?template=lz_chat_frame.5.1 HTTP/1.1" 200 265 "http://chat.f-m-shop.de/livezilla/livezilla.php" "Mozilla/5.0 (Windows; U; Windows NT 5.1; de; rv:1.9.1.5) Gecko/20091102 Firefox/3.5.5 (.NET CLR 3.5.30729)"
95.89.100.157 - - [01/Dec/2009:18:19:57 +0100] "GET /livezilla/livezilla.php?template=lz_chat_frame.4.1 HTTP/1.1" 200 455 "http://chat.f-m-shop.de/livezilla/livezilla.php" "Mozilla/5.0 (Windows; U; Windows NT 5.1; de; rv:1.9.1.5) Gecko/20091102 Firefox/3.5.5 (.NET CLR 3.5.30729)"
95.89.100.157 - - [01/Dec/2009:18:19:58 +0100] "GET /livezilla/livezilla.php?template=lz_chat_frame.3.2.login.1.0& HTTP/1.1" 200 2953 "http://chat.f-m-shop.de/livezilla/livezilla.php?template=lz_chat_frame.3.2.login&" "Mozilla/5.0 (Windows; U; Windows NT 5.1; de; rv:1.9.1.5) Gecko/20091102 Firefox/3.5.5 (.NET CLR 3.5.30729)"
95.89.100.157 - - [01/Dec/2009:18:19:58 +0100] "GET /livezilla/livezilla.php?template=lz_chat_frame.2.2 HTTP/1.1" 200 264 "http://chat.f-m-shop.de/livezilla/livezilla.php" "Mozilla/5.0 (Windows; U; Windows NT 5.1; de; rv:1.9.1.5) Gecko/20091102 Firefox/3.5.5 (.NET CLR 3.5.30729)"
95.89.100.157 - - [01/Dec/2009:18:19:59 +0100] "GET /livezilla/livezilla.php?template=lz_chat_frame.3.2.login.2.0 HTTP/1.1" 200 277 "http://chat.f-m-shop.de/livezilla/livezilla.php?template=lz_chat_frame.3.2.login&" "Mozilla/5.0 (Windows; U; Windows NT 5.1; de; rv:1.9.1.5) Gecko/20091102 Firefox/3.5.5 (.NET CLR 3.5.30729)"
95.89.100.157 - - [01/Dec/2009:18:19:58 +0100] "GET /livezilla/livezilla.php?template=lz_chat_frame.3.2.login.0.0 HTTP/1.1" 200 1563 "http://chat.f-m-shop.de/livezilla/livezilla.php?template=lz_chat_frame.3.2.login&" "Mozilla/5.0 (Windows; U; Windows NT 5.1; de; rv:1.9.1.5) Gecko/20091102 Firefox/3.5.5 (.NET CLR 3.5.30729)"
95.89.100.157 - - [01/Dec/2009:18:19:58 +0100] "GET /livezilla/livezilla.php?template=lz_chat_frame.3.3 HTTP/1.1" 200 239 "http://chat.f-m-shop.de/livezilla/livezilla.php" "Mozilla/5.0 (Windows; U; Windows NT 5.1; de; rv:1.9.1.5) Gecko/20091102 Firefox/3.5.5 (.NET CLR 3.5.30729)"
95.89.100.157 - - [01/Dec/2009:18:19:57 +0100] "GET /livezilla/livezilla.php?template=lz_chat_frame.2.0 HTTP/1.1" 200 263 "http://chat.f-m-shop.de/livezilla/livezilla.php" "Mozilla/5.0 (Windows; U; Windows NT 5.1; de; rv:1.9.1.5) Gecko/20091102 Firefox/3.5.5 (.NET CLR 3.5.30729)"
95.89.100.157 - - [01/Dec/2009:18:19:59 +0100] "GET /livezilla/livezilla.php?template=lz_chat_frame.1.0 HTTP/1.1" 200 279 "http://chat.f-m-shop.de/livezilla/livezilla.php" "Mozilla/5.0 (Windows; U; Windows NT 5.1; de; rv:1.9.1.5) Gecko/20091102 Firefox/3.5.5 (.NET CLR 3.5.30729)"
95.89.100.157 - - [01/Dec/2009:18:19:57 +0100] "GET /livezilla/livezilla.php?template=lz_chat_frame.0.2 HTTP/1.1" 200 254 "http://chat.f-m-shop.de/livezilla/livezilla.php" "Mozilla/5.0 (Windows; U; Windows NT 5.1; de; rv:1.9.1.5) Gecko/20091102 Firefox/3.5.5 (.NET CLR 3.5.30729)"
95.89.100.157 - - [01/Dec/2009:18:19:59 +0100] "GET /livezilla/livezilla.php?template=lz_chat_frame.0.1 HTTP/1.1" 200 277 "http://chat.f-m-shop.de/livezilla/livezilla.php" "Mozilla/5.0 (Windows; U; Windows NT 5.1; de; rv:1.9.1.5) Gecko/20091102 Firefox/3.5.5 (.NET CLR 3.5.30729)"
95.89.100.157 - - [01/Dec/2009:18:20:00 +0100] "POST /livezilla/server.php HTTP/1.1" 200 212 "http://chat.f-m-shop.de/livezilla/livezilla.php" "Mozilla/5.0 (Windows; U; Windows NT 5.1; de; rv:1.9.1.5) Gecko/20091102 Firefox/3.5.5 (.NET CLR 3.5.30729)"
95.89.100.157 - - [01/Dec/2009:18:20:00 +0100] "POST /livezilla/livezilla.php?template=lz_chat_frame.3.2.mail HTTP/1.1" 200 4016 "http://chat.f-m-shop.de/livezilla/livezilla.php?template=lz_chat_frame.3.2.login.1.0&" "Mozilla/5.0 (Windows; U; Windows NT 5.1; de; rv:1.9.1.5) Gecko/20091102 Firefox/3.5.5 (.NET CLR 3.5.30729)"
95.89.100.157 - - [01/Dec/2009:18:20:00 +0100] "GET /livezilla/livezilla.php?template=lz_chat_frame.3.2.mail HTTP/1.1" 200 4007 "http://chat.f-m-shop.de/livezilla/livezilla.php" "Mozilla/5.0 (Windows; U; Windows NT 5.1; de; rv:1.9.1.5) Gecko/20091102 Firefox/3.5.5 (.NET CLR 3.5.30729)"
95.89.100.157 - - [01/Dec/2009:18:20:12 +0100] "GET /livezilla/image.php?id=04 HTTP/1.1" 200 7276 "http://www.f-m-shop.de/seiten/prod_detail_neuer.cfm?name=NETZKARTE%20PCI-E%20INTEL%20Gigabit%20CT&artnr=A%20%2026064&nav=2&kat=NETKAR&kat_her=&p_sort=ASC&b_sort=ASC" "Mozilla/5.0 (Windows; U; Windows NT 5.1; de; rv:1.9.1.5) Gecko/20091102 Firefox/3.5.5 (.NET CLR 3.5.30729)"
192.168.10.10 - - [01/Dec/2009:18:19:30 +0100] "POST /livezilla/server.php?acid=fe9b2 HTTP/1.1" 200 - "-" "LiveZilla 3.1.7.7 [http://www.livezilla.net]"
95.89.100.157 - - [01/Dec/2009:18:20:36 +0100] "GET /livezilla/image.php?id=04 HTTP/1.1" 200 7276 "http://www.f-m-shop.de/seiten/prod_detail_neuer.cfm?artnr=A%20%2026064&nav=2&kat=NETKAR" "Mozilla/5.0 (Windows; U; Windows NT 5.1; de; rv:1.9.1.5) Gecko/20091102 Firefox/3.5.5 (.NET CLR 3.5.30729)"
192.168.10.13 - - [01/Dec/2009:18:19:52 +0100] "POST /livezilla/server.php?acid=03150 HTTP/1.1" 200 - "-" "LiveZilla 3.1.7.7 [http://www.livezilla.net]"
217.87.86.105 - - [01/Dec/2009:18:20:44 +0100] "GET /livezilla/image.php?id=04 HTTP/1.1" 200 7276 "http://www.f-m-shop.de/seiten/prod_detail_neuer.cfm?name=LCD%2022%22%20%20%20EIZO%20CG222W%20+%20DTP94%20%20%20%20schwarz&artnr=A%20%2023193&nav=2&kat=MONT22&kat_her=&p_sort=&b_sort=ASC" "Mozilla/5.0 (Macintosh; U; PPC Mac OS X 10_4_11; de-de) AppleWebKit/530.19.2 (KHTML, like Gecko) Version/4.0.2 Safari/530.19"
192.168.10.10 - - [01/Dec/2009:18:20:19 +0100] "POST /livezilla/server.php?acid=dde21 HTTP/1.1" 200 - "-" "LiveZilla 3.1.7.7 [http://www.livezilla.net]"
192.168.10.13 - - [01/Dec/2009:18:20:41 +0100] "POST /livezilla/server.php?acid=b2eb3 HTTP/1.1" 200 - "-" "LiveZilla 3.1.7.7 [http://www.livezilla.net]"
80.138.108.9 - - [01/Dec/2009:18:21:30 +0100] "GET /livezilla/image.php?id=04 HTTP/1.1" 200 7276 "http://www.f-m-shop.de/seiten/prod_detail_neuer.cfm?kat=NOTB15&nav=2&artnr=A%20%2030077" "Mozilla/5.0 (Windows; U; Windows NT 5.0; de; rv:1.9.1.5) Gecko/20091102 YFF3 Firefox/3.5.5"
192.168.10.10 - - [01/Dec/2009:18:21:07 +0100] "POST /livezilla/server.php?acid=fbdd1 HTTP/1.1" 200 - "-" "LiveZilla 3.1.7.7 [http://www.livezilla.net]"
192.168.10.13 - - [01/Dec/2009:18:21:29 +0100] "POST /livezilla/server.php?acid=84e17 HTTP/1.1" 200 - "-" "LiveZilla 3.1.7.7 [http://www.livezilla.net]"
80.78.180.186 - - [01/Dec/2009:18:22:37 +0100] "GET /livezilla/image.php?id=04 HTTP/1.1" 200 7276 "http://www.f-m-shop.de/seiten/prod_detail_neuer.cfm?kat=NOTZBH&nav=2&artnr=A%20%2025230" "Mozilla/5.0 (Windows; U; Windows NT 6.1; de; rv:1.9.1.5) Gecko/20091102 Firefox/3.5.5 (.NET CLR 3.5.30729)"
192.168.10.10 - - [01/Dec/2009:18:21:56 +0100] "POST /livezilla/server.php?acid=a3db9 HTTP/1.1" 200 - "-" "LiveZilla 3.1.7.7 [http://www.livezilla.net]"
87.176.117.83 - - [01/Dec/2009:18:22:42 +0100] "GET /livezilla/image.php?id=04 HTTP/1.1" 200 7276 "http://www.f-m-shop.de/seiten/prod_detail_neuer.cfm?kat=MONT23&nav=2&artnr=A%20%2029043" "Mozilla/5.0 (Windows; U; Windows NT 6.0; de; rv:1.9.1.5) Gecko/20091102 Firefox/3.5.5 (.NET CLR 3.5.30729)"
192.168.10.13 - - [01/Dec/2009:18:22:17 +0100] "POST /livezilla/server.php?acid=c8ed2 HTTP/1.1" 200 - "-" "LiveZilla 3.1.7.7 [http://www.livezilla.net]"
192.168.10.10 - - [01/Dec/2009:18:22:44 +0100] "POST /livezilla/server.php?acid=451e9 HTTP/1.1" 200 - "-" "LiveZilla 3.1.7.7 [http://www.livezilla.net]"
131.234.188.166 - - [01/Dec/2009:18:23:43 +0100] "GET /livezilla/image.php?id=04 HTTP/1.1" 200 7276 "http://www.f-m-shop.de/seiten/prod_detail_neuer.cfm?kat=MONT24&nav=2&artnr=A%20%2029040" "Mozilla/5.0 (Macintosh; U; Intel Mac OS X 10_6_2; de-de) AppleWebKit/531.21.8 (KHTML, like Gecko) Version/4.0.4 Safari/531.21.10"
192.168.10.13 - - [01/Dec/2009:18:23:06 +0100] "POST /livezilla/server.php?acid=4d072 HTTP/1.1" 200 - "-" "LiveZilla 3.1.7.7 [http://www.livezilla.net]"
217.87.86.105 - - [01/Dec/2009:18:23:57 +0100] "GET /livezilla/image.php?id=04 HTTP/1.1" 200 7276 "http://www.f-m-shop.de/seiten/prod_detail_neuer.cfm?name=LCD%2024,1%22%20EIZO%20CG241W%20%20%20%20%20%20%20%20%20%20%20%20schwarz&artnr=A%20%2019542&nav=2&kat=MONT24&kat_her=&p_sort=&b_sort=ASC" "Mozilla/5.0 (Macintosh; U; PPC Mac OS X 10_4_11; de-de) AppleWebKit/530.19.2 (KHTML, like Gecko) Version/4.0.2 Safari/530.19"
91.20.30.104 - - [01/Dec/2009:18:23:59 +0100] "GET /livezilla/image.php?id=04 HTTP/1.1" 200 7276 "http://www.f-m-shop.de/seiten/prod_detail_neuer.cfm?kat=NETWLADA&nav=2&artnr=A%20%2023804" "Mozilla/5.0 (Windows; U; Windows NT 5.1; de; rv:1.9.1.5) Gecko/20091102 Firefox/3.5.5 (.NET CLR 3.5.30729)"
192.168.10.10 - - [01/Dec/2009:18:23:32 +0100] "POST /livezilla/server.php?acid=338b9 HTTP/1.1" 200 - "-" "LiveZilla 3.1.7.7 [http://www.livezilla.net]"
77.64.192.138 - - [01/Dec/2009:18:24:32 +0100] "GET /livezilla/image.php?id=04 HTTP/1.1" 200 7276 "http://www.f-m-shop.de/seiten/prod_detail_neuer.cfm?kat=KABADAP&nav=2&artnr=A%20%2013672" "Mozilla/5.0 (Windows; U; Windows NT 5.1; de; rv:1.9.1.5) Gecko/20091102 Firefox/3.5.5 (.NET CLR 3.5.30729)"
91.20.30.104 - - [01/Dec/2009:18:24:32 +0100] "GET /livezilla/image.php?id=04 HTTP/1.1" 200 7276 "http://www.f-m-shop.de/seiten/prod_detail_neuer.cfm?name=LCD%2022%22%20%20%20EIZO%20FlexScan%20S2233WH%20%20black&artnr=A%20%2029263&nav=2&kat=MONT22" "Mozilla/5.0 (Windows; U; Windows NT 5.1; de; rv:1.9.1.5) Gecko/20091102 Firefox/3.5.5 (.NET CLR 3.5.30729)"
91.20.30.104 - - [01/Dec/2009:18:24:37 +0100] "GET /livezilla/image.php?id=04 HTTP/1.1" 200 7276 "http://www.f-m-shop.de/seiten/prod_detail_neuer.cfm?kat=NETWLADA&nav=2&artnr=A%20%2023804" "Mozilla/5.0 (Windows; U; Windows NT 5.1; de; rv:1.9.1.5) Gecko/20091102 Firefox/3.5.5 (.NET CLR 3.5.30729)"
192.168.10.13 - - [01/Dec/2009:18:23:54 +0100] "POST /livezilla/server.php?acid=7a73a HTTP/1.1" 200 - "-" "LiveZilla 3.1.7.7 [http://www.livezilla.net]"
77.178.4.26 - - [01/Dec/2009:18:24:40 +0100] "GET /livezilla/image.php?id=04 HTTP/1.1" 200 7276 "http://www.f-m-shop.de/seiten/prod_detail_neuer.cfm?kat=SOFBETR&nav=2&artnr=A 29789" "Mozilla/4.0 (compatible; MSIE 8.0; Windows NT 6.0; Trident/4.0; GTB6; SLCC1; .NET CLR 2.0.50727; Media Center PC 5.0; .NET CLR 3.5.30729; .NET CLR 1.1.4322; .NET CLR 3.0.30729; OfficeLiveConnector.1.4; OfficeLivePatch.1.3)"
91.20.30.104 - - [01/Dec/2009:18:24:48 +0100] "GET /livezilla/image.php?id=04 HTTP/1.1" 200 7276 "http://www.f-m-shop.de/seiten/prod_detail_neuer.cfm?name=LCD%2022%22%20%20%20EIZO%20FlexScan%20S2233WH%20%20black&artnr=A%20%2029263&nav=2&kat=MONT22" "Mozilla/5.0 (Windows; U; Windows NT 5.1; de; rv:1.9.1.5) Gecko/20091102 Firefox/3.5.5 (.NET CLR 3.5.30729)"
192.168.10.10 - - [01/Dec/2009:18:24:21 +0100] "POST /livezilla/server.php?acid=d9701 HTTP/1.1" 200 - "-" "LiveZilla 3.1.7.7 [http://www.livezilla.net]"
88.67.246.157 - - [01/Dec/2009:18:25:10 +0100] "GET /livezilla/image.php?id=04 HTTP/1.1" 200 7276 "http://www.f-m-shop.de/seiten/prod_detail_neuer.cfm?kat=NAVMOD&nav=2&artnr=A 29480" "Mozilla/4.0 (compatible; MSIE 6.0; Windows NT 5.1; SV1)"
192.168.10.13 - - [01/Dec/2009:18:24:42 +0100] "POST /livezilla/server.php?acid=f3df7 HTTP/1.1" 200 - "-" "LiveZilla 3.1.7.7 [http://www.livezilla.net]"
91.20.30.104 - - [01/Dec/2009:18:25:27 +0100] "GET /livezilla/image.php?id=04 HTTP/1.1" 200 7276 "http://www.f-m-shop.de/seiten/prod_detail_neuer.cfm?kat=MONT22&nav=2&artnr=A%20%2029263" "Mozilla/5.0 (Windows; U; Windows NT 5.1; de; rv:1.9.1.5) Gecko/20091102 Firefox/3.5.5 (.NET CLR 3.5.30729)"
188.193.14.239 - - [01/Dec/2009:18:25:29 +0100] "GET /livezilla/image.php?id=04 HTTP/1.1" 200 7276 "http://www.f-m-shop.de/seiten/prod_detail_neuer.cfm?kat=NAVMOD&nav=2&artnr=A%20%2029483" "Mozilla/5.0 (Windows; U; Windows NT 5.1; de; rv:1.9.1.5) Gecko/20091102 Firefox/3.5.5"
192.168.10.10 - - [01/Dec/2009:18:25:09 +0100] "POST /livezilla/server.php?acid=870e6 HTTP/1.1" 200 - "-" "LiveZilla 3.1.7.7 [http://www.livezilla.net]"
91.20.30.104 - - [01/Dec/2009:18:26:03 +0100] "GET /livezilla/image.php?id=04 HTTP/1.1" 200 7276 "http://www.f-m-shop.de/seiten/prod_detail_neuer.cfm?kat=MONT22&nav=2&artnr=A%20%2029263" "Mozilla/5.0 (Windows; U; Windows NT 5.1; de; rv:1.9.1.5) Gecko/20091102 Firefox/3.5.5 (.NET CLR 3.5.30729)"
192.168.10.13 - - [01/Dec/2009:18:25:31 +0100] "POST /livezilla/server.php?acid=d7600 HTTP/1.1" 200 - "-" "LiveZilla 3.1.7.7 [http://www.livezilla.net]"
38.98.120.84 - - [01/Dec/2009:18:26:16 +0100] "GET /robots.txt HTTP/1.1" 404 1256 "-" "ShopWiki/1.0 ( +http://www.shopwiki.com/wiki/Help:Bot)"
192.168.10.10 - - [01/Dec/2009:18:26:16 +0100] "POST /livezilla/server.php?acid=8084b HTTP/1.1" 200 - "-" "LiveZilla 3.1.7.7 [http://www.livezilla.net]"
91.13.116.210 - - [01/Dec/2009:18:26:25 +0100] "GET /livezilla/image.php?id=04 HTTP/1.1" 200 7276 "http://www.f-m-shop.de/seiten/prod_detail_neuer.cfm?kat=NAVMOD&nav=2&artnr=A 29484" "Mozilla/4.0 (compatible; MSIE 8.0; Windows NT 5.1; Trident/4.0; GTB6; .NET CLR 2.0.50727; .NET CLR 1.1.4322; .NET CLR 3.0.4506.2152; .NET CLR 3.5.30729)"
188.193.14.239 - - [01/Dec/2009:18:26:27 +0100] "GET /livezilla/livezilla.php HTTP/1.1" 200 72007 "http://www.f-m-shop.de/seiten/prod_detail_neuer.cfm?kat=NAVMOD&nav=2&artnr=A%20%2029483" "Mozilla/5.0 (Windows; U; Windows NT 5.1; de; rv:1.9.1.5) Gecko/20091102 Firefox/3.5.5"
188.193.14.239 - - [01/Dec/2009:18:26:27 +0100] "GET /livezilla/templates/style.css HTTP/1.1" 200 8998 "http://chat.f-m-shop.de/livezilla/livezilla.php" "Mozilla/5.0 (Windows; U; Windows NT 5.1; de; rv:1.9.1.5) Gecko/20091102 Firefox/3.5.5"
188.193.14.239 - - [01/Dec/2009:18:26:27 +0100] "GET /livezilla/images/favicon.ico HTTP/1.1" 200 43302 "-" "Mozilla/5.0 (Windows; U; Windows NT 5.1; de; rv:1.9.1.5) Gecko/20091102 Firefox/3.5.5"
188.193.14.239 - - [01/Dec/2009:18:26:27 +0100] "GET /livezilla/livezilla.php?template=lz_chat_frame.1.0 HTTP/1.1" 200 279 "http://chat.f-m-shop.de/livezilla/livezilla.php" "Mozilla/5.0 (Windows; U; Windows NT 5.1; de; rv:1.9.1.5) Gecko/20091102 Firefox/3.5.5"
188.193.14.239 - - [01/Dec/2009:18:26:27 +0100] "GET /livezilla/livezilla.php?template=lz_chat_frame.0.2 HTTP/1.1" 200 254 "http://chat.f-m-shop.de/livezilla/livezilla.php" "Mozilla/5.0 (Windows; U; Windows NT 5.1; de; rv:1.9.1.5) Gecko/20091102 Firefox/3.5.5"
188.193.14.239 - - [01/Dec/2009:18:26:27 +0100] "GET /livezilla/livezilla.php?template=lz_chat_frame.1.1 HTTP/1.1" 200 2257 "http://chat.f-m-shop.de/livezilla/livezilla.php" "Mozilla/5.0 (Windows; U; Windows NT 5.1; de; rv:1.9.1.5) Gecko/20091102 Firefox/3.5.5"
188.193.14.239 - - [01/Dec/2009:18:26:27 +0100] "GET /livezilla/livezilla.php?template=lz_chat_frame.0.0 HTTP/1.1" 200 259 "http://chat.f-m-shop.de/livezilla/livezilla.php" "Mozilla/5.0 (Windows; U; Windows NT 5.1; de; rv:1.9.1.5) Gecko/20091102 Firefox/3.5.5"
188.193.14.239 - - [01/Dec/2009:18:26:27 +0100] "GET /livezilla/livezilla.php?template=lz_chat_frame.2.0 HTTP/1.1" 200 263 "http://chat.f-m-shop.de/livezilla/livezilla.php" "Mozilla/5.0 (Windows; U; Windows NT 5.1; de; rv:1.9.1.5) Gecko/20091102 Firefox/3.5.5"
188.193.14.239 - - [01/Dec/2009:18:26:27 +0100] "GET /livezilla/livezilla.php?template=lz_chat_frame.3.2.login& HTTP/1.1" 200 1019 "http://chat.f-m-shop.de/livezilla/livezilla.php" "Mozilla/5.0 (Windows; U; Windows NT 5.1; de; rv:1.9.1.5) Gecko/20091102 Firefox/3.5.5"
188.193.14.239 - - [01/Dec/2009:18:26:27 +0100] "GET /livezilla/livezilla.php?template=lz_chat_frame.0.1 HTTP/1.1" 200 277 "http://chat.f-m-shop.de/livezilla/livezilla.php" "Mozilla/5.0 (Windows; U; Windows NT 5.1; de; rv:1.9.1.5) Gecko/20091102 Firefox/3.5.5"
188.193.14.239 - - [01/Dec/2009:18:26:28 +0100] "GET /livezilla/livezilla.php?template=lz_chat_frame.4.1 HTTP/1.1" 200 455 "http://chat.f-m-shop.de/livezilla/livezilla.php" "Mozilla/5.0 (Windows; U; Windows NT 5.1; de; rv:1.9.1.5) Gecko/20091102 Firefox/3.5.5"
188.193.14.239 - - [01/Dec/2009:18:26:28 +0100] "GET /livezilla/livezilla.php?template=lz_chat_frame.3.3 HTTP/1.1" 200 239 "http://chat.f-m-shop.de/livezilla/livezilla.php" "Mozilla/5.0 (Windows; U; Windows NT 5.1; de; rv:1.9.1.5) Gecko/20091102 Firefox/3.5.5"
188.193.14.239 - - [01/Dec/2009:18:26:28 +0100] "GET /livezilla/livezilla.php?template=lz_chat_frame.1.2 HTTP/1.1" 200 264 "http://chat.f-m-shop.de/livezilla/livezilla.php" "Mozilla/5.0 (Windows; U; Windows NT 5.1; de; rv:1.9.1.5) Gecko/20091102 Firefox/3.5.5"
188.193.14.239 - - [01/Dec/2009:18:26:28 +0100] "GET /livezilla/livezilla.php?template=lz_chat_frame.2.2 HTTP/1.1" 200 264 "http://chat.f-m-shop.de/livezilla/livezilla.php" "Mozilla/5.0 (Windows; U; Windows NT 5.1; de; rv:1.9.1.5) Gecko/20091102 Firefox/3.5.5"
188.193.14.239 - - [01/Dec/2009:18:26:29 +0100] "GET /livezilla/images/icon_vcard.gif HTTP/1.1" 200 559 "http://chat.f-m-shop.de/livezilla/livezilla.php?template=lz_chat_frame.1.1" "Mozilla/5.0 (Windows; U; Windows NT 5.1; de; rv:1.9.1.5) Gecko/20091102 Firefox/3.5.5"
188.193.14.239 - - [01/Dec/2009:18:26:29 +0100] "GET /livezilla/images/icon_typing.gif HTTP/1.1" 200 1106 "http://chat.f-m-shop.de/livezilla/livezilla.php?template=lz_chat_frame.1.1" "Mozilla/5.0 (Windows; U; Windows NT 5.1; de; rv:1.9.1.5) Gecko/20091102 Firefox/3.5.5"
188.193.14.239 - - [01/Dec/2009:18:26:29 +0100] "GET /livezilla/intern_images/nopic.jpg HTTP/1.1" 200 3599 "http://chat.f-m-shop.de/livezilla/livezilla.php?template=lz_chat_frame.1.1" "Mozilla/5.0 (Windows; U; Windows NT 5.1; de; rv:1.9.1.5) Gecko/20091102 Firefox/3.5.5"
188.193.14.239 - - [01/Dec/2009:18:26:29 +0100] "GET /livezilla/images/lz_header.gif HTTP/1.1" 200 7285 "http://chat.f-m-shop.de/livezilla/livezilla.php?template=lz_chat_frame.1.1" "Mozilla/5.0 (Windows; U; Windows NT 5.1; de; rv:1.9.1.5) Gecko/20091102 Firefox/3.5.5"
188.193.14.239 - - [01/Dec/2009:18:26:29 +0100] "GET /livezilla/images/carrier_logo.gif HTTP/1.1" 200 6003 "http://chat.f-m-shop.de/livezilla/livezilla.php?template=lz_chat_frame.1.1" "Mozilla/5.0 (Windows; U; Windows NT 5.1; de; rv:1.9.1.5) Gecko/20091102 Firefox/3.5.5"
188.193.14.239 - - [01/Dec/2009:18:26:29 +0100] "GET /livezilla/images/lz_rep_bg_left.gif HTTP/1.1" 200 593 "http://chat.f-m-shop.de/livezilla/livezilla.php?template=lz_chat_frame.1.1" "Mozilla/5.0 (Windows; U; Windows NT 5.1; de; rv:1.9.1.5) Gecko/20091102 Firefox/3.5.5"
188.193.14.239 - - [01/Dec/2009:18:26:29 +0100] "GET /livezilla/images/lz_rep_bg.gif HTTP/1.1" 200 320 "http://chat.f-m-shop.de/livezilla/livezilla.php?template=lz_chat_frame.1.1" "Mozilla/5.0 (Windows; U; Windows NT 5.1; de; rv:1.9.1.5) Gecko/20091102 Firefox/3.5.5"
188.193.14.239 - - [01/Dec/2009:18:26:28 +0100] "GET /livezilla/livezilla.php?template=lz_chat_frame.5.1 HTTP/1.1" 200 265 "http://chat.f-m-shop.de/livezilla/livezilla.php" "Mozilla/5.0 (Windows; U; Windows NT 5.1; de; rv:1.9.1.5) Gecko/20091102 Firefox/3.5.5"
188.193.14.239 - - [01/Dec/2009:18:26:29 +0100] "GET /livezilla/images/lz_rep_bg_right.gif HTTP/1.1" 200 590 "http://chat.f-m-shop.de/livezilla/livezilla.php?template=lz_chat_frame.1.1" "Mozilla/5.0 (Windows; U; Windows NT 5.1; de; rv:1.9.1.5) Gecko/20091102 Firefox/3.5.5"
188.193.14.239 - - [01/Dec/2009:18:26:29 +0100] "GET /livezilla/images/chat_bg_footer.gif HTTP/1.1" 200 194 "http://chat.f-m-shop.de/livezilla/templates/style.css" "Mozilla/5.0 (Windows; U; Windows NT 5.1; de; rv:1.9.1.5) Gecko/20091102 Firefox/3.5.5"
