84.140.233.200 - - [01/Dec/2009:09:31:51 +0100] "GET /livezilla/server.php?request=track&start=1259656262410&browid=6203463&url=http%3A%2F%2Fwww.f-m-shop.de%2Fseiten%2Fstart_advent.cfm&livezilla=1a6860d&cd=32&rh=1024&rw=1280&rf=http%3A%2F%2Fwww.f-m-shop.de%2Fseiten%2Fframe.html&tzo=1&code= HTTP/1.1" 200 85 "http://www.f-m-shop.de/seiten/start_advent.cfm" "Opera/9.80 (Windows NT 6.0; U; de) Presto/2.2.15 Version/10.10"
87.176.209.103 - - [01/Dec/2009:09:31:56 +0100] "GET /livezilla/image.php?id=04 HTTP/1.1" 200 7276 "http://www.f-m-shop.de/seiten/prod_detail_neuer.cfm?kat=HDDGEH&nav=2&artnr=A 28882" "Mozilla/4.0 (compatible; MSIE 8.0; Windows NT 5.1; Trident/4.0; .NET CLR 1.1.4322; .NET CLR 2.0.50727; .NET CLR 3.0.4506.2152; .NET CLR 3.5.30729)"
192.168.10.33 - - [01/Dec/2009:09:32:01 +0100] "GET /livezilla/server.php?request=track&start=1259656321101&browid=f10546e&url=http%3A%2F%2Fwww.f-m-shop.de%2Fseiten%2Fstart_advent.cfm&livezilla=2da9876&cd=32&rh=1050&rw=1680&rf=http%3A%2F%2Fwww.f-m-shop.de%2Fseiten%2Fframe.html&tzo=1&code= HTTP/1.1" 200 85 "http://www.f-m-shop.de/seiten/start_advent.cfm" "Mozilla/4.0 (compatible; MSIE 8.0; Windows NT 5.1; Trident/4.0; GTB6; .NET CLR 2.0.50727; InfoPath.1; .NET CLR 3.0.4506.2152; .NET CLR 3.5.30729)"
195.145.211.194 - - [01/Dec/2009:09:32:02 +0100] "GET /livezilla/server.php?request=track&start=1259656323378&browid=78bf9cd&url=http%3A%2F%2Fwww.f-m-shop.de%2Fseiten%2Fstart_advent.cfm&livezilla=0b8fe78&cd=32&rh=1200&rw=1600&rf=http%3A%2F%2Fwww.f-m-shop.de%2Fseiten%2Fframe.html&tzo=1&code= HTTP/1.1" 200 85 "http://www.f-m-shop.de/seiten/start_advent.cfm" "Mozilla/4.0 (compatible; MSIE 6.0; Windows NT 5.0)"
80.132.118.185 - - [01/Dec/2009:09:32:17 +0100] "GET /livezilla/image.php?id=04 HTTP/1.1" 200 7276 "http://www.f-m-shop.de/seiten/prod_detail_neuer.cfm?kat=MONT20&nav=2&artnr=A 27669" "Mozilla/4.0 (compatible; MSIE 8.0; Windows NT 5.1; Trident/4.0; GTB6.3; .NET CLR 1.1.4322)"
192.168.10.10 - - [01/Dec/2009:09:31:36 +0100] "POST /livezilla/server.php?acid=c0a30 HTTP/1.1" 200 - "-" "LiveZilla 3.1.7.7 [http://www.livezilla.net]"
84.140.233.200 - - [01/Dec/2009:09:32:21 +0100] "GET /livezilla/server.php?request=track&start=1259656292401&browid=6203463&url=http%3A%2F%2Fwww.f-m-shop.de%2Fseiten%2Fstart_advent.cfm&livezilla=1a6860d&cd=32&rh=1024&rw=1280&rf=http%3A%2F%2Fwww.f-m-shop.de%2Fseiten%2Fframe.html&tzo=1&code= HTTP/1.1" 200 85 "http://www.f-m-shop.de/seiten/start_advent.cfm" "Opera/9.80 (Windows NT 6.0; U; de) Presto/2.2.15 Version/10.10"
192.168.10.33 - - [01/Dec/2009:09:32:31 +0100] "GET /livezilla/server.php?request=track&start=1259656351100&browid=f10546e&url=http%3A%2F%2Fwww.f-m-shop.de%2Fseiten%2Fstart_advent.cfm&livezilla=2da9876&cd=32&rh=1050&rw=1680&rf=http%3A%2F%2Fwww.f-m-shop.de%2Fseiten%2Fframe.html&tzo=1&code= HTTP/1.1" 200 85 "http://www.f-m-shop.de/seiten/start_advent.cfm" "Mozilla/4.0 (compatible; MSIE 8.0; Windows NT 5.1; Trident/4.0; GTB6; .NET CLR 2.0.50727; InfoPath.1; .NET CLR 3.0.4506.2152; .NET CLR 3.5.30729)"
91.15.27.241 - - [01/Dec/2009:09:32:31 +0100] "GET /livezilla/image.php?id=04 HTTP/1.1" 200 7276 "http://www.f-m-shop.de/seiten/prod_detail_neuer.cfm?kat=NETWLROU&nav=2&artnr=A%20%2015621" "Mozilla/5.0 (Windows; U; Windows NT 5.1; de; rv:1.9.0.15) Gecko/2009101601 Firefox/3.0.15 (.NET CLR 3.5.30729)"
192.168.10.13 - - [01/Dec/2009:09:31:53 +0100] "POST /livezilla/server.php?acid=87d28 HTTP/1.1" 200 - "-" "LiveZilla 3.1.7.7 [http://www.livezilla.net]"
84.140.233.200 - - [01/Dec/2009:09:32:51 +0100] "GET /livezilla/server.php?request=track&start=1259656322399&browid=6203463&url=http%3A%2F%2Fwww.f-m-shop.de%2Fseiten%2Fstart_advent.cfm&livezilla=1a6860d&cd=32&rh=1024&rw=1280&rf=http%3A%2F%2Fwww.f-m-shop.de%2Fseiten%2Fframe.html&tzo=1&code= HTTP/1.1" 200 85 "http://www.f-m-shop.de/seiten/start_advent.cfm" "Opera/9.80 (Windows NT 6.0; U; de) Presto/2.2.15 Version/10.10"
194.126.228.2 - - [01/Dec/2009:09:32:56 +0100] "GET /livezilla/image.php?id=04 HTTP/1.0" 200 7276 "http://www.f-m-shop.de/seiten/prod_detail_neuer.cfm?kat=NOTB15&nav=2&artnr=A 30077" "Mozilla/4.0 (compatible; MSIE 6.0; Windows NT 5.1; SV1; .NET CLR 2.0.50727)"
192.168.10.33 - - [01/Dec/2009:09:33:01 +0100] "GET /livezilla/server.php?request=track&start=1259656381099&browid=f10546e&url=http%3A%2F%2Fwww.f-m-shop.de%2Fseiten%2Fstart_advent.cfm&livezilla=2da9876&cd=32&rh=1050&rw=1680&rf=http%3A%2F%2Fwww.f-m-shop.de%2Fseiten%2Fframe.html&tzo=1&code= HTTP/1.1" 200 85 "http://www.f-m-shop.de/seiten/start_advent.cfm" "Mozilla/4.0 (compatible; MSIE 8.0; Windows NT 5.1; Trident/4.0; GTB6; .NET CLR 2.0.50727; InfoPath.1; .NET CLR 3.0.4506.2152; .NET CLR 3.5.30729)"
217.227.79.172 - - [01/Dec/2009:09:33:07 +0100] "GET /livezilla/image.php?id=04 HTTP/1.1" 200 7276 "http://www.f-m-shop.de/seiten/prod_detail_neuer.cfm?kat=HIFMEDIA&nav=2&artnr=A 29933" "Mozilla/4.0 (compatible; MSIE 8.0; Windows NT 6.0; Trident/4.0; SLCC1; .NET CLR 2.0.50727; Media Center PC 5.0; .NET CLR 3.5.30729; .NET CLR 3.0.30729)"
93.220.244.219 - - [01/Dec/2009:09:33:09 +0100] "GET /livezilla/image.php?id=04 HTTP/1.1" 200 7276 "http://www.f-m-shop.de/seiten/prod_detail_neuer.cfm?name=NB%20MEMORY%20DDR%20TRANSCEND%20%20512MB%20PC2100&artnr=A%20%2016306&nav=2&kat=NOTMEM&kat_her=&p_sort=&b_sort=ASC" "Mozilla/5.0 (Windows; U; Windows NT 5.1; de; rv:1.9.1.5) Gecko/20091102 Firefox/3.5.5"
192.168.10.10 - - [01/Dec/2009:09:32:25 +0100] "POST /livezilla/server.php?acid=1a9d9 HTTP/1.1" 200 - "-" "LiveZilla 3.1.7.7 [http://www.livezilla.net]"
84.140.233.200 - - [01/Dec/2009:09:33:21 +0100] "GET /livezilla/server.php?request=track&start=1259656352398&browid=6203463&url=http%3A%2F%2Fwww.f-m-shop.de%2Fseiten%2Fstart_advent.cfm&livezilla=1a6860d&cd=32&rh=1024&rw=1280&rf=http%3A%2F%2Fwww.f-m-shop.de%2Fseiten%2Fframe.html&tzo=1&code= HTTP/1.1" 200 85 "http://www.f-m-shop.de/seiten/start_advent.cfm" "Opera/9.80 (Windows NT 6.0; U; de) Presto/2.2.15 Version/10.10"
80.132.118.185 - - [01/Dec/2009:09:33:21 +0100] "GET /livezilla/image.php?id=04 HTTP/1.1" 200 7276 "http://www.f-m-shop.de/seiten/prod_detail_neuer.cfm?kat=MONT19&nav=2&artnr=A 27277" "Mozilla/4.0 (compatible; MSIE 8.0; Windows NT 5.1; Trident/4.0; GTB6.3; .NET CLR 1.1.4322)"
78.53.2.167 - - [01/Dec/2009:09:33:24 +0100] "GET /livezilla/image.php?id=04 HTTP/1.1" 200 7276 "http://www.f-m-shop.de/seiten/prod_detail_neuer.cfm?kat=MONT24&nav=2&artnr=A%20%2028335" "Mozilla/5.0 (Windows; U; Windows NT 5.1; de; rv:1.9.0.15) Gecko/2009101601 Firefox/3.0.15"
192.168.10.13 - - [01/Dec/2009:09:32:41 +0100] "POST /livezilla/server.php?acid=74620 HTTP/1.1" 200 - "-" "LiveZilla 3.1.7.7 [http://www.livezilla.net]"
192.168.10.33 - - [01/Dec/2009:09:33:31 +0100] "GET /livezilla/server.php?request=track&start=1259656411097&browid=f10546e&url=http%3A%2F%2Fwww.f-m-shop.de%2Fseiten%2Fstart_advent.cfm&livezilla=2da9876&cd=32&rh=1050&rw=1680&rf=http%3A%2F%2Fwww.f-m-shop.de%2Fseiten%2Fframe.html&tzo=1&code= HTTP/1.1" 200 85 "http://www.f-m-shop.de/seiten/start_advent.cfm" "Mozilla/4.0 (compatible; MSIE 8.0; Windows NT 5.1; Trident/4.0; GTB6; .NET CLR 2.0.50727; InfoPath.1; .NET CLR 3.0.4506.2152; .NET CLR 3.5.30729)"
84.140.233.200 - - [01/Dec/2009:09:33:51 +0100] "GET /livezilla/server.php?request=track&start=1259656382396&browid=6203463&url=http%3A%2F%2Fwww.f-m-shop.de%2Fseiten%2Fstart_advent.cfm&livezilla=1a6860d&cd=32&rh=1024&rw=1280&rf=http%3A%2F%2Fwww.f-m-shop.de%2Fseiten%2Fframe.html&tzo=1&code= HTTP/1.1" 200 85 "http://www.f-m-shop.de/seiten/start_advent.cfm" "Opera/9.80 (Windows NT 6.0; U; de) Presto/2.2.15 Version/10.10"
80.132.118.185 - - [01/Dec/2009:09:33:54 +0100] "GET /livezilla/livezilla.php HTTP/1.1" 200 72005 "-" "Mozilla/4.0 (compatible; MSIE 8.0; Windows NT 5.1; Trident/4.0; GTB6.3; .NET CLR 1.1.4322)"
91.113.5.176 - - [01/Dec/2009:09:33:55 +0100] "GET /livezilla/image.php?id=04 HTTP/1.1" 200 7276 "http://www.f-m-shop.de/seiten/prod_detail_neuer.cfm?kat=HIFMEDIA&nav=2&artnr=A 24972" "Mozilla/4.0 (compatible; MSIE 7.0; Windows NT 6.0; Embedded Web Browser from: http://bsalsa.com/; SLCC1; .NET CLR 2.0.50727; Media Center PC 5.0; InfoPath.2; .NET CLR 3.0.30729; FDM)"
80.132.118.185 - - [01/Dec/2009:09:33:55 +0100] "GET /livezilla/templates/style.css HTTP/1.1" 200 8998 "http://chat.f-m-shop.de/livezilla/livezilla.php" "Mozilla/4.0 (compatible; MSIE 8.0; Windows NT 5.1; Trident/4.0; GTB6.3; .NET CLR 1.1.4322)"
80.132.118.185 - - [01/Dec/2009:09:33:55 +0100] "GET /livezilla/livezilla.php?template=lz_chat_frame.0.0 HTTP/1.1" 200 259 "http://chat.f-m-shop.de/livezilla/livezilla.php" "Mozilla/4.0 (compatible; MSIE 8.0; Windows NT 5.1; Trident/4.0; GTB6.3; .NET CLR 1.1.4322)"
80.132.118.185 - - [01/Dec/2009:09:33:55 +0100] "GET /livezilla/livezilla.php?template=lz_chat_frame.1.0 HTTP/1.1" 200 279 "http://chat.f-m-shop.de/livezilla/livezilla.php" "Mozilla/4.0 (compatible; MSIE 8.0; Windows NT 5.1; Trident/4.0; GTB6.3; .NET CLR 1.1.4322)"
80.132.118.185 - - [01/Dec/2009:09:33:55 +0100] "GET /livezilla/livezilla.php?template=lz_chat_frame.0.2 HTTP/1.1" 200 254 "http://chat.f-m-shop.de/livezilla/livezilla.php" "Mozilla/4.0 (compatible; MSIE 8.0; Windows NT 5.1; Trident/4.0; GTB6.3; .NET CLR 1.1.4322)"
80.132.118.185 - - [01/Dec/2009:09:33:55 +0100] "GET /livezilla/livezilla.php?template=lz_chat_frame.3.3 HTTP/1.1" 200 239 "http://chat.f-m-shop.de/livezilla/livezilla.php" "Mozilla/4.0 (compatible; MSIE 8.0; Windows NT 5.1; Trident/4.0; GTB6.3; .NET CLR 1.1.4322)"
80.132.118.185 - - [01/Dec/2009:09:33:55 +0100] "GET /livezilla/livezilla.php?template=lz_chat_frame.5.1 HTTP/1.1" 200 265 "http://chat.f-m-shop.de/livezilla/livezilla.php" "Mozilla/4.0 (compatible; MSIE 8.0; Windows NT 5.1; Trident/4.0; GTB6.3; .NET CLR 1.1.4322)"
80.132.118.185 - - [01/Dec/2009:09:33:55 +0100] "GET /livezilla/livezilla.php?template=lz_chat_frame.0.1 HTTP/1.1" 200 277 "http://chat.f-m-shop.de/livezilla/livezilla.php" "Mozilla/4.0 (compatible; MSIE 8.0; Windows NT 5.1; Trident/4.0; GTB6.3; .NET CLR 1.1.4322)"
80.132.118.185 - - [01/Dec/2009:09:33:55 +0100] "GET /livezilla/livezilla.php?template=lz_chat_frame.3.0 HTTP/1.1" 200 240 "http://chat.f-m-shop.de/livezilla/livezilla.php" "Mozilla/4.0 (compatible; MSIE 8.0; Windows NT 5.1; Trident/4.0; GTB6.3; .NET CLR 1.1.4322)"
80.132.118.185 - - [01/Dec/2009:09:33:56 +0100] "GET /livezilla/livezilla.php?template=lz_chat_frame.1.1 HTTP/1.1" 200 2257 "http://chat.f-m-shop.de/livezilla/livezilla.php" "Mozilla/4.0 (compatible; MSIE 8.0; Windows NT 5.1; Trident/4.0; GTB6.3; .NET CLR 1.1.4322)"
80.132.118.185 - - [01/Dec/2009:09:33:56 +0100] "GET /livezilla/images/carrier_logo.gif HTTP/1.1" 200 6003 "http://chat.f-m-shop.de/livezilla/livezilla.php?template=lz_chat_frame.1.1" "Mozilla/4.0 (compatible; MSIE 8.0; Windows NT 5.1; Trident/4.0; GTB6.3; .NET CLR 1.1.4322)"
80.132.118.185 - - [01/Dec/2009:09:33:56 +0100] "GET /livezilla/images/icon_vcard.gif HTTP/1.1" 200 559 "http://chat.f-m-shop.de/livezilla/livezilla.php?template=lz_chat_frame.1.1" "Mozilla/4.0 (compatible; MSIE 8.0; Windows NT 5.1; Trident/4.0; GTB6.3; .NET CLR 1.1.4322)"
80.132.118.185 - - [01/Dec/2009:09:33:56 +0100] "GET /livezilla/livezilla.php?template=lz_chat_frame.4.1 HTTP/1.1" 200 455 "http://chat.f-m-shop.de/livezilla/livezilla.php" "Mozilla/4.0 (compatible; MSIE 8.0; Windows NT 5.1; Trident/4.0; GTB6.3; .NET CLR 1.1.4322)"
80.132.118.185 - - [01/Dec/2009:09:33:56 +0100] "GET /livezilla/images/icon_typing.gif HTTP/1.1" 200 1106 "http://chat.f-m-shop.de/livezilla/livezilla.php?template=lz_chat_frame.1.1" "Mozilla/4.0 (compatible; MSIE 8.0; Windows NT 5.1; Trident/4.0; GTB6.3; .NET CLR 1.1.4322)"
80.132.118.185 - - [01/Dec/2009:09:33:56 +0100] "GET /livezilla/intern_images/nopic.jpg HTTP/1.1" 200 3599 "http://chat.f-m-shop.de/livezilla/livezilla.php?template=lz_chat_frame.1.1" "Mozilla/4.0 (compatible; MSIE 8.0; Windows NT 5.1; Trident/4.0; GTB6.3; .NET CLR 1.1.4322)"
80.132.118.185 - - [01/Dec/2009:09:33:56 +0100] "GET /livezilla/images/lz_header.gif HTTP/1.1" 200 7285 "http://chat.f-m-shop.de/livezilla/livezilla.php?template=lz_chat_frame.1.1" "Mozilla/4.0 (compatible; MSIE 8.0; Windows NT 5.1; Trident/4.0; GTB6.3; .NET CLR 1.1.4322)"
80.132.118.185 - - [01/Dec/2009:09:33:56 +0100] "GET /livezilla/images/lz_rep_bg_left.gif HTTP/1.1" 200 593 "http://chat.f-m-shop.de/livezilla/livezilla.php?template=lz_chat_frame.1.1" "Mozilla/4.0 (compatible; MSIE 8.0; Windows NT 5.1; Trident/4.0; GTB6.3; .NET CLR 1.1.4322)"
80.132.118.185 - - [01/Dec/2009:09:33:56 +0100] "GET /livezilla/images/lz_rep_bg.gif HTTP/1.1" 200 320 "http://chat.f-m-shop.de/livezilla/livezilla.php?template=lz_chat_frame.1.1" "Mozilla/4.0 (compatible; MSIE 8.0; Windows NT 5.1; Trident/4.0; GTB6.3; .NET CLR 1.1.4322)"
80.132.118.185 - - [01/Dec/2009:09:33:56 +0100] "GET /livezilla/images/lz_rep_bg_right.gif HTTP/1.1" 200 590 "http://chat.f-m-shop.de/livezilla/livezilla.php?template=lz_chat_frame.1.1" "Mozilla/4.0 (compatible; MSIE 8.0; Windows NT 5.1; Trident/4.0; GTB6.3; .NET CLR 1.1.4322)"
80.132.118.185 - - [01/Dec/2009:09:33:56 +0100] "GET /livezilla/images/chat_bg_footer.gif HTTP/1.1" 200 194 "http://chat.f-m-shop.de/livezilla/livezilla.php?template=lz_chat_frame.4.1" "Mozilla/4.0 (compatible; MSIE 8.0; Windows NT 5.1; Trident/4.0; GTB6.3; .NET CLR 1.1.4322)"
80.132.118.185 - - [01/Dec/2009:09:33:56 +0100] "GET /livezilla/livezilla.php?template=lz_chat_frame.1.2 HTTP/1.1" 200 264 "http://chat.f-m-shop.de/livezilla/livezilla.php" "Mozilla/4.0 (compatible; MSIE 8.0; Windows NT 5.1; Trident/4.0; GTB6.3; .NET CLR 1.1.4322)"
80.132.118.185 - - [01/Dec/2009:09:33:56 +0100] "GET /livezilla/livezilla.php?template=lz_chat_frame.2.2 HTTP/1.1" 200 264 "http://chat.f-m-shop.de/livezilla/livezilla.php" "Mozilla/4.0 (compatible; MSIE 8.0; Windows NT 5.1; Trident/4.0; GTB6.3; .NET CLR 1.1.4322)"
80.132.118.185 - - [01/Dec/2009:09:33:56 +0100] "GET /livezilla/livezilla.php?template=lz_chat_frame.2.0 HTTP/1.1" 200 263 "http://chat.f-m-shop.de/livezilla/livezilla.php" "Mozilla/4.0 (compatible; MSIE 8.0; Windows NT 5.1; Trident/4.0; GTB6.3; .NET CLR 1.1.4322)"
80.132.118.185 - - [01/Dec/2009:09:33:56 +0100] "GET /livezilla/livezilla.php?template=lz_chat_frame.3.2.login& HTTP/1.1" 200 1019 "http://chat.f-m-shop.de/livezilla/livezilla.php" "Mozilla/4.0 (compatible; MSIE 8.0; Windows NT 5.1; Trident/4.0; GTB6.3; .NET CLR 1.1.4322)"
80.132.118.185 - - [01/Dec/2009:09:33:57 +0100] "GET /livezilla/livezilla.php?template=lz_chat_frame.3.2.login.2.0 HTTP/1.1" 200 277 "http://chat.f-m-shop.de/livezilla/livezilla.php?template=lz_chat_frame.3.2.login&" "Mozilla/4.0 (compatible; MSIE 8.0; Windows NT 5.1; Trident/4.0; GTB6.3; .NET CLR 1.1.4322)"
80.132.118.185 - - [01/Dec/2009:09:33:57 +0100] "GET /livezilla/images/chat_bg_footer_top.gif HTTP/1.1" 200 858 "http://chat.f-m-shop.de/livezilla/livezilla.php?template=lz_chat_frame.3.2.login.2.0" "Mozilla/4.0 (compatible; MSIE 8.0; Windows NT 5.1; Trident/4.0; GTB6.3; .NET CLR 1.1.4322)"
80.132.118.185 - - [01/Dec/2009:09:33:57 +0100] "GET /livezilla/livezilla.php?template=lz_chat_frame.3.2.login.0.0 HTTP/1.1" 200 1563 "http://chat.f-m-shop.de/livezilla/livezilla.php?template=lz_chat_frame.3.2.login&" "Mozilla/4.0 (compatible; MSIE 8.0; Windows NT 5.1; Trident/4.0; GTB6.3; .NET CLR 1.1.4322)"
80.132.118.185 - - [01/Dec/2009:09:33:57 +0100] "GET /livezilla/livezilla.php?template=lz_chat_frame.3.2.login.1.0& HTTP/1.1" 200 2939 "http://chat.f-m-shop.de/livezilla/livezilla.php?template=lz_chat_frame.3.2.login&" "Mozilla/4.0 (compatible; MSIE 8.0; Windows NT 5.1; Trident/4.0; GTB6.3; .NET CLR 1.1.4322)"
80.132.118.185 - - [01/Dec/2009:09:33:57 +0100] "GET /livezilla/images/chat_bg_navigation_left.gif HTTP/1.1" 200 1078 "http://chat.f-m-shop.de/livezilla/livezilla.php?template=lz_chat_frame.3.2.login.0.0" "Mozilla/4.0 (compatible; MSIE 8.0; Windows NT 5.1; Trident/4.0; GTB6.3; .NET CLR 1.1.4322)"
80.132.118.185 - - [01/Dec/2009:09:33:57 +0100] "GET /livezilla/images/button_mail.gif HTTP/1.1" 200 1348 "http://chat.f-m-shop.de/livezilla/livezilla.php?template=lz_chat_frame.3.2.login.0.0" "Mozilla/4.0 (compatible; MSIE 8.0; Windows NT 5.1; Trident/4.0; GTB6.3; .NET CLR 1.1.4322)"
80.132.118.185 - - [01/Dec/2009:09:33:57 +0100] "GET /livezilla/images/button_fav.gif HTTP/1.1" 200 1344 "http://chat.f-m-shop.de/livezilla/livezilla.php?template=lz_chat_frame.3.2.login.0.0" "Mozilla/4.0 (compatible; MSIE 8.0; Windows NT 5.1; Trident/4.0; GTB6.3; .NET CLR 1.1.4322)"
80.132.118.185 - - [01/Dec/2009:09:33:57 +0100] "GET /livezilla/images/chat_bg_navigation_dev.gif HTTP/1.1" 200 367 "http://chat.f-m-shop.de/livezilla/livezilla.php?template=lz_chat_frame.3.2.login.0.0" "Mozilla/4.0 (compatible; MSIE 8.0; Windows NT 5.1; Trident/4.0; GTB6.3; .NET CLR 1.1.4322)"
80.132.118.185 - - [01/Dec/2009:09:33:57 +0100] "GET /livezilla/images/button_close.gif HTTP/1.1" 200 1239 "http://chat.f-m-shop.de/livezilla/livezilla.php?template=lz_chat_frame.3.2.login.0.0" "Mozilla/4.0 (compatible; MSIE 8.0; Windows NT 5.1; Trident/4.0; GTB6.3; .NET CLR 1.1.4322)"
80.132.118.185 - - [01/Dec/2009:09:33:57 +0100] "GET /livezilla/images/chat_bg_navigation_right.gif HTTP/1.1" 200 675 "http://chat.f-m-shop.de/livezilla/livezilla.php?template=lz_chat_frame.3.2.login.0.0" "Mozilla/4.0 (compatible; MSIE 8.0; Windows NT 5.1; Trident/4.0; GTB6.3; .NET CLR 1.1.4322)"
80.132.118.185 - - [01/Dec/2009:09:33:57 +0100] "GET /livezilla/images/chat_bg_navigation.gif HTTP/1.1" 200 258 "http://chat.f-m-shop.de/livezilla/livezilla.php?template=lz_chat_frame.3.2.login.0.0" "Mozilla/4.0 (compatible; MSIE 8.0; Windows NT 5.1; Trident/4.0; GTB6.3; .NET CLR 1.1.4322)"
80.132.118.185 - - [01/Dec/2009:09:33:57 +0100] "GET /livezilla/images/icon_info.gif HTTP/1.1" 200 1703 "http://chat.f-m-shop.de/livezilla/livezilla.php?template=lz_chat_frame.3.2.login.1.0&" "Mozilla/4.0 (compatible; MSIE 8.0; Windows NT 5.1; Trident/4.0; GTB6.3; .NET CLR 1.1.4322)"
80.132.118.185 - - [01/Dec/2009:09:33:57 +0100] "GET /livezilla/images/icon_network.gif HTTP/1.1" 200 354 "http://chat.f-m-shop.de/livezilla/livezilla.php?template=lz_chat_frame.3.2.login.1.0&" "Mozilla/4.0 (compatible; MSIE 8.0; Windows NT 5.1; Trident/4.0; GTB6.3; .NET CLR 1.1.4322)"
80.132.118.185 - - [01/Dec/2009:09:33:57 +0100] "GET /livezilla/images/chat_bg_field.gif HTTP/1.1" 200 121 "http://chat.f-m-shop.de/livezilla/livezilla.php?template=lz_chat_frame.3.2.login.1.0&" "Mozilla/4.0 (compatible; MSIE 8.0; Windows NT 5.1; Trident/4.0; GTB6.3; .NET CLR 1.1.4322)"
80.132.118.185 - - [01/Dec/2009:09:33:57 +0100] "GET /livezilla/images/chat_bg_navigation_sub.gif HTTP/1.1" 200 76 "http://chat.f-m-shop.de/livezilla/livezilla.php?template=lz_chat_frame.3.2.login.1.0&" "Mozilla/4.0 (compatible; MSIE 8.0; Windows NT 5.1; Trident/4.0; GTB6.3; .NET CLR 1.1.4322)"
80.132.118.185 - - [01/Dec/2009:09:33:57 +0100] "GET /livezilla/images/lz_button.gif HTTP/1.1" 200 838 "http://chat.f-m-shop.de/livezilla/livezilla.php?template=lz_chat_frame.3.2.login.1.0&" "Mozilla/4.0 (compatible; MSIE 8.0; Windows NT 5.1; Trident/4.0; GTB6.3; .NET CLR 1.1.4322)"
80.132.118.185 - - [01/Dec/2009:09:33:57 +0100] "GET /livezilla/images/lz_button_extra.gif HTTP/1.1" 200 948 "http://chat.f-m-shop.de/livezilla/livezilla.php?template=lz_chat_frame.3.2.login.1.0&" "Mozilla/4.0 (compatible; MSIE 8.0; Windows NT 5.1; Trident/4.0; GTB6.3; .NET CLR 1.1.4322)"
80.132.118.185 - - [01/Dec/2009:09:33:57 +0100] "GET /livezilla/images/favicon.ico HTTP/1.1" 200 43302 "-" "Mozilla/4.0 (compatible; MSIE 8.0; Windows NT 5.1; Trident/4.0; GTB6.3; .NET CLR 1.1.4322)"
192.168.10.10 - - [01/Dec/2009:09:33:13 +0100] "POST /livezilla/server.php?acid=b5932 HTTP/1.1" 200 - "-" "LiveZilla 3.1.7.7 [http://www.livezilla.net]"
80.132.118.185 - - [01/Dec/2009:09:33:58 +0100] "POST /livezilla/server.php HTTP/1.1" 200 212 "http://chat.f-m-shop.de/livezilla/livezilla.php" "Mozilla/4.0 (compatible; MSIE 8.0; Windows NT 5.1; Trident/4.0; GTB6.3; .NET CLR 1.1.4322)"
80.132.118.185 - - [01/Dec/2009:09:33:58 +0100] "GET /livezilla/livezilla.php?template=lz_chat_frame.3.2.mail HTTP/1.1" 200 3993 "http://chat.f-m-shop.de/livezilla/livezilla.php" "Mozilla/4.0 (compatible; MSIE 8.0; Windows NT 5.1; Trident/4.0; GTB6.3; .NET CLR 1.1.4322)"
80.132.118.185 - - [01/Dec/2009:09:33:58 +0100] "POST /livezilla/livezilla.php?template=lz_chat_frame.3.2.mail HTTP/1.1" 200 4002 "http://chat.f-m-shop.de/livezilla/livezilla.php?template=lz_chat_frame.3.2.login.1.0&" "Mozilla/4.0 (compatible; MSIE 8.0; Windows NT 5.1; Trident/4.0; GTB6.3; .NET CLR 1.1.4322)"
80.132.118.185 - - [01/Dec/2009:09:33:58 +0100] "GET /livezilla/images/button_chat.gif HTTP/1.1" 200 1218 "http://chat.f-m-shop.de/livezilla/livezilla.php?template=lz_chat_frame.3.2.mail" "Mozilla/4.0 (compatible; MSIE 8.0; Windows NT 5.1; Trident/4.0; GTB6.3; .NET CLR 1.1.4322)"
80.132.118.185 - - [01/Dec/2009:09:33:58 +0100] "GET /livezilla/images/button_print.gif HTTP/1.1" 200 1183 "http://chat.f-m-shop.de/livezilla/livezilla.php?template=lz_chat_frame.3.2.mail" "Mozilla/4.0 (compatible; MSIE 8.0; Windows NT 5.1; Trident/4.0; GTB6.3; .NET CLR 1.1.4322)"
192.168.10.33 - - [01/Dec/2009:09:34:01 +0100] "GET /livezilla/server.php?request=track&start=1259656441362&browid=f10546e&url=http%3A%2F%2Fwww.f-m-shop.de%2Fseiten%2Fstart_advent.cfm&livezilla=2da9876&cd=32&rh=1050&rw=1680&rf=http%3A%2F%2Fwww.f-m-shop.de%2Fseiten%2Fframe.html&tzo=1&code= HTTP/1.1" 200 85 "http://www.f-m-shop.de/seiten/start_advent.cfm" "Mozilla/4.0 (compatible; MSIE 8.0; Windows NT 5.1; Trident/4.0; GTB6; .NET CLR 2.0.50727; InfoPath.1; .NET CLR 3.0.4506.2152; .NET CLR 3.5.30729)"
192.168.10.13 - - [01/Dec/2009:09:33:29 +0100] "POST /livezilla/server.php?acid=b2ca8 HTTP/1.1" 200 - "-" "LiveZilla 3.1.7.7 [http://www.livezilla.net]"
84.140.233.200 - - [01/Dec/2009:09:34:21 +0100] "GET /livezilla/server.php?request=track&start=1259656412394&browid=6203463&url=http%3A%2F%2Fwww.f-m-shop.de%2Fseiten%2Fstart_advent.cfm&livezilla=1a6860d&cd=32&rh=1024&rw=1280&rf=http%3A%2F%2Fwww.f-m-shop.de%2Fseiten%2Fframe.html&tzo=1&code= HTTP/1.1" 200 85 "http://www.f-m-shop.de/seiten/start_advent.cfm" "Opera/9.80 (Windows NT 6.0; U; de) Presto/2.2.15 Version/10.10"
192.168.10.33 - - [01/Dec/2009:09:34:31 +0100] "GET /livezilla/server.php?request=track&start=1259656471361&browid=f10546e&url=http%3A%2F%2Fwww.f-m-shop.de%2Fseiten%2Fstart_advent.cfm&livezilla=2da9876&cd=32&rh=1050&rw=1680&rf=http%3A%2F%2Fwww.f-m-shop.de%2Fseiten%2Fframe.html&tzo=1&code= HTTP/1.1" 200 85 "http://www.f-m-shop.de/seiten/start_advent.cfm" "Mozilla/4.0 (compatible; MSIE 8.0; Windows NT 5.1; Trident/4.0; GTB6; .NET CLR 2.0.50727; InfoPath.1; .NET CLR 3.0.4506.2152; .NET CLR 3.5.30729)"
192.168.10.10 - - [01/Dec/2009:09:34:01 +0100] "POST /livezilla/server.php?acid=b1631 HTTP/1.1" 200 - "-" "LiveZilla 3.1.7.7 [http://www.livezilla.net]"
84.140.233.200 - - [01/Dec/2009:09:34:51 +0100] "GET /livezilla/server.php?request=track&start=1259656442392&browid=6203463&url=http%3A%2F%2Fwww.f-m-shop.de%2Fseiten%2Fstart_advent.cfm&livezilla=1a6860d&cd=32&rh=1024&rw=1280&rf=http%3A%2F%2Fwww.f-m-shop.de%2Fseiten%2Fframe.html&tzo=1&code= HTTP/1.1" 200 85 "http://www.f-m-shop.de/seiten/start_advent.cfm" "Opera/9.80 (Windows NT 6.0; U; de) Presto/2.2.15 Version/10.10"
192.168.10.33 - - [01/Dec/2009:09:35:01 +0100] "GET /livezilla/server.php?request=track&start=1259656501356&browid=f10546e&url=http%3A%2F%2Fwww.f-m-shop.de%2Fseiten%2Fstart_advent.cfm&livezilla=2da9876&cd=32&rh=1050&rw=1680&rf=http%3A%2F%2Fwww.f-m-shop.de%2Fseiten%2Fframe.html&tzo=1&code= HTTP/1.1" 200 85 "http://www.f-m-shop.de/seiten/start_advent.cfm" "Mozilla/4.0 (compatible; MSIE 8.0; Windows NT 5.1; Trident/4.0; GTB6; .NET CLR 2.0.50727; InfoPath.1; .NET CLR 3.0.4506.2152; .NET CLR 3.5.30729)"
192.168.10.13 - - [01/Dec/2009:09:34:18 +0100] "POST /livezilla/server.php?acid=725a2 HTTP/1.1" 200 - "-" "LiveZilla 3.1.7.7 [http://www.livezilla.net]"
84.140.233.200 - - [01/Dec/2009:09:35:21 +0100] "GET /livezilla/server.php?request=track&start=1259656472391&browid=6203463&url=http%3A%2F%2Fwww.f-m-shop.de%2Fseiten%2Fstart_advent.cfm&livezilla=1a6860d&cd=32&rh=1024&rw=1280&rf=http%3A%2F%2Fwww.f-m-shop.de%2Fseiten%2Fframe.html&tzo=1&code= HTTP/1.1" 200 85 "http://www.f-m-shop.de/seiten/start_advent.cfm" "Opera/9.80 (Windows NT 6.0; U; de) Presto/2.2.15 Version/10.10"
192.168.10.33 - - [01/Dec/2009:09:35:31 +0100] "GET /livezilla/server.php?request=track&start=1259656531350&browid=f10546e&url=http%3A%2F%2Fwww.f-m-shop.de%2Fseiten%2Fstart_advent.cfm&livezilla=2da9876&cd=32&rh=1050&rw=1680&rf=http%3A%2F%2Fwww.f-m-shop.de%2Fseiten%2Fframe.html&tzo=1&code= HTTP/1.1" 200 85 "http://www.f-m-shop.de/seiten/start_advent.cfm" "Mozilla/4.0 (compatible; MSIE 8.0; Windows NT 5.1; Trident/4.0; GTB6; .NET CLR 2.0.50727; InfoPath.1; .NET CLR 3.0.4506.2152; .NET CLR 3.5.30729)"
192.168.10.10 - - [01/Dec/2009:09:34:50 +0100] "POST /livezilla/server.php?acid=60af6 HTTP/1.1" 200 - "-" "LiveZilla 3.1.7.7 [http://www.livezilla.net]"
192.168.10.13 - - [01/Dec/2009:09:35:06 +0100] "POST /livezilla/server.php?acid=ee83c HTTP/1.1" 200 - "-" "LiveZilla 3.1.7.7 [http://www.livezilla.net]"
84.140.233.200 - - [01/Dec/2009:09:35:51 +0100] "GET /livezilla/server.php?request=track&start=1259656502389&browid=6203463&url=http%3A%2F%2Fwww.f-m-shop.de%2Fseiten%2Fstart_advent.cfm&livezilla=1a6860d&cd=32&rh=1024&rw=1280&rf=http%3A%2F%2Fwww.f-m-shop.de%2Fseiten%2Fframe.html&tzo=1&code= HTTP/1.1" 200 85 "http://www.f-m-shop.de/seiten/start_advent.cfm" "Opera/9.80 (Windows NT 6.0; U; de) Presto/2.2.15 Version/10.10"
77.182.152.116 - - [01/Dec/2009:09:35:53 +0100] "GET /livezilla/image.php?id=04 HTTP/1.1" 200 7276 "http://www.f-m-shop.de/seiten/prod_detail_neuer.cfm?kat=MONT22&nav=2&artnr=A%20%2029655" "Mozilla/5.0 (Windows; U; Windows NT 5.1; de; rv:1.9.1.5) Gecko/20091102 Firefox/3.5.5 (.NET CLR 3.5.30729)"
192.168.10.33 - - [01/Dec/2009:09:36:02 +0100] "GET /livezilla/server.php?request=track&start=1259656561345&browid=f10546e&url=http%3A%2F%2Fwww.f-m-shop.de%2Fseiten%2Fstart_advent.cfm&livezilla=2da9876&cd=32&rh=1050&rw=1680&rf=http%3A%2F%2Fwww.f-m-shop.de%2Fseiten%2Fframe.html&tzo=1&code= HTTP/1.1" 200 85 "http://www.f-m-shop.de/seiten/start_advent.cfm" "Mozilla/4.0 (compatible; MSIE 8.0; Windows NT 5.1; Trident/4.0; GTB6; .NET CLR 2.0.50727; InfoPath.1; .NET CLR 3.0.4506.2152; .NET CLR 3.5.30729)"
84.131.102.105 - - [01/Dec/2009:09:36:09 +0100] "GET /livezilla/image.php?id=04 HTTP/1.1" 200 7276 "http://www.f-m-shop.de/seiten/prod_detail_neuer.cfm?kat=MONT24&nav=2&artnr=A%20%2025025" "Mozilla/5.0 (Windows; U; Windows NT 5.1; de; rv:1.9.1.5) Gecko/20091102 Firefox/3.5.5 (.NET CLR 3.5.30729)"
84.140.233.200 - - [01/Dec/2009:09:36:21 +0100] "GET /livezilla/server.php?request=track&start=1259656532387&browid=6203463&url=http%3A%2F%2Fwww.f-m-shop.de%2Fseiten%2Fstart_advent.cfm&livezilla=1a6860d&cd=32&rh=1024&rw=1280&rf=http%3A%2F%2Fwww.f-m-shop.de%2Fseiten%2Fframe.html&tzo=1&code= HTTP/1.1" 200 85 "http://www.f-m-shop.de/seiten/start_advent.cfm" "Opera/9.80 (Windows NT 6.0; U; de) Presto/2.2.15 Version/10.10"
192.168.10.10 - - [01/Dec/2009:09:35:38 +0100] "POST /livezilla/server.php?acid=52c1d HTTP/1.1" 200 - "-" "LiveZilla 3.1.7.7 [http://www.livezilla.net]"
85.181.35.162 - - [01/Dec/2009:09:36:29 +0100] "GET /livezilla/image.php?id=04 HTTP/1.1" 200 7276 "http://www.f-m-shop.de/seiten/prod_detail_neuer.cfm?kat=HDDSATA&nav=2&artnr=A%20%2025395" "Mozilla/5.0 (X11; U; Linux x86_64; de; rv:1.9.1.5) Gecko/20091109 Ubuntu/9.10 (karmic) Firefox/3.5.5"
192.168.10.33 - - [01/Dec/2009:09:36:31 +0100] "GET /livezilla/server.php?request=track&start=1259656591418&browid=f10546e&url=http%3A%2F%2Fwww.f-m-shop.de%2Fseiten%2Fstart_advent.cfm&livezilla=2da9876&cd=32&rh=1050&rw=1680&rf=http%3A%2F%2Fwww.f-m-shop.de%2Fseiten%2Fframe.html&tzo=1&code= HTTP/1.1" 200 85 "http://www.f-m-shop.de/seiten/start_advent.cfm" "Mozilla/4.0 (compatible; MSIE 8.0; Windows NT 5.1; Trident/4.0; GTB6; .NET CLR 2.0.50727; InfoPath.1; .NET CLR 3.0.4506.2152; .NET CLR 3.5.30729)"
192.168.10.13 - - [01/Dec/2009:09:35:55 +0100] "POST /livezilla/server.php?acid=afc16 HTTP/1.1" 200 - "-" "LiveZilla 3.1.7.7 [http://www.livezilla.net]"
84.140.233.200 - - [01/Dec/2009:09:36:51 +0100] "GET /livezilla/server.php?request=track&start=1259656562386&browid=6203463&url=http%3A%2F%2Fwww.f-m-shop.de%2Fseiten%2Fstart_advent.cfm&livezilla=1a6860d&cd=32&rh=1024&rw=1280&rf=http%3A%2F%2Fwww.f-m-shop.de%2Fseiten%2Fframe.html&tzo=1&code= HTTP/1.1" 200 85 "http://www.f-m-shop.de/seiten/start_advent.cfm" "Opera/9.80 (Windows NT 6.0; U; de) Presto/2.2.15 Version/10.10"
192.168.10.33 - - [01/Dec/2009:09:37:01 +0100] "GET /livezilla/server.php?request=track&start=1259656621412&browid=f10546e&url=http%3A%2F%2Fwww.f-m-shop.de%2Fseiten%2Fstart_advent.cfm&livezilla=2da9876&cd=32&rh=1050&rw=1680&rf=http%3A%2F%2Fwww.f-m-shop.de%2Fseiten%2Fframe.html&tzo=1&code= HTTP/1.1" 200 85 "http://www.f-m-shop.de/seiten/start_advent.cfm" "Mozilla/4.0 (compatible; MSIE 8.0; Windows NT 5.1; Trident/4.0; GTB6; .NET CLR 2.0.50727; InfoPath.1; .NET CLR 3.0.4506.2152; .NET CLR 3.5.30729)"
192.168.10.10 - - [01/Dec/2009:09:36:27 +0100] "POST /livezilla/server.php?acid=564ab HTTP/1.1" 200 - "-" "LiveZilla 3.1.7.7 [http://www.livezilla.net]"
84.131.102.105 - - [01/Dec/2009:09:37:17 +0100] "GET /livezilla/image.php?id=04 HTTP/1.1" 200 7276 "http://www.f-m-shop.de/seiten/prod_detail_neuer.cfm?kat=MONT24&nav=2&artnr=A%20%2025025" "Mozilla/5.0 (Windows; U; Windows NT 5.1; de; rv:1.9.1.5) Gecko/20091102 Firefox/3.5.5 (.NET CLR 3.5.30729)"
84.140.233.200 - - [01/Dec/2009:09:37:21 +0100] "GET /livezilla/server.php?request=track&start=1259656592384&browid=6203463&url=http%3A%2F%2Fwww.f-m-shop.de%2Fseiten%2Fstart_advent.cfm&livezilla=1a6860d&cd=32&rh=1024&rw=1280&rf=http%3A%2F%2Fwww.f-m-shop.de%2Fseiten%2Fframe.html&tzo=1&code= HTTP/1.1" 200 85 "http://www.f-m-shop.de/seiten/start_advent.cfm" "Opera/9.80 (Windows NT 6.0; U; de) Presto/2.2.15 Version/10.10"
192.168.10.13 - - [01/Dec/2009:09:36:43 +0100] "POST /livezilla/server.php?acid=dc6ff HTTP/1.1" 200 - "-" "LiveZilla 3.1.7.7 [http://www.livezilla.net]"
192.168.10.33 - - [01/Dec/2009:09:37:31 +0100] "GET /livezilla/server.php?request=track&start=1259656651407&browid=f10546e&url=http%3A%2F%2Fwww.f-m-shop.de%2Fseiten%2Fstart_advent.cfm&livezilla=2da9876&cd=32&rh=1050&rw=1680&rf=http%3A%2F%2Fwww.f-m-shop.de%2Fseiten%2Fframe.html&tzo=1&code= HTTP/1.1" 200 85 "http://www.f-m-shop.de/seiten/start_advent.cfm" "Mozilla/4.0 (compatible; MSIE 8.0; Windows NT 5.1; Trident/4.0; GTB6; .NET CLR 2.0.50727; InfoPath.1; .NET CLR 3.0.4506.2152; .NET CLR 3.5.30729)"
192.168.10.33 - - [01/Dec/2009:09:37:37 +0100] "GET /livezilla/image.php?id=03 HTTP/1.1" 200 237 "http://www.f-m-shop.de/seiten/start_advent.cfm" "Mozilla/4.0 (compatible; MSIE 8.0; Windows NT 5.1; Trident/4.0; GTB6; .NET CLR 2.0.50727; InfoPath.1; .NET CLR 3.0.4506.2152; .NET CLR 3.5.30729)"
192.168.10.33 - - [01/Dec/2009:09:37:43 +0100] "GET /livezilla/server.php?request=track&output=jscript&nse=0.7538200632141043 HTTP/1.1" 200 18878 "http://www.f-m-shop.de/seiten/start_advent.cfm" "Mozilla/4.0 (compatible; MSIE 8.0; Windows NT 5.1; Trident/4.0; GTB6; .NET CLR 2.0.50727; InfoPath.1; .NET CLR 3.0.4506.2152; .NET CLR 3.5.30729)"
84.140.233.200 - - [01/Dec/2009:09:37:51 +0100] "GET /livezilla/server.php?request=track&start=1259656622382&browid=6203463&url=http%3A%2F%2Fwww.f-m-shop.de%2Fseiten%2Fstart_advent.cfm&livezilla=1a6860d&cd=32&rh=1024&rw=1280&rf=http%3A%2F%2Fwww.f-m-shop.de%2Fseiten%2Fframe.html&tzo=1&code= HTTP/1.1" 200 85 "http://www.f-m-shop.de/seiten/start_advent.cfm" "Opera/9.80 (Windows NT 6.0; U; de) Presto/2.2.15 Version/10.10"
192.168.10.33 - - [01/Dec/2009:09:37:53 +0100] "GET /livezilla//templates/style.css?cache=0.13664434035681888 HTTP/1.1" 200 8998 "http://www.f-m-shop.de/seiten/start_advent.cfm" "Mozilla/4.0 (compatible; MSIE 8.0; Windows NT 5.1; Trident/4.0; GTB6; .NET CLR 2.0.50727; InfoPath.1; .NET CLR 3.0.4506.2152; .NET CLR 3.5.30729)"
79.232.87.226 - - [01/Dec/2009:09:37:54 +0100] "GET /livezilla/image.php?id=04 HTTP/1.1" 200 7276 "http://www.f-m-shop.de/seiten/prod_detail_neuer.cfm?kat=MONT23&nav=2&artnr=A%20%2030070" "Mozilla/5.0 (Windows; U; Windows NT 6.1; de; rv:1.9.1.5) Gecko/20091102 Firefox/3.5.5"
192.168.10.33 - - [01/Dec/2009:09:37:57 +0100] "GET /livezilla/server.php?request=track&start=1259656665826&browid=46e99f6&url=http%3A%2F%2Fwww.f-m-shop.de%2Fseiten%2Fstart_advent.cfm&livezilla=2da9876&cd=32&rh=1050&rw=1680&rf=http%3A%2F%2Fwww.f-m-shop.de%2Fseiten%2Fframe.html&tzo=1&code= HTTP/1.1" 200 85 "http://www.f-m-shop.de/seiten/start_advent.cfm" "Mozilla/4.0 (compatible; MSIE 8.0; Windows NT 5.1; Trident/4.0; GTB6; .NET CLR 2.0.50727; InfoPath.1; .NET CLR 3.0.4506.2152; .NET CLR 3.5.30729)"
192.168.10.10 - - [01/Dec/2009:09:37:15 +0100] "POST /livezilla/server.php?acid=c5341 HTTP/1.1" 200 - "-" "LiveZilla 3.1.7.7 [http://www.livezilla.net]"
192.168.10.33 - - [01/Dec/2009:09:38:03 +0100] "GET /livezilla/server.php?request=track&start=1259656681480&browid=f10546e&url=http%3A%2F%2Fwww.f-m-shop.de%2Fseiten%2Fstart_advent.cfm&livezilla=2da9876&cd=32&rh=1050&rw=1680&rf=http%3A%2F%2Fwww.f-m-shop.de%2Fseiten%2Fframe.html&tzo=1&code= HTTP/1.1" 200 85 "http://www.f-m-shop.de/seiten/start_advent.cfm" "Mozilla/4.0 (compatible; MSIE 8.0; Windows NT 5.1; Trident/4.0; GTB6; .NET CLR 2.0.50727; InfoPath.1; .NET CLR 3.0.4506.2152; .NET CLR 3.5.30729)"
192.168.10.13 - - [01/Dec/2009:09:37:31 +0100] "POST /livezilla/server.php?acid=fd798 HTTP/1.1" 200 - "-" "LiveZilla 3.1.7.7 [http://www.livezilla.net]"
192.168.10.33 - - [01/Dec/2009:09:38:19 +0100] "GET /livezilla/server.php?request=track&start=1259656699555&browid=46e99f6&url=http%3A%2F%2Fwww.f-m-shop.de%2Fseiten%2Fstart_advent.cfm&livezilla=2da9876&cd=32&rh=1050&rw=1680&rf=http%3A%2F%2Fwww.f-m-shop.de%2Fseiten%2Fframe.html&tzo=1&code= HTTP/1.1" 200 85 "http://www.f-m-shop.de/seiten/start_advent.cfm" "Mozilla/4.0 (compatible; MSIE 8.0; Windows NT 5.1; Trident/4.0; GTB6; .NET CLR 2.0.50727; InfoPath.1; .NET CLR 3.0.4506.2152; .NET CLR 3.5.30729)"
84.140.233.200 - - [01/Dec/2009:09:38:21 +0100] "GET /livezilla/server.php?request=track&start=1259656652380&browid=6203463&url=http%3A%2F%2Fwww.f-m-shop.de%2Fseiten%2Fstart_advent.cfm&livezilla=1a6860d&cd=32&rh=1024&rw=1280&rf=http%3A%2F%2Fwww.f-m-shop.de%2Fseiten%2Fframe.html&tzo=1&code= HTTP/1.1" 200 85 "http://www.f-m-shop.de/seiten/start_advent.cfm" "Opera/9.80 (Windows NT 6.0; U; de) Presto/2.2.15 Version/10.10"
79.232.87.226 - - [01/Dec/2009:09:38:22 +0100] "GET /livezilla/image.php?id=04 HTTP/1.1" 200 7276 "http://www.f-m-shop.de/seiten/prod_detail_neuer.cfm?kat=MONT23&nav=2&artnr=A%20%2030070" "Mozilla/5.0 (Windows; U; Windows NT 6.1; de; rv:1.9.1.5) Gecko/20091102 Firefox/3.5.5"
192.168.10.33 - - [01/Dec/2009:09:38:38 +0100] "GET /livezilla/server.php?request=track&start=1259656711927&browid=f10546e&url=http%3A%2F%2Fwww.f-m-shop.de%2Fseiten%2Fstart_advent.cfm&livezilla=2da9876&cd=32&rh=1050&rw=1680&rf=http%3A%2F%2Fwww.f-m-shop.de%2Fseiten%2Fframe.html&tzo=1&code= HTTP/1.1" 200 85 "http://www.f-m-shop.de/seiten/start_advent.cfm" "Mozilla/4.0 (compatible; MSIE 8.0; Windows NT 5.1; Trident/4.0; GTB6; .NET CLR 2.0.50727; InfoPath.1; .NET CLR 3.0.4506.2152; .NET CLR 3.5.30729)"
192.168.10.10 - - [01/Dec/2009:09:38:03 +0100] "POST /livezilla/server.php?acid=a91c1 HTTP/1.1" 200 - "-" "LiveZilla 3.1.7.7 [http://www.livezilla.net]"
84.140.233.200 - - [01/Dec/2009:09:38:51 +0100] "GET /livezilla/server.php?request=track&start=1259656682379&browid=6203463&url=http%3A%2F%2Fwww.f-m-shop.de%2Fseiten%2Fstart_advent.cfm&livezilla=1a6860d&cd=32&rh=1024&rw=1280&rf=http%3A%2F%2Fwww.f-m-shop.de%2Fseiten%2Fframe.html&tzo=1&code= HTTP/1.1" 200 85 "http://www.f-m-shop.de/seiten/start_advent.cfm" "Opera/9.80 (Windows NT 6.0; U; de) Presto/2.2.15 Version/10.10"
192.168.10.33 - - [01/Dec/2009:09:38:55 +0100] "GET /livezilla/server.php?request=track&start=1259656734658&browid=46e99f6&url=http%3A%2F%2Fwww.f-m-shop.de%2Fseiten%2Fstart_advent.cfm&livezilla=2da9876&cd=32&rh=1050&rw=1680&rf=http%3A%2F%2Fwww.f-m-shop.de%2Fseiten%2Fframe.html&tzo=1&code= HTTP/1.1" 200 85 "http://www.f-m-shop.de/seiten/start_advent.cfm" "Mozilla/4.0 (compatible; MSIE 8.0; Windows NT 5.1; Trident/4.0; GTB6; .NET CLR 2.0.50727; InfoPath.1; .NET CLR 3.0.4506.2152; .NET CLR 3.5.30729)"
192.168.10.13 - - [01/Dec/2009:09:38:20 +0100] "POST /livezilla/server.php?acid=e0472 HTTP/1.1" 200 - "-" "LiveZilla 3.1.7.7 [http://www.livezilla.net]"
192.168.10.33 - - [01/Dec/2009:09:39:04 +0100] "GET /livezilla/server.php?request=track&start=1259656743594&browid=f10546e&url=http%3A%2F%2Fwww.f-m-shop.de%2Fseiten%2Fstart_advent.cfm&livezilla=2da9876&cd=32&rh=1050&rw=1680&rf=http%3A%2F%2Fwww.f-m-shop.de%2Fseiten%2Fframe.html&tzo=1&code= HTTP/1.1" 200 85 "http://www.f-m-shop.de/seiten/start_advent.cfm" "Mozilla/4.0 (compatible; MSIE 8.0; Windows NT 5.1; Trident/4.0; GTB6; .NET CLR 2.0.50727; InfoPath.1; .NET CLR 3.0.4506.2152; .NET CLR 3.5.30729)"
91.34.234.201 - - [01/Dec/2009:09:39:16 +0100] "GET /livezilla/image.php?id=04 HTTP/1.1" 200 7276 "http://www.eizo4you.de/seiten/prod_detail_neuer.cfm?kat=MONT22&nav=2&artnr=A%20%2026713" "Mozilla/5.0 (Windows; U; Windows NT 6.0; de; rv:1.9.1.5) Gecko/20091102 Firefox/3.5.5 (.NET CLR 3.5.30729)"
84.140.233.200 - - [01/Dec/2009:09:39:21 +0100] "GET /livezilla/server.php?request=track&start=1259656712377&browid=6203463&url=http%3A%2F%2Fwww.f-m-shop.de%2Fseiten%2Fstart_advent.cfm&livezilla=1a6860d&cd=32&rh=1024&rw=1280&rf=http%3A%2F%2Fwww.f-m-shop.de%2Fseiten%2Fframe.html&tzo=1&code= HTTP/1.1" 200 85 "http://www.f-m-shop.de/seiten/start_advent.cfm" "Opera/9.80 (Windows NT 6.0; U; de) Presto/2.2.15 Version/10.10"
91.34.234.201 - - [01/Dec/2009:09:39:25 +0100] "GET /livezilla/image.php?id=04 HTTP/1.1" 200 7276 "http://www.eizo4you.de/seiten/prod_detail_neuer.cfm?kat=MONT22&nav=2&artnr=A%20%2026301" "Mozilla/5.0 (Windows; U; Windows NT 6.0; de; rv:1.9.1.5) Gecko/20091102 Firefox/3.5.5 (.NET CLR 3.5.30729)"
192.168.10.33 - - [01/Dec/2009:09:39:30 +0100] "GET /livezilla/server.php?request=track&start=1259656769620&browid=46e99f6&url=http%3A%2F%2Fwww.f-m-shop.de%2Fseiten%2Fstart_advent.cfm&livezilla=2da9876&cd=32&rh=1050&rw=1680&rf=http%3A%2F%2Fwww.f-m-shop.de%2Fseiten%2Fframe.html&tzo=1&code= HTTP/1.1" 200 85 "http://www.f-m-shop.de/seiten/start_advent.cfm" "Mozilla/4.0 (compatible; MSIE 8.0; Windows NT 5.1; Trident/4.0; GTB6; .NET CLR 2.0.50727; InfoPath.1; .NET CLR 3.0.4506.2152; .NET CLR 3.5.30729)"
192.168.10.33 - - [01/Dec/2009:09:39:35 +0100] "GET /livezilla/image.php?id=03 HTTP/1.1" 200 237 "http://www.f-m-shop.de/seiten/start_advent.cfm" "Mozilla/4.0 (compatible; MSIE 8.0; Windows NT 5.1; Trident/4.0; GTB6; .NET CLR 2.0.50727; InfoPath.1; .NET CLR 3.0.4506.2152; .NET CLR 3.5.30729)"
192.168.10.10 - - [01/Dec/2009:09:38:52 +0100] "POST /livezilla/server.php?acid=3d264 HTTP/1.1" 200 - "-" "LiveZilla 3.1.7.7 [http://www.livezilla.net]"
192.168.10.33 - - [01/Dec/2009:09:39:37 +0100] "GET /livezilla/server.php?request=track&output=jscript&nse=0.5921105481231924 HTTP/1.1" 200 18878 "http://www.f-m-shop.de/seiten/start_advent.cfm" "Mozilla/4.0 (compatible; MSIE 8.0; Windows NT 5.1; Trident/4.0; GTB6; .NET CLR 2.0.50727; InfoPath.1; .NET CLR 3.0.4506.2152; .NET CLR 3.5.30729)"
84.140.233.200 - - [01/Dec/2009:09:39:51 +0100] "GET /livezilla/server.php?request=track&start=1259656742375&browid=6203463&url=http%3A%2F%2Fwww.f-m-shop.de%2Fseiten%2Fstart_advent.cfm&livezilla=1a6860d&cd=32&rh=1024&rw=1280&rf=http%3A%2F%2Fwww.f-m-shop.de%2Fseiten%2Fframe.html&tzo=1&code= HTTP/1.1" 200 85 "http://www.f-m-shop.de/seiten/start_advent.cfm" "Opera/9.80 (Windows NT 6.0; U; de) Presto/2.2.15 Version/10.10"
192.168.10.13 - - [01/Dec/2009:09:39:08 +0100] "POST /livezilla/server.php?acid=99e07 HTTP/1.1" 200 - "-" "LiveZilla 3.1.7.7 [http://www.livezilla.net]"
192.168.10.34 - - [01/Dec/2009:09:39:53 +0100] "GET /livezilla/image.php?id=03 HTTP/1.1" 200 237 "http://www.f-m-shop.de/seiten/start_advent.cfm" "Mozilla/5.0 (Windows; U; Windows NT 5.1; de; rv:1.9.1.5) Gecko/20091102 Firefox/3.5.5 (.NET CLR 3.5.30729)"
192.168.10.34 - - [01/Dec/2009:09:39:54 +0100] "GET /livezilla/server.php?request=track&output=jscript&nse=0.31539609352561315 HTTP/1.1" 200 18878 "http://www.f-m-shop.de/seiten/start_advent.cfm" "Mozilla/5.0 (Windows; U; Windows NT 5.1; de; rv:1.9.1.5) Gecko/20091102 Firefox/3.5.5 (.NET CLR 3.5.30729)"
192.168.10.34 - - [01/Dec/2009:09:39:54 +0100] "GET /livezilla//templates/style.css?cache=0.396838454584052 HTTP/1.1" 200 8998 "http://www.f-m-shop.de/seiten/start_advent.cfm" "Mozilla/5.0 (Windows; U; Windows NT 5.1; de; rv:1.9.1.5) Gecko/20091102 Firefox/3.5.5 (.NET CLR 3.5.30729)"
192.168.10.34 - - [01/Dec/2009:09:39:54 +0100] "GET /livezilla/server.php?request=track&start=1259656794470&browid=c5d9e93&url=http%3A%2F%2Fwww.f-m-shop.de%2Fseiten%2Fstart_advent.cfm&livezilla=7cde111&cd=32&rh=1200&rw=1920&rf=http%3A%2F%2Fwww.f-m-shop.de%2Fseiten%2Fframe.html&tzo=1&code= HTTP/1.1" 200 85 "http://www.f-m-shop.de/seiten/start_advent.cfm" "Mozilla/5.0 (Windows; U; Windows NT 5.1; de; rv:1.9.1.5) Gecko/20091102 Firefox/3.5.5 (.NET CLR 3.5.30729)"
192.168.10.33 - - [01/Dec/2009:09:39:55 +0100] "GET /livezilla//templates/style.css?cache=0.8794384700903592 HTTP/1.1" 200 8998 "http://www.f-m-shop.de/seiten/start_advent.cfm" "Mozilla/4.0 (compatible; MSIE 8.0; Windows NT 5.1; Trident/4.0; GTB6; .NET CLR 2.0.50727; InfoPath.1; .NET CLR 3.0.4506.2152; .NET CLR 3.5.30729)"
192.168.10.33 - - [01/Dec/2009:09:39:56 +0100] "GET /livezilla/server.php?request=track&start=1259656790180&browid=311eae8&url=http%3A%2F%2Fwww.f-m-shop.de%2Fseiten%2Fstart_advent.cfm&livezilla=2da9876&cd=32&rh=1050&rw=1680&rf=http%3A%2F%2Fwww.f-m-shop.de%2Fseiten%2Fframe.html&tzo=1&code= HTTP/1.1" 200 85 "http://www.f-m-shop.de/seiten/start_advent.cfm" "Mozilla/4.0 (compatible; MSIE 8.0; Windows NT 5.1; Trident/4.0; GTB6; .NET CLR 2.0.50727; InfoPath.1; .NET CLR 3.0.4506.2152; .NET CLR 3.5.30729)"
192.168.10.33 - - [01/Dec/2009:09:40:06 +0100] "GET /livezilla/server.php?request=track&start=1259656804507&browid=46e99f6&url=http%3A%2F%2Fwww.f-m-shop.de%2Fseiten%2Fstart_advent.cfm&livezilla=2da9876&cd=32&rh=1050&rw=1680&rf=http%3A%2F%2Fwww.f-m-shop.de%2Fseiten%2Fframe.html&tzo=1&code= HTTP/1.1" 200 85 "http://www.f-m-shop.de/seiten/start_advent.cfm" "Mozilla/4.0 (compatible; MSIE 8.0; Windows NT 5.1; Trident/4.0; GTB6; .NET CLR 2.0.50727; InfoPath.1; .NET CLR 3.0.4506.2152; .NET CLR 3.5.30729)"
78.43.83.124 - - [01/Dec/2009:09:40:07 +0100] "GET /livezilla/image.php?id=04 HTTP/1.1" 200 7276 "http://www.f-m-shop.de/seiten/prod_detail_neuer.cfm?kat=MONT24&nav=2&artnr=A 29162" "Mozilla/4.0 (compatible; MSIE 8.0; Windows NT 5.1; Trident/4.0; .NET CLR 2.0.50727; .NET CLR 3.0.4506.2152; .NET CLR 3.5.30729; InfoPath.2; OfficeLiveConnector.1.4; OfficeLivePatch.1.3)"
84.140.233.200 - - [01/Dec/2009:09:40:21 +0100] "GET /livezilla/server.php?request=track&start=1259656772374&browid=6203463&url=http%3A%2F%2Fwww.f-m-shop.de%2Fseiten%2Fstart_advent.cfm&livezilla=1a6860d&cd=32&rh=1024&rw=1280&rf=http%3A%2F%2Fwww.f-m-shop.de%2Fseiten%2Fframe.html&tzo=1&code= HTTP/1.1" 200 85 "http://www.f-m-shop.de/seiten/start_advent.cfm" "Opera/9.80 (Windows NT 6.0; U; de) Presto/2.2.15 Version/10.10"
80.132.118.185 - - [01/Dec/2009:09:40:23 +0100] "GET /livezilla/image.php?id=04 HTTP/1.1" 200 7276 "http://www.f-m-shop.de/seiten/prod_detail_neuer.cfm?artnr=A%20%2024296&nav=2&kat=MONT19&kat_her=&p_sort=&b_sort=ASC" "Mozilla/4.0 (compatible; MSIE 8.0; Windows NT 5.1; Trident/4.0; GTB6.3; .NET CLR 1.1.4322)"
192.168.10.34 - - [01/Dec/2009:09:40:24 +0100] "GET /livezilla/server.php?request=track&start=1259656824478&browid=c5d9e93&url=http%3A%2F%2Fwww.f-m-shop.de%2Fseiten%2Fstart_advent.cfm&livezilla=7cde111&cd=32&rh=1200&rw=1920&rf=http%3A%2F%2Fwww.f-m-shop.de%2Fseiten%2Fframe.html&tzo=1&code= HTTP/1.1" 200 85 "http://www.f-m-shop.de/seiten/start_advent.cfm" "Mozilla/5.0 (Windows; U; Windows NT 5.1; de; rv:1.9.1.5) Gecko/20091102 Firefox/3.5.5 (.NET CLR 3.5.30729)"
192.168.10.10 - - [01/Dec/2009:09:39:40 +0100] "POST /livezilla/server.php?acid=79d8b HTTP/1.1" 200 - "-" "LiveZilla 3.1.7.7 [http://www.livezilla.net]"
192.168.10.33 - - [01/Dec/2009:09:40:25 +0100] "GET /livezilla/server.php?request=track&start=1259656823943&browid=311eae8&url=http%3A%2F%2Fwww.f-m-shop.de%2Fseiten%2Fstart_advent.cfm&livezilla=2da9876&cd=32&rh=1050&rw=1680&rf=http%3A%2F%2Fwww.f-m-shop.de%2Fseiten%2Fframe.html&tzo=1&code= HTTP/1.1" 200 85 "http://www.f-m-shop.de/seiten/start_advent.cfm" "Mozilla/4.0 (compatible; MSIE 8.0; Windows NT 5.1; Trident/4.0; GTB6; .NET CLR 2.0.50727; InfoPath.1; .NET CLR 3.0.4506.2152; .NET CLR 3.5.30729)"
80.132.118.185 - - [01/Dec/2009:09:40:39 +0100] "GET /livezilla/image.php?id=04 HTTP/1.1" 200 7276 "http://www.f-m-shop.de/seiten/prod_detail_neuer.cfm?kat=MONT19&nav=2&artnr=A 27277" "Mozilla/4.0 (compatible; MSIE 8.0; Windows NT 5.1; Trident/4.0; GTB6.3; .NET CLR 1.1.4322)"
192.168.10.33 - - [01/Dec/2009:09:40:41 +0100] "GET /livezilla/server.php?request=track&start=1259656839301&browid=46e99f6&url=http%3A%2F%2Fwww.f-m-shop.de%2Fseiten%2Fstart_advent.cfm&livezilla=2da9876&cd=32&rh=1050&rw=1680&rf=http%3A%2F%2Fwww.f-m-shop.de%2Fseiten%2Fframe.html&tzo=1&code= HTTP/1.1" 200 85 "http://www.f-m-shop.de/seiten/start_advent.cfm" "Mozilla/4.0 (compatible; MSIE 8.0; Windows NT 5.1; Trident/4.0; GTB6; .NET CLR 2.0.50727; InfoPath.1; .NET CLR 3.0.4506.2152; .NET CLR 3.5.30729)"
192.168.10.13 - - [01/Dec/2009:09:39:57 +0100] "POST /livezilla/server.php?acid=78886 HTTP/1.1" 200 - "-" "LiveZilla 3.1.7.7 [http://www.livezilla.net]"
91.34.234.201 - - [01/Dec/2009:09:40:42 +0100] "GET /livezilla/image.php?id=04 HTTP/1.1" 200 7276 "http://www.eizo4you.de/seiten/prod_detail_neuer.cfm?kat=MONT22&nav=2&artnr=A%20%2026337" "Mozilla/5.0 (Windows; U; Windows NT 6.0; de; rv:1.9.1.5) Gecko/20091102 Firefox/3.5.5 (.NET CLR 3.5.30729)"
80.132.118.185 - - [01/Dec/2009:09:40:47 +0100] "GET /livezilla/image.php?id=04 HTTP/1.1" 200 7276 "http://www.f-m-shop.de/seiten/prod_detail_neuer.cfm?kat=MONT19&nav=2&artnr=A 27277" "Mozilla/4.0 (compatible; MSIE 8.0; Windows NT 5.1; Trident/4.0; GTB6.3; .NET CLR 1.1.4322)"
84.140.233.200 - - [01/Dec/2009:09:40:51 +0100] "GET /livezilla/server.php?request=track&start=1259656802372&browid=6203463&url=http%3A%2F%2Fwww.f-m-shop.de%2Fseiten%2Fstart_advent.cfm&livezilla=1a6860d&cd=32&rh=1024&rw=1280&rf=http%3A%2F%2Fwww.f-m-shop.de%2Fseiten%2Fframe.html&tzo=1&code= HTTP/1.1" 200 85 "http://www.f-m-shop.de/seiten/start_advent.cfm" "Opera/9.80 (Windows NT 6.0; U; de) Presto/2.2.15 Version/10.10"
192.168.10.34 - - [01/Dec/2009:09:40:54 +0100] "GET /livezilla/server.php?request=track&start=1259656854487&browid=c5d9e93&url=http%3A%2F%2Fwww.f-m-shop.de%2Fseiten%2Fstart_advent.cfm&livezilla=7cde111&cd=32&rh=1200&rw=1920&rf=http%3A%2F%2Fwww.f-m-shop.de%2Fseiten%2Fframe.html&tzo=1&code= HTTP/1.1" 200 85 "http://www.f-m-shop.de/seiten/start_advent.cfm" "Mozilla/5.0 (Windows; U; Windows NT 5.1; de; rv:1.9.1.5) Gecko/20091102 Firefox/3.5.5 (.NET CLR 3.5.30729)"
192.168.10.33 - - [01/Dec/2009:09:41:00 +0100] "GET /livezilla/server.php?request=track&start=1259656859424&browid=311eae8&url=http%3A%2F%2Fwww.f-m-shop.de%2Fseiten%2Fstart_advent.cfm&livezilla=2da9876&cd=32&rh=1050&rw=1680&rf=http%3A%2F%2Fwww.f-m-shop.de%2Fseiten%2Fframe.html&tzo=1&code= HTTP/1.1" 200 85 "http://www.f-m-shop.de/seiten/start_advent.cfm" "Mozilla/4.0 (compatible; MSIE 8.0; Windows NT 5.1; Trident/4.0; GTB6; .NET CLR 2.0.50727; InfoPath.1; .NET CLR 3.0.4506.2152; .NET CLR 3.5.30729)"
192.168.10.34 - - [01/Dec/2009:09:41:10 +0100] "GET /livezilla/image.php?id=03 HTTP/1.1" 200 237 "http://www.f-m-shop.de/seiten/start_advent.cfm" "Mozilla/5.0 (Windows; U; Windows NT 5.1; de; rv:1.9.1.5) Gecko/20091102 Firefox/3.5.5 (.NET CLR 3.5.30729)"
192.168.10.34 - - [01/Dec/2009:09:41:10 +0100] "GET /livezilla/server.php?request=track&output=jscript&nse=0.49288054255170954 HTTP/1.1" 200 18878 "http://www.f-m-shop.de/seiten/start_advent.cfm" "Mozilla/5.0 (Windows; U; Windows NT 5.1; de; rv:1.9.1.5) Gecko/20091102 Firefox/3.5.5 (.NET CLR 3.5.30729)"
192.168.10.34 - - [01/Dec/2009:09:41:11 +0100] "GET /livezilla/server.php?request=track&start=1259656871087&browid=9c1cdc6&url=http%3A%2F%2Fwww.f-m-shop.de%2Fseiten%2Fstart_advent.cfm&livezilla=7cde111&cd=32&rh=1200&rw=1920&rf=http%3A%2F%2Fwww.f-m-shop.de%2Fseiten%2Fframe.html&tzo=1&code= HTTP/1.1" 200 85 "http://www.f-m-shop.de/seiten/start_advent.cfm" "Mozilla/5.0 (Windows; U; Windows NT 5.1; de; rv:1.9.1.5) Gecko/20091102 Firefox/3.5.5 (.NET CLR 3.5.30729)"
192.168.10.34 - - [01/Dec/2009:09:41:11 +0100] "GET /livezilla//templates/style.css?cache=0.7217864729257708 HTTP/1.1" 200 8998 "http://www.f-m-shop.de/seiten/start_advent.cfm" "Mozilla/5.0 (Windows; U; Windows NT 5.1; de; rv:1.9.1.5) Gecko/20091102 Firefox/3.5.5 (.NET CLR 3.5.30729)"
78.43.83.124 - - [01/Dec/2009:09:41:12 +0100] "GET /livezilla/image.php?id=04 HTTP/1.1" 200 7276 "http://www.f-m-shop.de/seiten/prod_detail_neuer.cfm?kat=MONT22&nav=2&artnr=A 23132" "Mozilla/4.0 (compatible; MSIE 8.0; Windows NT 5.1; Trident/4.0; .NET CLR 2.0.50727; .NET CLR 3.0.4506.2152; .NET CLR 3.5.30729; InfoPath.2; OfficeLiveConnector.1.4; OfficeLivePatch.1.3)"
192.168.10.10 - - [01/Dec/2009:09:40:28 +0100] "POST /livezilla/server.php?acid=c6cf8 HTTP/1.1" 200 - "-" "LiveZilla 3.1.7.7 [http://www.livezilla.net]"
84.140.233.200 - - [01/Dec/2009:09:41:21 +0100] "GET /livezilla/server.php?request=track&start=1259656832370&browid=6203463&url=http%3A%2F%2Fwww.f-m-shop.de%2Fseiten%2Fstart_advent.cfm&livezilla=1a6860d&cd=32&rh=1024&rw=1280&rf=http%3A%2F%2Fwww.f-m-shop.de%2Fseiten%2Fframe.html&tzo=1&code= HTTP/1.1" 200 85 "http://www.f-m-shop.de/seiten/start_advent.cfm" "Opera/9.80 (Windows NT 6.0; U; de) Presto/2.2.15 Version/10.10"
