192.168.10.33 - - [01/Dec/2009:09:41:21 +0100] "GET /livezilla/server.php?request=track&start=1259656879235&browid=46e99f6&url=http%3A%2F%2Fwww.f-m-shop.de%2Fseiten%2Fstart_advent.cfm&livezilla=2da9876&cd=32&rh=1050&rw=1680&rf=http%3A%2F%2Fwww.f-m-shop.de%2Fseiten%2Fframe.html&tzo=1&code= HTTP/1.1" 200 85 "http://www.f-m-shop.de/seiten/start_advent.cfm" "Mozilla/4.0 (compatible; MSIE 8.0; Windows NT 5.1; Trident/4.0; GTB6; .NET CLR 2.0.50727; InfoPath.1; .NET CLR 3.0.4506.2152; .NET CLR 3.5.30729)"
192.168.10.13 - - [01/Dec/2009:09:40:45 +0100] "POST /livezilla/server.php?acid=19d73 HTTP/1.1" 200 - "-" "LiveZilla 3.1.7.7 [http://www.livezilla.net]"
141.5.198.46 - - [01/Dec/2009:09:41:32 +0100] "GET /livezilla/image.php?id=04 HTTP/1.1" 200 7276 "http://www.f-m-shop.de/seiten/prod_detail_neuer.cfm?kat=NOTB07&nav=2&artnr=A%20%2029063" "Mozilla/5.0 (Windows; U; Windows NT 5.1; de; rv:1.9.0.15) Gecko/2009101601 Firefox/3.0.15 (.NET CLR 3.5.30729)"
91.34.234.201 - - [01/Dec/2009:09:41:34 +0100] "GET /livezilla/image.php?id=04 HTTP/1.1" 200 7276 "http://www.eizo4you.de/seiten/prod_detail_neuer.cfm?kat=MONT22&nav=2&artnr=A%20%2024834" "Mozilla/5.0 (Windows; U; Windows NT 6.0; de; rv:1.9.1.5) Gecko/20091102 Firefox/3.5.5 (.NET CLR 3.5.30729)"
192.168.10.33 - - [01/Dec/2009:09:41:35 +0100] "GET /livezilla/server.php?request=track&start=1259656894359&browid=311eae8&url=http%3A%2F%2Fwww.f-m-shop.de%2Fseiten%2Fstart_advent.cfm&livezilla=2da9876&cd=32&rh=1050&rw=1680&rf=http%3A%2F%2Fwww.f-m-shop.de%2Fseiten%2Fframe.html&tzo=1&code= HTTP/1.1" 200 85 "http://www.f-m-shop.de/seiten/start_advent.cfm" "Mozilla/4.0 (compatible; MSIE 8.0; Windows NT 5.1; Trident/4.0; GTB6; .NET CLR 2.0.50727; InfoPath.1; .NET CLR 3.0.4506.2152; .NET CLR 3.5.30729)"
84.140.233.200 - - [01/Dec/2009:09:41:51 +0100] "GET /livezilla/server.php?request=track&start=1259656862369&browid=6203463&url=http%3A%2F%2Fwww.f-m-shop.de%2Fseiten%2Fstart_advent.cfm&livezilla=1a6860d&cd=32&rh=1024&rw=1280&rf=http%3A%2F%2Fwww.f-m-shop.de%2Fseiten%2Fframe.html&tzo=1&code= HTTP/1.1" 200 85 "http://www.f-m-shop.de/seiten/start_advent.cfm" "Opera/9.80 (Windows NT 6.0; U; de) Presto/2.2.15 Version/10.10"
91.113.5.176 - - [01/Dec/2009:09:41:53 +0100] "GET /livezilla/image.php?id=04 HTTP/1.1" 200 7276 "http://www.f-m-shop.de/seiten/prod_detail_neuer.cfm?kat=HIFMEDIA&nav=2&artnr=A 24972" "Mozilla/4.0 (compatible; MSIE 7.0; Windows NT 6.0; Embedded Web Browser from: http://bsalsa.com/; SLCC1; .NET CLR 2.0.50727; Media Center PC 5.0; InfoPath.2; .NET CLR 3.0.30729; FDM)"
192.168.10.33 - - [01/Dec/2009:09:42:00 +0100] "GET /livezilla/server.php?request=track&start=1259656919278&browid=46e99f6&url=http%3A%2F%2Fwww.f-m-shop.de%2Fseiten%2Fstart_advent.cfm&livezilla=2da9876&cd=32&rh=1050&rw=1680&rf=http%3A%2F%2Fwww.f-m-shop.de%2Fseiten%2Fframe.html&tzo=1&code= HTTP/1.1" 200 85 "http://www.f-m-shop.de/seiten/start_advent.cfm" "Mozilla/4.0 (compatible; MSIE 8.0; Windows NT 5.1; Trident/4.0; GTB6; .NET CLR 2.0.50727; InfoPath.1; .NET CLR 3.0.4506.2152; .NET CLR 3.5.30729)"
192.168.10.10 - - [01/Dec/2009:09:41:17 +0100] "POST /livezilla/server.php?acid=96b20 HTTP/1.1" 200 - "-" "LiveZilla 3.1.7.7 [http://www.livezilla.net]"
192.168.10.33 - - [01/Dec/2009:09:42:10 +0100] "GET /livezilla/server.php?request=track&start=1259656929527&browid=311eae8&url=http%3A%2F%2Fwww.f-m-shop.de%2Fseiten%2Fstart_advent.cfm&livezilla=2da9876&cd=32&rh=1050&rw=1680&rf=http%3A%2F%2Fwww.f-m-shop.de%2Fseiten%2Fframe.html&tzo=1&code= HTTP/1.1" 200 85 "http://www.f-m-shop.de/seiten/start_advent.cfm" "Mozilla/4.0 (compatible; MSIE 8.0; Windows NT 5.1; Trident/4.0; GTB6; .NET CLR 2.0.50727; InfoPath.1; .NET CLR 3.0.4506.2152; .NET CLR 3.5.30729)"
192.168.10.13 - - [01/Dec/2009:09:41:33 +0100] "POST /livezilla/server.php?acid=d63f6 HTTP/1.1" 200 - "-" "LiveZilla 3.1.7.7 [http://www.livezilla.net]"
84.140.233.200 - - [01/Dec/2009:09:42:21 +0100] "GET /livezilla/server.php?request=track&start=1259656892368&browid=6203463&url=http%3A%2F%2Fwww.f-m-shop.de%2Fseiten%2Fstart_advent.cfm&livezilla=1a6860d&cd=32&rh=1024&rw=1280&rf=http%3A%2F%2Fwww.f-m-shop.de%2Fseiten%2Fframe.html&tzo=1&code= HTTP/1.1" 200 85 "http://www.f-m-shop.de/seiten/start_advent.cfm" "Opera/9.80 (Windows NT 6.0; U; de) Presto/2.2.15 Version/10.10"
91.113.5.176 - - [01/Dec/2009:09:42:41 +0100] "GET /livezilla/image.php?id=04 HTTP/1.1" 200 7276 "http://www.f-m-shop.de/seiten/prod_detail_neuer.cfm?kat=HIFMEDIA&nav=2&artnr=A%20%2024972" "Mozilla/4.0 (compatible; MSIE 7.0; Windows NT 6.0; Embedded Web Browser from: http://bsalsa.com/; SLCC1; .NET CLR 2.0.50727; Media Center PC 5.0; InfoPath.2; .NET CLR 3.0.30729; FDM)"
192.168.10.33 - - [01/Dec/2009:09:42:45 +0100] "GET /livezilla/server.php?request=track&start=1259656964055&browid=46e99f6&url=http%3A%2F%2Fwww.f-m-shop.de%2Fseiten%2Fstart_advent.cfm&livezilla=2da9876&cd=32&rh=1050&rw=1680&rf=http%3A%2F%2Fwww.f-m-shop.de%2Fseiten%2Fframe.html&tzo=1&code= HTTP/1.1" 200 85 "http://www.f-m-shop.de/seiten/start_advent.cfm" "Mozilla/4.0 (compatible; MSIE 8.0; Windows NT 5.1; Trident/4.0; GTB6; .NET CLR 2.0.50727; InfoPath.1; .NET CLR 3.0.4506.2152; .NET CLR 3.5.30729)"
192.168.10.33 - - [01/Dec/2009:09:42:45 +0100] "GET /livezilla/server.php?request=track&start=1259656964290&browid=311eae8&url=http%3A%2F%2Fwww.f-m-shop.de%2Fseiten%2Fstart_advent.cfm&livezilla=2da9876&cd=32&rh=1050&rw=1680&rf=http%3A%2F%2Fwww.f-m-shop.de%2Fseiten%2Fframe.html&tzo=1&code= HTTP/1.1" 200 85 "http://www.f-m-shop.de/seiten/start_advent.cfm" "Mozilla/4.0 (compatible; MSIE 8.0; Windows NT 5.1; Trident/4.0; GTB6; .NET CLR 2.0.50727; InfoPath.1; .NET CLR 3.0.4506.2152; .NET CLR 3.5.30729)"
192.168.10.10 - - [01/Dec/2009:09:42:05 +0100] "POST /livezilla/server.php?acid=f2ed0 HTTP/1.1" 200 - "-" "LiveZilla 3.1.7.7 [http://www.livezilla.net]"
84.140.233.200 - - [01/Dec/2009:09:42:51 +0100] "GET /livezilla/server.php?request=track&start=1259656922366&browid=6203463&url=http%3A%2F%2Fwww.f-m-shop.de%2Fseiten%2Fstart_advent.cfm&livezilla=1a6860d&cd=32&rh=1024&rw=1280&rf=http%3A%2F%2Fwww.f-m-shop.de%2Fseiten%2Fframe.html&tzo=1&code= HTTP/1.1" 200 85 "http://www.f-m-shop.de/seiten/start_advent.cfm" "Opera/9.80 (Windows NT 6.0; U; de) Presto/2.2.15 Version/10.10"
192.168.10.13 - - [01/Dec/2009:09:42:22 +0100] "POST /livezilla/server.php?acid=04c56 HTTP/1.1" 200 - "-" "LiveZilla 3.1.7.7 [http://www.livezilla.net]"
91.113.5.176 - - [01/Dec/2009:09:43:14 +0100] "GET /livezilla/image.php?id=04 HTTP/1.1" 200 7276 "http://www.f-m-shop.de/seiten/prod_detail_neuer.cfm?kat=HIFMEDIA&nav=2&artnr=A%20%2024972" "Mozilla/4.0 (compatible; MSIE 7.0; Windows NT 6.0; Embedded Web Browser from: http://bsalsa.com/; SLCC1; .NET CLR 2.0.50727; Media Center PC 5.0; InfoPath.2; .NET CLR 3.0.30729; FDM)"
192.168.10.33 - - [01/Dec/2009:09:43:19 +0100] "GET /livezilla/server.php?request=track&start=1259656999021&browid=311eae8&url=http%3A%2F%2Fwww.f-m-shop.de%2Fseiten%2Fstart_advent.cfm&livezilla=2da9876&cd=32&rh=1050&rw=1680&rf=http%3A%2F%2Fwww.f-m-shop.de%2Fseiten%2Fframe.html&tzo=1&code= HTTP/1.1" 200 85 "http://www.f-m-shop.de/seiten/start_advent.cfm" "Mozilla/4.0 (compatible; MSIE 8.0; Windows NT 5.1; Trident/4.0; GTB6; .NET CLR 2.0.50727; InfoPath.1; .NET CLR 3.0.4506.2152; .NET CLR 3.5.30729)"
84.140.233.200 - - [01/Dec/2009:09:43:21 +0100] "GET /livezilla/server.php?request=track&start=1259656952364&browid=6203463&url=http%3A%2F%2Fwww.f-m-shop.de%2Fseiten%2Fstart_advent.cfm&livezilla=1a6860d&cd=32&rh=1024&rw=1280&rf=http%3A%2F%2Fwww.f-m-shop.de%2Fseiten%2Fframe.html&tzo=1&code= HTTP/1.1" 200 85 "http://www.f-m-shop.de/seiten/start_advent.cfm" "Opera/9.80 (Windows NT 6.0; U; de) Presto/2.2.15 Version/10.10"
192.168.10.33 - - [01/Dec/2009:09:43:29 +0100] "GET /livezilla/server.php?request=track&start=1259657008661&browid=46e99f6&url=http%3A%2F%2Fwww.f-m-shop.de%2Fseiten%2Fstart_advent.cfm&livezilla=2da9876&cd=32&rh=1050&rw=1680&rf=http%3A%2F%2Fwww.f-m-shop.de%2Fseiten%2Fframe.html&tzo=1&code= HTTP/1.1" 200 85 "http://www.f-m-shop.de/seiten/start_advent.cfm" "Mozilla/4.0 (compatible; MSIE 8.0; Windows NT 5.1; Trident/4.0; GTB6; .NET CLR 2.0.50727; InfoPath.1; .NET CLR 3.0.4506.2152; .NET CLR 3.5.30729)"
192.168.10.10 - - [01/Dec/2009:09:42:54 +0100] "POST /livezilla/server.php?acid=42046 HTTP/1.1" 200 - "-" "LiveZilla 3.1.7.7 [http://www.livezilla.net]"
80.135.104.221 - - [01/Dec/2009:09:43:41 +0100] "GET /livezilla/image.php?id=04 HTTP/1.1" 200 7276 "http://www.f-m-shop.de/seiten/prod_detail_neuer.cfm?kat=HIFMEDIA&nav=2&artnr=A%20%2030403" "Mozilla/5.0 (Windows; U; Windows NT 5.1; de; rv:1.9.1.5) Gecko/20091102 Firefox/3.5.5 (.NET CLR 3.5.30729)"
217.92.105.184 - - [01/Dec/2009:09:43:49 +0100] "GET /livezilla/image.php?id=04 HTTP/1.1" 200 7276 "http://www.f-m-shop.de/seiten/prod_detail_neuer.cfm?kat=NETZBH&nav=2&artnr=A 26973" "Mozilla/4.0 (compatible; MSIE 7.0; Windows NT 5.1; GTB6; .NET CLR 2.0.50727; .NET CLR 3.0.04506.30; .NET CLR 3.0.04506.648; .NET CLR 3.0.4506.2152; .NET CLR 3.5.30729)"
84.140.233.200 - - [01/Dec/2009:09:43:51 +0100] "GET /livezilla/server.php?request=track&start=1259656982363&browid=6203463&url=http%3A%2F%2Fwww.f-m-shop.de%2Fseiten%2Fstart_advent.cfm&livezilla=1a6860d&cd=32&rh=1024&rw=1280&rf=http%3A%2F%2Fwww.f-m-shop.de%2Fseiten%2Fframe.html&tzo=1&code= HTTP/1.1" 200 85 "http://www.f-m-shop.de/seiten/start_advent.cfm" "Opera/9.80 (Windows NT 6.0; U; de) Presto/2.2.15 Version/10.10"
192.168.10.33 - - [01/Dec/2009:09:43:54 +0100] "GET /livezilla/server.php?request=track&start=1259657033581&browid=311eae8&url=http%3A%2F%2Fwww.f-m-shop.de%2Fseiten%2Fstart_advent.cfm&livezilla=2da9876&cd=32&rh=1050&rw=1680&rf=http%3A%2F%2Fwww.f-m-shop.de%2Fseiten%2Fframe.html&tzo=1&code= HTTP/1.1" 200 85 "http://www.f-m-shop.de/seiten/start_advent.cfm" "Mozilla/4.0 (compatible; MSIE 8.0; Windows NT 5.1; Trident/4.0; GTB6; .NET CLR 2.0.50727; InfoPath.1; .NET CLR 3.0.4506.2152; .NET CLR 3.5.30729)"
192.168.10.13 - - [01/Dec/2009:09:43:10 +0100] "POST /livezilla/server.php?acid=fbb07 HTTP/1.1" 200 - "-" "LiveZilla 3.1.7.7 [http://www.livezilla.net]"
217.92.105.184 - - [01/Dec/2009:09:44:00 +0100] "GET /livezilla/image.php?id=04 HTTP/1.1" 200 7276 "http://www.f-m-shop.de/seiten/prod_detail_neuer.cfm?kat=NETZBH&nav=2&artnr=A 26973" "Mozilla/4.0 (compatible; MSIE 7.0; Windows NT 5.1; GTB6; .NET CLR 2.0.50727; .NET CLR 3.0.04506.30; .NET CLR 3.0.04506.648; .NET CLR 3.0.4506.2152; .NET CLR 3.5.30729)"
217.92.105.184 - - [01/Dec/2009:09:44:02 +0100] "GET /livezilla/image.php?id=04 HTTP/1.1" 200 7276 "http://www.f-m-shop.de/seiten/prod_detail_neuer.cfm?kat=NETZBH&nav=2&artnr=A 26973" "Mozilla/4.0 (compatible; MSIE 7.0; Windows NT 5.1; GTB6; .NET CLR 2.0.50727; .NET CLR 3.0.04506.30; .NET CLR 3.0.04506.648; .NET CLR 3.0.4506.2152; .NET CLR 3.5.30729)"
217.92.105.184 - - [01/Dec/2009:09:44:05 +0100] "GET /livezilla/image.php?id=04 HTTP/1.1" 200 7276 "http://www.f-m-shop.de/seiten/prod_detail_neuer.cfm?kat=NETZBH&nav=2&artnr=A 26973" "Mozilla/4.0 (compatible; MSIE 7.0; Windows NT 5.1; GTB6; .NET CLR 2.0.50727; .NET CLR 3.0.04506.30; .NET CLR 3.0.04506.648; .NET CLR 3.0.4506.2152; .NET CLR 3.5.30729)"
192.168.10.33 - - [01/Dec/2009:09:44:14 +0100] "GET /livezilla/server.php?request=track&start=1259657053173&browid=46e99f6&url=http%3A%2F%2Fwww.f-m-shop.de%2Fseiten%2Fstart_advent.cfm&livezilla=2da9876&cd=32&rh=1050&rw=1680&rf=http%3A%2F%2Fwww.f-m-shop.de%2Fseiten%2Fframe.html&tzo=1&code= HTTP/1.1" 200 85 "http://www.f-m-shop.de/seiten/start_advent.cfm" "Mozilla/4.0 (compatible; MSIE 8.0; Windows NT 5.1; Trident/4.0; GTB6; .NET CLR 2.0.50727; InfoPath.1; .NET CLR 3.0.4506.2152; .NET CLR 3.5.30729)"
79.197.88.24 - - [01/Dec/2009:09:44:17 +0100] "GET /livezilla/image.php?id=04 HTTP/1.1" 200 7276 "http://www.eizo4you.de/seiten/prod_detail_neuer.cfm?name=LCD%2024%22%20%20%20EIZO%20FlexScan%20SX2461WH%20schwarz&artnr=A%20%2021711&nav=2&kat=MONT24&kat_her=&p_sort=&b_sort=ASC" "Mozilla/5.0 (Windows; U; Windows NT 5.1; de; rv:1.9.1.5) Gecko/20091102 Firefox/3.5.5"
84.140.233.200 - - [01/Dec/2009:09:44:21 +0100] "GET /livezilla/server.php?request=track&start=1259657012361&browid=6203463&url=http%3A%2F%2Fwww.f-m-shop.de%2Fseiten%2Fstart_advent.cfm&livezilla=1a6860d&cd=32&rh=1024&rw=1280&rf=http%3A%2F%2Fwww.f-m-shop.de%2Fseiten%2Fframe.html&tzo=1&code= HTTP/1.1" 200 85 "http://www.f-m-shop.de/seiten/start_advent.cfm" "Opera/9.80 (Windows NT 6.0; U; de) Presto/2.2.15 Version/10.10"
192.168.10.10 - - [01/Dec/2009:09:43:42 +0100] "POST /livezilla/server.php?acid=04d68 HTTP/1.1" 200 - "-" "LiveZilla 3.1.7.7 [http://www.livezilla.net]"
192.168.10.33 - - [01/Dec/2009:09:44:28 +0100] "GET /livezilla/server.php?request=track&start=1259657068015&browid=311eae8&url=http%3A%2F%2Fwww.f-m-shop.de%2Fseiten%2Fstart_advent.cfm&livezilla=2da9876&cd=32&rh=1050&rw=1680&rf=http%3A%2F%2Fwww.f-m-shop.de%2Fseiten%2Fframe.html&tzo=1&code= HTTP/1.1" 200 85 "http://www.f-m-shop.de/seiten/start_advent.cfm" "Mozilla/4.0 (compatible; MSIE 8.0; Windows NT 5.1; Trident/4.0; GTB6; .NET CLR 2.0.50727; InfoPath.1; .NET CLR 3.0.4506.2152; .NET CLR 3.5.30729)"
192.168.10.13 - - [01/Dec/2009:09:43:58 +0100] "POST /livezilla/server.php?acid=2ce5c HTTP/1.1" 200 - "-" "LiveZilla 3.1.7.7 [http://www.livezilla.net]"
84.140.233.200 - - [01/Dec/2009:09:44:51 +0100] "GET /livezilla/server.php?request=track&start=1259657042359&browid=6203463&url=http%3A%2F%2Fwww.f-m-shop.de%2Fseiten%2Fstart_advent.cfm&livezilla=1a6860d&cd=32&rh=1024&rw=1280&rf=http%3A%2F%2Fwww.f-m-shop.de%2Fseiten%2Fframe.html&tzo=1&code= HTTP/1.1" 200 85 "http://www.f-m-shop.de/seiten/start_advent.cfm" "Opera/9.80 (Windows NT 6.0; U; de) Presto/2.2.15 Version/10.10"
192.168.10.33 - - [01/Dec/2009:09:44:58 +0100] "GET /livezilla/server.php?request=track&start=1259657097497&browid=46e99f6&url=http%3A%2F%2Fwww.f-m-shop.de%2Fseiten%2Fstart_advent.cfm&livezilla=2da9876&cd=32&rh=1050&rw=1680&rf=http%3A%2F%2Fwww.f-m-shop.de%2Fseiten%2Fframe.html&tzo=1&code= HTTP/1.1" 200 85 "http://www.f-m-shop.de/seiten/start_advent.cfm" "Mozilla/4.0 (compatible; MSIE 8.0; Windows NT 5.1; Trident/4.0; GTB6; .NET CLR 2.0.50727; InfoPath.1; .NET CLR 3.0.4506.2152; .NET CLR 3.5.30729)"
192.168.10.33 - - [01/Dec/2009:09:45:03 +0100] "GET /livezilla/server.php?request=track&start=1259657102825&browid=311eae8&url=http%3A%2F%2Fwww.f-m-shop.de%2Fseiten%2Fstart_advent.cfm&livezilla=2da9876&cd=32&rh=1050&rw=1680&rf=http%3A%2F%2Fwww.f-m-shop.de%2Fseiten%2Fframe.html&tzo=1&code= HTTP/1.1" 200 85 "http://www.f-m-shop.de/seiten/start_advent.cfm" "Mozilla/4.0 (compatible; MSIE 8.0; Windows NT 5.1; Trident/4.0; GTB6; .NET CLR 2.0.50727; InfoPath.1; .NET CLR 3.0.4506.2152; .NET CLR 3.5.30729)"
217.29.39.50 - - [01/Dec/2009:09:45:08 +0100] "GET /livezilla/image.php?id=04 HTTP/1.0" 200 7276 "http://www.f-m-shop.de/seiten/prod_detail_neuer.cfm?kat=MONT24&nav=2&artnr=A 29039" "Mozilla/4.0 (compatible; MSIE 7.0; Windows NT 5.1)"
192.168.10.10 - - [01/Dec/2009:09:44:31 +0100] "POST /livezilla/server.php?acid=0ff78 HTTP/1.1" 200 - "-" "LiveZilla 3.1.7.7 [http://www.livezilla.net]"
84.140.233.200 - - [01/Dec/2009:09:45:21 +0100] "GET /livezilla/server.php?request=track&start=1259657072357&browid=6203463&url=http%3A%2F%2Fwww.f-m-shop.de%2Fseiten%2Fstart_advent.cfm&livezilla=1a6860d&cd=32&rh=1024&rw=1280&rf=http%3A%2F%2Fwww.f-m-shop.de%2Fseiten%2Fframe.html&tzo=1&code= HTTP/1.1" 200 85 "http://www.f-m-shop.de/seiten/start_advent.cfm" "Opera/9.80 (Windows NT 6.0; U; de) Presto/2.2.15 Version/10.10"
192.168.10.13 - - [01/Dec/2009:09:44:47 +0100] "POST /livezilla/server.php?acid=d8c44 HTTP/1.1" 200 - "-" "LiveZilla 3.1.7.7 [http://www.livezilla.net]"
192.168.10.33 - - [01/Dec/2009:09:45:39 +0100] "GET /livezilla/server.php?request=track&start=1259657137354&browid=311eae8&url=http%3A%2F%2Fwww.f-m-shop.de%2Fseiten%2Fstart_advent.cfm&livezilla=2da9876&cd=32&rh=1050&rw=1680&rf=http%3A%2F%2Fwww.f-m-shop.de%2Fseiten%2Fframe.html&tzo=1&code= HTTP/1.1" 200 85 "http://www.f-m-shop.de/seiten/start_advent.cfm" "Mozilla/4.0 (compatible; MSIE 8.0; Windows NT 5.1; Trident/4.0; GTB6; .NET CLR 2.0.50727; InfoPath.1; .NET CLR 3.0.4506.2152; .NET CLR 3.5.30729)"
192.168.10.33 - - [01/Dec/2009:09:45:42 +0100] "GET /livezilla/server.php?request=track&start=1259657141839&browid=46e99f6&url=http%3A%2F%2Fwww.f-m-shop.de%2Fseiten%2Fstart_advent.cfm&livezilla=2da9876&cd=32&rh=1050&rw=1680&rf=http%3A%2F%2Fwww.f-m-shop.de%2Fseiten%2Fframe.html&tzo=1&code= HTTP/1.1" 200 85 "http://www.f-m-shop.de/seiten/start_advent.cfm" "Mozilla/4.0 (compatible; MSIE 8.0; Windows NT 5.1; Trident/4.0; GTB6; .NET CLR 2.0.50727; InfoPath.1; .NET CLR 3.0.4506.2152; .NET CLR 3.5.30729)"
84.140.233.200 - - [01/Dec/2009:09:45:51 +0100] "GET /livezilla/server.php?request=track&start=1259657102356&browid=6203463&url=http%3A%2F%2Fwww.f-m-shop.de%2Fseiten%2Fstart_advent.cfm&livezilla=1a6860d&cd=32&rh=1024&rw=1280&rf=http%3A%2F%2Fwww.f-m-shop.de%2Fseiten%2Fframe.html&tzo=1&code= HTTP/1.1" 200 85 "http://www.f-m-shop.de/seiten/start_advent.cfm" "Opera/9.80 (Windows NT 6.0; U; de) Presto/2.2.15 Version/10.10"
192.168.10.10 - - [01/Dec/2009:09:45:19 +0100] "POST /livezilla/server.php?acid=0251e HTTP/1.1" 200 - "-" "LiveZilla 3.1.7.7 [http://www.livezilla.net]"
192.168.10.33 - - [01/Dec/2009:09:46:12 +0100] "GET /livezilla/server.php?request=track&start=1259657171712&browid=311eae8&url=http%3A%2F%2Fwww.f-m-shop.de%2Fseiten%2Fstart_advent.cfm&livezilla=2da9876&cd=32&rh=1050&rw=1680&rf=http%3A%2F%2Fwww.f-m-shop.de%2Fseiten%2Fframe.html&tzo=1&code= HTTP/1.1" 200 85 "http://www.f-m-shop.de/seiten/start_advent.cfm" "Mozilla/4.0 (compatible; MSIE 8.0; Windows NT 5.1; Trident/4.0; GTB6; .NET CLR 2.0.50727; InfoPath.1; .NET CLR 3.0.4506.2152; .NET CLR 3.5.30729)"
192.168.10.13 - - [01/Dec/2009:09:45:35 +0100] "POST /livezilla/server.php?acid=81aeb HTTP/1.1" 200 - "-" "LiveZilla 3.1.7.7 [http://www.livezilla.net]"
84.140.233.200 - - [01/Dec/2009:09:46:21 +0100] "GET /livezilla/server.php?request=track&start=1259657132354&browid=6203463&url=http%3A%2F%2Fwww.f-m-shop.de%2Fseiten%2Fstart_advent.cfm&livezilla=1a6860d&cd=32&rh=1024&rw=1280&rf=http%3A%2F%2Fwww.f-m-shop.de%2Fseiten%2Fframe.html&tzo=1&code= HTTP/1.1" 200 85 "http://www.f-m-shop.de/seiten/start_advent.cfm" "Opera/9.80 (Windows NT 6.0; U; de) Presto/2.2.15 Version/10.10"
192.168.10.33 - - [01/Dec/2009:09:46:27 +0100] "GET /livezilla/server.php?request=track&start=1259657186133&browid=46e99f6&url=http%3A%2F%2Fwww.f-m-shop.de%2Fseiten%2Fstart_advent.cfm&livezilla=2da9876&cd=32&rh=1050&rw=1680&rf=http%3A%2F%2Fwww.f-m-shop.de%2Fseiten%2Fframe.html&tzo=1&code= HTTP/1.1" 200 85 "http://www.f-m-shop.de/seiten/start_advent.cfm" "Mozilla/4.0 (compatible; MSIE 8.0; Windows NT 5.1; Trident/4.0; GTB6; .NET CLR 2.0.50727; InfoPath.1; .NET CLR 3.0.4506.2152; .NET CLR 3.5.30729)"
192.168.10.34 - - [01/Dec/2009:09:46:39 +0100] "GET /livezilla/server.php?request=track&output=jscript&nse=0.07688901285565863 HTTP/1.1" 200 18878 "http://www.f-m-shop.de/seiten/start.cfm" "Mozilla/5.0 (Windows; U; Windows NT 5.1; de; rv:1.9.1.5) Gecko/20091102 Firefox/3.5.5 (.NET CLR 3.5.30729)"
192.168.10.34 - - [01/Dec/2009:09:46:39 +0100] "GET /livezilla/image.php?id=03 HTTP/1.1" 200 237 "http://www.f-m-shop.de/seiten/start.cfm" "Mozilla/5.0 (Windows; U; Windows NT 5.1; de; rv:1.9.1.5) Gecko/20091102 Firefox/3.5.5 (.NET CLR 3.5.30729)"
192.168.10.34 - - [01/Dec/2009:09:46:40 +0100] "GET /livezilla//templates/style.css?cache=0.9781243555736906 HTTP/1.1" 200 8998 "http://www.f-m-shop.de/seiten/start.cfm" "Mozilla/5.0 (Windows; U; Windows NT 5.1; de; rv:1.9.1.5) Gecko/20091102 Firefox/3.5.5 (.NET CLR 3.5.30729)"
192.168.10.34 - - [01/Dec/2009:09:46:40 +0100] "GET /livezilla/server.php?request=track&start=1259657200144&browid=f0ac16e&url=http%3A%2F%2Fwww.f-m-shop.de%2Fseiten%2Fstart.cfm&livezilla=7cde111&cd=32&rh=1200&rw=1920&rf=http%3A%2F%2Fwww.f-m-shop.de%2Fseiten%2Fframe.html&tzo=1&code= HTTP/1.1" 200 85 "http://www.f-m-shop.de/seiten/start.cfm" "Mozilla/5.0 (Windows; U; Windows NT 5.1; de; rv:1.9.1.5) Gecko/20091102 Firefox/3.5.5 (.NET CLR 3.5.30729)"
192.168.10.33 - - [01/Dec/2009:09:46:46 +0100] "GET /livezilla/server.php?request=track&start=1259657205835&browid=311eae8&url=http%3A%2F%2Fwww.f-m-shop.de%2Fseiten%2Fstart_advent.cfm&livezilla=2da9876&cd=32&rh=1050&rw=1680&rf=http%3A%2F%2Fwww.f-m-shop.de%2Fseiten%2Fframe.html&tzo=1&code= HTTP/1.1" 200 85 "http://www.f-m-shop.de/seiten/start_advent.cfm" "Mozilla/4.0 (compatible; MSIE 8.0; Windows NT 5.1; Trident/4.0; GTB6; .NET CLR 2.0.50727; InfoPath.1; .NET CLR 3.0.4506.2152; .NET CLR 3.5.30729)"
84.140.233.200 - - [01/Dec/2009:09:46:51 +0100] "GET /livezilla/server.php?request=track&start=1259657162352&browid=6203463&url=http%3A%2F%2Fwww.f-m-shop.de%2Fseiten%2Fstart_advent.cfm&livezilla=1a6860d&cd=32&rh=1024&rw=1280&rf=http%3A%2F%2Fwww.f-m-shop.de%2Fseiten%2Fframe.html&tzo=1&code= HTTP/1.1" 200 85 "http://www.f-m-shop.de/seiten/start_advent.cfm" "Opera/9.80 (Windows NT 6.0; U; de) Presto/2.2.15 Version/10.10"
192.168.10.10 - - [01/Dec/2009:09:46:07 +0100] "POST /livezilla/server.php?acid=2c4aa HTTP/1.1" 200 - "-" "LiveZilla 3.1.7.7 [http://www.livezilla.net]"
192.168.10.13 - - [01/Dec/2009:09:46:23 +0100] "POST /livezilla/server.php?acid=8b0f1 HTTP/1.1" 200 - "-" "LiveZilla 3.1.7.7 [http://www.livezilla.net]"
192.168.10.34 - - [01/Dec/2009:09:47:10 +0100] "GET /livezilla/server.php?request=track&start=1259657230147&browid=f0ac16e&url=http%3A%2F%2Fwww.f-m-shop.de%2Fseiten%2Fstart.cfm&livezilla=7cde111&cd=32&rh=1200&rw=1920&rf=http%3A%2F%2Fwww.f-m-shop.de%2Fseiten%2Fframe.html&tzo=1&code= HTTP/1.1" 200 85 "http://www.f-m-shop.de/seiten/start.cfm" "Mozilla/5.0 (Windows; U; Windows NT 5.1; de; rv:1.9.1.5) Gecko/20091102 Firefox/3.5.5 (.NET CLR 3.5.30729)"
192.168.10.33 - - [01/Dec/2009:09:47:13 +0100] "GET /livezilla/server.php?request=track&start=1259657230193&browid=46e99f6&url=http%3A%2F%2Fwww.f-m-shop.de%2Fseiten%2Fstart_advent.cfm&livezilla=2da9876&cd=32&rh=1050&rw=1680&rf=http%3A%2F%2Fwww.f-m-shop.de%2Fseiten%2Fframe.html&tzo=1&code= HTTP/1.1" 200 85 "http://www.f-m-shop.de/seiten/start_advent.cfm" "Mozilla/4.0 (compatible; MSIE 8.0; Windows NT 5.1; Trident/4.0; GTB6; .NET CLR 2.0.50727; InfoPath.1; .NET CLR 3.0.4506.2152; .NET CLR 3.5.30729)"
192.168.10.33 - - [01/Dec/2009:09:47:20 +0100] "GET /livezilla/server.php?request=track&start=1259657240067&browid=311eae8&url=http%3A%2F%2Fwww.f-m-shop.de%2Fseiten%2Fstart_advent.cfm&livezilla=2da9876&cd=32&rh=1050&rw=1680&rf=http%3A%2F%2Fwww.f-m-shop.de%2Fseiten%2Fframe.html&tzo=1&code= HTTP/1.1" 200 85 "http://www.f-m-shop.de/seiten/start_advent.cfm" "Mozilla/4.0 (compatible; MSIE 8.0; Windows NT 5.1; Trident/4.0; GTB6; .NET CLR 2.0.50727; InfoPath.1; .NET CLR 3.0.4506.2152; .NET CLR 3.5.30729)"
84.140.233.200 - - [01/Dec/2009:09:47:21 +0100] "GET /livezilla/server.php?request=track&start=1259657192351&browid=6203463&url=http%3A%2F%2Fwww.f-m-shop.de%2Fseiten%2Fstart_advent.cfm&livezilla=1a6860d&cd=32&rh=1024&rw=1280&rf=http%3A%2F%2Fwww.f-m-shop.de%2Fseiten%2Fframe.html&tzo=1&code= HTTP/1.1" 200 85 "http://www.f-m-shop.de/seiten/start_advent.cfm" "Opera/9.80 (Windows NT 6.0; U; de) Presto/2.2.15 Version/10.10"
192.168.10.34 - - [01/Dec/2009:09:47:40 +0100] "GET /livezilla/server.php?request=track&start=1259657260146&browid=f0ac16e&url=http%3A%2F%2Fwww.f-m-shop.de%2Fseiten%2Fstart.cfm&livezilla=7cde111&cd=32&rh=1200&rw=1920&rf=http%3A%2F%2Fwww.f-m-shop.de%2Fseiten%2Fframe.html&tzo=1&code= HTTP/1.1" 200 85 "http://www.f-m-shop.de/seiten/start.cfm" "Mozilla/5.0 (Windows; U; Windows NT 5.1; de; rv:1.9.1.5) Gecko/20091102 Firefox/3.5.5 (.NET CLR 3.5.30729)"
192.168.10.10 - - [01/Dec/2009:09:46:56 +0100] "POST /livezilla/server.php?acid=c5754 HTTP/1.1" 200 - "-" "LiveZilla 3.1.7.7 [http://www.livezilla.net]"
84.140.233.200 - - [01/Dec/2009:09:47:51 +0100] "GET /livezilla/server.php?request=track&start=1259657222349&browid=6203463&url=http%3A%2F%2Fwww.f-m-shop.de%2Fseiten%2Fstart_advent.cfm&livezilla=1a6860d&cd=32&rh=1024&rw=1280&rf=http%3A%2F%2Fwww.f-m-shop.de%2Fseiten%2Fframe.html&tzo=1&code= HTTP/1.1" 200 85 "http://www.f-m-shop.de/seiten/start_advent.cfm" "Opera/9.80 (Windows NT 6.0; U; de) Presto/2.2.15 Version/10.10"
192.168.10.33 - - [01/Dec/2009:09:47:55 +0100] "GET /livezilla/image.php?id=03 HTTP/1.1" 200 237 "http://www.f-m-shop.de/seiten/start.cfm" "Mozilla/4.0 (compatible; MSIE 8.0; Windows NT 5.1; Trident/4.0; GTB6; .NET CLR 2.0.50727; InfoPath.1; .NET CLR 3.0.4506.2152; .NET CLR 3.5.30729)"
192.168.10.33 - - [01/Dec/2009:09:47:55 +0100] "GET /livezilla/server.php?request=track&start=1259657274425&browid=46e99f6&url=http%3A%2F%2Fwww.f-m-shop.de%2Fseiten%2Fstart_advent.cfm&livezilla=2da9876&cd=32&rh=1050&rw=1680&rf=http%3A%2F%2Fwww.f-m-shop.de%2Fseiten%2Fframe.html&tzo=1&code= HTTP/1.1" 200 85 "http://www.f-m-shop.de/seiten/start_advent.cfm" "Mozilla/4.0 (compatible; MSIE 8.0; Windows NT 5.1; Trident/4.0; GTB6; .NET CLR 2.0.50727; InfoPath.1; .NET CLR 3.0.4506.2152; .NET CLR 3.5.30729)"
192.168.10.13 - - [01/Dec/2009:09:47:12 +0100] "POST /livezilla/server.php?acid=fdda4 HTTP/1.1" 200 - "-" "LiveZilla 3.1.7.7 [http://www.livezilla.net]"
192.168.10.33 - - [01/Dec/2009:09:47:59 +0100] "GET /livezilla/server.php?request=track&output=jscript&nse=0.41218833207707855 HTTP/1.1" 200 18878 "http://www.f-m-shop.de/seiten/start.cfm" "Mozilla/4.0 (compatible; MSIE 8.0; Windows NT 5.1; Trident/4.0; GTB6; .NET CLR 2.0.50727; InfoPath.1; .NET CLR 3.0.4506.2152; .NET CLR 3.5.30729)"
192.168.10.33 - - [01/Dec/2009:09:48:18 +0100] "GET /livezilla//templates/style.css?cache=0.7879079233565451 HTTP/1.1" 200 8998 "http://www.f-m-shop.de/seiten/start.cfm" "Mozilla/4.0 (compatible; MSIE 8.0; Windows NT 5.1; Trident/4.0; GTB6; .NET CLR 2.0.50727; InfoPath.1; .NET CLR 3.0.4506.2152; .NET CLR 3.5.30729)"
192.168.10.33 - - [01/Dec/2009:09:48:18 +0100] "GET /livezilla/server.php?request=track&start=1259657295236&browid=7682c0a&url=http%3A%2F%2Fwww.f-m-shop.de%2Fseiten%2Fstart.cfm&livezilla=2da9876&cd=32&rh=1050&rw=1680&rf=http%3A%2F%2Fwww.f-m-shop.de%2Fseiten%2Fframe.html&tzo=1&code= HTTP/1.1" 200 85 "http://www.f-m-shop.de/seiten/start.cfm" "Mozilla/4.0 (compatible; MSIE 8.0; Windows NT 5.1; Trident/4.0; GTB6; .NET CLR 2.0.50727; InfoPath.1; .NET CLR 3.0.4506.2152; .NET CLR 3.5.30729)"
84.140.233.200 - - [01/Dec/2009:09:48:21 +0100] "GET /livezilla/server.php?request=track&start=1259657252347&browid=6203463&url=http%3A%2F%2Fwww.f-m-shop.de%2Fseiten%2Fstart_advent.cfm&livezilla=1a6860d&cd=32&rh=1024&rw=1280&rf=http%3A%2F%2Fwww.f-m-shop.de%2Fseiten%2Fframe.html&tzo=1&code= HTTP/1.1" 200 85 "http://www.f-m-shop.de/seiten/start_advent.cfm" "Opera/9.80 (Windows NT 6.0; U; de) Presto/2.2.15 Version/10.10"
192.168.10.10 - - [01/Dec/2009:09:47:44 +0100] "POST /livezilla/server.php?acid=a564d HTTP/1.1" 200 - "-" "LiveZilla 3.1.7.7 [http://www.livezilla.net]"
192.168.10.33 - - [01/Dec/2009:09:48:38 +0100] "GET /livezilla/server.php?request=track&start=1259657318297&browid=46e99f6&url=http%3A%2F%2Fwww.f-m-shop.de%2Fseiten%2Fstart_advent.cfm&livezilla=2da9876&cd=32&rh=1050&rw=1680&rf=http%3A%2F%2Fwww.f-m-shop.de%2Fseiten%2Fframe.html&tzo=1&code= HTTP/1.1" 200 85 "http://www.f-m-shop.de/seiten/start_advent.cfm" "Mozilla/4.0 (compatible; MSIE 8.0; Windows NT 5.1; Trident/4.0; GTB6; .NET CLR 2.0.50727; InfoPath.1; .NET CLR 3.0.4506.2152; .NET CLR 3.5.30729)"
192.168.10.13 - - [01/Dec/2009:09:48:00 +0100] "POST /livezilla/server.php?acid=0aada HTTP/1.1" 200 - "-" "LiveZilla 3.1.7.7 [http://www.livezilla.net]"
84.140.233.200 - - [01/Dec/2009:09:48:51 +0100] "GET /livezilla/server.php?request=track&start=1259657282345&browid=6203463&url=http%3A%2F%2Fwww.f-m-shop.de%2Fseiten%2Fstart_advent.cfm&livezilla=1a6860d&cd=32&rh=1024&rw=1280&rf=http%3A%2F%2Fwww.f-m-shop.de%2Fseiten%2Fframe.html&tzo=1&code= HTTP/1.1" 200 85 "http://www.f-m-shop.de/seiten/start_advent.cfm" "Opera/9.80 (Windows NT 6.0; U; de) Presto/2.2.15 Version/10.10"
93.209.238.5 - - [01/Dec/2009:09:48:53 +0100] "GET /livezilla/image.php?id=04 HTTP/1.1" 200 7276 "http://www.f-m-shop.de/seiten/prod_detail_neuer.cfm?kat=MULHEA&nav=2&artnr=A 26957" "Mozilla/4.0 (compatible; MSIE 6.0; Windows NT 5.1; SV1; .NET CLR 1.1.4322; .NET CLR 2.0.50727; .NET CLR 3.0.04506.30)"
192.168.10.10 - - [01/Dec/2009:09:48:33 +0100] "POST /livezilla/server.php?acid=afe15 HTTP/1.1" 200 - "-" "LiveZilla 3.1.7.7 [http://www.livezilla.net]"
84.140.233.200 - - [01/Dec/2009:09:49:21 +0100] "GET /livezilla/server.php?request=track&start=1259657312344&browid=6203463&url=http%3A%2F%2Fwww.f-m-shop.de%2Fseiten%2Fstart_advent.cfm&livezilla=1a6860d&cd=32&rh=1024&rw=1280&rf=http%3A%2F%2Fwww.f-m-shop.de%2Fseiten%2Fframe.html&tzo=1&code= HTTP/1.1" 200 85 "http://www.f-m-shop.de/seiten/start_advent.cfm" "Opera/9.80 (Windows NT 6.0; U; de) Presto/2.2.15 Version/10.10"
217.227.79.172 - - [01/Dec/2009:09:49:22 +0100] "GET /livezilla/image.php?id=04 HTTP/1.1" 200 7276 "http://www.f-m-shop.de/seiten/prod_detail_neuer.cfm?kat=HIFMEDIA&nav=2&artnr=A 29933" "Mozilla/4.0 (compatible; MSIE 8.0; Windows NT 6.0; Trident/4.0; SLCC1; .NET CLR 2.0.50727; Media Center PC 5.0; .NET CLR 3.5.30729; .NET CLR 3.0.30729)"
192.168.10.33 - - [01/Dec/2009:09:49:22 +0100] "GET /livezilla/server.php?request=track&start=1259657362029&browid=46e99f6&url=http%3A%2F%2Fwww.f-m-shop.de%2Fseiten%2Fstart_advent.cfm&livezilla=2da9876&cd=32&rh=1050&rw=1680&rf=http%3A%2F%2Fwww.f-m-shop.de%2Fseiten%2Fframe.html&tzo=1&code= HTTP/1.1" 200 85 "http://www.f-m-shop.de/seiten/start_advent.cfm" "Mozilla/4.0 (compatible; MSIE 8.0; Windows NT 5.1; Trident/4.0; GTB6; .NET CLR 2.0.50727; InfoPath.1; .NET CLR 3.0.4506.2152; .NET CLR 3.5.30729)"
192.168.10.33 - - [01/Dec/2009:09:49:33 +0100] "GET /livezilla/server.php?request=track&start=1259657373481&browid=7682c0a&url=http%3A%2F%2Fwww.f-m-shop.de%2Fseiten%2Fstart.cfm&livezilla=2da9876&cd=32&rh=1050&rw=1680&rf=http%3A%2F%2Fwww.f-m-shop.de%2Fseiten%2Fframe.html&tzo=1&code= HTTP/1.1" 200 85 "http://www.f-m-shop.de/seiten/start.cfm" "Mozilla/4.0 (compatible; MSIE 8.0; Windows NT 5.1; Trident/4.0; GTB6; .NET CLR 2.0.50727; InfoPath.1; .NET CLR 3.0.4506.2152; .NET CLR 3.5.30729)"
192.168.10.13 - - [01/Dec/2009:09:48:49 +0100] "POST /livezilla/server.php?acid=a3f86 HTTP/1.1" 200 - "-" "LiveZilla 3.1.7.7 [http://www.livezilla.net]"
84.140.233.200 - - [01/Dec/2009:09:49:51 +0100] "GET /livezilla/server.php?request=track&start=1259657342342&browid=6203463&url=http%3A%2F%2Fwww.f-m-shop.de%2Fseiten%2Fstart_advent.cfm&livezilla=1a6860d&cd=32&rh=1024&rw=1280&rf=http%3A%2F%2Fwww.f-m-shop.de%2Fseiten%2Fframe.html&tzo=1&code= HTTP/1.1" 200 85 "http://www.f-m-shop.de/seiten/start_advent.cfm" "Opera/9.80 (Windows NT 6.0; U; de) Presto/2.2.15 Version/10.10"
192.168.10.33 - - [01/Dec/2009:09:50:05 +0100] "GET /livezilla/server.php?request=track&start=1259657405761&browid=46e99f6&url=http%3A%2F%2Fwww.f-m-shop.de%2Fseiten%2Fstart_advent.cfm&livezilla=2da9876&cd=32&rh=1050&rw=1680&rf=http%3A%2F%2Fwww.f-m-shop.de%2Fseiten%2Fframe.html&tzo=1&code= HTTP/1.1" 200 85 "http://www.f-m-shop.de/seiten/start_advent.cfm" "Mozilla/4.0 (compatible; MSIE 8.0; Windows NT 5.1; Trident/4.0; GTB6; .NET CLR 2.0.50727; InfoPath.1; .NET CLR 3.0.4506.2152; .NET CLR 3.5.30729)"
192.168.10.10 - - [01/Dec/2009:09:49:21 +0100] "POST /livezilla/server.php?acid=ffa16 HTTP/1.1" 200 - "-" "LiveZilla 3.1.7.7 [http://www.livezilla.net]"
84.140.233.200 - - [01/Dec/2009:09:50:21 +0100] "GET /livezilla/server.php?request=track&start=1259657372340&browid=6203463&url=http%3A%2F%2Fwww.f-m-shop.de%2Fseiten%2Fstart_advent.cfm&livezilla=1a6860d&cd=32&rh=1024&rw=1280&rf=http%3A%2F%2Fwww.f-m-shop.de%2Fseiten%2Fframe.html&tzo=1&code= HTTP/1.1" 200 85 "http://www.f-m-shop.de/seiten/start_advent.cfm" "Opera/9.80 (Windows NT 6.0; U; de) Presto/2.2.15 Version/10.10"
192.168.10.13 - - [01/Dec/2009:09:49:38 +0100] "POST /livezilla/server.php?acid=22933 HTTP/1.1" 200 - "-" "LiveZilla 3.1.7.7 [http://www.livezilla.net]"
192.168.10.33 - - [01/Dec/2009:09:50:50 +0100] "GET /livezilla/server.php?request=track&start=1259657450150&browid=46e99f6&url=http%3A%2F%2Fwww.f-m-shop.de%2Fseiten%2Fstart_advent.cfm&livezilla=2da9876&cd=32&rh=1050&rw=1680&rf=http%3A%2F%2Fwww.f-m-shop.de%2Fseiten%2Fframe.html&tzo=1&code= HTTP/1.1" 200 85 "http://www.f-m-shop.de/seiten/start_advent.cfm" "Mozilla/4.0 (compatible; MSIE 8.0; Windows NT 5.1; Trident/4.0; GTB6; .NET CLR 2.0.50727; InfoPath.1; .NET CLR 3.0.4506.2152; .NET CLR 3.5.30729)"
84.140.233.200 - - [01/Dec/2009:09:50:51 +0100] "GET /livezilla/server.php?request=track&start=1259657402342&browid=6203463&url=http%3A%2F%2Fwww.f-m-shop.de%2Fseiten%2Fstart_advent.cfm&livezilla=1a6860d&cd=32&rh=1024&rw=1280&rf=http%3A%2F%2Fwww.f-m-shop.de%2Fseiten%2Fframe.html&tzo=1&code= HTTP/1.1" 200 85 "http://www.f-m-shop.de/seiten/start_advent.cfm" "Opera/9.80 (Windows NT 6.0; U; de) Presto/2.2.15 Version/10.10"
192.168.10.10 - - [01/Dec/2009:09:50:10 +0100] "POST /livezilla/server.php?acid=a6af2 HTTP/1.1" 200 - "-" "LiveZilla 3.1.7.7 [http://www.livezilla.net]"
192.168.10.13 - - [01/Dec/2009:09:50:26 +0100] "POST /livezilla/server.php?acid=d2bc9 HTTP/1.1" 200 - "-" "LiveZilla 3.1.7.7 [http://www.livezilla.net]"
84.140.233.200 - - [01/Dec/2009:09:51:21 +0100] "GET /livezilla/server.php?request=track&start=1259657432340&browid=6203463&url=http%3A%2F%2Fwww.f-m-shop.de%2Fseiten%2Fstart_advent.cfm&livezilla=1a6860d&cd=32&rh=1024&rw=1280&rf=http%3A%2F%2Fwww.f-m-shop.de%2Fseiten%2Fframe.html&tzo=1&code= HTTP/1.1" 200 85 "http://www.f-m-shop.de/seiten/start_advent.cfm" "Opera/9.80 (Windows NT 6.0; U; de) Presto/2.2.15 Version/10.10"
192.168.10.10 - - [01/Dec/2009:09:50:58 +0100] "POST /livezilla/server.php?acid=a9b64 HTTP/1.1" 200 - "-" "LiveZilla 3.1.7.7 [http://www.livezilla.net]"
84.140.233.200 - - [01/Dec/2009:09:51:51 +0100] "GET /livezilla/server.php?request=track&start=1259657462338&browid=6203463&url=http%3A%2F%2Fwww.f-m-shop.de%2Fseiten%2Fstart_advent.cfm&livezilla=1a6860d&cd=32&rh=1024&rw=1280&rf=http%3A%2F%2Fwww.f-m-shop.de%2Fseiten%2Fframe.html&tzo=1&code= HTTP/1.1" 200 85 "http://www.f-m-shop.de/seiten/start_advent.cfm" "Opera/9.80 (Windows NT 6.0; U; de) Presto/2.2.15 Version/10.10"
192.168.10.13 - - [01/Dec/2009:09:51:14 +0100] "POST /livezilla/server.php?acid=f0bed HTTP/1.1" 200 - "-" "LiveZilla 3.1.7.7 [http://www.livezilla.net]"
84.140.233.200 - - [01/Dec/2009:09:52:21 +0100] "GET /livezilla/server.php?request=track&start=1259657492336&browid=6203463&url=http%3A%2F%2Fwww.f-m-shop.de%2Fseiten%2Fstart_advent.cfm&livezilla=1a6860d&cd=32&rh=1024&rw=1280&rf=http%3A%2F%2Fwww.f-m-shop.de%2Fseiten%2Fframe.html&tzo=1&code= HTTP/1.1" 200 85 "http://www.f-m-shop.de/seiten/start_advent.cfm" "Opera/9.80 (Windows NT 6.0; U; de) Presto/2.2.15 Version/10.10"
192.168.10.10 - - [01/Dec/2009:09:51:47 +0100] "POST /livezilla/server.php?acid=2207f HTTP/1.1" 200 - "-" "LiveZilla 3.1.7.7 [http://www.livezilla.net]"
192.168.10.13 - - [01/Dec/2009:09:52:03 +0100] "POST /livezilla/server.php?acid=3b6b6 HTTP/1.1" 200 - "-" "LiveZilla 3.1.7.7 [http://www.livezilla.net]"
84.140.233.200 - - [01/Dec/2009:09:52:51 +0100] "GET /livezilla/server.php?request=track&start=1259657522335&browid=6203463&url=http%3A%2F%2Fwww.f-m-shop.de%2Fseiten%2Fstart_advent.cfm&livezilla=1a6860d&cd=32&rh=1024&rw=1280&rf=http%3A%2F%2Fwww.f-m-shop.de%2Fseiten%2Fframe.html&tzo=1&code= HTTP/1.1" 200 85 "http://www.f-m-shop.de/seiten/start_advent.cfm" "Opera/9.80 (Windows NT 6.0; U; de) Presto/2.2.15 Version/10.10"
192.168.10.10 - - [01/Dec/2009:09:52:35 +0100] "POST /livezilla/server.php?acid=53193 HTTP/1.1" 200 - "-" "LiveZilla 3.1.7.7 [http://www.livezilla.net]"
84.140.233.200 - - [01/Dec/2009:09:53:21 +0100] "GET /livezilla/server.php?request=track&start=1259657552333&browid=6203463&url=http%3A%2F%2Fwww.f-m-shop.de%2Fseiten%2Fstart_advent.cfm&livezilla=1a6860d&cd=32&rh=1024&rw=1280&rf=http%3A%2F%2Fwww.f-m-shop.de%2Fseiten%2Fframe.html&tzo=1&code= HTTP/1.1" 200 85 "http://www.f-m-shop.de/seiten/start_advent.cfm" "Opera/9.80 (Windows NT 6.0; U; de) Presto/2.2.15 Version/10.10"
192.168.10.13 - - [01/Dec/2009:09:52:51 +0100] "POST /livezilla/server.php?acid=d7619 HTTP/1.1" 200 - "-" "LiveZilla 3.1.7.7 [http://www.livezilla.net]"
88.117.83.27 - - [01/Dec/2009:09:53:40 +0100] "GET /livezilla/image.php?id=04 HTTP/1.1" 200 7276 "http://www.f-m-shop.de/seiten/prod_detail_neuer.cfm?kat=ASTAPP&nav=2&artnr=A%20%20%209669" "Mozilla/5.0 (Macintosh; U; Intel Mac OS X 10.6; de; rv:1.9.0.15) Gecko/2009102617 Camino/2.0 (MultiLang) (like Firefox/3.0.15)"
84.140.233.200 - - [01/Dec/2009:09:53:51 +0100] "GET /livezilla/server.php?request=track&start=1259657582331&browid=6203463&url=http%3A%2F%2Fwww.f-m-shop.de%2Fseiten%2Fstart_advent.cfm&livezilla=1a6860d&cd=32&rh=1024&rw=1280&rf=http%3A%2F%2Fwww.f-m-shop.de%2Fseiten%2Fframe.html&tzo=1&code= HTTP/1.1" 200 85 "http://www.f-m-shop.de/seiten/start_advent.cfm" "Opera/9.80 (Windows NT 6.0; U; de) Presto/2.2.15 Version/10.10"
84.90.248.250 - - [01/Dec/2009:09:53:54 +0100] "GET /livezilla/image.php?id=04 HTTP/1.1" 200 7276 "http://www.f-m-shop.de/seiten/prod_detail_neuer.cfm?kat=VOIATA&nav=2&artnr=A%20%2014481" "Mozilla/5.0 (Windows; U; Windows NT 6.1; en-GB; rv:1.9.1.5) Gecko/20091102 Firefox/3.5.5"
192.168.10.10 - - [01/Dec/2009:09:53:23 +0100] "POST /livezilla/server.php?acid=874e9 HTTP/1.1" 200 - "-" "LiveZilla 3.1.7.7 [http://www.livezilla.net]"
84.140.233.200 - - [01/Dec/2009:09:54:21 +0100] "GET /livezilla/server.php?request=track&start=1259657612330&browid=6203463&url=http%3A%2F%2Fwww.f-m-shop.de%2Fseiten%2Fstart_advent.cfm&livezilla=1a6860d&cd=32&rh=1024&rw=1280&rf=http%3A%2F%2Fwww.f-m-shop.de%2Fseiten%2Fframe.html&tzo=1&code= HTTP/1.1" 200 85 "http://www.f-m-shop.de/seiten/start_advent.cfm" "Opera/9.80 (Windows NT 6.0; U; de) Presto/2.2.15 Version/10.10"
192.168.10.13 - - [01/Dec/2009:09:53:40 +0100] "POST /livezilla/server.php?acid=25dc4 HTTP/1.1" 200 - "-" "LiveZilla 3.1.7.7 [http://www.livezilla.net]"
217.237.150.177 - - [01/Dec/2009:09:54:34 +0100] "GET /livezilla/image.php?id=04 HTTP/1.0" 200 7276 "http://www.f-m-shop.de/seiten/prod_detail_neuer.cfm?name=FB%20LOGITECH%20Harmony%20One&artnr=A%20%2022096&nav=2&kat=HIFFERN" "Mozilla/5.0 (Windows; U; Windows NT 5.1; de; rv:1.9.1.5) Gecko/20091102 Firefox/3.5.5 (.NET CLR 3.5.30729)"
217.237.150.136 - - [01/Dec/2009:09:54:48 +0100] "GET /livezilla/image.php?id=04 HTTP/1.0" 200 7276 "http://www.f-m-shop.de/seiten/prod_detail_neuer.cfm?name=FB%20LOGITECH%20Harmony%20One&artnr=A%20%2022096&nav=2&kat=HIFFERN" "Mozilla/5.0 (Windows; U; Windows NT 5.1; de; rv:1.9.1.5) Gecko/20091102 Firefox/3.5.5 (.NET CLR 3.5.30729)"
84.140.233.200 - - [01/Dec/2009:09:54:51 +0100] "GET /livezilla/server.php?request=track&start=1259657642328&browid=6203463&url=http%3A%2F%2Fwww.f-m-shop.de%2Fseiten%2Fstart_advent.cfm&livezilla=1a6860d&cd=32&rh=1024&rw=1280&rf=http%3A%2F%2Fwww.f-m-shop.de%2Fseiten%2Fframe.html&tzo=1&code= HTTP/1.1" 200 85 "http://www.f-m-shop.de/seiten/start_advent.cfm" "Opera/9.80 (Windows NT 6.0; U; de) Presto/2.2.15 Version/10.10"
192.168.10.10 - - [01/Dec/2009:09:54:12 +0100] "POST /livezilla/server.php?acid=63629 HTTP/1.1" 200 - "-" "LiveZilla 3.1.7.7 [http://www.livezilla.net]"
192.168.10.13 - - [01/Dec/2009:09:54:28 +0100] "POST /livezilla/server.php?acid=e5deb HTTP/1.1" 200 - "-" "LiveZilla 3.1.7.7 [http://www.livezilla.net]"
84.140.233.200 - - [01/Dec/2009:09:55:21 +0100] "GET /livezilla/server.php?request=track&start=1259657672326&browid=6203463&url=http%3A%2F%2Fwww.f-m-shop.de%2Fseiten%2Fstart_advent.cfm&livezilla=1a6860d&cd=32&rh=1024&rw=1280&rf=http%3A%2F%2Fwww.f-m-shop.de%2Fseiten%2Fframe.html&tzo=1&code= HTTP/1.1" 200 85 "http://www.f-m-shop.de/seiten/start_advent.cfm" "Opera/9.80 (Windows NT 6.0; U; de) Presto/2.2.15 Version/10.10"
192.168.10.10 - - [01/Dec/2009:09:55:00 +0100] "POST /livezilla/server.php?acid=f85bb HTTP/1.1" 200 - "-" "LiveZilla 3.1.7.7 [http://www.livezilla.net]"
84.140.233.200 - - [01/Dec/2009:09:55:51 +0100] "GET /livezilla/server.php?request=track&start=1259657702324&browid=6203463&url=http%3A%2F%2Fwww.f-m-shop.de%2Fseiten%2Fstart_advent.cfm&livezilla=1a6860d&cd=32&rh=1024&rw=1280&rf=http%3A%2F%2Fwww.f-m-shop.de%2Fseiten%2Fframe.html&tzo=1&code= HTTP/1.1" 200 85 "http://www.f-m-shop.de/seiten/start_advent.cfm" "Opera/9.80 (Windows NT 6.0; U; de) Presto/2.2.15 Version/10.10"
192.168.10.13 - - [01/Dec/2009:09:55:17 +0100] "POST /livezilla/server.php?acid=94ec8 HTTP/1.1" 200 - "-" "LiveZilla 3.1.7.7 [http://www.livezilla.net]"
84.140.233.200 - - [01/Dec/2009:09:56:21 +0100] "GET /livezilla/server.php?request=track&start=1259657732323&browid=6203463&url=http%3A%2F%2Fwww.f-m-shop.de%2Fseiten%2Fstart_advent.cfm&livezilla=1a6860d&cd=32&rh=1024&rw=1280&rf=http%3A%2F%2Fwww.f-m-shop.de%2Fseiten%2Fframe.html&tzo=1&code= HTTP/1.1" 200 85 "http://www.f-m-shop.de/seiten/start_advent.cfm" "Opera/9.80 (Windows NT 6.0; U; de) Presto/2.2.15 Version/10.10"
192.168.10.10 - - [01/Dec/2009:09:55:48 +0100] "POST /livezilla/server.php?acid=06955 HTTP/1.1" 200 - "-" "LiveZilla 3.1.7.7 [http://www.livezilla.net]"
192.168.10.13 - - [01/Dec/2009:09:56:05 +0100] "POST /livezilla/server.php?acid=3972f HTTP/1.1" 200 - "-" "LiveZilla 3.1.7.7 [http://www.livezilla.net]"
84.140.233.200 - - [01/Dec/2009:09:56:51 +0100] "GET /livezilla/server.php?request=track&start=1259657762321&browid=6203463&url=http%3A%2F%2Fwww.f-m-shop.de%2Fseiten%2Fstart_advent.cfm&livezilla=1a6860d&cd=32&rh=1024&rw=1280&rf=http%3A%2F%2Fwww.f-m-shop.de%2Fseiten%2Fframe.html&tzo=1&code= HTTP/1.1" 200 85 "http://www.f-m-shop.de/seiten/start_advent.cfm" "Opera/9.80 (Windows NT 6.0; U; de) Presto/2.2.15 Version/10.10"
84.140.233.200 - - [01/Dec/2009:09:57:21 +0100] "GET /livezilla/server.php?request=track&start=1259657792319&browid=6203463&url=http%3A%2F%2Fwww.f-m-shop.de%2Fseiten%2Fstart_advent.cfm&livezilla=1a6860d&cd=32&rh=1024&rw=1280&rf=http%3A%2F%2Fwww.f-m-shop.de%2Fseiten%2Fframe.html&tzo=1&code= HTTP/1.1" 200 85 "http://www.f-m-shop.de/seiten/start_advent.cfm" "Opera/9.80 (Windows NT 6.0; U; de) Presto/2.2.15 Version/10.10"
192.168.10.10 - - [01/Dec/2009:09:56:37 +0100] "POST /livezilla/server.php?acid=9a82a HTTP/1.1" 200 - "-" "LiveZilla 3.1.7.7 [http://www.livezilla.net]"
192.168.10.13 - - [01/Dec/2009:09:56:53 +0100] "POST /livezilla/server.php?acid=0be41 HTTP/1.1" 200 - "-" "LiveZilla 3.1.7.7 [http://www.livezilla.net]"
84.140.233.200 - - [01/Dec/2009:09:57:51 +0100] "GET /livezilla/server.php?request=track&start=1259657822318&browid=6203463&url=http%3A%2F%2Fwww.f-m-shop.de%2Fseiten%2Fstart_advent.cfm&livezilla=1a6860d&cd=32&rh=1024&rw=1280&rf=http%3A%2F%2Fwww.f-m-shop.de%2Fseiten%2Fframe.html&tzo=1&code= HTTP/1.1" 200 85 "http://www.f-m-shop.de/seiten/start_advent.cfm" "Opera/9.80 (Windows NT 6.0; U; de) Presto/2.2.15 Version/10.10"
84.63.220.71 - - [01/Dec/2009:09:57:56 +0100] "GET /livezilla/image.php?id=04 HTTP/1.1" 200 7276 "http://www.f-m-shop.de/seiten/prod_detail_neuer.cfm?kat=NOTB15&nav=2&artnr=A 30075" "Mozilla/4.0 (compatible; MSIE 6.0; Windows NT 5.1; SV1; .NET CLR 1.1.4322)"
192.168.10.10 - - [01/Dec/2009:09:57:25 +0100] "POST /livezilla/server.php?acid=7a934 HTTP/1.1" 200 - "-" "LiveZilla 3.1.7.7 [http://www.livezilla.net]"
84.140.233.200 - - [01/Dec/2009:09:58:21 +0100] "GET /livezilla/server.php?request=track&start=1259657852316&browid=6203463&url=http%3A%2F%2Fwww.f-m-shop.de%2Fseiten%2Fstart_advent.cfm&livezilla=1a6860d&cd=32&rh=1024&rw=1280&rf=http%3A%2F%2Fwww.f-m-shop.de%2Fseiten%2Fframe.html&tzo=1&code= HTTP/1.1" 200 85 "http://www.f-m-shop.de/seiten/start_advent.cfm" "Opera/9.80 (Windows NT 6.0; U; de) Presto/2.2.15 Version/10.10"
192.168.10.13 - - [01/Dec/2009:09:57:42 +0100] "POST /livezilla/server.php?acid=d9ac7 HTTP/1.1" 200 - "-" "LiveZilla 3.1.7.7 [http://www.livezilla.net]"
84.63.220.71 - - [01/Dec/2009:09:58:35 +0100] "GET /livezilla/templates/style.css HTTP/1.1" 200 8998 "http://chat.f-m-shop.de/livezilla/livezilla.php" "Mozilla/4.0 (compatible; MSIE 6.0; Windows NT 5.1; SV1; .NET CLR 1.1.4322)"
84.63.220.71 - - [01/Dec/2009:09:58:34 +0100] "GET /livezilla/livezilla.php HTTP/1.1" 200 72005 "-" "Mozilla/4.0 (compatible; MSIE 6.0; Windows NT 5.1; SV1; .NET CLR 1.1.4322)"
84.63.220.71 - - [01/Dec/2009:09:58:35 +0100] "GET /livezilla/livezilla.php HTTP/1.0" 200 1315 "-" "Mozilla/4.0 (compatible; ICS)"
84.63.220.71 - - [01/Dec/2009:09:58:35 +0100] "GET /livezilla/livezilla.php?template=lz_chat_frame.0.0 HTTP/1.1" 200 259 "http://chat.f-m-shop.de/livezilla/livezilla.php" "Mozilla/4.0 (compatible; MSIE 6.0; Windows NT 5.1; SV1; .NET CLR 1.1.4322)"
84.63.220.71 - - [01/Dec/2009:09:58:35 +0100] "GET /livezilla/livezilla.php?template=lz_chat_frame.0.1 HTTP/1.1" 200 277 "http://chat.f-m-shop.de/livezilla/livezilla.php" "Mozilla/4.0 (compatible; MSIE 6.0; Windows NT 5.1; SV1; .NET CLR 1.1.4322)"
84.63.220.71 - - [01/Dec/2009:09:58:36 +0100] "GET /livezilla/livezilla.php?template=lz_chat_frame.0.2 HTTP/1.1" 200 254 "http://chat.f-m-shop.de/livezilla/livezilla.php" "Mozilla/4.0 (compatible; MSIE 6.0; Windows NT 5.1; SV1; .NET CLR 1.1.4322)"
84.63.220.71 - - [01/Dec/2009:09:58:36 +0100] "GET /livezilla/livezilla.php?template=lz_chat_frame.1.0 HTTP/1.1" 200 279 "http://chat.f-m-shop.de/livezilla/livezilla.php" "Mozilla/4.0 (compatible; MSIE 6.0; Windows NT 5.1; SV1; .NET CLR 1.1.4322)"
84.63.220.71 - - [01/Dec/2009:09:58:36 +0100] "GET /livezilla/livezilla.php?template=lz_chat_frame.2.0 HTTP/1.1" 200 263 "http://chat.f-m-shop.de/livezilla/livezilla.php" "Mozilla/4.0 (compatible; MSIE 6.0; Windows NT 5.1; SV1; .NET CLR 1.1.4322)"
84.63.220.71 - - [01/Dec/2009:09:58:36 +0100] "GET /livezilla/livezilla.php?template=lz_chat_frame.1.1 HTTP/1.1" 200 2257 "http://chat.f-m-shop.de/livezilla/livezilla.php" "Mozilla/4.0 (compatible; MSIE 6.0; Windows NT 5.1; SV1; .NET CLR 1.1.4322)"
84.63.220.71 - - [01/Dec/2009:09:58:36 +0100] "GET /livezilla/livezilla.php?template=lz_chat_frame.3.2.login& HTTP/1.1" 200 1019 "http://chat.f-m-shop.de/livezilla/livezilla.php" "Mozilla/4.0 (compatible; MSIE 6.0; Windows NT 5.1; SV1; .NET CLR 1.1.4322)"
84.63.220.71 - - [01/Dec/2009:09:58:36 +0100] "GET /livezilla/livezilla.php?template=lz_chat_frame.4.1 HTTP/1.1" 200 455 "http://chat.f-m-shop.de/livezilla/livezilla.php" "Mozilla/4.0 (compatible; MSIE 6.0; Windows NT 5.1; SV1; .NET CLR 1.1.4322)"
84.63.220.71 - - [01/Dec/2009:09:58:37 +0100] "GET /livezilla/livezilla.php?template=lz_chat_frame.2.2 HTTP/1.1" 200 264 "http://chat.f-m-shop.de/livezilla/livezilla.php" "Mozilla/4.0 (compatible; MSIE 6.0; Windows NT 5.1; SV1; .NET CLR 1.1.4322)"
84.63.220.71 - - [01/Dec/2009:09:58:37 +0100] "GET /livezilla/livezilla.php?template=lz_chat_frame.1.2 HTTP/1.1" 200 264 "http://chat.f-m-shop.de/livezilla/livezilla.php" "Mozilla/4.0 (compatible; MSIE 6.0; Windows NT 5.1; SV1; .NET CLR 1.1.4322)"
84.63.220.71 - - [01/Dec/2009:09:58:37 +0100] "GET /livezilla/livezilla.php?template=lz_chat_frame.3.0 HTTP/1.1" 200 240 "http://chat.f-m-shop.de/livezilla/livezilla.php" "Mozilla/4.0 (compatible; MSIE 6.0; Windows NT 5.1; SV1; .NET CLR 1.1.4322)"
84.63.220.71 - - [01/Dec/2009:09:58:37 +0100] "GET /livezilla/livezilla.php?template=lz_chat_frame.5.1 HTTP/1.1" 200 265 "http://chat.f-m-shop.de/livezilla/livezilla.php" "Mozilla/4.0 (compatible; MSIE 6.0; Windows NT 5.1; SV1; .NET CLR 1.1.4322)"
84.63.220.71 - - [01/Dec/2009:09:58:37 +0100] "GET /livezilla/livezilla.php?template=lz_chat_frame.3.3 HTTP/1.1" 200 239 "http://chat.f-m-shop.de/livezilla/livezilla.php" "Mozilla/4.0 (compatible; MSIE 6.0; Windows NT 5.1; SV1; .NET CLR 1.1.4322)"
84.63.220.71 - - [01/Dec/2009:09:58:37 +0100] "GET /livezilla/livezilla.php?template=lz_chat_frame.3.2.login.0.0 HTTP/1.1" 200 1563 "http://chat.f-m-shop.de/livezilla/livezilla.php?template=lz_chat_frame.3.2.login&" "Mozilla/4.0 (compatible; MSIE 6.0; Windows NT 5.1; SV1; .NET CLR 1.1.4322)"
84.63.220.71 - - [01/Dec/2009:09:58:37 +0100] "GET /livezilla/livezilla.php?template=lz_chat_frame.3.2.login.1.0& HTTP/1.1" 200 2939 "http://chat.f-m-shop.de/livezilla/livezilla.php?template=lz_chat_frame.3.2.login&" "Mozilla/4.0 (compatible; MSIE 6.0; Windows NT 5.1; SV1; .NET CLR 1.1.4322)"
84.63.220.71 - - [01/Dec/2009:09:58:38 +0100] "GET /livezilla/livezilla.php?template=lz_chat_frame.3.2.login.2.0 HTTP/1.1" 200 277 "http://chat.f-m-shop.de/livezilla/livezilla.php?template=lz_chat_frame.3.2.login&" "Mozilla/4.0 (compatible; MSIE 6.0; Windows NT 5.1; SV1; .NET CLR 1.1.4322)"
84.63.220.71 - - [01/Dec/2009:09:58:38 +0100] "GET /livezilla/images/icon_typing.gif HTTP/1.1" 200 1106 "http://chat.f-m-shop.de/livezilla/livezilla.php?template=lz_chat_frame.1.1" "Mozilla/4.0 (compatible; MSIE 6.0; Windows NT 5.1; SV1; .NET CLR 1.1.4322)"
84.63.220.71 - - [01/Dec/2009:09:58:38 +0100] "GET /livezilla/images/icon_vcard.gif HTTP/1.1" 200 559 "http://chat.f-m-shop.de/livezilla/livezilla.php?template=lz_chat_frame.1.1" "Mozilla/4.0 (compatible; MSIE 6.0; Windows NT 5.1; SV1; .NET CLR 1.1.4322)"
84.63.220.71 - - [01/Dec/2009:09:58:38 +0100] "GET /livezilla/images/carrier_logo.gif HTTP/1.1" 200 6003 "http://chat.f-m-shop.de/livezilla/livezilla.php?template=lz_chat_frame.1.1" "Mozilla/4.0 (compatible; MSIE 6.0; Windows NT 5.1; SV1; .NET CLR 1.1.4322)"
84.63.220.71 - - [01/Dec/2009:09:58:38 +0100] "GET /livezilla/images/lz_header.gif HTTP/1.1" 200 7285 "http://chat.f-m-shop.de/livezilla/livezilla.php?template=lz_chat_frame.1.1" "Mozilla/4.0 (compatible; MSIE 6.0; Windows NT 5.1; SV1; .NET CLR 1.1.4322)"
84.63.220.71 - - [01/Dec/2009:09:58:38 +0100] "GET /livezilla/intern_images/nopic.jpg HTTP/1.1" 200 3599 "http://chat.f-m-shop.de/livezilla/livezilla.php?template=lz_chat_frame.1.1" "Mozilla/4.0 (compatible; MSIE 6.0; Windows NT 5.1; SV1; .NET CLR 1.1.4322)"
